Mar 29 20:21:37.425481 dv-cinder-784815-3-iscsi neutron-server[103821]: DEBUG novaclient.v2.client [-] RESP BODY: {"events": [{"server_uuid": "14ca3af9-e1c9-42a3-b628-c2f401acc354", "name": "network-vif-deleted", "tag": "a98cadf7-cc5c-441b-81e9-6d47891549a1", "status": "completed", "code": 200}]} {{(pid=103821) _http_log_response /usr/local/lib/python3.8/dist-packages/keystoneauth1/session.py:582}}
Mar 29 20:21:37.425738 dv-cinder-784815-3-iscsi neutron-server[103821]: DEBUG novaclient.v2.client [-] POST call to compute for http://10.222.0.43/compute/v2.1/os-server-external-events used request id req-858ff745-416d-4fe3-a531-be63f82f59f8 {{(pid=103821) request /usr/local/lib/python3.8/dist-packages/keystoneauth1/session.py:954}}
Mar 29 20:21:37.426128 dv-cinder-784815-3-iscsi neutron-server[103821]: INFO neutron.notifiers.nova [-] Nova event matching ['req-858ff745-416d-4fe3-a531-be63f82f59f8'] response: {'server_uuid': '14ca3af9-e1c9-42a3-b628-c2f401acc354', 'name': 'network-vif-deleted', 'tag': 'a98cadf7-cc5c-441b-81e9-6d47891549a1', 'status': 'completed', 'code': 200}
Mar 29 20:21:37.446179 dv-cinder-784815-3-iscsi neutron-server[103820]: INFO neutron.wsgi [req-b7f309bc-d0c6-4f8a-b789-8b74b63ae81c req-d6e698c0-50e0-45aa-adda-3679a060245b tempest-DeleteServersTestJSON-653936307 tempest-DeleteServersTestJSON-653936307-project] 10.222.0.43 "GET /v2.0/ports?device_id=14ca3af9-e1c9-42a3-b628-c2f401acc354 HTTP/1.1" status: 200 len: 210 time: 0.0363801
Mar 29 20:21:37.536768 dv-cinder-784815-3-iscsi neutron-server[103820]: DEBUG neutron.wsgi [-] (103820) accepted ('10.222.0.43', 44630) {{(pid=103820) server /usr/local/lib/python3.8/dist-packages/eventlet/wsgi.py:1004}}
Mar 29 20:21:37.550203 dv-cinder-784815-3-iscsi neutron-server[103820]: DEBUG neutron_lib.callbacks.manager [None req-c4a016f2-36ee-4e6c-8b81-5de88543eced admin admin] Publish callbacks [] for security_group (None), before_create {{(pid=103820) _notify_loop /usr/local/lib/python3.8/dist-packages/neutron_lib/callbacks/manager.py:176}}
Mar 29 20:21:37.627098 dv-cinder-784815-3-iscsi neutron-server[103820]: DEBUG neutron_lib.callbacks.manager [None req-c4a016f2-36ee-4e6c-8b81-5de88543eced admin admin] Publish callbacks [] for security_group (9c447256-117b-44ac-861b-a422ec4ed560), precommit_create {{(pid=103820) _notify_loop /usr/local/lib/python3.8/dist-packages/neutron_lib/callbacks/manager.py:176}}
Mar 29 20:21:37.725578 dv-cinder-784815-3-iscsi neutron-server[103820]: DEBUG neutron_lib.callbacks.manager [None req-c4a016f2-36ee-4e6c-8b81-5de88543eced admin admin] Publish callbacks ['neutron.plugins.ml2.ovo_rpc._ObjectChangeHandler.handle_event-558819'] for security_group (9c447256-117b-44ac-861b-a422ec4ed560), after_create {{(pid=103820) _notify_loop /usr/local/lib/python3.8/dist-packages/neutron_lib/callbacks/manager.py:176}}
Mar 29 20:21:37.767327 dv-cinder-784815-3-iscsi neutron-server[103820]: DEBUG neutron.api.rpc.handlers.resources_rpc [None req-c4a016f2-36ee-4e6c-8b81-5de88543eced admin admin] Pushing event updated for resources: {'SecurityGroup': ['ID=9c447256-117b-44ac-861b-a422ec4ed560,revision_number=1']} {{(pid=103820) push /opt/stack/neutron/neutron/api/rpc/handlers/resources_rpc.py:237}}
Mar 29 20:21:37.774307 dv-cinder-784815-3-iscsi neutron-server[103820]: INFO neutron.wsgi [None req-c4a016f2-36ee-4e6c-8b81-5de88543eced admin admin] 10.222.0.43 "GET /v2.0/security-groups?tenant_id=41ee23ff52d247698d1ccc4b6fc53692&name=default HTTP/1.1" status: 200 len: 2996 time: 0.2364349
Mar 29 20:21:37.774608 dv-cinder-784815-3-iscsi neutron-server[103821]: DEBUG neutron.wsgi [-] (103821) accepted ('10.222.0.43', 44634) {{(pid=103821) server /usr/local/lib/python3.8/dist-packages/eventlet/wsgi.py:1004}}
Mar 29 20:21:37.824230 dv-cinder-784815-3-iscsi neutron-server[103821]: DEBUG neutron_lib.callbacks.manager [None req-cd3c944b-7ffc-4bc4-ba59-89ca16494bb1 admin admin] Publish callbacks [] for security_group (9c447256-117b-44ac-861b-a422ec4ed560), before_delete {{(pid=103821) _notify_loop /usr/local/lib/python3.8/dist-packages/neutron_lib/callbacks/manager.py:176}}
Mar 29 20:21:37.850791 dv-cinder-784815-3-iscsi neutron-server[103821]: DEBUG neutron_lib.callbacks.manager [None req-cd3c944b-7ffc-4bc4-ba59-89ca16494bb1 admin admin] Publish callbacks [] for security_group (9c447256-117b-44ac-861b-a422ec4ed560), precommit_delete {{(pid=103821) _notify_loop /usr/local/lib/python3.8/dist-packages/neutron_lib/callbacks/manager.py:176}}
Mar 29 20:21:37.971003 dv-cinder-784815-3-iscsi neutron-server[103821]: DEBUG neutron_lib.callbacks.manager [None req-cd3c944b-7ffc-4bc4-ba59-89ca16494bb1 admin admin] Publish callbacks ['neutron.plugins.ml2.ovo_rpc._ObjectChangeHandler.handle_event-558819'] for security_group (9c447256-117b-44ac-861b-a422ec4ed560), after_delete {{(pid=103821) _notify_loop /usr/local/lib/python3.8/dist-packages/neutron_lib/callbacks/manager.py:176}}
Mar 29 20:21:37.973582 dv-cinder-784815-3-iscsi neutron-server[103821]: DEBUG neutron_lib.callbacks.manager [None req-cd3c944b-7ffc-4bc4-ba59-89ca16494bb1 admin admin] Publish callbacks [] for security_group (None), before_response {{(pid=103821) _notify_loop /usr/local/lib/python3.8/dist-packages/neutron_lib/callbacks/manager.py:176}}
Mar 29 20:21:37.974731 dv-cinder-784815-3-iscsi neutron-server[103821]: INFO neutron.wsgi [None req-cd3c944b-7ffc-4bc4-ba59-89ca16494bb1 admin admin] 10.222.0.43 "DELETE /v2.0/security-groups/9c447256-117b-44ac-861b-a422ec4ed560 HTTP/1.1" status: 204 len: 168 time: 0.1989787
Mar 29 20:21:37.984408 dv-cinder-784815-3-iscsi neutron-server[103821]: DEBUG neutron.api.rpc.handlers.resources_rpc [None req-cd3c944b-7ffc-4bc4-ba59-89ca16494bb1 admin admin] Pushing event deleted for resources: {'SecurityGroup': ['ID=9c447256-117b-44ac-861b-a422ec4ed560,revision_number=None']} {{(pid=103821) push /opt/stack/neutron/neutron/api/rpc/handlers/resources_rpc.py:237}}
Mar 29 20:21:38.400421 dv-cinder-784815-3-iscsi neutron-server[103820]: DEBUG neutron.pecan_wsgi.hooks.policy_enforcement [req-5e49c407-7fbb-46b2-b057-25eceae05e58 req-ce7b25cf-64af-4879-ba1e-3b46446aa21c tempest-ServerRescueNegativeTestJSON-1167825792 tempest-ServerRescueNegativeTestJSON-1167825792-project] Attributes excluded by policy engine: ['standard_attr_id', 'binding:profile', 'binding:host_id', 'binding:vif_type', 'binding:vif_details'] {{(pid=103820) _exclude_attributes_by_policy /opt/stack/neutron/neutron/pecan_wsgi/hooks/policy_enforcement.py:255}}
Mar 29 20:21:38.401942 dv-cinder-784815-3-iscsi neutron-server[103820]: INFO neutron.wsgi [req-5e49c407-7fbb-46b2-b057-25eceae05e58 req-ce7b25cf-64af-4879-ba1e-3b46446aa21c tempest-ServerRescueNegativeTestJSON-1167825792 tempest-ServerRescueNegativeTestJSON-1167825792-project] 10.222.0.43 "GET /v2.0/ports?device_id=eafe6e26-6209-4a89-a473-430e5927d7e4 HTTP/1.1" status: 200 len: 946 time: 0.0531290
Mar 29 20:21:38.465576 dv-cinder-784815-3-iscsi neutron-server[103820]: INFO neutron.wsgi [req-5e49c407-7fbb-46b2-b057-25eceae05e58 req-c62415e7-99d6-47be-81b0-b3b4d108dad2 tempest-ServerRescueNegativeTestJSON-1167825792 tempest-ServerRescueNegativeTestJSON-1167825792-project] 10.222.0.43 "GET /v2.0/security-groups?id=255a3a9f-ebb8-4d3c-b08a-47e7772b0681&fields=id&fields=name HTTP/1.1" status: 200 len: 286 time: 0.0575054
Mar 29 20:21:38.585442 dv-cinder-784815-3-iscsi neutron-server[103820]: INFO neutron.wsgi [req-2261c0d0-232a-483e-8310-c8195460c937 req-d8595d71-ea39-4faa-b4cc-12db0156fab8 tempest-DeleteServersTestJSON-653936307 tempest-DeleteServersTestJSON-653936307-project] 10.222.0.43 "GET /v2.0/ports?device_id=14ca3af9-e1c9-42a3-b628-c2f401acc354 HTTP/1.1" status: 200 len: 210 time: 0.0275354
Mar 29 20:21:39.056683 dv-cinder-784815-3-iscsi neutron-server[103821]: DEBUG neutron.wsgi [-] (103821) accepted ('10.222.0.43', 44674) {{(pid=103821) server /usr/local/lib/python3.8/dist-packages/eventlet/wsgi.py:1004}}
Mar 29 20:21:39.159418 dv-cinder-784815-3-iscsi neutron-server[103821]: DEBUG neutron.api.v2.base [None req-f9b9f7eb-a3c3-46b2-9ebd-dcd98cadfb3c admin admin] Request body: {'network': {'name': 'tempest-VolumesActionsTest-1958323673-network', 'tenant_id': 'c5201bb0cc75420e8fd9b8af2c5840ad'}} {{(pid=103821) prepare_request_body /opt/stack/neutron/neutron/api/v2/base.py:729}}
Mar 29 20:21:39.245270 dv-cinder-784815-3-iscsi neutron-server[103821]: DEBUG neutron.pecan_wsgi.hooks.quota_enforcement [None req-f9b9f7eb-a3c3-46b2-9ebd-dcd98cadfb3c admin admin] Made reservation on behalf of c5201bb0cc75420e8fd9b8af2c5840ad for: {'network': 1} {{(pid=103821) before /opt/stack/neutron/neutron/pecan_wsgi/hooks/quota_enforcement.py:53}}
Mar 29 20:21:39.249971 dv-cinder-784815-3-iscsi neutron-server[103821]: DEBUG neutron_lib.callbacks.manager [None req-f9b9f7eb-a3c3-46b2-9ebd-dcd98cadfb3c admin admin] Publish callbacks ['neutron.plugins.ml2.plugin.SecurityGroupDbMixin._ensure_default_security_group_handler-3375828'] for network (None), before_create {{(pid=103821) _notify_loop /usr/local/lib/python3.8/dist-packages/neutron_lib/callbacks/manager.py:176}}
Mar 29 20:21:39.262313 dv-cinder-784815-3-iscsi neutron-server[103821]: DEBUG neutron_lib.callbacks.manager [None req-f9b9f7eb-a3c3-46b2-9ebd-dcd98cadfb3c admin admin] Publish callbacks [] for security_group (None), before_create {{(pid=103821) _notify_loop /usr/local/lib/python3.8/dist-packages/neutron_lib/callbacks/manager.py:176}}
Mar 29 20:21:39.330802 dv-cinder-784815-3-iscsi neutron-server[103822]: DEBUG neutron.plugins.ml2.rpc [None req-cbd5047e-82c1-4ebb-9947-df009c812654 None None] Device a98cadf7-cc5c-441b-81e9-6d47891549a1 no longer exists at agent hyperv_hv-cinder-78481 {{(pid=103822) update_device_down /opt/stack/neutron/neutron/plugins/ml2/rpc.py:259}}
Mar 29 20:21:39.341312 dv-cinder-784815-3-iscsi neutron-server[103821]: DEBUG neutron_lib.callbacks.manager [None req-f9b9f7eb-a3c3-46b2-9ebd-dcd98cadfb3c admin admin] Publish callbacks [] for security_group (5b80706c-0c4d-4479-930d-801bbd7990bb), precommit_create {{(pid=103821) _notify_loop /usr/local/lib/python3.8/dist-packages/neutron_lib/callbacks/manager.py:176}}
Mar 29 20:21:39.351956 dv-cinder-784815-3-iscsi neutron-server[103822]: DEBUG neutron.plugins.ml2.plugin [None req-cbd5047e-82c1-4ebb-9947-df009c812654 None None] No Port match for: a98cadf7-cc5c-441b-81e9-6d47891549a1 {{(pid=103822) port_bound_to_host /opt/stack/neutron/neutron/plugins/ml2/plugin.py:2340}}
Mar 29 20:21:39.352303 dv-cinder-784815-3-iscsi neutron-server[103822]: DEBUG neutron.plugins.ml2.rpc [None req-cbd5047e-82c1-4ebb-9947-df009c812654 None None] Device a98cadf7-cc5c-441b-81e9-6d47891549a1 not bound to the agent host hv-cinder-78481 {{(pid=103822) update_device_down /opt/stack/neutron/neutron/plugins/ml2/rpc.py:269}}
Mar 29 20:21:39.393908 dv-cinder-784815-3-iscsi neutron-server[103821]: DEBUG neutron_lib.callbacks.manager [None req-f9b9f7eb-a3c3-46b2-9ebd-dcd98cadfb3c admin admin] Publish callbacks ['neutron.plugins.ml2.ovo_rpc._ObjectChangeHandler.handle_event-558819'] for security_group (5b80706c-0c4d-4479-930d-801bbd7990bb), after_create {{(pid=103821) _notify_loop /usr/local/lib/python3.8/dist-packages/neutron_lib/callbacks/manager.py:176}}
Mar 29 20:21:39.414703 dv-cinder-784815-3-iscsi neutron-server[103821]: DEBUG neutron.plugins.ml2.drivers.helpers [None req-f9b9f7eb-a3c3-46b2-9ebd-dcd98cadfb3c admin admin] vlan segment allocate from pool success with {'physical_network': 'physnet1', 'vlan_id': 534} {{(pid=103821) allocate_partially_specified_segment /opt/stack/neutron/neutron/plugins/ml2/drivers/helpers.py:153}}
Mar 29 20:21:39.428869 dv-cinder-784815-3-iscsi neutron-server[103821]: DEBUG neutron.api.rpc.handlers.resources_rpc [None req-f9b9f7eb-a3c3-46b2-9ebd-dcd98cadfb3c admin admin] Pushing event updated for resources: {'SecurityGroup': ['ID=5b80706c-0c4d-4479-930d-801bbd7990bb,revision_number=1']} {{(pid=103821) push /opt/stack/neutron/neutron/api/rpc/handlers/resources_rpc.py:237}}
Mar 29 20:21:39.431669 dv-cinder-784815-3-iscsi neutron-server[103821]: DEBUG neutron_lib.callbacks.manager [None req-f9b9f7eb-a3c3-46b2-9ebd-dcd98cadfb3c admin admin] Publish callbacks ['neutron.plugins.ml2.plugin.Ml2Plugin._handle_segment_change-3225585'] for segment (98fa8825-3b43-489e-bf5b-c67662c1d471), precommit_create {{(pid=103821) _notify_loop /usr/local/lib/python3.8/dist-packages/neutron_lib/callbacks/manager.py:176}}
Mar 29 20:21:39.431997 dv-cinder-784815-3-iscsi neutron-server[103821]: INFO neutron.db.segments_db [None req-f9b9f7eb-a3c3-46b2-9ebd-dcd98cadfb3c admin admin] Added segment 98fa8825-3b43-489e-bf5b-c67662c1d471 of type vlan for network e83479d1-bee3-46e7-8da2-91dd05972bcb
Mar 29 20:21:39.472520 dv-cinder-784815-3-iscsi neutron-server[103821]: DEBUG neutron_lib.callbacks.manager [None req-f9b9f7eb-a3c3-46b2-9ebd-dcd98cadfb3c admin admin] Publish callbacks ['neutron.services.auto_allocate.db._ensure_external_network_default_value_callback-8738049548858'] for network (e83479d1-bee3-46e7-8da2-91dd05972bcb), precommit_create {{(pid=103821) _notify_loop /usr/local/lib/python3.8/dist-packages/neutron_lib/callbacks/manager.py:176}}
Mar 29 20:21:39.542555 dv-cinder-784815-3-iscsi neutron-server[103821]: DEBUG neutron_lib.callbacks.manager [None req-f9b9f7eb-a3c3-46b2-9ebd-dcd98cadfb3c admin admin] Publish callbacks ['neutron.plugins.ml2.ovo_rpc._ObjectChangeHandler.handle_event-558640', 'neutron.api.rpc.agentnotifiers.dhcp_rpc_agent_api.DhcpAgentNotifyAPI._native_event_send_dhcp_notification-3663965'] for network (e83479d1-bee3-46e7-8da2-91dd05972bcb), after_create {{(pid=103821) _notify_loop /usr/local/lib/python3.8/dist-packages/neutron_lib/callbacks/manager.py:176}}
Mar 29 20:21:39.543507 dv-cinder-784815-3-iscsi neutron-server[103821]: DEBUG neutron.pecan_wsgi.hooks.policy_enforcement [None req-f9b9f7eb-a3c3-46b2-9ebd-dcd98cadfb3c admin admin] Attributes excluded by policy engine: ['standard_attr_id', 'vlan_transparent'] {{(pid=103821) _exclude_attributes_by_policy /opt/stack/neutron/neutron/pecan_wsgi/hooks/policy_enforcement.py:255}}
Mar 29 20:21:39.544077 dv-cinder-784815-3-iscsi neutron-server[103821]: DEBUG neutron_lib.callbacks.manager [None req-f9b9f7eb-a3c3-46b2-9ebd-dcd98cadfb3c admin admin] Publish callbacks ['neutron.api.rpc.agentnotifiers.dhcp_rpc_agent_api.DhcpAgentNotifyAPI._send_dhcp_notification-3663979'] for network (None), before_response {{(pid=103821) _notify_loop /usr/local/lib/python3.8/dist-packages/neutron_lib/callbacks/manager.py:176}}
Mar 29 20:21:39.588154 dv-cinder-784815-3-iscsi neutron-server[103820]: DEBUG neutron.pecan_wsgi.hooks.policy_enforcement [req-156171eb-e076-4dff-824b-13ed4d964b87 req-cde94a1c-6dfc-450f-bfde-9376cacb9866 tempest-ServerRescueNegativeTestJSON-1167825792 tempest-ServerRescueNegativeTestJSON-1167825792-project] Attributes excluded by policy engine: ['standard_attr_id', 'binding:profile', 'binding:host_id', 'binding:vif_type', 'binding:vif_details'] {{(pid=103820) _exclude_attributes_by_policy /opt/stack/neutron/neutron/pecan_wsgi/hooks/policy_enforcement.py:255}}
Mar 29 20:21:39.589827 dv-cinder-784815-3-iscsi neutron-server[103820]: INFO neutron.wsgi [req-156171eb-e076-4dff-824b-13ed4d964b87 req-cde94a1c-6dfc-450f-bfde-9376cacb9866 tempest-ServerRescueNegativeTestJSON-1167825792 tempest-ServerRescueNegativeTestJSON-1167825792-project] 10.222.0.43 "GET /v2.0/ports?device_id=eafe6e26-6209-4a89-a473-430e5927d7e4 HTTP/1.1" status: 200 len: 946 time: 0.0535207
Mar 29 20:21:39.610446 dv-cinder-784815-3-iscsi neutron-server[103821]: DEBUG neutron.api.rpc.handlers.resources_rpc [None req-f9b9f7eb-a3c3-46b2-9ebd-dcd98cadfb3c admin admin] Pushing event updated for resources: {'Network': ['ID=e83479d1-bee3-46e7-8da2-91dd05972bcb,revision_number=1']} {{(pid=103821) push /opt/stack/neutron/neutron/api/rpc/handlers/resources_rpc.py:237}}
Mar 29 20:21:39.622416 dv-cinder-784815-3-iscsi neutron-server[103822]: DEBUG neutron.plugins.ml2.rpc [None req-7bb50911-bfcf-4596-9d5e-391336ad5bb1 None None] Network e83479d1-bee3-46e7-8da2-91dd05972bcb details requested by agent ovs-agent-dv-cinder-784815-3-iscsi with host dv-cinder-784815-3-iscsi {{(pid=103822) get_network_details /opt/stack/neutron/neutron/plugins/ml2/rpc.py:248}}
Mar 29 20:21:39.634551 dv-cinder-784815-3-iscsi neutron-server[103821]: INFO neutron.wsgi [None req-f9b9f7eb-a3c3-46b2-9ebd-dcd98cadfb3c admin admin] 10.222.0.43 "POST /v2.0/networks HTTP/1.1" status: 201 len: 882 time: 0.5740783
Mar 29 20:21:39.635102 dv-cinder-784815-3-iscsi neutron-server[103821]: DEBUG neutron.wsgi [-] (103821) accepted ('10.222.0.43', 44688) {{(pid=103821) server /usr/local/lib/python3.8/dist-packages/eventlet/wsgi.py:1004}}
Mar 29 20:21:39.641688 dv-cinder-784815-3-iscsi neutron-server[103821]: DEBUG neutron.api.v2.base [None req-642308d1-8dc1-4997-ba73-4e54bb8a372d admin admin] Request body: {'subnet': {'network_id': 'e83479d1-bee3-46e7-8da2-91dd05972bcb', 'cidr': '172.20.0.0/28', 'name': 'tempest-VolumesActionsTest-1958323673-subnet', 'tenant_id': 'c5201bb0cc75420e8fd9b8af2c5840ad', 'enable_dhcp': False, 'ip_version': 4}} {{(pid=103821) prepare_request_body /opt/stack/neutron/neutron/api/v2/base.py:729}}
Mar 29 20:21:39.643480 dv-cinder-784815-3-iscsi neutron-server[103820]: INFO neutron.wsgi [req-156171eb-e076-4dff-824b-13ed4d964b87 req-e0e6d169-b06a-429b-8522-83e237a22e03 tempest-ServerRescueNegativeTestJSON-1167825792 tempest-ServerRescueNegativeTestJSON-1167825792-project] 10.222.0.43 "GET /v2.0/security-groups?id=255a3a9f-ebb8-4d3c-b08a-47e7772b0681&fields=id&fields=name HTTP/1.1" status: 200 len: 286 time: 0.0470309
Mar 29 20:21:39.716578 dv-cinder-784815-3-iscsi neutron-server[103821]: DEBUG neutron.pecan_wsgi.hooks.quota_enforcement [None req-642308d1-8dc1-4997-ba73-4e54bb8a372d admin admin] Made reservation on behalf of c5201bb0cc75420e8fd9b8af2c5840ad for: {'subnet': 1} {{(pid=103821) before /opt/stack/neutron/neutron/pecan_wsgi/hooks/quota_enforcement.py:53}}
Mar 29 20:21:39.720732 dv-cinder-784815-3-iscsi neutron-server[103821]: DEBUG neutron_lib.callbacks.manager [None req-642308d1-8dc1-4997-ba73-4e54bb8a372d admin admin] Publish callbacks [] for subnet (None), before_create {{(pid=103821) _notify_loop /usr/local/lib/python3.8/dist-packages/neutron_lib/callbacks/manager.py:176}}
Mar 29 20:21:40.148086 dv-cinder-784815-3-iscsi neutron-server[103822]: DEBUG neutron_lib.callbacks.manager [None req-8132cf1f-c167-485f-83f3-8770261b6b8b None None] Publish callbacks ['neutron.services.segments.db._update_segment_host_mapping_for_agent-8738049908264', 'neutron.plugins.ml2.plugin.Ml2Plugin._retry_binding_revived_agents-3333772'] for agent (fbd11a15-72c3-4df4-9a60-af3fb4eb1f23), after_update {{(pid=103822) _notify_loop /usr/local/lib/python3.8/dist-packages/neutron_lib/callbacks/manager.py:176}}
Mar 29 20:21:40.172603 dv-cinder-784815-3-iscsi neutron-server[103821]: DEBUG neutron_lib.callbacks.manager [None req-642308d1-8dc1-4997-ba73-4e54bb8a372d admin admin] Publish callbacks ['neutron.plugins.ml2.ovo_rpc._ObjectChangeHandler.handle_event-589453', 'neutron.api.rpc.agentnotifiers.dhcp_rpc_agent_api.DhcpAgentNotifyAPI._native_event_send_dhcp_notification-3663965'] for subnet (84ab2457-83c3-4fae-8e9c-b96b09757ac4), after_create {{(pid=103821) _notify_loop /usr/local/lib/python3.8/dist-packages/neutron_lib/callbacks/manager.py:176}}
Mar 29 20:21:40.232334 dv-cinder-784815-3-iscsi neutron-server[103821]: DEBUG neutron.api.rpc.handlers.resources_rpc [None req-642308d1-8dc1-4997-ba73-4e54bb8a372d admin admin] Pushing event updated for resources: {'Subnet': ['ID=84ab2457-83c3-4fae-8e9c-b96b09757ac4,revision_number=0']} {{(pid=103821) push /opt/stack/neutron/neutron/api/rpc/handlers/resources_rpc.py:237}}
Mar 29 20:21:40.240479 dv-cinder-784815-3-iscsi neutron-server[103821]: DEBUG neutron.plugins.ml2.drivers.mech_agent [None req-642308d1-8dc1-4997-ba73-4e54bb8a372d admin admin] Checking segment: {'id': '98fa8825-3b43-489e-bf5b-c67662c1d471', 'network_type': 'vlan', 'physical_network': 'physnet1', 'segmentation_id': 534, 'network_id': 'e83479d1-bee3-46e7-8da2-91dd05972bcb'} for mappings: {'physnet1': 'br-data'} with network types: ['local', 'flat', 'vlan'] {{(pid=103821) check_segment_for_agent /opt/stack/neutron/neutron/plugins/ml2/drivers/mech_agent.py:373}}
Mar 29 20:21:40.241464 dv-cinder-784815-3-iscsi neutron-server[103821]: DEBUG neutron.scheduler.dhcp_agent_scheduler [None req-642308d1-8dc1-4997-ba73-4e54bb8a372d admin admin] Network hostable DHCP agents. Network: e83479d1-bee3-46e7-8da2-91dd05972bcb, hostable agents: ['fbd11a15-72c3-4df4-9a60-af3fb4eb1f23'], hosted agents: [] {{(pid=103821) _get_network_hostable_dhcp_agents /opt/stack/neutron/neutron/scheduler/dhcp_agent_scheduler.py:329}}
Mar 29 20:21:40.286806 dv-cinder-784815-3-iscsi neutron-server[103821]: DEBUG neutron.wsgi [-] (103821) accepted ('10.222.0.43', 44708) {{(pid=103821) server /usr/local/lib/python3.8/dist-packages/eventlet/wsgi.py:1004}}
Mar 29 20:21:40.308244 dv-cinder-784815-3-iscsi neutron-server[103821]: DEBUG neutron.scheduler.dhcp_agent_scheduler [None req-642308d1-8dc1-4997-ba73-4e54bb8a372d admin admin] Network e83479d1-bee3-46e7-8da2-91dd05972bcb is scheduled to be hosted by DHCP agent fbd11a15-72c3-4df4-9a60-af3fb4eb1f23 with binding_index 1 {{(pid=103821) bind /opt/stack/neutron/neutron/scheduler/dhcp_agent_scheduler.py:227}}
Mar 29 20:21:40.385536 dv-cinder-784815-3-iscsi neutron-server[103821]: DEBUG neutron.scheduler.base_scheduler [None req-642308d1-8dc1-4997-ba73-4e54bb8a372d admin admin] Resources bound (agent type, host, resource id): (DHCP agent, dv-cinder-784815-3-iscsi, e83479d1-bee3-46e7-8da2-91dd05972bcb) {{(pid=103821) schedule /opt/stack/neutron/neutron/scheduler/base_scheduler.py:57}}
Mar 29 20:21:40.389028 dv-cinder-784815-3-iscsi neutron-server[103821]: DEBUG neutron.pecan_wsgi.hooks.policy_enforcement [None req-642308d1-8dc1-4997-ba73-4e54bb8a372d admin admin] Attributes excluded by policy engine: ['standard_attr_id', 'shared', 'network'] {{(pid=103821) _exclude_attributes_by_policy /opt/stack/neutron/neutron/pecan_wsgi/hooks/policy_enforcement.py:255}}
Mar 29 20:21:40.389474 dv-cinder-784815-3-iscsi neutron-server[103821]: DEBUG neutron_lib.callbacks.manager [None req-642308d1-8dc1-4997-ba73-4e54bb8a372d admin admin] Publish callbacks ['neutron.api.rpc.agentnotifiers.dhcp_rpc_agent_api.DhcpAgentNotifyAPI._send_dhcp_notification-3663979'] for subnet (None), before_response {{(pid=103821) _notify_loop /usr/local/lib/python3.8/dist-packages/neutron_lib/callbacks/manager.py:176}}
Mar 29 20:21:40.393420 dv-cinder-784815-3-iscsi neutron-server[103822]: DEBUG neutron.api.rpc.handlers.dhcp_rpc [None req-5b4dc233-cead-47c2-b336-e7383a42c100 None None] Network e83479d1-bee3-46e7-8da2-91dd05972bcb requested from dv-cinder-784815-3-iscsi {{(pid=103822) get_network_info /opt/stack/neutron/neutron/api/rpc/handlers/dhcp_rpc.py:191}}
Mar 29 20:21:40.411643 dv-cinder-784815-3-iscsi neutron-server[103821]: DEBUG neutron_lib.callbacks.manager [None req-df1a6438-6cc1-4b98-8aa7-80533efb80c5 admin admin] Publish callbacks [] for security_group (None), before_create {{(pid=103821) _notify_loop /usr/local/lib/python3.8/dist-packages/neutron_lib/callbacks/manager.py:176}}
Mar 29 20:21:40.485000 dv-cinder-784815-3-iscsi neutron-server[103821]: DEBUG neutron_lib.callbacks.manager [None req-df1a6438-6cc1-4b98-8aa7-80533efb80c5 admin admin] Publish callbacks [] for security_group (9155df22-fc04-4ea1-88e8-4ae534efd029), precommit_create {{(pid=103821) _notify_loop /usr/local/lib/python3.8/dist-packages/neutron_lib/callbacks/manager.py:176}}
Mar 29 20:21:40.493748 dv-cinder-784815-3-iscsi neutron-server[103822]: DEBUG neutron.api.rpc.handlers.dhcp_rpc [None req-261544d8-6c1f-48e9-a805-de4e25e607ad None None] Network e83479d1-bee3-46e7-8da2-91dd05972bcb requested from dv-cinder-784815-3-iscsi {{(pid=103822) get_network_info /opt/stack/neutron/neutron/api/rpc/handlers/dhcp_rpc.py:191}}
Mar 29 20:21:40.505977 dv-cinder-784815-3-iscsi neutron-server[103821]: INFO neutron.wsgi [None req-642308d1-8dc1-4997-ba73-4e54bb8a372d admin admin] 10.222.0.43 "POST /v2.0/subnets HTTP/1.1" status: 201 len: 846 time: 0.8693862
Mar 29 20:21:40.588972 dv-cinder-784815-3-iscsi neutron-server[103821]: DEBUG neutron_lib.callbacks.manager [None req-df1a6438-6cc1-4b98-8aa7-80533efb80c5 admin admin] Publish callbacks ['neutron.plugins.ml2.ovo_rpc._ObjectChangeHandler.handle_event-558819'] for security_group (9155df22-fc04-4ea1-88e8-4ae534efd029), after_create {{(pid=103821) _notify_loop /usr/local/lib/python3.8/dist-packages/neutron_lib/callbacks/manager.py:176}}
Mar 29 20:21:40.639700 dv-cinder-784815-3-iscsi neutron-server[103821]: DEBUG neutron.api.rpc.handlers.resources_rpc [None req-df1a6438-6cc1-4b98-8aa7-80533efb80c5 admin admin] Pushing event updated for resources: {'SecurityGroup': ['ID=9155df22-fc04-4ea1-88e8-4ae534efd029,revision_number=1']} {{(pid=103821) push /opt/stack/neutron/neutron/api/rpc/handlers/resources_rpc.py:237}}
Mar 29 20:21:40.645765 dv-cinder-784815-3-iscsi neutron-server[103821]: INFO neutron.wsgi [None req-df1a6438-6cc1-4b98-8aa7-80533efb80c5 admin admin] 10.222.0.43 "GET /v2.0/security-groups?tenant_id=5517914e520f417481d625314e3478b2&name=default HTTP/1.1" status: 200 len: 2996 time: 0.3563964
Mar 29 20:21:40.647699 dv-cinder-784815-3-iscsi neutron-server[103821]: DEBUG neutron.wsgi [-] (103821) accepted ('10.222.0.43', 44726) {{(pid=103821) server /usr/local/lib/python3.8/dist-packages/eventlet/wsgi.py:1004}}
Mar 29 20:21:40.712657 dv-cinder-784815-3-iscsi neutron-server[103821]: DEBUG neutron_lib.callbacks.manager [None req-0c0543aa-a974-471c-b2cc-96182c52cbbb admin admin] Publish callbacks [] for security_group (9155df22-fc04-4ea1-88e8-4ae534efd029), before_delete {{(pid=103821) _notify_loop /usr/local/lib/python3.8/dist-packages/neutron_lib/callbacks/manager.py:176}}
Mar 29 20:21:40.740720 dv-cinder-784815-3-iscsi neutron-server[103821]: DEBUG neutron_lib.callbacks.manager [None req-0c0543aa-a974-471c-b2cc-96182c52cbbb admin admin] Publish callbacks [] for security_group (9155df22-fc04-4ea1-88e8-4ae534efd029), precommit_delete {{(pid=103821) _notify_loop /usr/local/lib/python3.8/dist-packages/neutron_lib/callbacks/manager.py:176}}
Mar 29 20:21:40.780987 dv-cinder-784815-3-iscsi neutron-server[103820]: DEBUG neutron.pecan_wsgi.hooks.policy_enforcement [req-aea667a3-e157-4699-8b68-67d59ac5ad0f req-76d2bb28-5f96-4dbc-b7bc-eec367a98ac6 tempest-ServerRescueNegativeTestJSON-1167825792 tempest-ServerRescueNegativeTestJSON-1167825792-project] Attributes excluded by policy engine: ['standard_attr_id', 'binding:profile', 'binding:host_id', 'binding:vif_type', 'binding:vif_details'] {{(pid=103820) _exclude_attributes_by_policy /opt/stack/neutron/neutron/pecan_wsgi/hooks/policy_enforcement.py:255}}
Mar 29 20:21:40.788137 dv-cinder-784815-3-iscsi neutron-server[103820]: INFO neutron.wsgi [req-aea667a3-e157-4699-8b68-67d59ac5ad0f req-76d2bb28-5f96-4dbc-b7bc-eec367a98ac6 tempest-ServerRescueNegativeTestJSON-1167825792 tempest-ServerRescueNegativeTestJSON-1167825792-project] 10.222.0.43 "GET /v2.0/ports?device_id=eafe6e26-6209-4a89-a473-430e5927d7e4 HTTP/1.1" status: 200 len: 946 time: 0.0607748
Mar 29 20:21:40.844595 dv-cinder-784815-3-iscsi neutron-server[103820]: INFO neutron.wsgi [req-aea667a3-e157-4699-8b68-67d59ac5ad0f req-e4c64e60-6be7-499d-87f5-0bfd39c37e1a tempest-ServerRescueNegativeTestJSON-1167825792 tempest-ServerRescueNegativeTestJSON-1167825792-project] 10.222.0.43 "GET /v2.0/security-groups?id=255a3a9f-ebb8-4d3c-b08a-47e7772b0681&fields=id&fields=name HTTP/1.1" status: 200 len: 286 time: 0.0540204
Mar 29 20:21:40.869892 dv-cinder-784815-3-iscsi neutron-server[103821]: DEBUG neutron_lib.callbacks.manager [None req-0c0543aa-a974-471c-b2cc-96182c52cbbb admin admin] Publish callbacks ['neutron.plugins.ml2.ovo_rpc._ObjectChangeHandler.handle_event-558819'] for security_group (9155df22-fc04-4ea1-88e8-4ae534efd029), after_delete {{(pid=103821) _notify_loop /usr/local/lib/python3.8/dist-packages/neutron_lib/callbacks/manager.py:176}}
Mar 29 20:21:40.875371 dv-cinder-784815-3-iscsi neutron-server[103821]: DEBUG neutron_lib.callbacks.manager [None req-0c0543aa-a974-471c-b2cc-96182c52cbbb admin admin] Publish callbacks [] for security_group (None), before_response {{(pid=103821) _notify_loop /usr/local/lib/python3.8/dist-packages/neutron_lib/callbacks/manager.py:176}}
Mar 29 20:21:40.878786 dv-cinder-784815-3-iscsi neutron-server[103821]: INFO neutron.wsgi [None req-0c0543aa-a974-471c-b2cc-96182c52cbbb admin admin] 10.222.0.43 "DELETE /v2.0/security-groups/9155df22-fc04-4ea1-88e8-4ae534efd029 HTTP/1.1" status: 204 len: 168 time: 0.2278922
Mar 29 20:21:40.887867 dv-cinder-784815-3-iscsi neutron-server[103821]: DEBUG neutron.api.rpc.handlers.resources_rpc [None req-0c0543aa-a974-471c-b2cc-96182c52cbbb admin admin] Pushing event deleted for resources: {'SecurityGroup': ['ID=9155df22-fc04-4ea1-88e8-4ae534efd029,revision_number=None']} {{(pid=103821) push /opt/stack/neutron/neutron/api/rpc/handlers/resources_rpc.py:237}}
Mar 29 20:21:41.229709 dv-cinder-784815-3-iscsi neutron-server[103821]: DEBUG neutron.wsgi [-] (103821) accepted ('10.222.0.43', 44760) {{(pid=103821) server /usr/local/lib/python3.8/dist-packages/eventlet/wsgi.py:1004}}
Mar 29 20:21:41.279813 dv-cinder-784815-3-iscsi neutron-server[103821]: DEBUG neutron.db.db_base_plugin_v2 [None req-a5e52f6c-8f83-48a3-98cf-f3a50220dcf1 admin admin] Deleting subnet c7cf3a93-94d5-4fcf-a0c8-ad3d8834030c {{(pid=103821) delete_subnet /opt/stack/neutron/neutron/db/db_base_plugin_v2.py:1066}}
Mar 29 20:21:41.279813 dv-cinder-784815-3-iscsi neutron-server[103821]: DEBUG neutron_lib.callbacks.manager [None req-a5e52f6c-8f83-48a3-98cf-f3a50220dcf1 admin admin] Publish callbacks [] for subnet (c7cf3a93-94d5-4fcf-a0c8-ad3d8834030c), before_delete {{(pid=103821) _notify_loop /usr/local/lib/python3.8/dist-packages/neutron_lib/callbacks/manager.py:176}}
Mar 29 20:21:41.317424 dv-cinder-784815-3-iscsi neutron-server[103821]: DEBUG neutron_lib.callbacks.manager [None req-a5e52f6c-8f83-48a3-98cf-f3a50220dcf1 admin admin] Publish callbacks [] for subnet (c7cf3a93-94d5-4fcf-a0c8-ad3d8834030c), precommit_delete_associations {{(pid=103821) _notify_loop /usr/local/lib/python3.8/dist-packages/neutron_lib/callbacks/manager.py:176}}
Mar 29 20:21:41.325508 dv-cinder-784815-3-iscsi neutron-server[103820]: DEBUG neutron.wsgi [-] (103820) accepted ('10.222.0.43', 44764) {{(pid=103820) server /usr/local/lib/python3.8/dist-packages/eventlet/wsgi.py:1004}}
Mar 29 20:21:41.327455 dv-cinder-784815-3-iscsi neutron-server[103821]: DEBUG neutron_lib.callbacks.manager [None req-a5e52f6c-8f83-48a3-98cf-f3a50220dcf1 admin admin] Publish callbacks ['neutron.plugins.ml2.plugin.Ml2Plugin._subnet_delete_precommit_handler-3219654'] for subnet (c7cf3a93-94d5-4fcf-a0c8-ad3d8834030c), precommit_delete {{(pid=103821) _notify_loop /usr/local/lib/python3.8/dist-packages/neutron_lib/callbacks/manager.py:176}}
Mar 29 20:21:41.331965 dv-cinder-784815-3-iscsi neutron-server[103820]: DEBUG neutron.api.v2.base [None req-7834df7c-1f78-4a13-b4be-5d21bfe5965d admin admin] Request body: {'network': {'name': 'tempest-VolumesActionsTest-21205555-network', 'tenant_id': 'f1a4b9943a19442f8d660033054c7ae3'}} {{(pid=103820) prepare_request_body /opt/stack/neutron/neutron/api/v2/base.py:729}}
Mar 29 20:21:41.560003 dv-cinder-784815-3-iscsi neutron-server[103820]: DEBUG neutron.pecan_wsgi.hooks.quota_enforcement [None req-7834df7c-1f78-4a13-b4be-5d21bfe5965d admin admin] Made reservation on behalf of f1a4b9943a19442f8d660033054c7ae3 for: {'network': 1} {{(pid=103820) before /opt/stack/neutron/neutron/pecan_wsgi/hooks/quota_enforcement.py:53}}
Mar 29 20:21:41.560476 dv-cinder-784815-3-iscsi neutron-server[103821]: DEBUG neutron_lib.callbacks.manager [None req-a5e52f6c-8f83-48a3-98cf-f3a50220dcf1 admin admin] Publish callbacks ['neutron.plugins.ml2.plugin.Ml2Plugin._subnet_delete_after_delete_handler-3219697', 'neutron.plugins.ml2.ovo_rpc._ObjectChangeHandler.handle_event-589453', 'neutron.api.rpc.agentnotifiers.dhcp_rpc_agent_api.DhcpAgentNotifyAPI._native_event_send_dhcp_notification-3663965'] for subnet (c7cf3a93-94d5-4fcf-a0c8-ad3d8834030c), after_delete {{(pid=103821) _notify_loop /usr/local/lib/python3.8/dist-packages/neutron_lib/callbacks/manager.py:176}}
Mar 29 20:21:41.562716 dv-cinder-784815-3-iscsi neutron-server[103820]: DEBUG neutron_lib.callbacks.manager [None req-7834df7c-1f78-4a13-b4be-5d21bfe5965d admin admin] Publish callbacks ['neutron.plugins.ml2.plugin.SecurityGroupDbMixin._ensure_default_security_group_handler-3375828'] for network (None), before_create {{(pid=103820) _notify_loop /usr/local/lib/python3.8/dist-packages/neutron_lib/callbacks/manager.py:176}}
Mar 29 20:21:41.572478 dv-cinder-784815-3-iscsi neutron-server[103820]: DEBUG neutron_lib.callbacks.manager [None req-7834df7c-1f78-4a13-b4be-5d21bfe5965d admin admin] Publish callbacks [] for security_group (None), before_create {{(pid=103820) _notify_loop /usr/local/lib/python3.8/dist-packages/neutron_lib/callbacks/manager.py:176}}
Mar 29 20:21:41.587882 dv-cinder-784815-3-iscsi neutron-server[103821]: DEBUG neutron.api.rpc.handlers.resources_rpc [None req-a5e52f6c-8f83-48a3-98cf-f3a50220dcf1 admin admin] Pushing event deleted for resources: {'Subnet': ['ID=c7cf3a93-94d5-4fcf-a0c8-ad3d8834030c,revision_number=None']} {{(pid=103821) push /opt/stack/neutron/neutron/api/rpc/handlers/resources_rpc.py:237}}
Mar 29 20:21:41.591909 dv-cinder-784815-3-iscsi neutron-server[103821]: DEBUG neutron_lib.callbacks.manager [None req-a5e52f6c-8f83-48a3-98cf-f3a50220dcf1 admin admin] Publish callbacks ['neutron.api.rpc.agentnotifiers.dhcp_rpc_agent_api.DhcpAgentNotifyAPI._send_dhcp_notification-3663979'] for subnet (None), before_response {{(pid=103821) _notify_loop /usr/local/lib/python3.8/dist-packages/neutron_lib/callbacks/manager.py:176}}
Mar 29 20:21:41.598927 dv-cinder-784815-3-iscsi neutron-server[103821]: INFO neutron.wsgi [None req-a5e52f6c-8f83-48a3-98cf-f3a50220dcf1 admin admin] 10.222.0.43 "DELETE /v2.0/subnets/c7cf3a93-94d5-4fcf-a0c8-ad3d8834030c HTTP/1.1" status: 204 len: 168 time: 0.3644764
Mar 29 20:21:41.598927 dv-cinder-784815-3-iscsi neutron-server[103821]: DEBUG neutron.wsgi [-] (103821) accepted ('10.222.0.43', 44766) {{(pid=103821) server /usr/local/lib/python3.8/dist-packages/eventlet/wsgi.py:1004}}
Mar 29 20:21:41.657625 dv-cinder-784815-3-iscsi neutron-server[103820]: DEBUG neutron_lib.callbacks.manager [None req-7834df7c-1f78-4a13-b4be-5d21bfe5965d admin admin] Publish callbacks [] for security_group (d6f77870-6f22-41e6-95eb-595f30746061), precommit_create {{(pid=103820) _notify_loop /usr/local/lib/python3.8/dist-packages/neutron_lib/callbacks/manager.py:176}}
Mar 29 20:21:41.667145 dv-cinder-784815-3-iscsi neutron-server[103821]: DEBUG neutron_lib.callbacks.manager [None req-634e3e35-934f-403c-a650-340ea43cdbe0 admin admin] Publish callbacks ['neutron.plugins.ml2.plugin.External_net_db_mixin._before_network_delete_handler-3148679'] for network (39b6a305-88e1-422a-97d7-4469551c41d4), before_delete {{(pid=103821) _notify_loop /usr/local/lib/python3.8/dist-packages/neutron_lib/callbacks/manager.py:176}}
Mar 29 20:21:41.703070 dv-cinder-784815-3-iscsi neutron-server[103820]: DEBUG neutron_lib.callbacks.manager [None req-7834df7c-1f78-4a13-b4be-5d21bfe5965d admin admin] Publish callbacks ['neutron.plugins.ml2.ovo_rpc._ObjectChangeHandler.handle_event-558819'] for security_group (d6f77870-6f22-41e6-95eb-595f30746061), after_create {{(pid=103820) _notify_loop /usr/local/lib/python3.8/dist-packages/neutron_lib/callbacks/manager.py:176}}
Mar 29 20:21:41.730685 dv-cinder-784815-3-iscsi neutron-server[103820]: DEBUG neutron.wsgi [-] (103820) accepted ('10.222.0.43', 44770) {{(pid=103820) server /usr/local/lib/python3.8/dist-packages/eventlet/wsgi.py:1004}}
Mar 29 20:21:41.731467 dv-cinder-784815-3-iscsi neutron-server[103820]: DEBUG neutron.plugins.ml2.drivers.helpers [None req-7834df7c-1f78-4a13-b4be-5d21bfe5965d admin admin] vlan segment allocate from pool success with {'physical_network': 'physnet1', 'vlan_id': 533} {{(pid=103820) allocate_partially_specified_segment /opt/stack/neutron/neutron/plugins/ml2/drivers/helpers.py:153}}
Mar 29 20:21:41.764850 dv-cinder-784815-3-iscsi neutron-server[103821]: DEBUG neutron_lib.callbacks.manager [None req-634e3e35-934f-403c-a650-340ea43cdbe0 admin admin] Publish callbacks ['neutron.plugins.ml2.plugin.Ml2Plugin._network_delete_precommit_handler-3336013', 'neutron.services.segments.db._delete_segments_for_network-8738049908282'] for network (39b6a305-88e1-422a-97d7-4469551c41d4), precommit_delete {{(pid=103821) _notify_loop /usr/local/lib/python3.8/dist-packages/neutron_lib/callbacks/manager.py:176}}
Mar 29 20:21:41.769795 dv-cinder-784815-3-iscsi neutron-server[103820]: DEBUG neutron_lib.callbacks.manager [None req-7834df7c-1f78-4a13-b4be-5d21bfe5965d admin admin] Publish callbacks ['neutron.plugins.ml2.plugin.Ml2Plugin._handle_segment_change-3225585'] for segment (3fdf1fe7-3b0b-40b4-aec0-8c9332aa54d3), precommit_create {{(pid=103820) _notify_loop /usr/local/lib/python3.8/dist-packages/neutron_lib/callbacks/manager.py:176}}
Mar 29 20:21:41.770140 dv-cinder-784815-3-iscsi neutron-server[103820]: INFO neutron.db.segments_db [None req-7834df7c-1f78-4a13-b4be-5d21bfe5965d admin admin] Added segment 3fdf1fe7-3b0b-40b4-aec0-8c9332aa54d3 of type vlan for network addfcc4b-8ebc-4753-b7a3-77cab99abf5c
Mar 29 20:21:41.771695 dv-cinder-784815-3-iscsi neutron-server[103820]: DEBUG neutron_lib.callbacks.manager [None req-1fa77c92-f6fd-4b5d-b4de-316154263f4d admin admin] Publish callbacks [] for security_group (None), before_create {{(pid=103820) _notify_loop /usr/local/lib/python3.8/dist-packages/neutron_lib/callbacks/manager.py:176}}
Mar 29 20:21:41.773443 dv-cinder-784815-3-iscsi neutron-server[103820]: DEBUG neutron.api.rpc.handlers.resources_rpc [None req-7834df7c-1f78-4a13-b4be-5d21bfe5965d admin admin] Pushing event updated for resources: {'SecurityGroup': ['ID=d6f77870-6f22-41e6-95eb-595f30746061,revision_number=1']} {{(pid=103820) push /opt/stack/neutron/neutron/api/rpc/handlers/resources_rpc.py:237}}
Mar 29 20:21:41.790578 dv-cinder-784815-3-iscsi neutron-server[103821]: DEBUG neutron_lib.callbacks.manager [None req-634e3e35-934f-403c-a650-340ea43cdbe0 admin admin] Subscribe: > segment before_delete 55550000 {{(pid=103821) subscribe /usr/local/lib/python3.8/dist-packages/neutron_lib/callbacks/manager.py:45}}
Mar 29 20:21:41.791097 dv-cinder-784815-3-iscsi neutron-server[103821]: DEBUG neutron_lib.callbacks.manager [None req-634e3e35-934f-403c-a650-340ea43cdbe0 admin admin] Subscribe: > subnet precommit_delete_associations 55550000 {{(pid=103821) subscribe /usr/local/lib/python3.8/dist-packages/neutron_lib/callbacks/manager.py:45}}
Mar 29 20:21:41.792135 dv-cinder-784815-3-iscsi neutron-server[103821]: DEBUG neutron_lib.callbacks.manager [None req-634e3e35-934f-403c-a650-340ea43cdbe0 admin admin] Subscribe: > segment_host_mapping after_create 55550000 {{(pid=103821) subscribe /usr/local/lib/python3.8/dist-packages/neutron_lib/callbacks/manager.py:45}}
Mar 29 20:21:41.792604 dv-cinder-784815-3-iscsi neutron-server[103821]: DEBUG neutron_lib.callbacks.manager [None req-634e3e35-934f-403c-a650-340ea43cdbe0 admin admin] Subscribe: > port after_create 55550000 {{(pid=103821) subscribe /usr/local/lib/python3.8/dist-packages/neutron_lib/callbacks/manager.py:45}}
Mar 29 20:21:41.793130 dv-cinder-784815-3-iscsi neutron-server[103821]: DEBUG neutron_lib.callbacks.manager [None req-634e3e35-934f-403c-a650-340ea43cdbe0 admin admin] Subscribe: > port after_delete 55550000 {{(pid=103821) subscribe /usr/local/lib/python3.8/dist-packages/neutron_lib/callbacks/manager.py:45}}
Mar 29 20:21:41.793816 dv-cinder-784815-3-iscsi neutron-server[103821]: DEBUG neutron_lib.callbacks.manager [None req-634e3e35-934f-403c-a650-340ea43cdbe0 admin admin] Subscribe: > port after_update 55550000 {{(pid=103821) subscribe /usr/local/lib/python3.8/dist-packages/neutron_lib/callbacks/manager.py:45}}
Mar 29 20:21:41.794018 dv-cinder-784815-3-iscsi neutron-server[103821]: DEBUG neutron_lib.callbacks.manager [None req-634e3e35-934f-403c-a650-340ea43cdbe0 admin admin] Subscribe: > segment after_delete 55550000 {{(pid=103821) subscribe /usr/local/lib/python3.8/dist-packages/neutron_lib/callbacks/manager.py:45}}
Mar 29 20:21:41.794422 dv-cinder-784815-3-iscsi neutron-server[103821]: DEBUG neutron_lib.callbacks.manager [None req-634e3e35-934f-403c-a650-340ea43cdbe0 admin admin] Subscribe: > subnet after_create 55550000 {{(pid=103821) subscribe /usr/local/lib/python3.8/dist-packages/neutron_lib/callbacks/manager.py:45}}
Mar 29 20:21:41.794821 dv-cinder-784815-3-iscsi neutron-server[103821]: DEBUG neutron_lib.callbacks.manager [None req-634e3e35-934f-403c-a650-340ea43cdbe0 admin admin] Subscribe: > subnet after_delete 55550000 {{(pid=103821) subscribe /usr/local/lib/python3.8/dist-packages/neutron_lib/callbacks/manager.py:45}}
Mar 29 20:21:41.795757 dv-cinder-784815-3-iscsi neutron-server[103821]: DEBUG neutron_lib.callbacks.manager [None req-634e3e35-934f-403c-a650-340ea43cdbe0 admin admin] Subscribe: > subnet after_update 55550000 {{(pid=103821) subscribe /usr/local/lib/python3.8/dist-packages/neutron_lib/callbacks/manager.py:45}}
Mar 29 20:21:41.831850 dv-cinder-784815-3-iscsi neutron-server[103820]: DEBUG neutron_lib.callbacks.manager [None req-7834df7c-1f78-4a13-b4be-5d21bfe5965d admin admin] Publish callbacks ['neutron.services.auto_allocate.db._ensure_external_network_default_value_callback-8738049548858'] for network (addfcc4b-8ebc-4753-b7a3-77cab99abf5c), precommit_create {{(pid=103820) _notify_loop /usr/local/lib/python3.8/dist-packages/neutron_lib/callbacks/manager.py:176}}
Mar 29 20:21:41.890869 dv-cinder-784815-3-iscsi neutron-server[103821]: DEBUG neutron_lib.callbacks.manager [None req-634e3e35-934f-403c-a650-340ea43cdbe0 admin admin] Subscribe: > subnet after_create 55550000 {{(pid=103821) subscribe /usr/local/lib/python3.8/dist-packages/neutron_lib/callbacks/manager.py:45}}
Mar 29 20:21:41.891298 dv-cinder-784815-3-iscsi neutron-server[103821]: DEBUG neutron_lib.callbacks.manager [None req-634e3e35-934f-403c-a650-340ea43cdbe0 admin admin] Subscribe: > subnet after_delete 55550000 {{(pid=103821) subscribe /usr/local/lib/python3.8/dist-packages/neutron_lib/callbacks/manager.py:45}}
Mar 29 20:21:41.891710 dv-cinder-784815-3-iscsi neutron-server[103821]: DEBUG neutron_lib.callbacks.manager [None req-634e3e35-934f-403c-a650-340ea43cdbe0 admin admin] Subscribe: > subnet before_create 55550000 {{(pid=103821) subscribe /usr/local/lib/python3.8/dist-packages/neutron_lib/callbacks/manager.py:45}}
Mar 29 20:21:41.892045 dv-cinder-784815-3-iscsi neutron-server[103821]: DEBUG neutron_lib.callbacks.manager [None req-634e3e35-934f-403c-a650-340ea43cdbe0 admin admin] Subscribe: > subnet before_update 55550000 {{(pid=103821) subscribe /usr/local/lib/python3.8/dist-packages/neutron_lib/callbacks/manager.py:45}}
Mar 29 20:21:41.892413 dv-cinder-784815-3-iscsi neutron-server[103821]: DEBUG neutron.services.segments.db [None req-634e3e35-934f-403c-a650-340ea43cdbe0 admin admin] neutron.services.segments.plugin.Plugin method get_segments called with arguments (,) {'filters': {'network_id': ['39b6a305-88e1-422a-97d7-4469551c41d4']}} {{(pid=103821) wrapper /usr/local/lib/python3.8/dist-packages/oslo_log/helpers.py:65}}
Mar 29 20:21:41.907950 dv-cinder-784815-3-iscsi neutron-server[103820]: DEBUG neutron_lib.callbacks.manager [None req-1fa77c92-f6fd-4b5d-b4de-316154263f4d admin admin] Publish callbacks [] for security_group (89841476-63d2-4106-8b00-341b42141b15), precommit_create {{(pid=103820) _notify_loop /usr/local/lib/python3.8/dist-packages/neutron_lib/callbacks/manager.py:176}}
Mar 29 20:21:41.911397 dv-cinder-784815-3-iscsi neutron-server[103821]: DEBUG neutron.services.segments.db [None req-634e3e35-934f-403c-a650-340ea43cdbe0 admin admin] neutron.services.segments.plugin.Plugin method delete_segment called with arguments (, '2e876de9-e068-4593-b07b-f23213271be1') {'for_net_delete': True} {{(pid=103821) wrapper /usr/local/lib/python3.8/dist-packages/oslo_log/helpers.py:65}}
Mar 29 20:21:41.911694 dv-cinder-784815-3-iscsi neutron-server[103821]: DEBUG neutron.services.segments.db [None req-634e3e35-934f-403c-a650-340ea43cdbe0 admin admin] neutron.services.segments.plugin.Plugin method get_segment called with arguments (, '2e876de9-e068-4593-b07b-f23213271be1') {} {{(pid=103821) wrapper /usr/local/lib/python3.8/dist-packages/oslo_log/helpers.py:65}}
Mar 29 20:21:41.928955 dv-cinder-784815-3-iscsi neutron-server[103821]: DEBUG neutron_lib.callbacks.manager [None req-634e3e35-934f-403c-a650-340ea43cdbe0 admin admin] Publish callbacks ['neutron.plugins.ml2.db._prevent_segment_delete_with_port_bound-8738050091075', 'neutron.services.segments.plugin.Plugin._prevent_segment_delete_with_subnet_associated-125898124'] for segment (2e876de9-e068-4593-b07b-f23213271be1), before_delete {{(pid=103821) _notify_loop /usr/local/lib/python3.8/dist-packages/neutron_lib/callbacks/manager.py:176}}
Mar 29 20:21:41.943658 dv-cinder-784815-3-iscsi neutron-server[103820]: DEBUG neutron_lib.callbacks.manager [None req-7834df7c-1f78-4a13-b4be-5d21bfe5965d admin admin] Publish callbacks ['neutron.plugins.ml2.ovo_rpc._ObjectChangeHandler.handle_event-558640', 'neutron.api.rpc.agentnotifiers.dhcp_rpc_agent_api.DhcpAgentNotifyAPI._native_event_send_dhcp_notification-3663965'] for network (addfcc4b-8ebc-4753-b7a3-77cab99abf5c), after_create {{(pid=103820) _notify_loop /usr/local/lib/python3.8/dist-packages/neutron_lib/callbacks/manager.py:176}}
Mar 29 20:21:41.944777 dv-cinder-784815-3-iscsi neutron-server[103820]: DEBUG neutron.pecan_wsgi.hooks.policy_enforcement [None req-7834df7c-1f78-4a13-b4be-5d21bfe5965d admin admin] Attributes excluded by policy engine: ['standard_attr_id', 'vlan_transparent'] {{(pid=103820) _exclude_attributes_by_policy /opt/stack/neutron/neutron/pecan_wsgi/hooks/policy_enforcement.py:255}}
Mar 29 20:21:41.945516 dv-cinder-784815-3-iscsi neutron-server[103820]: DEBUG neutron_lib.callbacks.manager [None req-7834df7c-1f78-4a13-b4be-5d21bfe5965d admin admin] Publish callbacks ['neutron.api.rpc.agentnotifiers.dhcp_rpc_agent_api.DhcpAgentNotifyAPI._send_dhcp_notification-3663979'] for network (None), before_response {{(pid=103820) _notify_loop /usr/local/lib/python3.8/dist-packages/neutron_lib/callbacks/manager.py:176}}
Mar 29 20:21:41.949843 dv-cinder-784815-3-iscsi neutron-server[103821]: DEBUG neutron_lib.callbacks.manager [None req-634e3e35-934f-403c-a650-340ea43cdbe0 admin admin] Publish callbacks ['neutron.plugins.ml2.plugin.Ml2Plugin._handle_segment_change-3225585'] for segment (2e876de9-e068-4593-b07b-f23213271be1), precommit_delete {{(pid=103821) _notify_loop /usr/local/lib/python3.8/dist-packages/neutron_lib/callbacks/manager.py:176}}
Mar 29 20:21:41.960999 dv-cinder-784815-3-iscsi neutron-server[103821]: DEBUG neutron.plugins.ml2.drivers.type_vlan [None req-634e3e35-934f-403c-a650-340ea43cdbe0 admin admin] Releasing vlan 547 on physical network physnet1 to pool {{(pid=103821) release_segment /opt/stack/neutron/neutron/plugins/ml2/drivers/type_vlan.py:304}}
Mar 29 20:21:41.961438 dv-cinder-784815-3-iscsi neutron-server[103821]: DEBUG neutron_lib.callbacks.manager [None req-634e3e35-934f-403c-a650-340ea43cdbe0 admin admin] Publish callbacks ['neutron.plugins.ml2.plugin.Ml2Plugin._handle_segment_change-3225585', 'neutron.services.segments.plugin.NovaSegmentNotifier._notify_segment_deleted-129149377'] for segment (2e876de9-e068-4593-b07b-f23213271be1), after_delete {{(pid=103821) _notify_loop /usr/local/lib/python3.8/dist-packages/neutron_lib/callbacks/manager.py:176}}
Mar 29 20:21:41.991755 dv-cinder-784815-3-iscsi neutron-server[103821]: /usr/lib/python3/dist-packages/secretstorage/dhcrypto.py:15: CryptographyDeprecationWarning: int_from_bytes is deprecated, use int.from_bytes instead
Mar 29 20:21:41.991755 dv-cinder-784815-3-iscsi neutron-server[103821]: from cryptography.utils import int_from_bytes
Mar 29 20:21:41.991755 dv-cinder-784815-3-iscsi neutron-server[103821]: /usr/lib/python3/dist-packages/secretstorage/util.py:19: CryptographyDeprecationWarning: int_from_bytes is deprecated, use int.from_bytes instead
Mar 29 20:21:41.991755 dv-cinder-784815-3-iscsi neutron-server[103821]: from cryptography.utils import int_from_bytes
Mar 29 20:21:41.991755 dv-cinder-784815-3-iscsi neutron-server[103821]: Traceback (most recent call last):
Mar 29 20:21:41.991755 dv-cinder-784815-3-iscsi neutron-server[103821]: File "/usr/local/lib/python3.8/dist-packages/eventlet/hubs/hub.py", line 476, in fire_timers
Mar 29 20:21:41.991755 dv-cinder-784815-3-iscsi neutron-server[103821]: timer()
Mar 29 20:21:41.991755 dv-cinder-784815-3-iscsi neutron-server[103821]: File "/usr/local/lib/python3.8/dist-packages/eventlet/hubs/timer.py", line 59, in __call__
Mar 29 20:21:41.991755 dv-cinder-784815-3-iscsi neutron-server[103821]: cb(*args, **kw)
Mar 29 20:21:41.991755 dv-cinder-784815-3-iscsi neutron-server[103821]: File "/opt/stack/neutron/neutron/common/utils.py", line 921, in wrapper
Mar 29 20:21:41.991755 dv-cinder-784815-3-iscsi neutron-server[103821]: return func(*args, **kwargs)
Mar 29 20:21:41.991755 dv-cinder-784815-3-iscsi neutron-server[103821]: File "/opt/stack/neutron/neutron/notifiers/batch_notifier.py", line 58, in synced_send
Mar 29 20:21:41.991755 dv-cinder-784815-3-iscsi neutron-server[103821]: self._notify()
Mar 29 20:21:41.991755 dv-cinder-784815-3-iscsi neutron-server[103821]: File "/opt/stack/neutron/neutron/notifiers/batch_notifier.py", line 69, in _notify
Mar 29 20:21:41.991755 dv-cinder-784815-3-iscsi neutron-server[103821]: self.callback(batched_events)
