Aug 12 01:30:03.176727 dv-cinder-784815-15-smb neutron-server[106320]: DEBUG neutron_lib.callbacks.manager [None req-cb0ccfac-3453-4f2f-9f2d-aca3bce81cbb None None] Publish callbacks ['neutron.plugins.ml2.plugin.SecurityGroupServerNotifierRpcMixin._notify_sg_on_port_change-1618597', 'neutron.plugins.ml2.ovo_rpc._ObjectChangeHandler.handle_event-1006707', 'neutron.api.rpc.agentnotifiers.dhcp_rpc_agent_api.DhcpAgentNotifyAPI._native_event_send_dhcp_notification-531856', 'neutron.db.l3_db.L3RpcNotifierMixin._notify_gateway_port_ip_changed-8742576277441', 'neutron.db.l3_dvrscheduler_db._notify_l3_agent_port_update-8742575881409', 'neutron.db.l3_hascheduler_db._notify_l3_agent_ha_port_update-8742575881427'] for port (84c70f1f-e9c1-4d96-8537-fb8eb62b7b09), after_update {{(pid=106320) _notify_loop /usr/local/lib/python3.8/dist-packages/neutron_lib/callbacks/manager.py:176}}
Aug 12 01:30:03.267886 dv-cinder-784815-15-smb neutron-server[106319]: DEBUG neutron.api.rpc.handlers.resources_rpc [None req-f912b81d-f06b-4b54-8700-8440a3f72233 admin admin] Pushing event updated for resources: {'Port': ['ID=c30f19b8-6aad-4249-bcc3-479fcba3cf8d,revision_number=1']} {{(pid=106319) push /opt/stack/neutron/neutron/api/rpc/handlers/resources_rpc.py:237}}
Aug 12 01:30:03.290093 dv-cinder-784815-15-smb neutron-server[106318]: DEBUG neutron_lib.callbacks.manager [None req-0d60cddb-dce9-4229-86c2-d507762cc672 admin admin] Publish callbacks [] for security_group (4cee9bd0-62aa-41d0-bc88-4e7bf7b1093b), precommit_create {{(pid=106318) _notify_loop /usr/local/lib/python3.8/dist-packages/neutron_lib/callbacks/manager.py:176}}
Aug 12 01:30:03.296166 dv-cinder-784815-15-smb neutron-server[106318]: DEBUG neutron_lib.callbacks.manager [None req-0d60cddb-dce9-4229-86c2-d507762cc672 admin admin] Publish callbacks ['neutron.plugins.ml2.ovo_rpc._ObjectChangeHandler.handle_event-564775'] for security_group (4cee9bd0-62aa-41d0-bc88-4e7bf7b1093b), after_create {{(pid=106318) _notify_loop /usr/local/lib/python3.8/dist-packages/neutron_lib/callbacks/manager.py:176}}
Aug 12 01:30:03.331238 dv-cinder-784815-15-smb neutron-server[106318]: DEBUG neutron.wsgi [-] (106318) accepted ('10.222.0.26', 38378) {{(pid=106318) server /usr/local/lib/python3.8/dist-packages/eventlet/wsgi.py:1004}}
Aug 12 01:30:03.373024 dv-cinder-784815-15-smb neutron-server[106320]: DEBUG dbcounter [-] [106320] Writing DB stats neutron:SELECT=93,neutron:INSERT=3,neutron:UPDATE=4 {{(pid=106320) stat_writer /usr/local/lib/python3.8/dist-packages/dbcounter.py:114}}
Aug 12 01:30:03.408053 dv-cinder-784815-15-smb neutron-server[106318]: DEBUG neutron.api.v2.base [None req-39c33091-45cd-44e6-927f-7465497cef32 tempest-AttachVolumeShelveTestJSON-917649483 tempest-AttachVolumeShelveTestJSON-917649483-project] Request body: {'security_group': {'name': 'tempest-securitygroup--673607830', 'description': 'tempest-description--1082889402'}} {{(pid=106318) prepare_request_body /opt/stack/neutron/neutron/api/v2/base.py:730}}
Aug 12 01:30:03.473336 dv-cinder-784815-15-smb neutron-server[106319]: DEBUG neutron.scheduler.dhcp_agent_scheduler [None req-f912b81d-f06b-4b54-8700-8440a3f72233 admin admin] Network 986dc00f-d80a-4e41-b6ea-ed2e9bb6d0ae is already hosted by enough agents. {{(pid=106319) _get_dhcp_agents_hosting_network /opt/stack/neutron/neutron/scheduler/dhcp_agent_scheduler.py:275}}
Aug 12 01:30:03.474347 dv-cinder-784815-15-smb neutron-server[106319]: DEBUG dbcounter [-] [106319] Writing DB stats neutron:SELECT=89,neutron:INSERT=8,neutron:DELETE=1,neutron:UPDATE=2 {{(pid=106319) stat_writer /usr/local/lib/python3.8/dist-packages/dbcounter.py:114}}
Aug 12 01:30:03.484068 dv-cinder-784815-15-smb neutron-server[106318]: DEBUG neutron.api.rpc.handlers.resources_rpc [None req-0d60cddb-dce9-4229-86c2-d507762cc672 admin admin] Pushing event updated for resources: {'SecurityGroup': ['ID=4cee9bd0-62aa-41d0-bc88-4e7bf7b1093b,revision_number=1']} {{(pid=106318) push /opt/stack/neutron/neutron/api/rpc/handlers/resources_rpc.py:237}}
Aug 12 01:30:03.509166 dv-cinder-784815-15-smb neutron-server[106318]: INFO neutron.wsgi [None req-0d60cddb-dce9-4229-86c2-d507762cc672 admin admin] 10.222.0.26 "GET /networking/v2.0/security-groups?tenant_id=3468dd058c474ff5957a2774145536d6&name=default HTTP/1.1" status: 200 len: 2992 time: 0.5019867
Aug 12 01:30:03.519227 dv-cinder-784815-15-smb neutron-server[106320]: DEBUG neutron.plugins.ml2.db [None req-4b856b52-b0ee-4f51-82e1-4ebebd87b6e9 None None] For port 8bc87a66-620b-420b-98ee-7c6203e9e0d0, host dv-cinder-784815-15-smb, cleared binding levels {{(pid=106320) clear_binding_levels /opt/stack/neutron/neutron/plugins/ml2/db.py:87}}
Aug 12 01:30:03.520373 dv-cinder-784815-15-smb neutron-server[106318]: DEBUG neutron.wsgi [-] (106318) accepted ('10.222.0.26', 38390) {{(pid=106318) server /usr/local/lib/python3.8/dist-packages/eventlet/wsgi.py:1004}}
Aug 12 01:30:03.543041 dv-cinder-784815-15-smb neutron-server[106319]: DEBUG neutron.scheduler.base_scheduler [None req-f912b81d-f06b-4b54-8700-8440a3f72233 admin admin] Resources bound (agent type, host, resource id): {{(pid=106319) schedule /opt/stack/neutron/neutron/scheduler/base_scheduler.py:57}}
Aug 12 01:30:03.554844 dv-cinder-784815-15-smb neutron-server[106319]: DEBUG neutron.db.l3_dvrscheduler_db [None req-f912b81d-f06b-4b54-8700-8440a3f72233 admin admin] Received port after_create {{(pid=106319) _notify_l3_agent_new_port /opt/stack/neutron/neutron/db/l3_dvrscheduler_db.py:538}}
Aug 12 01:30:03.600403 dv-cinder-784815-15-smb neutron-server[106320]: DEBUG neutron.plugins.ml2.db [None req-4b856b52-b0ee-4f51-82e1-4ebebd87b6e9 None None] For port 8bc87a66-620b-420b-98ee-7c6203e9e0d0, host dv-cinder-784815-15-smb, set binding levels [PortBindingLevel(driver='openvswitch',host='dv-cinder-784815-15-smb',level=0,port_id=8bc87a66-620b-420b-98ee-7c6203e9e0d0,segment=NetworkSegment(cd1f9ed5-0828-4b03-879f-d4151e607aa7),segment_id=cd1f9ed5-0828-4b03-879f-d4151e607aa7)] {{(pid=106320) set_binding_levels /opt/stack/neutron/neutron/plugins/ml2/db.py:59}}
Aug 12 01:30:03.600646 dv-cinder-784815-15-smb neutron-server[106318]: DEBUG neutron_lib.callbacks.manager [None req-39c33091-45cd-44e6-927f-7465497cef32 tempest-AttachVolumeShelveTestJSON-917649483 tempest-AttachVolumeShelveTestJSON-917649483-project] Publish callbacks [] for security_group (None), before_create {{(pid=106318) _notify_loop /usr/local/lib/python3.8/dist-packages/neutron_lib/callbacks/manager.py:176}}
Aug 12 01:30:03.623095 dv-cinder-784815-15-smb neutron-server[106319]: DEBUG neutron_lib.callbacks.manager [None req-be156ab8-7598-4d88-a502-3b737a70a8f9 admin admin] Publish callbacks [] for router_gateway (f8c348f1-6d2b-4622-be71-d80ec61fc4ac), before_create {{(pid=106319) _notify_loop /usr/local/lib/python3.8/dist-packages/neutron_lib/callbacks/manager.py:176}}
Aug 12 01:30:03.627234 dv-cinder-784815-15-smb neutron-server[106320]: DEBUG neutron_lib.callbacks.manager [None req-4b856b52-b0ee-4f51-82e1-4ebebd87b6e9 None None] Publish callbacks ['neutron.plugins.ml2.plugin.SecurityGroupServerNotifierRpcMixin._notify_sg_on_port_change-1618597', 'neutron.plugins.ml2.ovo_rpc._ObjectChangeHandler.handle_event-1006707', 'neutron.api.rpc.agentnotifiers.dhcp_rpc_agent_api.DhcpAgentNotifyAPI._native_event_send_dhcp_notification-531856', 'neutron.db.l3_db.L3RpcNotifierMixin._notify_gateway_port_ip_changed-8742576277441', 'neutron.db.l3_dvrscheduler_db._notify_l3_agent_port_update-8742575881409', 'neutron.db.l3_hascheduler_db._notify_l3_agent_ha_port_update-8742575881427'] for port (8bc87a66-620b-420b-98ee-7c6203e9e0d0), after_update {{(pid=106320) _notify_loop /usr/local/lib/python3.8/dist-packages/neutron_lib/callbacks/manager.py:176}}
Aug 12 01:30:03.759935 dv-cinder-784815-15-smb neutron-server[106319]: DEBUG neutron_lib.callbacks.manager [None req-be156ab8-7598-4d88-a502-3b737a70a8f9 admin admin] Publish callbacks ['neutron.plugins.ml2.plugin.SecurityGroupDbMixin._ensure_default_security_group_handler-1618662'] for port (None), before_create {{(pid=106319) _notify_loop /usr/local/lib/python3.8/dist-packages/neutron_lib/callbacks/manager.py:176}}
Aug 12 01:30:03.852197 dv-cinder-784815-15-smb neutron-server[106318]: DEBUG neutron_lib.callbacks.manager [None req-39c33091-45cd-44e6-927f-7465497cef32 tempest-AttachVolumeShelveTestJSON-917649483 tempest-AttachVolumeShelveTestJSON-917649483-project] Publish callbacks [] for security_group (6e9dce80-60b7-4e7a-b28f-04b5a31c9fec), precommit_create {{(pid=106318) _notify_loop /usr/local/lib/python3.8/dist-packages/neutron_lib/callbacks/manager.py:176}}
Aug 12 01:30:03.911693 dv-cinder-784815-15-smb neutron-server[106318]: DEBUG neutron_lib.callbacks.manager [None req-4081e6cd-2588-4813-91b4-f8114f7e8c16 admin admin] Publish callbacks [] for security_group (4cee9bd0-62aa-41d0-bc88-4e7bf7b1093b), before_delete {{(pid=106318) _notify_loop /usr/local/lib/python3.8/dist-packages/neutron_lib/callbacks/manager.py:176}}
Aug 12 01:30:03.913640 dv-cinder-784815-15-smb neutron-server[106318]: DEBUG neutron_lib.callbacks.manager [None req-39c33091-45cd-44e6-927f-7465497cef32 tempest-AttachVolumeShelveTestJSON-917649483 tempest-AttachVolumeShelveTestJSON-917649483-project] Publish callbacks ['neutron.plugins.ml2.ovo_rpc._ObjectChangeHandler.handle_event-564775'] for security_group (6e9dce80-60b7-4e7a-b28f-04b5a31c9fec), after_create {{(pid=106318) _notify_loop /usr/local/lib/python3.8/dist-packages/neutron_lib/callbacks/manager.py:176}}
Aug 12 01:30:03.963082 dv-cinder-784815-15-smb neutron-server[106318]: DEBUG neutron_lib.callbacks.manager [None req-39c33091-45cd-44e6-927f-7465497cef32 tempest-AttachVolumeShelveTestJSON-917649483 tempest-AttachVolumeShelveTestJSON-917649483-project] Publish callbacks [] for security_group (None), before_response {{(pid=106318) _notify_loop /usr/local/lib/python3.8/dist-packages/neutron_lib/callbacks/manager.py:176}}
Aug 12 01:30:03.964916 dv-cinder-784815-15-smb neutron-server[106318]: INFO neutron.wsgi [None req-39c33091-45cd-44e6-927f-7465497cef32 tempest-AttachVolumeShelveTestJSON-917649483 tempest-AttachVolumeShelveTestJSON-917649483-project] 10.222.0.26 "POST /networking/v2.0/security-groups HTTP/1.1" status: 201 len: 1794 time: 0.6022668
Aug 12 01:30:03.975152 dv-cinder-784815-15-smb neutron-server[106318]: DEBUG neutron.wsgi [-] (106318) accepted ('10.222.0.26', 38402) {{(pid=106318) server /usr/local/lib/python3.8/dist-packages/eventlet/wsgi.py:1004}}
Aug 12 01:30:03.977898 dv-cinder-784815-15-smb neutron-server[106320]: DEBUG neutron_lib.callbacks.manager [None req-d3c87fac-fb86-49ea-8f08-de6b8154c5f9 None None] Publish callbacks [] for port (383aef3d-be3a-4e56-afda-1bdd10744a48), precommit_create {{(pid=106320) _notify_loop /usr/local/lib/python3.8/dist-packages/neutron_lib/callbacks/manager.py:176}}
Aug 12 01:30:03.981085 dv-cinder-784815-15-smb neutron-server[106319]: DEBUG neutron_lib.callbacks.manager [None req-f26c7253-4aa1-48c6-994b-0f058a201ab3 admin admin] Publish callbacks [] for port (337fbfaa-b050-401b-af0f-56fa0879bf08), precommit_create {{(pid=106319) _notify_loop /usr/local/lib/python3.8/dist-packages/neutron_lib/callbacks/manager.py:176}}
Aug 12 01:30:03.981926 dv-cinder-784815-15-smb neutron-server[106320]: DEBUG neutron.api.rpc.handlers.resources_rpc [None req-cb0ccfac-3453-4f2f-9f2d-aca3bce81cbb None None] Pushing event updated for resources: {'Port': ['ID=84c70f1f-e9c1-4d96-8537-fb8eb62b7b09,revision_number=2']} {{(pid=106320) push /opt/stack/neutron/neutron/api/rpc/handlers/resources_rpc.py:237}}
Aug 12 01:30:03.988272 dv-cinder-784815-15-smb neutron-server[106318]: DEBUG neutron.api.v2.base [None req-bca463d5-6e3c-410f-ad8a-6ec52d54279f tempest-AttachVolumeShelveTestJSON-917649483 tempest-AttachVolumeShelveTestJSON-917649483-project] Request body: {'security_group_rule': {'security_group_id': '6e9dce80-60b7-4e7a-b28f-04b5a31c9fec', 'protocol': 'tcp', 'ethertype': 'IPv4', 'port_range_min': 22, 'port_range_max': 22, 'direction': 'ingress'}} {{(pid=106318) prepare_request_body /opt/stack/neutron/neutron/api/v2/base.py:730}}
Aug 12 01:30:03.992425 dv-cinder-784815-15-smb neutron-server[106320]: DEBUG neutron_lib.callbacks.manager [None req-d3c87fac-fb86-49ea-8f08-de6b8154c5f9 None None] Publish callbacks ['neutron.plugins.ml2.plugin.SecurityGroupServerNotifierRpcMixin._notify_sg_on_port_change-1618597', 'neutron.plugins.ml2.ovo_rpc._ObjectChangeHandler.handle_event-1006707', 'neutron.api.rpc.agentnotifiers.dhcp_rpc_agent_api.DhcpAgentNotifyAPI._native_event_send_dhcp_notification-531856', 'neutron.db.l3_dvrscheduler_db._notify_l3_agent_new_port-8742575881391'] for port (383aef3d-be3a-4e56-afda-1bdd10744a48), after_create {{(pid=106320) _notify_loop /usr/local/lib/python3.8/dist-packages/neutron_lib/callbacks/manager.py:176}}
Aug 12 01:30:04.101780 dv-cinder-784815-15-smb neutron-server[106319]: DEBUG dbcounter [-] [106319] Writing DB stats neutron:SELECT=91,neutron:INSERT=4,neutron:UPDATE=5 {{(pid=106319) stat_writer /usr/local/lib/python3.8/dist-packages/dbcounter.py:114}}
Aug 12 01:30:04.106652 dv-cinder-784815-15-smb neutron-server[106318]: DEBUG neutron_lib.callbacks.manager [None req-4081e6cd-2588-4813-91b4-f8114f7e8c16 admin admin] Publish callbacks [] for security_group (4cee9bd0-62aa-41d0-bc88-4e7bf7b1093b), precommit_delete {{(pid=106318) _notify_loop /usr/local/lib/python3.8/dist-packages/neutron_lib/callbacks/manager.py:176}}
Aug 12 01:30:04.181918 dv-cinder-784815-15-smb neutron-server[106320]: DEBUG neutron.scheduler.dhcp_agent_scheduler [None req-d3c87fac-fb86-49ea-8f08-de6b8154c5f9 None None] Network c40f8f03-a73b-493f-9167-f5007186d75f is already hosted by enough agents. {{(pid=106320) _get_dhcp_agents_hosting_network /opt/stack/neutron/neutron/scheduler/dhcp_agent_scheduler.py:275}}
Aug 12 01:30:04.183733 dv-cinder-784815-15-smb neutron-server[106318]: DEBUG neutron_lib.callbacks.manager [None req-bca463d5-6e3c-410f-ad8a-6ec52d54279f tempest-AttachVolumeShelveTestJSON-917649483 tempest-AttachVolumeShelveTestJSON-917649483-project] Publish callbacks [] for security_group_rule (7d7d30e3-e476-4f2b-8ea8-00f1f3d073ca), before_create {{(pid=106318) _notify_loop /usr/local/lib/python3.8/dist-packages/neutron_lib/callbacks/manager.py:176}}
Aug 12 01:30:04.200599 dv-cinder-784815-15-smb neutron-server[106320]: DEBUG neutron.scheduler.base_scheduler [None req-d3c87fac-fb86-49ea-8f08-de6b8154c5f9 None None] Resources bound (agent type, host, resource id): {{(pid=106320) schedule /opt/stack/neutron/neutron/scheduler/base_scheduler.py:57}}
Aug 12 01:30:04.204812 dv-cinder-784815-15-smb neutron-server[106320]: DEBUG neutron.db.l3_dvrscheduler_db [None req-d3c87fac-fb86-49ea-8f08-de6b8154c5f9 None None] Received port after_create {{(pid=106320) _notify_l3_agent_new_port /opt/stack/neutron/neutron/db/l3_dvrscheduler_db.py:538}}
Aug 12 01:30:04.321693 dv-cinder-784815-15-smb neutron-server[106318]: DEBUG neutron.api.rpc.handlers.resources_rpc [None req-39c33091-45cd-44e6-927f-7465497cef32 tempest-AttachVolumeShelveTestJSON-917649483 tempest-AttachVolumeShelveTestJSON-917649483-project] Pushing event updated for resources: {'SecurityGroup': ['ID=6e9dce80-60b7-4e7a-b28f-04b5a31c9fec,revision_number=1']} {{(pid=106318) push /opt/stack/neutron/neutron/api/rpc/handlers/resources_rpc.py:237}}
Aug 12 01:30:04.376654 dv-cinder-784815-15-smb neutron-server[106319]: DEBUG neutron_lib.callbacks.manager [None req-f26c7253-4aa1-48c6-994b-0f058a201ab3 admin admin] Publish callbacks ['neutron.plugins.ml2.plugin.SecurityGroupServerNotifierRpcMixin._notify_sg_on_port_change-1618597', 'neutron.plugins.ml2.ovo_rpc._ObjectChangeHandler.handle_event-1006707', 'neutron.api.rpc.agentnotifiers.dhcp_rpc_agent_api.DhcpAgentNotifyAPI._native_event_send_dhcp_notification-531856', 'neutron.db.l3_dvrscheduler_db._notify_l3_agent_new_port-8742575881391'] for port (337fbfaa-b050-401b-af0f-56fa0879bf08), after_create {{(pid=106319) _notify_loop /usr/local/lib/python3.8/dist-packages/neutron_lib/callbacks/manager.py:176}}
Aug 12 01:30:04.514810 dv-cinder-784815-15-smb neutron-server[106319]: DEBUG neutron.wsgi [-] (106319) accepted ('10.222.0.26', 38416) {{(pid=106319) server /usr/local/lib/python3.8/dist-packages/eventlet/wsgi.py:1004}}
Aug 12 01:30:04.522061 dv-cinder-784815-15-smb neutron-server[106319]: DEBUG neutron.api.rpc.handlers.resources_rpc [None req-f26c7253-4aa1-48c6-994b-0f058a201ab3 admin admin] Pushing event updated for resources: {'Port': ['ID=337fbfaa-b050-401b-af0f-56fa0879bf08,revision_number=1']} {{(pid=106319) push /opt/stack/neutron/neutron/api/rpc/handlers/resources_rpc.py:237}}
Aug 12 01:30:04.570627 dv-cinder-784815-15-smb neutron-server[106318]: DEBUG neutron_lib.callbacks.manager [None req-bca463d5-6e3c-410f-ad8a-6ec52d54279f tempest-AttachVolumeShelveTestJSON-917649483 tempest-AttachVolumeShelveTestJSON-917649483-project] Publish callbacks [] for security_group_rule (7d7d30e3-e476-4f2b-8ea8-00f1f3d073ca), precommit_create {{(pid=106318) _notify_loop /usr/local/lib/python3.8/dist-packages/neutron_lib/callbacks/manager.py:176}}
Aug 12 01:30:04.592935 dv-cinder-784815-15-smb neutron-server[106319]: DEBUG neutron_lib.callbacks.manager [None req-f912b81d-f06b-4b54-8700-8440a3f72233 admin admin] Publish callbacks [] for router_gateway (526627a1-5d90-4f4f-90f8-0207d4dc322a), after_create {{(pid=106319) _notify_loop /usr/local/lib/python3.8/dist-packages/neutron_lib/callbacks/manager.py:176}}
Aug 12 01:30:04.593363 dv-cinder-784815-15-smb neutron-server[106318]: DEBUG neutron_lib.callbacks.manager [None req-bca463d5-6e3c-410f-ad8a-6ec52d54279f tempest-AttachVolumeShelveTestJSON-917649483 tempest-AttachVolumeShelveTestJSON-917649483-project] Publish callbacks ['neutron.plugins.ml2.ovo_rpc._ObjectChangeHandler.handle_event-563093'] for security_group_rule (7d7d30e3-e476-4f2b-8ea8-00f1f3d073ca), after_create {{(pid=106318) _notify_loop /usr/local/lib/python3.8/dist-packages/neutron_lib/callbacks/manager.py:176}}
Aug 12 01:30:04.613336 dv-cinder-784815-15-smb neutron-server[106320]: DEBUG neutron.api.rpc.handlers.resources_rpc [None req-4b856b52-b0ee-4f51-82e1-4ebebd87b6e9 None None] Pushing event updated for resources: {'Port': ['ID=8bc87a66-620b-420b-98ee-7c6203e9e0d0,revision_number=2']} {{(pid=106320) push /opt/stack/neutron/neutron/api/rpc/handlers/resources_rpc.py:237}}
Aug 12 01:30:04.678539 dv-cinder-784815-15-smb neutron-server[106320]: DEBUG neutron.plugins.ml2.managers [None req-d3c87fac-fb86-49ea-8f08-de6b8154c5f9 None None] Attempting to bind port 383aef3d-be3a-4e56-afda-1bdd10744a48 on host dv-cinder-784815-15-smb for vnic_type normal with profile {{(pid=106320) bind_port /opt/stack/neutron/neutron/plugins/ml2/managers.py:810}}
Aug 12 01:30:04.678940 dv-cinder-784815-15-smb neutron-server[106320]: DEBUG neutron.plugins.ml2.managers [None req-d3c87fac-fb86-49ea-8f08-de6b8154c5f9 None None] Attempting to bind port 383aef3d-be3a-4e56-afda-1bdd10744a48 by drivers openvswitch,hyperv on host dv-cinder-784815-15-smb at level 0 using segments [{'id': '18aa54fc-1926-4106-8984-e2a9dcfe2cf2', 'network_type': 'vlan', 'physical_network': 'physnet1', 'segmentation_id': 174, 'network_id': 'c40f8f03-a73b-493f-9167-f5007186d75f'}] {{(pid=106320) _bind_port_level /opt/stack/neutron/neutron/plugins/ml2/managers.py:835}}
Aug 12 01:30:04.679283 dv-cinder-784815-15-smb neutron-server[106320]: DEBUG neutron.plugins.ml2.drivers.mech_agent [None req-d3c87fac-fb86-49ea-8f08-de6b8154c5f9 None None] Attempting to bind port 383aef3d-be3a-4e56-afda-1bdd10744a48 on network c40f8f03-a73b-493f-9167-f5007186d75f {{(pid=106320) bind_port /opt/stack/neutron/neutron/plugins/ml2/drivers/mech_agent.py:91}}
Aug 12 01:30:04.721497 dv-cinder-784815-15-smb neutron-server[106318]: DEBUG neutron_lib.callbacks.manager [None req-4081e6cd-2588-4813-91b4-f8114f7e8c16 admin admin] Publish callbacks ['neutron.plugins.ml2.ovo_rpc._ObjectChangeHandler.handle_event-564775'] for security_group (4cee9bd0-62aa-41d0-bc88-4e7bf7b1093b), after_delete {{(pid=106318) _notify_loop /usr/local/lib/python3.8/dist-packages/neutron_lib/callbacks/manager.py:176}}
Aug 12 01:30:04.735875 dv-cinder-784815-15-smb neutron-server[106318]: DEBUG neutron_lib.callbacks.manager [None req-4081e6cd-2588-4813-91b4-f8114f7e8c16 admin admin] Publish callbacks [] for security_group (None), before_response {{(pid=106318) _notify_loop /usr/local/lib/python3.8/dist-packages/neutron_lib/callbacks/manager.py:176}}
Aug 12 01:30:04.737303 dv-cinder-784815-15-smb neutron-server[106318]: INFO neutron.wsgi [None req-4081e6cd-2588-4813-91b4-f8114f7e8c16 admin admin] 10.222.0.26 "DELETE /networking/v2.0/security-groups/4cee9bd0-62aa-41d0-bc88-4e7bf7b1093b HTTP/1.1" status: 204 len: 168 time: 1.2145636
Aug 12 01:30:04.779269 dv-cinder-784815-15-smb neutron-server[106320]: DEBUG neutron.plugins.ml2.drivers.mech_agent [None req-d3c87fac-fb86-49ea-8f08-de6b8154c5f9 None None] Checking agent: {'id': 'a41bd4cb-12f4-4fb4-bc82-c6443c198b63', 'agent_type': 'Open vSwitch agent', 'binary': 'neutron-openvswitch-agent', 'topic': 'N/A', 'host': 'dv-cinder-784815-15-smb', 'admin_state_up': True, 'created_at': datetime.datetime(2022, 8, 12, 1, 22, 13), 'started_at': datetime.datetime(2022, 8, 12, 1, 22, 43), 'heartbeat_timestamp': datetime.datetime(2022, 8, 12, 1, 29, 43), 'description': None, 'resources_synced': None, 'availability_zone': None, 'alive': True, 'configurations': {'arp_responder_enabled': False, 'baremetal_smartnic': False, 'bridge_mappings': {'physnet1': 'br-data'}, 'datapath_type': 'system', 'devices': 0, 'enable_distributed_routing': False, 'extensions': [], 'in_distributed_mode': False, 'integration_bridge': 'br-int', 'l2_population': False, 'log_agent_heartbeats': False, 'ovs_capabilities': {'datapath_types': ['netdev', 'system'], 'iface_types': ['erspan', 'geneve', 'gre', 'internal', 'ip6erspan', 'ip6gre', 'lisp', 'patch', 'stt', 'system', 'tap', 'vxlan']}, 'ovs_hybrid_plug': False, 'resource_provider_bandwidths': {}, 'resource_provider_hypervisors': {'br-data': 'dv-cinder-784815-15-smb'}, 'resource_provider_inventory_defaults': {'allocation_ratio': 1.0, 'min_unit': 1, 'step_size': 1, 'reserved': 0}, 'resource_provider_packet_processing_inventory_defaults': {'allocation_ratio': 1.0, 'min_unit': 1, 'step_size': 1, 'reserved': 0}, 'resource_provider_packet_processing_with_direction': {}, 'resource_provider_packet_processing_without_direction': {}, 'tunnel_types': [], 'tunneling_ip': None, 'vhostuser_socket_dir': '/var/run/openvswitch'}, 'resource_versions': {'AddressGroup': '1.2', 'Agent': '1.1', 'ConntrackHelper': '1.0', 'LocalIPAssociation': '1.0', 'Log': '1.0', 'NDPProxy': '1.0', 'Network': '1.1', 'Port': '1.7', 'PortForwarding': '1.3', 'QosPolicy': '1.10', 'SecurityGroup': '1.5', 'SecurityGroupRule': '1.2', 'SubPort': '1.0', 'Subnet': '1.1', 'Trunk': '1.1'}} {{(pid=106320) bind_port /opt/stack/neutron/neutron/plugins/ml2/drivers/mech_agent.py:110}}
Aug 12 01:30:04.779650 dv-cinder-784815-15-smb neutron-server[106320]: DEBUG neutron.plugins.ml2.drivers.mech_agent [None req-d3c87fac-fb86-49ea-8f08-de6b8154c5f9 None None] Checking segment: {'id': '18aa54fc-1926-4106-8984-e2a9dcfe2cf2', 'network_type': 'vlan', 'physical_network': 'physnet1', 'segmentation_id': 174, 'network_id': 'c40f8f03-a73b-493f-9167-f5007186d75f'} for mappings: {'physnet1': 'br-data'} with network types: ['local', 'flat', 'vlan'] {{(pid=106320) check_segment_for_agent /opt/stack/neutron/neutron/plugins/ml2/drivers/mech_agent.py:373}}
Aug 12 01:30:04.780057 dv-cinder-784815-15-smb neutron-server[106320]: DEBUG neutron_lib.callbacks.manager [None req-d3c87fac-fb86-49ea-8f08-de6b8154c5f9 None None] Publish callbacks [] for ovs_bridge_name (None), before_read {{(pid=106320) _notify_loop /usr/local/lib/python3.8/dist-packages/neutron_lib/callbacks/manager.py:176}}
Aug 12 01:30:04.780453 dv-cinder-784815-15-smb neutron-server[106320]: DEBUG neutron.plugins.ml2.drivers.mech_agent [None req-d3c87fac-fb86-49ea-8f08-de6b8154c5f9 None None] Bound using segment: {'id': '18aa54fc-1926-4106-8984-e2a9dcfe2cf2', 'network_type': 'vlan', 'physical_network': 'physnet1', 'segmentation_id': 174, 'network_id': 'c40f8f03-a73b-493f-9167-f5007186d75f'} {{(pid=106320) bind_port /opt/stack/neutron/neutron/plugins/ml2/drivers/mech_agent.py:120}}
Aug 12 01:30:04.780938 dv-cinder-784815-15-smb neutron-server[106320]: DEBUG neutron.plugins.ml2.managers [None req-d3c87fac-fb86-49ea-8f08-de6b8154c5f9 None None] Bound port: 383aef3d-be3a-4e56-afda-1bdd10744a48, host: dv-cinder-784815-15-smb, vif_type: ovs, vif_details: {"connectivity": "l2", "port_filter": true, "ovs_hybrid_plug": false, "datapath_type": "system", "bridge_name": "br-int"}, binding_levels: [{'bound_driver': 'openvswitch', 'bound_segment': {'id': '18aa54fc-1926-4106-8984-e2a9dcfe2cf2', 'network_type': 'vlan', 'physical_network': 'physnet1', 'segmentation_id': 174, 'network_id': 'c40f8f03-a73b-493f-9167-f5007186d75f'}}] {{(pid=106320) _bind_port_level /opt/stack/neutron/neutron/plugins/ml2/managers.py:947}}
Aug 12 01:30:04.781316 dv-cinder-784815-15-smb neutron-server[106320]: DEBUG neutron_lib.callbacks.manager [None req-d3c87fac-fb86-49ea-8f08-de6b8154c5f9 None None] Publish callbacks ['neutron.plugins.ml2.plugin.SecurityGroupDbMixin._ensure_default_security_group_handler-1618662'] for port (383aef3d-be3a-4e56-afda-1bdd10744a48), before_update {{(pid=106320) _notify_loop /usr/local/lib/python3.8/dist-packages/neutron_lib/callbacks/manager.py:176}}
Aug 12 01:30:04.815264 dv-cinder-784815-15-smb neutron-server[106319]: DEBUG neutron.scheduler.dhcp_agent_scheduler [None req-f26c7253-4aa1-48c6-994b-0f058a201ab3 admin admin] Network 986dc00f-d80a-4e41-b6ea-ed2e9bb6d0ae is already hosted by enough agents. {{(pid=106319) _get_dhcp_agents_hosting_network /opt/stack/neutron/neutron/scheduler/dhcp_agent_scheduler.py:275}}
Aug 12 01:30:04.816848 dv-cinder-784815-15-smb neutron-server[106319]: DEBUG neutron.db.db_base_plugin_common [None req-be156ab8-7598-4d88-a502-3b737a70a8f9 admin admin] Allocated IP 172.28.4.71 (986dc00f-d80a-4e41-b6ea-ed2e9bb6d0ae/fc753710-a53d-4b49-bcd5-7580c746f522/779cd700-e81c-4142-a09b-7afb04983fb0) {{(pid=106319) _store_ip_allocation /opt/stack/neutron/neutron/db/db_base_plugin_common.py:131}}
Aug 12 01:30:04.818313 dv-cinder-784815-15-smb neutron-server[106318]: DEBUG neutron.api.rpc.handlers.resources_rpc [None req-4081e6cd-2588-4813-91b4-f8114f7e8c16 admin admin] Pushing event deleted for resources: {'SecurityGroup': ['ID=4cee9bd0-62aa-41d0-bc88-4e7bf7b1093b,revision_number=None']} {{(pid=106318) push /opt/stack/neutron/neutron/api/rpc/handlers/resources_rpc.py:237}}
Aug 12 01:30:04.824196 dv-cinder-784815-15-smb neutron-server[106318]: DEBUG neutron.api.rpc.handlers.resources_rpc [None req-bca463d5-6e3c-410f-ad8a-6ec52d54279f tempest-AttachVolumeShelveTestJSON-917649483 tempest-AttachVolumeShelveTestJSON-917649483-project] Pushing event updated for resources: {'SecurityGroupRule': ['ID=7d7d30e3-e476-4f2b-8ea8-00f1f3d073ca,revision_number=0']} {{(pid=106318) push /opt/stack/neutron/neutron/api/rpc/handlers/resources_rpc.py:237}}
Aug 12 01:30:04.862666 dv-cinder-784815-15-smb neutron-server[106318]: DEBUG neutron_lib.callbacks.manager [None req-bca463d5-6e3c-410f-ad8a-6ec52d54279f tempest-AttachVolumeShelveTestJSON-917649483 tempest-AttachVolumeShelveTestJSON-917649483-project] Publish callbacks [] for security_group_rule (None), before_response {{(pid=106318) _notify_loop /usr/local/lib/python3.8/dist-packages/neutron_lib/callbacks/manager.py:176}}
Aug 12 01:30:04.869261 dv-cinder-784815-15-smb neutron-server[106318]: INFO neutron.wsgi [None req-bca463d5-6e3c-410f-ad8a-6ec52d54279f tempest-AttachVolumeShelveTestJSON-917649483 tempest-AttachVolumeShelveTestJSON-917649483-project] 10.222.0.26 "POST /networking/v2.0/security-group-rules HTTP/1.1" status: 201 len: 764 time: 0.8807321
Aug 12 01:30:04.871846 dv-cinder-784815-15-smb neutron-server[106318]: DEBUG neutron.wsgi [-] (106318) accepted ('10.222.0.26', 38432) {{(pid=106318) server /usr/local/lib/python3.8/dist-packages/eventlet/wsgi.py:1004}}
Aug 12 01:30:04.882978 dv-cinder-784815-15-smb neutron-server[106319]: DEBUG neutron.scheduler.base_scheduler [None req-f26c7253-4aa1-48c6-994b-0f058a201ab3 admin admin] Resources bound (agent type, host, resource id): {{(pid=106319) schedule /opt/stack/neutron/neutron/scheduler/base_scheduler.py:57}}
Aug 12 01:30:04.892586 dv-cinder-784815-15-smb neutron-server[106319]: DEBUG neutron.db.l3_dvrscheduler_db [None req-f26c7253-4aa1-48c6-994b-0f058a201ab3 admin admin] Received port after_create {{(pid=106319) _notify_l3_agent_new_port /opt/stack/neutron/neutron/db/l3_dvrscheduler_db.py:538}}
Aug 12 01:30:04.903946 dv-cinder-784815-15-smb neutron-server[106318]: DEBUG neutron.api.v2.base [None req-5a96c88f-c5b1-46f5-8be2-d118ebd5862b tempest-AttachVolumeShelveTestJSON-917649483 tempest-AttachVolumeShelveTestJSON-917649483-project] Request body: {'security_group_rule': {'security_group_id': '6e9dce80-60b7-4e7a-b28f-04b5a31c9fec', 'protocol': 'icmp', 'ethertype': 'IPv4', 'direction': 'ingress'}} {{(pid=106318) prepare_request_body /opt/stack/neutron/neutron/api/v2/base.py:730}}
Aug 12 01:30:04.983832 dv-cinder-784815-15-smb neutron-server[106318]: DEBUG dbcounter [-] [106318] Writing DB stats neutron:INSERT=16,neutron:SELECT=78,neutron:UPDATE=3,neutron:DELETE=3 {{(pid=106318) stat_writer /usr/local/lib/python3.8/dist-packages/dbcounter.py:114}}
Aug 12 01:30:05.061535 dv-cinder-784815-15-smb neutron-server[106318]: DEBUG neutron_lib.callbacks.manager [None req-5a96c88f-c5b1-46f5-8be2-d118ebd5862b tempest-AttachVolumeShelveTestJSON-917649483 tempest-AttachVolumeShelveTestJSON-917649483-project] Publish callbacks [] for security_group_rule (819c2da8-e71d-4c4e-a278-188ecd367cc6), before_create {{(pid=106318) _notify_loop /usr/local/lib/python3.8/dist-packages/neutron_lib/callbacks/manager.py:176}}
Aug 12 01:30:05.116549 dv-cinder-784815-15-smb neutron-server[106320]: DEBUG neutron.plugins.ml2.rpc [None req-8e28d77d-ea8d-4d1b-94ed-1fe69e77a8c6 None None] Device 84c70f1f-e9c1-4d96-8537-fb8eb62b7b09 up at agent ovs-agent-dv-cinder-784815-15-smb {{(pid=106320) update_device_up /opt/stack/neutron/neutron/plugins/ml2/rpc.py:296}}
Aug 12 01:30:05.127212 dv-cinder-784815-15-smb neutron-server[106320]: DEBUG neutron.api.rpc.handlers.resources_rpc [None req-d3c87fac-fb86-49ea-8f08-de6b8154c5f9 None None] Pushing event updated for resources: {'Port': ['ID=383aef3d-be3a-4e56-afda-1bdd10744a48,revision_number=1']} {{(pid=106320) push /opt/stack/neutron/neutron/api/rpc/handlers/resources_rpc.py:237}}
Aug 12 01:30:05.245510 dv-cinder-784815-15-smb neutron-server[106318]: DEBUG neutron_lib.callbacks.manager [None req-5a96c88f-c5b1-46f5-8be2-d118ebd5862b tempest-AttachVolumeShelveTestJSON-917649483 tempest-AttachVolumeShelveTestJSON-917649483-project] Publish callbacks [] for security_group_rule (819c2da8-e71d-4c4e-a278-188ecd367cc6), precommit_create {{(pid=106318) _notify_loop /usr/local/lib/python3.8/dist-packages/neutron_lib/callbacks/manager.py:176}}
Aug 12 01:30:05.256843 dv-cinder-784815-15-smb neutron-server[106320]: DEBUG neutron.plugins.ml2.db [None req-d3c87fac-fb86-49ea-8f08-de6b8154c5f9 None None] For port 383aef3d-be3a-4e56-afda-1bdd10744a48, host dv-cinder-784815-15-smb, cleared binding levels {{(pid=106320) clear_binding_levels /opt/stack/neutron/neutron/plugins/ml2/db.py:87}}
Aug 12 01:30:05.261756 dv-cinder-784815-15-smb neutron-server[106320]: DEBUG neutron.plugins.ml2.db [None req-d3c87fac-fb86-49ea-8f08-de6b8154c5f9 None None] For port 383aef3d-be3a-4e56-afda-1bdd10744a48, host dv-cinder-784815-15-smb, set binding levels [PortBindingLevel(driver='openvswitch',host='dv-cinder-784815-15-smb',level=0,port_id=383aef3d-be3a-4e56-afda-1bdd10744a48,segment=NetworkSegment(18aa54fc-1926-4106-8984-e2a9dcfe2cf2),segment_id=18aa54fc-1926-4106-8984-e2a9dcfe2cf2)] {{(pid=106320) set_binding_levels /opt/stack/neutron/neutron/plugins/ml2/db.py:59}}
Aug 12 01:30:05.263782 dv-cinder-784815-15-smb neutron-server[106318]: DEBUG neutron_lib.callbacks.manager [None req-5a96c88f-c5b1-46f5-8be2-d118ebd5862b tempest-AttachVolumeShelveTestJSON-917649483 tempest-AttachVolumeShelveTestJSON-917649483-project] Publish callbacks ['neutron.plugins.ml2.ovo_rpc._ObjectChangeHandler.handle_event-563093'] for security_group_rule (819c2da8-e71d-4c4e-a278-188ecd367cc6), after_create {{(pid=106318) _notify_loop /usr/local/lib/python3.8/dist-packages/neutron_lib/callbacks/manager.py:176}}
Aug 12 01:30:05.276442 dv-cinder-784815-15-smb neutron-server[106320]: DEBUG neutron_lib.callbacks.manager [None req-d3c87fac-fb86-49ea-8f08-de6b8154c5f9 None None] Publish callbacks ['neutron.plugins.ml2.plugin.SecurityGroupServerNotifierRpcMixin._notify_sg_on_port_change-1618597', 'neutron.plugins.ml2.ovo_rpc._ObjectChangeHandler.handle_event-1006707', 'neutron.api.rpc.agentnotifiers.dhcp_rpc_agent_api.DhcpAgentNotifyAPI._native_event_send_dhcp_notification-531856', 'neutron.db.l3_db.L3RpcNotifierMixin._notify_gateway_port_ip_changed-8742576277441', 'neutron.db.l3_dvrscheduler_db._notify_l3_agent_port_update-8742575881409', 'neutron.db.l3_hascheduler_db._notify_l3_agent_ha_port_update-8742575881427'] for port (383aef3d-be3a-4e56-afda-1bdd10744a48), after_update {{(pid=106320) _notify_loop /usr/local/lib/python3.8/dist-packages/neutron_lib/callbacks/manager.py:176}}
Aug 12 01:30:05.297918 dv-cinder-784815-15-smb neutron-server[106320]: DEBUG dbcounter [-] [106320] Writing DB stats neutron:SELECT=92,neutron:UPDATE=4,neutron:INSERT=4 {{(pid=106320) stat_writer /usr/local/lib/python3.8/dist-packages/dbcounter.py:114}}
Aug 12 01:30:05.299288 dv-cinder-784815-15-smb neutron-server[106318]: DEBUG neutron.api.rpc.handlers.resources_rpc [None req-5a96c88f-c5b1-46f5-8be2-d118ebd5862b tempest-AttachVolumeShelveTestJSON-917649483 tempest-AttachVolumeShelveTestJSON-917649483-project] Pushing event updated for resources: {'SecurityGroupRule': ['ID=819c2da8-e71d-4c4e-a278-188ecd367cc6,revision_number=0']} {{(pid=106318) push /opt/stack/neutron/neutron/api/rpc/handlers/resources_rpc.py:237}}
Aug 12 01:30:05.331631 dv-cinder-784815-15-smb neutron-server[106318]: DEBUG neutron_lib.callbacks.manager [None req-5a96c88f-c5b1-46f5-8be2-d118ebd5862b tempest-AttachVolumeShelveTestJSON-917649483 tempest-AttachVolumeShelveTestJSON-917649483-project] Publish callbacks [] for security_group_rule (None), before_response {{(pid=106318) _notify_loop /usr/local/lib/python3.8/dist-packages/neutron_lib/callbacks/manager.py:176}}
Aug 12 01:30:05.337156 dv-cinder-784815-15-smb neutron-server[106318]: INFO neutron.wsgi [None req-5a96c88f-c5b1-46f5-8be2-d118ebd5862b tempest-AttachVolumeShelveTestJSON-917649483 tempest-AttachVolumeShelveTestJSON-917649483-project] 10.222.0.26 "POST /networking/v2.0/security-group-rules HTTP/1.1" status: 201 len: 769 time: 0.4641738
Aug 12 01:30:05.337686 dv-cinder-784815-15-smb neutron-server[106320]: DEBUG neutron.db.provisioning_blocks [None req-8e28d77d-ea8d-4d1b-94ed-1fe69e77a8c6 None None] Provisioning complete for port 84c70f1f-e9c1-4d96-8537-fb8eb62b7b09 triggered by entity L2. {{(pid=106320) provisioning_complete /opt/stack/neutron/neutron/db/provisioning_blocks.py:145}}
Aug 12 01:30:05.341201 dv-cinder-784815-15-smb neutron-server[106318]: DEBUG neutron.wsgi [-] (106318) accepted ('10.222.0.26', 38454) {{(pid=106318) server /usr/local/lib/python3.8/dist-packages/eventlet/wsgi.py:1004}}
Aug 12 01:30:05.352838 dv-cinder-784815-15-smb neutron-server[106318]: DEBUG neutron.api.v2.base [None req-eaf0f5b6-4913-423d-9a3f-3f83630f886c tempest-AttachVolumeShelveTestJSON-917649483 tempest-AttachVolumeShelveTestJSON-917649483-project] Request body: {'floatingip': {'floating_network_id': '986dc00f-d80a-4e41-b6ea-ed2e9bb6d0ae'}} {{(pid=106318) prepare_request_body /opt/stack/neutron/neutron/api/v2/base.py:730}}
Aug 12 01:30:05.355417 dv-cinder-784815-15-smb neutron-server[106320]: DEBUG neutron_lib.callbacks.manager [None req-8e28d77d-ea8d-4d1b-94ed-1fe69e77a8c6 None None] Publish callbacks ['neutron.plugins.ml2.plugin.Ml2Plugin._port_provisioned-1633074'] for port (84c70f1f-e9c1-4d96-8537-fb8eb62b7b09), provisioning_complete {{(pid=106320) _notify_loop /usr/local/lib/python3.8/dist-packages/neutron_lib/callbacks/manager.py:176}}
Aug 12 01:30:05.425000 dv-cinder-784815-15-smb neutron-server[106318]: DEBUG neutron_lib.callbacks.manager [None req-eaf0f5b6-4913-423d-9a3f-3f83630f886c tempest-AttachVolumeShelveTestJSON-917649483 tempest-AttachVolumeShelveTestJSON-917649483-project] Publish callbacks [] for floatingip (None), before_create {{(pid=106318) _notify_loop /usr/local/lib/python3.8/dist-packages/neutron_lib/callbacks/manager.py:176}}
Aug 12 01:30:05.433314 dv-cinder-784815-15-smb neutron-server[106320]: DEBUG neutron.api.rpc.handlers.dhcp_rpc [None req-0418d3e0-672c-4949-b0b3-8fecaade40d6 None None] Network 4b68daef-53a0-4c70-8693-e126bd126328 requested from dv-cinder-784815-15-smb {{(pid=106320) get_network_info /opt/stack/neutron/neutron/api/rpc/handlers/dhcp_rpc.py:191}}
Aug 12 01:30:05.495654 dv-cinder-784815-15-smb neutron-server[106320]: DEBUG neutron.db.provisioning_blocks [None req-ed645719-3609-4e44-9c54-3c05a032cc2b None None] Provisioning complete for port 84c70f1f-e9c1-4d96-8537-fb8eb62b7b09 triggered by entity DHCP. {{(pid=106320) provisioning_complete /opt/stack/neutron/neutron/db/provisioning_blocks.py:145}}
Aug 12 01:30:05.496909 dv-cinder-784815-15-smb neutron-server[106320]: DEBUG neutron_lib.callbacks.manager [None req-ed645719-3609-4e44-9c54-3c05a032cc2b None None] Publish callbacks ['neutron.plugins.ml2.plugin.Ml2Plugin._port_provisioned-1633074'] for port (84c70f1f-e9c1-4d96-8537-fb8eb62b7b09), provisioning_complete {{(pid=106320) _notify_loop /usr/local/lib/python3.8/dist-packages/neutron_lib/callbacks/manager.py:176}}
Aug 12 01:30:05.531355 dv-cinder-784815-15-smb neutron-server[106319]: DEBUG neutron_lib.callbacks.manager [None req-4d3eb5c4-a545-43cd-a28a-571d9f859843 admin admin] Publish callbacks [] for security_group (None), before_create {{(pid=106319) _notify_loop /usr/local/lib/python3.8/dist-packages/neutron_lib/callbacks/manager.py:176}}
Aug 12 01:30:05.686293 dv-cinder-784815-15-smb neutron-server[106318]: DEBUG dbcounter [-] [106318] Writing DB stats neutron:SELECT=81,neutron:INSERT=11,neutron:DELETE=7,neutron:UPDATE=1 {{(pid=106318) stat_writer /usr/local/lib/python3.8/dist-packages/dbcounter.py:114}}
Aug 12 01:30:05.759025 dv-cinder-784815-15-smb neutron-server[106320]: DEBUG neutron.api.rpc.handlers.resources_rpc [None req-d3c87fac-fb86-49ea-8f08-de6b8154c5f9 None None] Pushing event updated for resources: {'Port': ['ID=383aef3d-be3a-4e56-afda-1bdd10744a48,revision_number=2']} {{(pid=106320) push /opt/stack/neutron/neutron/api/rpc/handlers/resources_rpc.py:237}}
Aug 12 01:30:05.863722 dv-cinder-784815-15-smb neutron-server[106320]: DEBUG dbcounter [-] [106320] Writing DB stats neutron:SELECT=94,neutron:INSERT=2,neutron:UPDATE=4 {{(pid=106320) stat_writer /usr/local/lib/python3.8/dist-packages/dbcounter.py:114}}
Aug 12 01:30:05.942368 dv-cinder-784815-15-smb neutron-server[106320]: DEBUG neutron.api.rpc.handlers.dhcp_rpc [None req-3f28291e-2f1e-45f9-9c94-70d7bfbd3d1a None None] Network 7ff10e5f-fbb0-4431-b2ce-63c3e0b7b3e7 requested from dv-cinder-784815-15-smb {{(pid=106320) get_network_info /opt/stack/neutron/neutron/api/rpc/handlers/dhcp_rpc.py:191}}
Aug 12 01:30:06.126099 dv-cinder-784815-15-smb neutron-server[106319]: DEBUG neutron_lib.callbacks.manager [None req-f26c7253-4aa1-48c6-994b-0f058a201ab3 admin admin] Publish callbacks [] for router_gateway (bbe54b4e-8712-40d2-b454-bd7b325d5501), after_create {{(pid=106319) _notify_loop /usr/local/lib/python3.8/dist-packages/neutron_lib/callbacks/manager.py:176}}
Aug 12 01:30:06.160474 dv-cinder-784815-15-smb neutron-server[106319]: DEBUG dbcounter [-] [106319] Writing DB stats neutron:SELECT=90,neutron:INSERT=6,neutron:UPDATE=4 {{(pid=106319) stat_writer /usr/local/lib/python3.8/dist-packages/dbcounter.py:114}}
Aug 12 01:30:06.211232 dv-cinder-784815-15-smb neutron-server[106318]: DEBUG neutron_lib.callbacks.manager [None req-eaf0f5b6-4913-423d-9a3f-3f83630f886c tempest-AttachVolumeShelveTestJSON-917649483 tempest-AttachVolumeShelveTestJSON-917649483-project] Publish callbacks ['neutron.plugins.ml2.plugin.SecurityGroupDbMixin._ensure_default_security_group_handler-1618662'] for port (None), before_create {{(pid=106318) _notify_loop /usr/local/lib/python3.8/dist-packages/neutron_lib/callbacks/manager.py:176}}
Aug 12 01:30:06.252681 dv-cinder-784815-15-smb neutron-server[106319]: DEBUG neutron_lib.callbacks.manager [None req-be156ab8-7598-4d88-a502-3b737a70a8f9 admin admin] Publish callbacks [] for port (779cd700-e81c-4142-a09b-7afb04983fb0), precommit_create {{(pid=106319) _notify_loop /usr/local/lib/python3.8/dist-packages/neutron_lib/callbacks/manager.py:176}}
Aug 12 01:30:06.263896 dv-cinder-784815-15-smb neutron-server[106320]: DEBUG neutron.plugins.ml2.plugin [None req-ed645719-3609-4e44-9c54-3c05a032cc2b None None] Current status of the port 84c70f1f-e9c1-4d96-8537-fb8eb62b7b09 is: DOWN; New status is: ACTIVE {{(pid=106320) _update_individual_port_db_status /opt/stack/neutron/neutron/plugins/ml2/plugin.py:2302}}
Aug 12 01:30:06.264454 dv-cinder-784815-15-smb neutron-server[106320]: DEBUG neutron_lib.callbacks.manager [None req-ed645719-3609-4e44-9c54-3c05a032cc2b None None] Publish callbacks ['neutron.plugins.ml2.plugin.SecurityGroupDbMixin._ensure_default_security_group_handler-1618662'] for port (84c70f1f-e9c1-4d96-8537-fb8eb62b7b09), before_update {{(pid=106320) _notify_loop /usr/local/lib/python3.8/dist-packages/neutron_lib/callbacks/manager.py:176}}
Aug 12 01:30:06.284684 dv-cinder-784815-15-smb neutron-server[106319]: DEBUG dbcounter [-] [106319] Writing DB stats neutron:SELECT=88,neutron:INSERT=9,neutron:UPDATE=3 {{(pid=106319) stat_writer /usr/local/lib/python3.8/dist-packages/dbcounter.py:114}}
Aug 12 01:30:06.330252 dv-cinder-784815-15-smb neutron-server[106320]: DEBUG neutron.plugins.ml2.plugin [None req-8e28d77d-ea8d-4d1b-94ed-1fe69e77a8c6 None None] Current status of the port 84c70f1f-e9c1-4d96-8537-fb8eb62b7b09 is: DOWN; New status is: ACTIVE {{(pid=106320) _update_individual_port_db_status /opt/stack/neutron/neutron/plugins/ml2/plugin.py:2302}}
Aug 12 01:30:06.333092 dv-cinder-784815-15-smb neutron-server[106320]: DEBUG neutron_lib.callbacks.manager [None req-8e28d77d-ea8d-4d1b-94ed-1fe69e77a8c6 None None] Publish callbacks ['neutron.plugins.ml2.plugin.SecurityGroupDbMixin._ensure_default_security_group_handler-1618662'] for port (84c70f1f-e9c1-4d96-8537-fb8eb62b7b09), before_update {{(pid=106320) _notify_loop /usr/local/lib/python3.8/dist-packages/neutron_lib/callbacks/manager.py:176}}
Aug 12 01:30:06.408546 dv-cinder-784815-15-smb neutron-server[106320]: DEBUG neutron.plugins.ml2.db [None req-ed645719-3609-4e44-9c54-3c05a032cc2b None None] For port 84c70f1f-e9c1-4d96-8537-fb8eb62b7b09, host dv-cinder-784815-15-smb, got binding levels [PortBindingLevel(driver='openvswitch',host='dv-cinder-784815-15-smb',level=0,port_id=84c70f1f-e9c1-4d96-8537-fb8eb62b7b09,segment=NetworkSegment(898180bd-df61-4fbc-a670-e690a4d5efc7),segment_id=898180bd-df61-4fbc-a670-e690a4d5efc7)] {{(pid=106320) get_binding_level_objs /opt/stack/neutron/neutron/plugins/ml2/db.py:74}}
Aug 12 01:30:06.418631 dv-cinder-784815-15-smb neutron-server[106320]: DEBUG neutron_lib.callbacks.manager [None req-ed645719-3609-4e44-9c54-3c05a032cc2b None None] Publish callbacks ['neutron.plugins.ml2.plugin.SecurityGroupServerNotifierRpcMixin._notify_sg_on_port_change-1618597', 'neutron.plugins.ml2.ovo_rpc._ObjectChangeHandler.handle_event-1006707', 'neutron.api.rpc.agentnotifiers.dhcp_rpc_agent_api.DhcpAgentNotifyAPI._native_event_send_dhcp_notification-531856', 'neutron.db.l3_db.L3RpcNotifierMixin._notify_gateway_port_ip_changed-8742576277441', 'neutron.db.l3_dvrscheduler_db._notify_l3_agent_port_update-8742575881409', 'neutron.db.l3_hascheduler_db._notify_l3_agent_ha_port_update-8742575881427'] for port (84c70f1f-e9c1-4d96-8537-fb8eb62b7b09), after_update {{(pid=106320) _notify_loop /usr/local/lib/python3.8/dist-packages/neutron_lib/callbacks/manager.py:176}}
Aug 12 01:30:06.434327 dv-cinder-784815-15-smb neutron-server[106320]: DEBUG neutron.api.rpc.handlers.l3_rpc [None req-aa17d452-f5f5-429b-87cf-71e1fd5d4a36 None None] Sync routers for ids ['3d5d3485-0660-453b-ac01-caaa45ac1472'] in dv-cinder-784815-15-smb {{(pid=106320) sync_routers /opt/stack/neutron/neutron/api/rpc/handlers/l3_rpc.py:125}}
Aug 12 01:30:06.482815 dv-cinder-784815-15-smb neutron-server[106319]: DEBUG neutron_lib.callbacks.manager [None req-4d3eb5c4-a545-43cd-a28a-571d9f859843 admin admin] Publish callbacks [] for security_group (9120df36-57f3-4077-a5f3-c9bc5b37a793), precommit_create {{(pid=106319) _notify_loop /usr/local/lib/python3.8/dist-packages/neutron_lib/callbacks/manager.py:176}}
Aug 12 01:30:06.487560 dv-cinder-784815-15-smb neutron-server[106319]: DEBUG neutron_lib.callbacks.manager [None req-f912b81d-f06b-4b54-8700-8440a3f72233 admin admin] Publish callbacks ['neutron.services.l3_router.l3_router_plugin.L3_HA_NAT_db_mixin._after_router_create-463133', 'neutron.services.l3_router.l3_router_plugin.DVRResourceOperationHandler._create_snat_interfaces_after_change-429197'] for router (526627a1-5d90-4f4f-90f8-0207d4dc322a), after_create {{(pid=106319) _notify_loop /usr/local/lib/python3.8/dist-packages/neutron_lib/callbacks/manager.py:176}}
Aug 12 01:30:06.501560 dv-cinder-784815-15-smb neutron-server[106319]: DEBUG neutron_lib.callbacks.manager [None req-4d3eb5c4-a545-43cd-a28a-571d9f859843 admin admin] Publish callbacks ['neutron.plugins.ml2.ovo_rpc._ObjectChangeHandler.handle_event-564775'] for security_group (9120df36-57f3-4077-a5f3-c9bc5b37a793), after_create {{(pid=106319) _notify_loop /usr/local/lib/python3.8/dist-packages/neutron_lib/callbacks/manager.py:176}}
Aug 12 01:30:06.518981 dv-cinder-784815-15-smb neutron-server[106320]: DEBUG neutron.db.l3_dvrscheduler_db [None req-aa17d452-f5f5-429b-87cf-71e1fd5d4a36 None None] Routers {'3d5d3485-0660-453b-ac01-caaa45ac1472'} bound to L3 agent in host dv-cinder-784815-15-smb {{(pid=106320) _get_router_ids_for_agent /opt/stack/neutron/neutron/db/l3_dvrscheduler_db.py:422}}
Aug 12 01:30:06.519836 dv-cinder-784815-15-smb neutron-server[106320]: DEBUG neutron.db.l3_hamode_db [None req-aa17d452-f5f5-429b-87cf-71e1fd5d4a36 None None] neutron.services.l3_router.l3_router_plugin.L3RouterPlugin method get_ha_sync_data_for_host called with arguments (, 'dv-cinder-784815-15-smb', Agent(admin_state_up=True,agent_type='L3 agent',availability_zone='nova',binary='neutron-l3-agent',configurations={"agent_mode": "legacy", "ex_gw_ports": 1, "extensions": [], "floating_ips": 0, "handle_internal_only_routers": true, "interface_driver": "openvswitch", "interfaces": 1, "log_agent_heartbeats": false, "routers": 1},created_at=2022-08-12T01:22:10Z,description=,heartbeat_timestamp=2022-08-12T01:29:40Z,host='dv-cinder-784815-15-smb',id=182a0bce-41b4-4f0d-88c9-71688643a333,load=0,resource_versions=,resources_synced=,started_at=2022-08-12T01:22:10Z,topic='l3_agent')) {'router_ids': ['3d5d3485-0660-453b-ac01-caaa45ac1472'], 'active': True} {{(pid=106320) wrapper /usr/local/lib/python3.8/dist-packages/oslo_log/helpers.py:65}}
Aug 12 01:30:06.528202 dv-cinder-784815-15-smb neutron-server[106319]: DEBUG neutron_lib.callbacks.manager [None req-be156ab8-7598-4d88-a502-3b737a70a8f9 admin admin] Publish callbacks ['neutron.plugins.ml2.plugin.SecurityGroupServerNotifierRpcMixin._notify_sg_on_port_change-1618597', 'neutron.plugins.ml2.ovo_rpc._ObjectChangeHandler.handle_event-1006707', 'neutron.api.rpc.agentnotifiers.dhcp_rpc_agent_api.DhcpAgentNotifyAPI._native_event_send_dhcp_notification-531856', 'neutron.db.l3_dvrscheduler_db._notify_l3_agent_new_port-8742575881391'] for port (779cd700-e81c-4142-a09b-7afb04983fb0), after_create {{(pid=106319) _notify_loop /usr/local/lib/python3.8/dist-packages/neutron_lib/callbacks/manager.py:176}}
Aug 12 01:30:06.592429 dv-cinder-784815-15-smb neutron-server[106318]: DEBUG neutron.db.db_base_plugin_common [None req-eaf0f5b6-4913-423d-9a3f-3f83630f886c tempest-AttachVolumeShelveTestJSON-917649483 tempest-AttachVolumeShelveTestJSON-917649483-project] Allocated IP 172.28.4.198 (986dc00f-d80a-4e41-b6ea-ed2e9bb6d0ae/fc753710-a53d-4b49-bcd5-7580c746f522/471c0210-2319-40b2-bcfd-6893a3b48ba1) {{(pid=106318) _store_ip_allocation /opt/stack/neutron/neutron/db/db_base_plugin_common.py:131}}
Aug 12 01:30:06.642394 dv-cinder-784815-15-smb neutron-server[106320]: DEBUG neutron.db.provisioning_blocks [None req-2288ce7c-a4b2-441f-818e-0af98f6026bb None None] Provisioning complete for port 84c70f1f-e9c1-4d96-8537-fb8eb62b7b09 triggered by entity DHCP. {{(pid=106320) provisioning_complete /opt/stack/neutron/neutron/db/provisioning_blocks.py:145}}
Aug 12 01:30:06.642781 dv-cinder-784815-15-smb neutron-server[106320]: DEBUG neutron_lib.callbacks.manager [None req-2288ce7c-a4b2-441f-818e-0af98f6026bb None None] Publish callbacks ['neutron.plugins.ml2.plugin.Ml2Plugin._port_provisioned-1633074'] for port (84c70f1f-e9c1-4d96-8537-fb8eb62b7b09), provisioning_complete {{(pid=106320) _notify_loop /usr/local/lib/python3.8/dist-packages/neutron_lib/callbacks/manager.py:176}}
Aug 12 01:30:06.684110 dv-cinder-784815-15-smb neutron-server[106320]: DEBUG neutron_lib.db.api [None req-8e28d77d-ea8d-4d1b-94ed-1fe69e77a8c6 None None] Retry wrapper got retriable exception: UPDATE statement on table 'standardattributes' expected to update 1 row(s); 0 were matched. {{(pid=106320) wrapped /usr/local/lib/python3.8/dist-packages/neutron_lib/db/api.py:188}}
