Aug 12 01:28:39.438442 dv-cinder-784815-15-iscsi neutron-server[106301]: INFO neutron.wsgi [req-89a265bd-f660-4607-ae3d-4f118c5ce587 req-5bd0dcb9-b4d9-44f9-8670-5355048f9bb8 service neutron] 10.222.0.15 "GET /networking/v2.0/ports?tenant_id=e5e2fd72103c4b5e956ef5b9c291f16d&device_id=da106e4a-1bc6-4e68-ac0c-1a2ca899daa9 HTTP/1.1" status: 200 len: 1128 time: 0.1612484
Aug 12 01:28:39.444905 dv-cinder-784815-15-iscsi neutron-server[106301]: INFO neutron.wsgi [req-40ec6765-e8e9-4066-a312-074fc6e4275b req-8ec48b58-e5b9-4c43-9f9a-fc3df436e57a tempest-ServerRescueNegativeTestJSON-1607139389 tempest-ServerRescueNegativeTestJSON-1607139389-project] 10.222.0.20 "GET /networking/v2.0/security-groups?id=ee59af51-d14b-47a5-ac6c-c7260ffea9db&fields=id&fields=name HTTP/1.1" status: 200 len: 286 time: 0.2834826
Aug 12 01:28:39.517621 dv-cinder-784815-15-iscsi neutron-server[106301]: INFO neutron.wsgi [req-fbbdddf4-a9a9-473c-97d0-fd42a5b30f87 req-a084a052-9f01-41c8-9c6b-bfbf4a2e42c5 tempest-AttachVolumeNegativeTest-2079581927 tempest-AttachVolumeNegativeTest-2079581927-project] 10.222.0.20 "GET /networking/v2.0/security-groups?id=986082b1-ca8d-4546-90b0-394cf67819e1&fields=id&fields=name HTTP/1.1" status: 200 len: 313 time: 0.2419560
Aug 12 01:28:39.560953 dv-cinder-784815-15-iscsi neutron-server[106302]: DEBUG neutron.pecan_wsgi.hooks.policy_enforcement [req-6b696014-dbc2-4084-93e1-e764cf9052d0 req-d0819f0d-1c56-4663-b2f9-3679bd940c0c service neutron] Attributes excluded by policy engine: ['standard_attr_id', 'vlan_transparent'] {{(pid=106302) _exclude_attributes_by_policy /opt/stack/neutron/neutron/pecan_wsgi/hooks/policy_enforcement.py:259}}
Aug 12 01:28:39.562705 dv-cinder-784815-15-iscsi neutron-server[106302]: INFO neutron.wsgi [req-6b696014-dbc2-4084-93e1-e764cf9052d0 req-d0819f0d-1c56-4663-b2f9-3679bd940c0c service neutron] 10.222.0.15 "GET /networking/v2.0/networks?id=a06d250a-3f70-4fa5-8a58-5159fc388d07 HTTP/1.1" status: 200 len: 912 time: 0.3256187
Aug 12 01:28:39.673473 dv-cinder-784815-15-iscsi neutron-server[106302]: INFO neutron.wsgi [req-6b696014-dbc2-4084-93e1-e764cf9052d0 req-30d2bd1d-c6d5-4a30-8022-39bb72f58e54 service neutron] 10.222.0.15 "GET /networking/v2.0/floatingips?fixed_ip_address=172.20.0.5&port_id=e88a4d4f-78ca-43d6-9412-606c68ca8ff1 HTTP/1.1" status: 200 len: 217 time: 0.0872657
Aug 12 01:28:39.693054 dv-cinder-784815-15-iscsi neutron-server[106302]: DEBUG neutron_lib.callbacks.manager [req-6ae7f0cd-da90-4395-a229-22475e762e92 req-ceed2d47-01ab-4aa9-8b56-4a4b41ea27f7 service neutron] Publish callbacks ['neutron.plugins.ml2.plugin.SecurityGroupDbMixin._ensure_default_security_group_handler-742374'] for port (4e439648-a2fe-49f9-a809-a2ad4090be7d), before_update {{(pid=106302) _notify_loop /usr/local/lib/python3.8/dist-packages/neutron_lib/callbacks/manager.py:176}}
Aug 12 01:28:39.737249 dv-cinder-784815-15-iscsi neutron-server[106301]: DEBUG neutron_lib.callbacks.manager [req-40d4ec52-3393-4731-98d1-669288dcf152 req-2ef8c1e5-5969-4d4f-9c14-927352885c15 service neutron] Publish callbacks ['neutron.plugins.ml2.plugin.SecurityGroupDbMixin._ensure_default_security_group_handler-742374'] for port (476d0433-5310-435b-93ea-c42ed83c3136), before_update {{(pid=106301) _notify_loop /usr/local/lib/python3.8/dist-packages/neutron_lib/callbacks/manager.py:176}}
Aug 12 01:28:39.765010 dv-cinder-784815-15-iscsi neutron-server[106302]: DEBUG dbcounter [-] [106302] Writing DB stats neutron:SELECT=84,neutron:DELETE=6,neutron:INSERT=10 {{(pid=106302) stat_writer /usr/local/lib/python3.8/dist-packages/dbcounter.py:114}}
Aug 12 01:28:39.771269 dv-cinder-784815-15-iscsi neutron-server[106301]: DEBUG neutron.pecan_wsgi.hooks.policy_enforcement [req-1815a6af-4948-48ac-9ccb-d350a4a71976 req-4b88d9d4-9952-437e-a1a7-bbd9be41e94c tempest-AttachVolumeShelveTestJSON-1840757724 tempest-AttachVolumeShelveTestJSON-1840757724-project] Attributes excluded by policy engine: ['standard_attr_id', 'binding:profile', 'binding:host_id', 'binding:vif_type', 'binding:vif_details'] {{(pid=106301) _exclude_attributes_by_policy /opt/stack/neutron/neutron/pecan_wsgi/hooks/policy_enforcement.py:259}}
Aug 12 01:28:39.772996 dv-cinder-784815-15-iscsi neutron-server[106301]: INFO neutron.wsgi [req-1815a6af-4948-48ac-9ccb-d350a4a71976 req-4b88d9d4-9952-437e-a1a7-bbd9be41e94c tempest-AttachVolumeShelveTestJSON-1840757724 tempest-AttachVolumeShelveTestJSON-1840757724-project] 10.222.0.20 "GET /networking/v2.0/ports?device_id=0ed5ced2-87ad-4d0f-860c-648bcca91ca8 HTTP/1.1" status: 200 len: 932 time: 0.1257522
Aug 12 01:28:39.801225 dv-cinder-784815-15-iscsi neutron-server[106303]: DEBUG neutron_lib.callbacks.manager [None req-afc233c5-6b96-47ad-8479-420cc13f85d4 None None] Publish callbacks ['neutron.services.segments.db._update_segment_host_mapping_for_agent-8741098394884', 'neutron.plugins.ml2.plugin.Ml2Plugin._retry_binding_revived_agents-780688'] for agent (aac4b1a0-5017-4906-b34a-2f14c8bc437e), after_update {{(pid=106303) _notify_loop /usr/local/lib/python3.8/dist-packages/neutron_lib/callbacks/manager.py:176}}
Aug 12 01:28:39.817425 dv-cinder-784815-15-iscsi neutron-server[106302]: DEBUG neutron.pecan_wsgi.hooks.policy_enforcement [req-093676fe-4a36-47d0-a9e9-46084008ba7f req-7f4c1b89-91c2-4196-b409-68d5b3b2e267 service neutron] Attributes excluded by policy engine: ['standard_attr_id', 'vlan_transparent'] {{(pid=106302) _exclude_attributes_by_policy /opt/stack/neutron/neutron/pecan_wsgi/hooks/policy_enforcement.py:259}}
Aug 12 01:28:39.819331 dv-cinder-784815-15-iscsi neutron-server[106302]: INFO neutron.wsgi [req-093676fe-4a36-47d0-a9e9-46084008ba7f req-7f4c1b89-91c2-4196-b409-68d5b3b2e267 service neutron] 10.222.0.15 "GET /networking/v2.0/networks?id=0d1de51b-a5d0-4a09-af82-8f44783003c3 HTTP/1.1" status: 200 len: 919 time: 0.5809898
Aug 12 01:28:39.830989 dv-cinder-784815-15-iscsi neutron-server[106302]: DEBUG neutron_lib.callbacks.manager [None req-0955ab8e-2ebf-41f6-9935-5f8f25879a1e admin admin] Publish callbacks [] for security_group (9c29e58f-b141-4b0c-8860-89ed45234a76), precommit_create {{(pid=106302) _notify_loop /usr/local/lib/python3.8/dist-packages/neutron_lib/callbacks/manager.py:176}}
Aug 12 01:28:39.839016 dv-cinder-784815-15-iscsi neutron-server[106302]: INFO neutron.wsgi [req-cfba35f4-c4ee-47e2-80a2-9c1f43fab3cc req-9dbc1309-ecac-4e20-a421-281a5794fbfa service neutron] 10.222.0.15 "GET /networking/v2.0/networks/0d1de51b-a5d0-4a09-af82-8f44783003c3?fields=provider%3Aphysical_network&fields=provider%3Anetwork_type HTTP/1.1" status: 200 len: 281 time: 0.6058180
Aug 12 01:28:39.939098 dv-cinder-784815-15-iscsi neutron-server[106301]: DEBUG dbcounter [-] [106301] Writing DB stats neutron:SELECT=98,neutron:UPDATE=2 {{(pid=106301) stat_writer /usr/local/lib/python3.8/dist-packages/dbcounter.py:114}}
Aug 12 01:28:40.025256 dv-cinder-784815-15-iscsi neutron-server[106301]: DEBUG neutron.pecan_wsgi.hooks.policy_enforcement [req-fb3e69f8-7bd7-4c0e-9597-330d869786f5 req-2740f61b-0849-4899-a5ae-3fda379133bc tempest-DeleteServersTestJSON-1853341616 tempest-DeleteServersTestJSON-1853341616-project] Attributes excluded by policy engine: ['standard_attr_id', 'binding:profile', 'binding:host_id', 'binding:vif_type', 'binding:vif_details'] {{(pid=106301) _exclude_attributes_by_policy /opt/stack/neutron/neutron/pecan_wsgi/hooks/policy_enforcement.py:259}}
Aug 12 01:28:40.026824 dv-cinder-784815-15-iscsi neutron-server[106301]: INFO neutron.wsgi [req-fb3e69f8-7bd7-4c0e-9597-330d869786f5 req-2740f61b-0849-4899-a5ae-3fda379133bc tempest-DeleteServersTestJSON-1853341616 tempest-DeleteServersTestJSON-1853341616-project] 10.222.0.20 "GET /networking/v2.0/ports?device_id=26be209b-84c3-49e2-a869-ea8c00f94851 HTTP/1.1" status: 200 len: 943 time: 0.1929374
Aug 12 01:28:40.047296 dv-cinder-784815-15-iscsi neutron-server[106301]: DEBUG neutron.pecan_wsgi.hooks.policy_enforcement [req-89a265bd-f660-4607-ae3d-4f118c5ce587 req-9432ccf0-a57b-42d7-8421-5114b0dc0f05 service neutron] Attributes excluded by policy engine: ['standard_attr_id', 'vlan_transparent'] {{(pid=106301) _exclude_attributes_by_policy /opt/stack/neutron/neutron/pecan_wsgi/hooks/policy_enforcement.py:259}}
Aug 12 01:28:40.048821 dv-cinder-784815-15-iscsi neutron-server[106301]: INFO neutron.wsgi [req-89a265bd-f660-4607-ae3d-4f118c5ce587 req-9432ccf0-a57b-42d7-8421-5114b0dc0f05 service neutron] 10.222.0.15 "GET /networking/v2.0/networks?tenant_id=e5e2fd72103c4b5e956ef5b9c291f16d&shared=False HTTP/1.1" status: 200 len: 916 time: 0.6011028
Aug 12 01:28:40.059902 dv-cinder-784815-15-iscsi neutron-server[106301]: INFO neutron.wsgi [req-1815a6af-4948-48ac-9ccb-d350a4a71976 req-780490b5-8247-4cc0-b3cb-4dc82262bba9 tempest-AttachVolumeShelveTestJSON-1840757724 tempest-AttachVolumeShelveTestJSON-1840757724-project] 10.222.0.20 "GET /networking/v2.0/security-groups?id=fbb15691-944e-43cd-aeda-ebda84ecb4fc&fields=id&fields=name HTTP/1.1" status: 200 len: 313 time: 0.2790167
Aug 12 01:28:40.208127 dv-cinder-784815-15-iscsi neutron-server[106302]: DEBUG neutron_lib.callbacks.manager [None req-0955ab8e-2ebf-41f6-9935-5f8f25879a1e admin admin] Publish callbacks ['neutron.plugins.ml2.ovo_rpc._ObjectChangeHandler.handle_event-1751332'] for security_group (9c29e58f-b141-4b0c-8860-89ed45234a76), after_create {{(pid=106302) _notify_loop /usr/local/lib/python3.8/dist-packages/neutron_lib/callbacks/manager.py:176}}
Aug 12 01:28:40.234513 dv-cinder-784815-15-iscsi neutron-server[106302]: INFO neutron.wsgi [req-093676fe-4a36-47d0-a9e9-46084008ba7f req-96103a0b-a97c-423b-b7fa-e2a48c474f43 service neutron] 10.222.0.15 "GET /networking/v2.0/floatingips?fixed_ip_address=172.20.0.6&port_id=62bb6f5f-1dc9-4675-9d96-12163b24d167 HTTP/1.1" status: 200 len: 217 time: 0.4059391
Aug 12 01:28:40.236043 dv-cinder-784815-15-iscsi neutron-server[106302]: DEBUG neutron.pecan_wsgi.hooks.policy_enforcement [req-6b696014-dbc2-4084-93e1-e764cf9052d0 req-2f0e15e4-5926-42b7-8850-60baa640e834 service neutron] Attributes excluded by policy engine: ['standard_attr_id', 'shared', 'segment_id'] {{(pid=106302) _exclude_attributes_by_policy /opt/stack/neutron/neutron/pecan_wsgi/hooks/policy_enforcement.py:259}}
Aug 12 01:28:40.237421 dv-cinder-784815-15-iscsi neutron-server[106302]: INFO neutron.wsgi [req-6b696014-dbc2-4084-93e1-e764cf9052d0 req-2f0e15e4-5926-42b7-8850-60baa640e834 service neutron] 10.222.0.15 "GET /networking/v2.0/subnets?id=2462bb67-4f74-4a92-9e7d-27e8f69f911e HTTP/1.1" status: 200 len: 850 time: 0.5495787
Aug 12 01:28:40.247992 dv-cinder-784815-15-iscsi neutron-server[106302]: INFO neutron.wsgi [None req-0955ab8e-2ebf-41f6-9935-5f8f25879a1e admin admin] 10.222.0.20 "GET /networking/v2.0/security-groups?tenant_id=9a1c25d39ec54d22bd9ac14144f06e2d&name=default HTTP/1.1" status: 200 len: 2996 time: 1.0390503
Aug 12 01:28:40.263788 dv-cinder-784815-15-iscsi neutron-server[106302]: DEBUG neutron.wsgi [-] (106302) accepted ('10.222.0.20', 48092) {{(pid=106302) server /usr/local/lib/python3.8/dist-packages/eventlet/wsgi.py:1004}}
Aug 12 01:28:40.442159 dv-cinder-784815-15-iscsi neutron-server[106302]: DEBUG neutron.api.rpc.handlers.resources_rpc [None req-0955ab8e-2ebf-41f6-9935-5f8f25879a1e admin admin] Pushing event updated for resources: {'SecurityGroup': ['ID=9c29e58f-b141-4b0c-8860-89ed45234a76,revision_number=1']} {{(pid=106302) push /opt/stack/neutron/neutron/api/rpc/handlers/resources_rpc.py:237}}
Aug 12 01:28:40.446790 dv-cinder-784815-15-iscsi neutron-server[106302]: DEBUG neutron.pecan_wsgi.hooks.policy_enforcement [req-6b696014-dbc2-4084-93e1-e764cf9052d0 req-3e6f9652-9157-4616-a512-e78ea332f8d5 service neutron] Attributes excluded by policy engine: ['standard_attr_id'] {{(pid=106302) _exclude_attributes_by_policy /opt/stack/neutron/neutron/pecan_wsgi/hooks/policy_enforcement.py:259}}
Aug 12 01:28:40.448572 dv-cinder-784815-15-iscsi neutron-server[106302]: INFO neutron.wsgi [req-6b696014-dbc2-4084-93e1-e764cf9052d0 req-3e6f9652-9157-4616-a512-e78ea332f8d5 service neutron] 10.222.0.15 "GET /networking/v2.0/ports?network_id=a06d250a-3f70-4fa5-8a58-5159fc388d07&device_owner=network%3Adhcp HTTP/1.1" status: 200 len: 1213 time: 0.1992064
Aug 12 01:28:40.448937 dv-cinder-784815-15-iscsi neutron-server[106302]: DEBUG neutron.wsgi [-] (106302) accepted ('10.222.0.20', 48100) {{(pid=106302) server /usr/local/lib/python3.8/dist-packages/eventlet/wsgi.py:1004}}
Aug 12 01:28:40.484931 dv-cinder-784815-15-iscsi neutron-server[106302]: DEBUG neutron.pecan_wsgi.hooks.policy_enforcement [req-093676fe-4a36-47d0-a9e9-46084008ba7f req-b3f6273e-df9c-4dc4-a9c2-aea59ea01eac service neutron] Attributes excluded by policy engine: ['standard_attr_id', 'shared', 'segment_id'] {{(pid=106302) _exclude_attributes_by_policy /opt/stack/neutron/neutron/pecan_wsgi/hooks/policy_enforcement.py:259}}
Aug 12 01:28:40.486677 dv-cinder-784815-15-iscsi neutron-server[106302]: INFO neutron.wsgi [req-093676fe-4a36-47d0-a9e9-46084008ba7f req-b3f6273e-df9c-4dc4-a9c2-aea59ea01eac service neutron] 10.222.0.15 "GET /networking/v2.0/subnets?id=56eeebe6-a638-4828-88cb-f2a33860c466 HTTP/1.1" status: 200 len: 857 time: 0.2348568
Aug 12 01:28:40.498594 dv-cinder-784815-15-iscsi neutron-server[106302]: DEBUG dbcounter [-] [106302] Writing DB stats neutron:SELECT=95,neutron:DELETE=2,neutron:INSERT=1,neutron:UPDATE=2 {{(pid=106302) stat_writer /usr/local/lib/python3.8/dist-packages/dbcounter.py:114}}
Aug 12 01:28:40.537072 dv-cinder-784815-15-iscsi neutron-server[106301]: DEBUG neutron.pecan_wsgi.hooks.policy_enforcement [req-513ebfd6-908f-4010-a33e-bcd14e4acc9e req-80315426-dc71-4032-bdc9-d0c5f0ecdee8 tempest-AttachVolumeTestJSON-275393966 tempest-AttachVolumeTestJSON-275393966-project] Attributes excluded by policy engine: ['standard_attr_id', 'binding:profile', 'binding:host_id', 'binding:vif_type', 'binding:vif_details'] {{(pid=106301) _exclude_attributes_by_policy /opt/stack/neutron/neutron/pecan_wsgi/hooks/policy_enforcement.py:259}}
Aug 12 01:28:40.538570 dv-cinder-784815-15-iscsi neutron-server[106301]: INFO neutron.wsgi [req-513ebfd6-908f-4010-a33e-bcd14e4acc9e req-80315426-dc71-4032-bdc9-d0c5f0ecdee8 tempest-AttachVolumeTestJSON-275393966 tempest-AttachVolumeTestJSON-275393966-project] 10.222.0.20 "GET /networking/v2.0/ports?device_id=c4364ac0-a9b7-4650-8456-15ccdd39bc3a HTTP/1.1" status: 200 len: 932 time: 0.2055328
Aug 12 01:28:40.549114 dv-cinder-784815-15-iscsi neutron-server[106301]: INFO neutron.wsgi [req-fb3e69f8-7bd7-4c0e-9597-330d869786f5 req-31fe63e4-4550-4b8e-b0b1-aeb471364003 tempest-DeleteServersTestJSON-1853341616 tempest-DeleteServersTestJSON-1853341616-project] 10.222.0.20 "GET /networking/v2.0/security-groups?id=a3503b24-3a5c-4183-b2c0-8f4a07071661&fields=id&fields=name HTTP/1.1" status: 200 len: 286 time: 0.5077915
Aug 12 01:28:40.629275 dv-cinder-784815-15-iscsi neutron-server[106301]: DEBUG dbcounter [-] [106301] Writing DB stats neutron:SELECT=98,neutron:UPDATE=2 {{(pid=106301) stat_writer /usr/local/lib/python3.8/dist-packages/dbcounter.py:114}}
Aug 12 01:28:40.630740 dv-cinder-784815-15-iscsi neutron-server[106301]: DEBUG neutron.pecan_wsgi.hooks.policy_enforcement [req-89a265bd-f660-4607-ae3d-4f118c5ce587 req-c23794b0-d8a1-4b41-91e5-07d5bb5c84d1 service neutron] Attributes excluded by policy engine: ['standard_attr_id', 'vlan_transparent'] {{(pid=106301) _exclude_attributes_by_policy /opt/stack/neutron/neutron/pecan_wsgi/hooks/policy_enforcement.py:259}}
Aug 12 01:28:40.632285 dv-cinder-784815-15-iscsi neutron-server[106301]: INFO neutron.wsgi [req-89a265bd-f660-4607-ae3d-4f118c5ce587 req-c23794b0-d8a1-4b41-91e5-07d5bb5c84d1 service neutron] 10.222.0.15 "GET /networking/v2.0/networks?shared=True HTTP/1.1" status: 200 len: 870 time: 0.5681155
Aug 12 01:28:40.640293 dv-cinder-784815-15-iscsi neutron-server[106302]: DEBUG neutron_lib.callbacks.manager [None req-5edb1d88-c91a-4b09-a5af-2083836d9581 admin admin] Publish callbacks [] for security_group (9c29e58f-b141-4b0c-8860-89ed45234a76), before_delete {{(pid=106302) _notify_loop /usr/local/lib/python3.8/dist-packages/neutron_lib/callbacks/manager.py:176}}
Aug 12 01:28:40.661728 dv-cinder-784815-15-iscsi neutron-server[106302]: DEBUG neutron.pecan_wsgi.hooks.policy_enforcement [req-093676fe-4a36-47d0-a9e9-46084008ba7f req-385b44f0-32f2-4e4b-8006-9e6647a44323 service neutron] Attributes excluded by policy engine: ['standard_attr_id'] {{(pid=106302) _exclude_attributes_by_policy /opt/stack/neutron/neutron/pecan_wsgi/hooks/policy_enforcement.py:259}}
Aug 12 01:28:40.663228 dv-cinder-784815-15-iscsi neutron-server[106302]: INFO neutron.wsgi [req-093676fe-4a36-47d0-a9e9-46084008ba7f req-385b44f0-32f2-4e4b-8006-9e6647a44323 service neutron] 10.222.0.15 "GET /networking/v2.0/ports?network_id=0d1de51b-a5d0-4a09-af82-8f44783003c3&device_owner=network%3Adhcp HTTP/1.1" status: 200 len: 1213 time: 0.1386485
Aug 12 01:28:40.679088 dv-cinder-784815-15-iscsi neutron-server[106302]: DEBUG neutron_lib.callbacks.manager [None req-ff339273-07a0-4d09-bd66-c496df0ae2ef admin admin] Publish callbacks [] for security_group (None), before_create {{(pid=106302) _notify_loop /usr/local/lib/python3.8/dist-packages/neutron_lib/callbacks/manager.py:176}}
Aug 12 01:28:40.721123 dv-cinder-784815-15-iscsi neutron-server[106302]: DEBUG neutron_lib.callbacks.manager [None req-5edb1d88-c91a-4b09-a5af-2083836d9581 admin admin] Publish callbacks [] for security_group (9c29e58f-b141-4b0c-8860-89ed45234a76), precommit_delete {{(pid=106302) _notify_loop /usr/local/lib/python3.8/dist-packages/neutron_lib/callbacks/manager.py:176}}
Aug 12 01:28:40.757908 dv-cinder-784815-15-iscsi neutron-server[106303]: DEBUG neutron.plugins.ml2.rpc [None req-df8d2114-31bb-465e-b56d-7033a778fb34 None None] Device 62bb6f5f-1dc9-4675-9d96-12163b24d167 details requested by agent hyperv_hv-cinder-78481 with host hv-cinder-78481 {{(pid=106303) get_device_details /opt/stack/neutron/neutron/plugins/ml2/rpc.py:102}}
Aug 12 01:28:40.771026 dv-cinder-784815-15-iscsi neutron-server[106301]: DEBUG neutron.pecan_wsgi.hooks.policy_enforcement [req-67afe612-6e11-4147-a54f-608c0e681150 req-054112f3-dba2-462a-8767-0b013e81fe1f tempest-ServerRescueNegativeTestJSON-1607139389 tempest-ServerRescueNegativeTestJSON-1607139389-project] Attributes excluded by policy engine: ['standard_attr_id', 'binding:profile', 'binding:host_id', 'binding:vif_type', 'binding:vif_details'] {{(pid=106301) _exclude_attributes_by_policy /opt/stack/neutron/neutron/pecan_wsgi/hooks/policy_enforcement.py:259}}
Aug 12 01:28:40.772667 dv-cinder-784815-15-iscsi neutron-server[106301]: INFO neutron.wsgi [req-67afe612-6e11-4147-a54f-608c0e681150 req-054112f3-dba2-462a-8767-0b013e81fe1f tempest-ServerRescueNegativeTestJSON-1607139389 tempest-ServerRescueNegativeTestJSON-1607139389-project] 10.222.0.20 "GET /networking/v2.0/ports?device_id=2961f2a6-2c42-46af-8a74-98a8692ef170 HTTP/1.1" status: 200 len: 943 time: 0.1369405
Aug 12 01:28:40.776225 dv-cinder-784815-15-iscsi neutron-server[106303]: DEBUG neutron.plugins.ml2.rpc [None req-df8d2114-31bb-465e-b56d-7033a778fb34 None None] Device f387b69c-4056-4801-b83e-52cf09447e9f up at agent hyperv_hv-cinder-78481 {{(pid=106303) update_device_up /opt/stack/neutron/neutron/plugins/ml2/rpc.py:296}}
Aug 12 01:28:40.782294 dv-cinder-784815-15-iscsi neutron-server[106301]: INFO neutron.wsgi [req-513ebfd6-908f-4010-a33e-bcd14e4acc9e req-c9aab8a4-3005-47c1-8af5-d89b69f0f4a4 tempest-AttachVolumeTestJSON-275393966 tempest-AttachVolumeTestJSON-275393966-project] 10.222.0.20 "GET /networking/v2.0/security-groups?id=e8e81470-e957-468d-b542-bf26ce8361e1&fields=id&fields=name HTTP/1.1" status: 200 len: 313 time: 0.2060866
Aug 12 01:28:40.791364 dv-cinder-784815-15-iscsi neutron-server[106301]: DEBUG neutron.notifiers.nova [req-40d4ec52-3393-4731-98d1-669288dcf152 req-2ef8c1e5-5969-4d4f-9c14-927352885c15 service neutron] Ignoring state change previous_port_status: DOWN current_port_status: DOWN port_id 476d0433-5310-435b-93ea-c42ed83c3136 {{(pid=106301) record_port_status_changed /opt/stack/neutron/neutron/notifiers/nova.py:233}}
Aug 12 01:28:40.825541 dv-cinder-784815-15-iscsi neutron-server[106301]: DEBUG neutron.pecan_wsgi.hooks.policy_enforcement [req-ee9e6666-24c6-46a5-8454-65a04987b07c req-bc743c8f-d41a-4004-8847-e13a41572398 service neutron] Attributes excluded by policy engine: ['standard_attr_id'] {{(pid=106301) _exclude_attributes_by_policy /opt/stack/neutron/neutron/pecan_wsgi/hooks/policy_enforcement.py:259}}
Aug 12 01:28:40.827304 dv-cinder-784815-15-iscsi neutron-server[106301]: INFO neutron.wsgi [req-ee9e6666-24c6-46a5-8454-65a04987b07c req-bc743c8f-d41a-4004-8847-e13a41572398 service neutron] 10.222.0.15 "GET /networking/v2.0/ports?tenant_id=e5e2fd72103c4b5e956ef5b9c291f16d&device_id=da106e4a-1bc6-4e68-ac0c-1a2ca899daa9 HTTP/1.1" status: 200 len: 1128 time: 0.1343410
Aug 12 01:28:40.834669 dv-cinder-784815-15-iscsi neutron-server[106302]: INFO neutron.wsgi [req-6b696014-dbc2-4084-93e1-e764cf9052d0 req-f27b2d62-0e33-4619-9bd7-9b14fb24bec9 service neutron] 10.222.0.15 "GET /networking/v2.0/networks/a06d250a-3f70-4fa5-8a58-5159fc388d07?fields=segments HTTP/1.1" status: 200 len: 212 time: 0.3703063
Aug 12 01:28:40.836680 dv-cinder-784815-15-iscsi neutron-server[106301]: DEBUG neutron_lib.callbacks.manager [req-40d4ec52-3393-4731-98d1-669288dcf152 req-2ef8c1e5-5969-4d4f-9c14-927352885c15 service neutron] Publish callbacks [] for port (476d0433-5310-435b-93ea-c42ed83c3136), precommit_update {{(pid=106301) _notify_loop /usr/local/lib/python3.8/dist-packages/neutron_lib/callbacks/manager.py:176}}
Aug 12 01:28:40.859660 dv-cinder-784815-15-iscsi neutron-server[106303]: DEBUG dbcounter [-] [106303] Writing DB stats neutron:SELECT=96,neutron:UPDATE=4 {{(pid=106303) stat_writer /usr/local/lib/python3.8/dist-packages/dbcounter.py:114}}
Aug 12 01:28:40.878931 dv-cinder-784815-15-iscsi neutron-server[106303]: DEBUG dbcounter [-] [106303] Writing DB stats neutron:SELECT=98,neutron:UPDATE=2 {{(pid=106303) stat_writer /usr/local/lib/python3.8/dist-packages/dbcounter.py:114}}
Aug 12 01:28:40.898283 dv-cinder-784815-15-iscsi neutron-server[106301]: DEBUG neutron.db.provisioning_blocks [req-40d4ec52-3393-4731-98d1-669288dcf152 req-2ef8c1e5-5969-4d4f-9c14-927352885c15 service neutron] Transition to ACTIVE for port object 476d0433-5310-435b-93ea-c42ed83c3136 will not be triggered until provisioned by entity L2. {{(pid=106301) add_provisioning_component /opt/stack/neutron/neutron/db/provisioning_blocks.py:75}}
Aug 12 01:28:40.917487 dv-cinder-784815-15-iscsi neutron-server[106303]: DEBUG neutron.db.provisioning_blocks [None req-df8d2114-31bb-465e-b56d-7033a778fb34 None None] Provisioning for port f387b69c-4056-4801-b83e-52cf09447e9f completed by entity L2. {{(pid=106303) provisioning_complete /opt/stack/neutron/neutron/db/provisioning_blocks.py:137}}
Aug 12 01:28:40.929998 dv-cinder-784815-15-iscsi neutron-server[106303]: DEBUG neutron.db.provisioning_blocks [None req-df8d2114-31bb-465e-b56d-7033a778fb34 None None] Provisioning complete for port f387b69c-4056-4801-b83e-52cf09447e9f triggered by entity L2. {{(pid=106303) provisioning_complete /opt/stack/neutron/neutron/db/provisioning_blocks.py:145}}
Aug 12 01:28:40.930549 dv-cinder-784815-15-iscsi neutron-server[106303]: DEBUG neutron_lib.callbacks.manager [None req-df8d2114-31bb-465e-b56d-7033a778fb34 None None] Publish callbacks ['neutron.plugins.ml2.plugin.Ml2Plugin._port_provisioned-780338'] for port (f387b69c-4056-4801-b83e-52cf09447e9f), provisioning_complete {{(pid=106303) _notify_loop /usr/local/lib/python3.8/dist-packages/neutron_lib/callbacks/manager.py:176}}
Aug 12 01:28:40.937991 dv-cinder-784815-15-iscsi neutron-server[106301]: INFO neutron.wsgi [req-ee9e6666-24c6-46a5-8454-65a04987b07c req-b77a7156-168b-415d-88ca-8a04eb796b22 service neutron] 10.222.0.15 "GET /networking/v2.0/floatingips?fixed_ip_address=172.20.0.13&port_id=941dd4d7-4c16-4fb4-aa93-79972bef7581 HTTP/1.1" status: 200 len: 217 time: 0.0918202
Aug 12 01:28:40.941484 dv-cinder-784815-15-iscsi neutron-server[106301]: DEBUG neutron_lib.callbacks.manager [req-40d4ec52-3393-4731-98d1-669288dcf152 req-2ef8c1e5-5969-4d4f-9c14-927352885c15 service neutron] Publish callbacks ['neutron.plugins.ml2.plugin.SecurityGroupServerNotifierRpcMixin._notify_sg_on_port_change-742309', 'neutron.plugins.ml2.ovo_rpc._ObjectChangeHandler.handle_event-1998460', 'neutron.api.rpc.agentnotifiers.dhcp_rpc_agent_api.DhcpAgentNotifyAPI._native_event_send_dhcp_notification-1588621', 'neutron.db.l3_db.L3RpcNotifierMixin._notify_gateway_port_ip_changed-8741098337985', 'neutron.db.l3_dvrscheduler_db._notify_l3_agent_port_update-8741097955027', 'neutron.db.l3_hascheduler_db._notify_l3_agent_ha_port_update-8741097955045'] for port (476d0433-5310-435b-93ea-c42ed83c3136), after_update {{(pid=106301) _notify_loop /usr/local/lib/python3.8/dist-packages/neutron_lib/callbacks/manager.py:176}}
Aug 12 01:28:40.954325 dv-cinder-784815-15-iscsi neutron-server[106302]: DEBUG dbcounter [-] [106302] Writing DB stats neutron:SELECT=96,neutron:UPDATE=2,neutron:DELETE=1,neutron:INSERT=1 {{(pid=106302) stat_writer /usr/local/lib/python3.8/dist-packages/dbcounter.py:114}}
Aug 12 01:28:40.974406 dv-cinder-784815-15-iscsi neutron-server[106303]: DEBUG neutron.plugins.ml2.db [None req-df8d2114-31bb-465e-b56d-7033a778fb34 None None] For port 62bb6f5f-1dc9-4675-9d96-12163b24d167, host hv-cinder-78481, got binding levels [PortBindingLevel(driver='hyperv',host='hv-cinder-78481',level=0,port_id=62bb6f5f-1dc9-4675-9d96-12163b24d167,segment=NetworkSegment(15a8a603-a59e-410c-bf5d-02f22d55ce9f),segment_id=15a8a603-a59e-410c-bf5d-02f22d55ce9f)] {{(pid=106303) get_binding_level_objs /opt/stack/neutron/neutron/plugins/ml2/db.py:74}}
Aug 12 01:28:40.997138 dv-cinder-784815-15-iscsi neutron-server[106303]: DEBUG neutron.plugins.ml2.rpc [None req-df8d2114-31bb-465e-b56d-7033a778fb34 None None] Returning: {'device': '62bb6f5f-1dc9-4675-9d96-12163b24d167', 'network_id': '0d1de51b-a5d0-4a09-af82-8f44783003c3', 'port_id': '62bb6f5f-1dc9-4675-9d96-12163b24d167', 'mac_address': 'fa:16:3e:3c:8c:8a', 'admin_state_up': True, 'network_type': 'vlan', 'segmentation_id': 107, 'physical_network': 'physnet1', 'mtu': 1500, 'fixed_ips': [{'subnet_id': '56eeebe6-a638-4828-88cb-f2a33860c466', 'ip_address': '172.20.0.6'}], 'device_owner': 'compute:nova', 'allowed_address_pairs': [], 'port_security_enabled': True, 'qos_policy_id': None, 'qos_network_policy_id': None, 'profile': {}, 'propagate_uplink_status': False} {{(pid=106303) _get_device_details /opt/stack/neutron/neutron/plugins/ml2/rpc.py:184}}
Aug 12 01:28:41.024032 dv-cinder-784815-15-iscsi neutron-server[106302]: INFO neutron.wsgi [req-093676fe-4a36-47d0-a9e9-46084008ba7f req-9e906969-f600-4157-8147-dc5a5fa70127 service neutron] 10.222.0.15 "GET /networking/v2.0/networks/0d1de51b-a5d0-4a09-af82-8f44783003c3?fields=segments HTTP/1.1" status: 200 len: 212 time: 0.3474271
Aug 12 01:28:41.034883 dv-cinder-784815-15-iscsi neutron-server[106301]: INFO neutron.wsgi [req-67afe612-6e11-4147-a54f-608c0e681150 req-1179d264-6852-4f05-b1c1-ffb471989468 tempest-ServerRescueNegativeTestJSON-1607139389 tempest-ServerRescueNegativeTestJSON-1607139389-project] 10.222.0.20 "GET /networking/v2.0/security-groups?id=ee59af51-d14b-47a5-ac6c-c7260ffea9db&fields=id&fields=name HTTP/1.1" status: 200 len: 286 time: 0.2515283
Aug 12 01:28:41.057249 dv-cinder-784815-15-iscsi neutron-server[106302]: DEBUG neutron.notifiers.nova [req-6ae7f0cd-da90-4395-a229-22475e762e92 req-ceed2d47-01ab-4aa9-8b56-4a4b41ea27f7 service neutron] Ignoring state change previous_port_status: DOWN current_port_status: DOWN port_id 4e439648-a2fe-49f9-a809-a2ad4090be7d {{(pid=106302) record_port_status_changed /opt/stack/neutron/neutron/notifiers/nova.py:233}}
Aug 12 01:28:41.058551 dv-cinder-784815-15-iscsi neutron-server[106301]: DEBUG neutron.pecan_wsgi.hooks.policy_enforcement [req-b83536ae-cc3e-484f-806e-c4722a007d15 req-00e8ce95-318e-40e3-b1ff-6db317a95732 tempest-AttachVolumeNegativeTest-2079581927 tempest-AttachVolumeNegativeTest-2079581927-project] Attributes excluded by policy engine: ['standard_attr_id', 'binding:profile', 'binding:host_id', 'binding:vif_type', 'binding:vif_details'] {{(pid=106301) _exclude_attributes_by_policy /opt/stack/neutron/neutron/pecan_wsgi/hooks/policy_enforcement.py:259}}
Aug 12 01:28:41.060111 dv-cinder-784815-15-iscsi neutron-server[106301]: INFO neutron.wsgi [req-b83536ae-cc3e-484f-806e-c4722a007d15 req-00e8ce95-318e-40e3-b1ff-6db317a95732 tempest-AttachVolumeNegativeTest-2079581927 tempest-AttachVolumeNegativeTest-2079581927-project] 10.222.0.20 "GET /networking/v2.0/ports?device_id=da106e4a-1bc6-4e68-ac0c-1a2ca899daa9 HTTP/1.1" status: 200 len: 944 time: 0.1699328
Aug 12 01:28:41.099958 dv-cinder-784815-15-iscsi neutron-server[106301]: DEBUG neutron.pecan_wsgi.hooks.policy_enforcement [req-ee9e6666-24c6-46a5-8454-65a04987b07c req-36b8739c-0231-495d-bb57-b8fe5db988a9 service neutron] Attributes excluded by policy engine: ['standard_attr_id', 'shared'] {{(pid=106301) _exclude_attributes_by_policy /opt/stack/neutron/neutron/pecan_wsgi/hooks/policy_enforcement.py:259}}
Aug 12 01:28:41.100877 dv-cinder-784815-15-iscsi neutron-server[106302]: DEBUG neutron_lib.callbacks.manager [req-6ae7f0cd-da90-4395-a229-22475e762e92 req-ceed2d47-01ab-4aa9-8b56-4a4b41ea27f7 service neutron] Publish callbacks [] for port (4e439648-a2fe-49f9-a809-a2ad4090be7d), precommit_update {{(pid=106302) _notify_loop /usr/local/lib/python3.8/dist-packages/neutron_lib/callbacks/manager.py:176}}
Aug 12 01:28:41.101413 dv-cinder-784815-15-iscsi neutron-server[106301]: INFO neutron.wsgi [req-ee9e6666-24c6-46a5-8454-65a04987b07c req-36b8739c-0231-495d-bb57-b8fe5db988a9 service neutron] 10.222.0.15 "GET /networking/v2.0/subnets?id=a9afc717-283a-483a-80e3-bf850c00ecf8 HTTP/1.1" status: 200 len: 854 time: 0.1571138
Aug 12 01:28:41.105606 dv-cinder-784815-15-iscsi neutron-server[106302]: DEBUG neutron_lib.callbacks.manager [None req-5edb1d88-c91a-4b09-a5af-2083836d9581 admin admin] Publish callbacks ['neutron.plugins.ml2.ovo_rpc._ObjectChangeHandler.handle_event-1751332'] for security_group (9c29e58f-b141-4b0c-8860-89ed45234a76), after_delete {{(pid=106302) _notify_loop /usr/local/lib/python3.8/dist-packages/neutron_lib/callbacks/manager.py:176}}
Aug 12 01:28:41.108415 dv-cinder-784815-15-iscsi neutron-server[106302]: DEBUG neutron_lib.callbacks.manager [None req-5edb1d88-c91a-4b09-a5af-2083836d9581 admin admin] Publish callbacks [] for security_group (None), before_response {{(pid=106302) _notify_loop /usr/local/lib/python3.8/dist-packages/neutron_lib/callbacks/manager.py:176}}
Aug 12 01:28:41.109707 dv-cinder-784815-15-iscsi neutron-server[106302]: INFO neutron.wsgi [None req-5edb1d88-c91a-4b09-a5af-2083836d9581 admin admin] 10.222.0.20 "DELETE /networking/v2.0/security-groups/9c29e58f-b141-4b0c-8860-89ed45234a76 HTTP/1.1" status: 204 len: 168 time: 0.8318896
Aug 12 01:28:41.110332 dv-cinder-784815-15-iscsi neutron-server[106303]: DEBUG neutron.plugins.ml2.plugin [None req-df8d2114-31bb-465e-b56d-7033a778fb34 None None] Current status of the port 62bb6f5f-1dc9-4675-9d96-12163b24d167 is: DOWN; New status is: BUILD {{(pid=106303) _update_individual_port_db_status /opt/stack/neutron/neutron/plugins/ml2/plugin.py:2302}}
Aug 12 01:28:41.110913 dv-cinder-784815-15-iscsi neutron-server[106303]: DEBUG neutron_lib.callbacks.manager [None req-df8d2114-31bb-465e-b56d-7033a778fb34 None None] Publish callbacks ['neutron.plugins.ml2.plugin.SecurityGroupDbMixin._ensure_default_security_group_handler-742374'] for port (62bb6f5f-1dc9-4675-9d96-12163b24d167), before_update {{(pid=106303) _notify_loop /usr/local/lib/python3.8/dist-packages/neutron_lib/callbacks/manager.py:176}}
Aug 12 01:28:41.114682 dv-cinder-784815-15-iscsi neutron-server[106303]: DEBUG neutron.plugins.ml2.plugin [None req-df8d2114-31bb-465e-b56d-7033a778fb34 None None] Current status of the port f387b69c-4056-4801-b83e-52cf09447e9f is: BUILD; New status is: ACTIVE {{(pid=106303) _update_individual_port_db_status /opt/stack/neutron/neutron/plugins/ml2/plugin.py:2302}}
Aug 12 01:28:41.115301 dv-cinder-784815-15-iscsi neutron-server[106303]: DEBUG neutron_lib.callbacks.manager [None req-df8d2114-31bb-465e-b56d-7033a778fb34 None None] Publish callbacks ['neutron.plugins.ml2.plugin.SecurityGroupDbMixin._ensure_default_security_group_handler-742374'] for port (f387b69c-4056-4801-b83e-52cf09447e9f), before_update {{(pid=106303) _notify_loop /usr/local/lib/python3.8/dist-packages/neutron_lib/callbacks/manager.py:176}}
Aug 12 01:28:41.124640 dv-cinder-784815-15-iscsi neutron-server[106301]: DEBUG neutron.api.rpc.handlers.resources_rpc [None req-2ef8c1e5-5969-4d4f-9c14-927352885c15 service neutron] Pushing event updated for resources: {'Port': ['ID=476d0433-5310-435b-93ea-c42ed83c3136,revision_number=2']} {{(pid=106301) push /opt/stack/neutron/neutron/api/rpc/handlers/resources_rpc.py:237}}
Aug 12 01:28:41.139568 dv-cinder-784815-15-iscsi neutron-server[106303]: DEBUG neutron.notifiers.nova [None req-df8d2114-31bb-465e-b56d-7033a778fb34 None None] Ignoring state change previous_port_status: DOWN current_port_status: BUILD port_id 62bb6f5f-1dc9-4675-9d96-12163b24d167 {{(pid=106303) record_port_status_changed /opt/stack/neutron/neutron/notifiers/nova.py:233}}
Aug 12 01:28:41.165907 dv-cinder-784815-15-iscsi neutron-server[106303]: DEBUG neutron.notifiers.nova [-] Sending events: [{'server_uuid': '1e1a8df3-8078-437c-ab98-64d52e277263', 'name': 'network-vif-plugged', 'status': 'completed', 'tag': 'f387b69c-4056-4801-b83e-52cf09447e9f'}] {{(pid=106303) send_events /opt/stack/neutron/neutron/notifiers/nova.py:271}}
Aug 12 01:28:41.192437 dv-cinder-784815-15-iscsi neutron-server[106302]: DEBUG neutron.api.rpc.handlers.resources_rpc [None req-5edb1d88-c91a-4b09-a5af-2083836d9581 admin admin] Pushing event deleted for resources: {'SecurityGroup': ['ID=9c29e58f-b141-4b0c-8860-89ed45234a76,revision_number=None']} {{(pid=106302) push /opt/stack/neutron/neutron/api/rpc/handlers/resources_rpc.py:237}}
Aug 12 01:28:41.200620 dv-cinder-784815-15-iscsi neutron-server[106301]: DEBUG neutron.plugins.ml2.managers [req-40d4ec52-3393-4731-98d1-669288dcf152 req-2ef8c1e5-5969-4d4f-9c14-927352885c15 service neutron] Attempting to bind port 476d0433-5310-435b-93ea-c42ed83c3136 on host hv-cinder-78481 for vnic_type normal with profile {{(pid=106301) bind_port /opt/stack/neutron/neutron/plugins/ml2/managers.py:810}}
Aug 12 01:28:41.200965 dv-cinder-784815-15-iscsi neutron-server[106301]: DEBUG neutron.plugins.ml2.managers [req-40d4ec52-3393-4731-98d1-669288dcf152 req-2ef8c1e5-5969-4d4f-9c14-927352885c15 service neutron] Attempting to bind port 476d0433-5310-435b-93ea-c42ed83c3136 by drivers openvswitch,hyperv on host hv-cinder-78481 at level 0 using segments [{'id': 'eba2760b-14ea-483e-8936-ec35a5b0bde6', 'network_type': 'vlan', 'physical_network': 'physnet1', 'segmentation_id': 104, 'network_id': 'bdc64372-39dc-45f5-ae9b-e7b46a872a57'}] {{(pid=106301) _bind_port_level /opt/stack/neutron/neutron/plugins/ml2/managers.py:835}}
Aug 12 01:28:41.201300 dv-cinder-784815-15-iscsi neutron-server[106301]: DEBUG neutron.plugins.ml2.drivers.mech_agent [req-40d4ec52-3393-4731-98d1-669288dcf152 req-2ef8c1e5-5969-4d4f-9c14-927352885c15 service neutron] Attempting to bind port 476d0433-5310-435b-93ea-c42ed83c3136 on network bdc64372-39dc-45f5-ae9b-e7b46a872a57 {{(pid=106301) bind_port /opt/stack/neutron/neutron/plugins/ml2/drivers/mech_agent.py:91}}
Aug 12 01:28:41.206585 dv-cinder-784815-15-iscsi neutron-server[106302]: DEBUG neutron.db.provisioning_blocks [req-6ae7f0cd-da90-4395-a229-22475e762e92 req-ceed2d47-01ab-4aa9-8b56-4a4b41ea27f7 service neutron] Transition to ACTIVE for port object 4e439648-a2fe-49f9-a809-a2ad4090be7d will not be triggered until provisioned by entity L2. {{(pid=106302) add_provisioning_component /opt/stack/neutron/neutron/db/provisioning_blocks.py:75}}
Aug 12 01:28:41.208956 dv-cinder-784815-15-iscsi neutron-server[106302]: DEBUG neutron_lib.callbacks.manager [None req-ff339273-07a0-4d09-bd66-c496df0ae2ef admin admin] Publish callbacks [] for security_group (4e5eeafb-ec69-435b-95bc-fc41a5a76c2e), precommit_create {{(pid=106302) _notify_loop /usr/local/lib/python3.8/dist-packages/neutron_lib/callbacks/manager.py:176}}
Aug 12 01:28:41.214457 dv-cinder-784815-15-iscsi neutron-server[106302]: INFO neutron.wsgi [req-6b696014-dbc2-4084-93e1-e764cf9052d0 req-5d5a4202-0aa8-46fa-a32c-b87e70239c7d service neutron] 10.222.0.15 "GET /networking/v2.0/networks/a06d250a-3f70-4fa5-8a58-5159fc388d07?fields=provider%3Aphysical_network&fields=provider%3Anetwork_type HTTP/1.1" status: 200 len: 281 time: 0.3608608
Aug 12 01:28:41.216987 dv-cinder-784815-15-iscsi neutron-server[106302]: DEBUG neutron_lib.callbacks.manager [req-6ae7f0cd-da90-4395-a229-22475e762e92 req-ceed2d47-01ab-4aa9-8b56-4a4b41ea27f7 service neutron] Publish callbacks ['neutron.plugins.ml2.plugin.SecurityGroupServerNotifierRpcMixin._notify_sg_on_port_change-742309', 'neutron.plugins.ml2.ovo_rpc._ObjectChangeHandler.handle_event-1998460', 'neutron.api.rpc.agentnotifiers.dhcp_rpc_agent_api.DhcpAgentNotifyAPI._native_event_send_dhcp_notification-1588621', 'neutron.db.l3_db.L3RpcNotifierMixin._notify_gateway_port_ip_changed-8741098337985', 'neutron.db.l3_dvrscheduler_db._notify_l3_agent_port_update-8741097955027', 'neutron.db.l3_hascheduler_db._notify_l3_agent_ha_port_update-8741097955045', 'neutron.services.segments.plugin.NovaSegmentNotifier._notify_port_updated-67056363'] for port (4e439648-a2fe-49f9-a809-a2ad4090be7d), after_update {{(pid=106302) _notify_loop /usr/local/lib/python3.8/dist-packages/neutron_lib/callbacks/manager.py:176}}
Aug 12 01:28:41.232379 dv-cinder-784815-15-iscsi neutron-server[106302]: DEBUG neutron_lib.callbacks.manager [None req-ff339273-07a0-4d09-bd66-c496df0ae2ef admin admin] Publish callbacks ['neutron.plugins.ml2.ovo_rpc._ObjectChangeHandler.handle_event-1751332'] for security_group (4e5eeafb-ec69-435b-95bc-fc41a5a76c2e), after_create {{(pid=106302) _notify_loop /usr/local/lib/python3.8/dist-packages/neutron_lib/callbacks/manager.py:176}}
Aug 12 01:28:41.237961 dv-cinder-784815-15-iscsi neutron-server[106301]: DEBUG neutron.plugins.ml2.drivers.mech_agent [req-40d4ec52-3393-4731-98d1-669288dcf152 req-2ef8c1e5-5969-4d4f-9c14-927352885c15 service neutron] Port 476d0433-5310-435b-93ea-c42ed83c3136 on network bdc64372-39dc-45f5-ae9b-e7b46a872a57 not bound, no agent of type Open vSwitch agent registered on host hv-cinder-78481 {{(pid=106301) bind_port /opt/stack/neutron/neutron/plugins/ml2/drivers/mech_agent.py:103}}
Aug 12 01:28:41.238292 dv-cinder-784815-15-iscsi neutron-server[106301]: DEBUG neutron.plugins.ml2.drivers.mech_agent [req-40d4ec52-3393-4731-98d1-669288dcf152 req-2ef8c1e5-5969-4d4f-9c14-927352885c15 service neutron] Attempting to bind port 476d0433-5310-435b-93ea-c42ed83c3136 on network bdc64372-39dc-45f5-ae9b-e7b46a872a57 {{(pid=106301) bind_port /opt/stack/neutron/neutron/plugins/ml2/drivers/mech_agent.py:91}}
Aug 12 01:28:41.254538 dv-cinder-784815-15-iscsi neutron-server[106301]: DEBUG neutron.pecan_wsgi.hooks.policy_enforcement [req-ee9e6666-24c6-46a5-8454-65a04987b07c req-76247942-1e82-45cb-8aca-a8d14e994f27 service neutron] Attributes excluded by policy engine: ['standard_attr_id'] {{(pid=106301) _exclude_attributes_by_policy /opt/stack/neutron/neutron/pecan_wsgi/hooks/policy_enforcement.py:259}}
Aug 12 01:28:41.256149 dv-cinder-784815-15-iscsi neutron-server[106301]: INFO neutron.wsgi [req-ee9e6666-24c6-46a5-8454-65a04987b07c req-76247942-1e82-45cb-8aca-a8d14e994f27 service neutron] 10.222.0.15 "GET /networking/v2.0/ports?network_id=c69785c6-9bf5-4740-9585-57c14141c241&device_owner=network%3Adhcp HTTP/1.1" status: 200 len: 1213 time: 0.1424499
Aug 12 01:28:41.262173 dv-cinder-784815-15-iscsi neutron-server[106301]: INFO neutron.wsgi [req-b83536ae-cc3e-484f-806e-c4722a007d15 req-36c1567b-84bd-494c-a831-20c899dc79af tempest-AttachVolumeNegativeTest-2079581927 tempest-AttachVolumeNegativeTest-2079581927-project] 10.222.0.20 "GET /networking/v2.0/security-groups?id=986082b1-ca8d-4546-90b0-394cf67819e1&fields=id&fields=name HTTP/1.1" status: 200 len: 313 time: 0.1908641
Aug 12 01:28:41.262642 dv-cinder-784815-15-iscsi neutron-server[106301]: DEBUG neutron.plugins.ml2.drivers.mech_agent [req-40d4ec52-3393-4731-98d1-669288dcf152 req-2ef8c1e5-5969-4d4f-9c14-927352885c15 service neutron] Checking agent: {'id': '334b6a94-7702-406d-b4b3-dd31449e4397', 'agent_type': 'HyperV agent', 'binary': 'neutron-hyperv-agent', 'topic': 'N/A', 'host': 'hv-cinder-78481', 'admin_state_up': True, 'created_at': datetime.datetime(2022, 8, 12, 1, 26, 9), 'started_at': datetime.datetime(2022, 8, 12, 1, 26, 9), 'heartbeat_timestamp': datetime.datetime(2022, 8, 12, 1, 28, 39), 'description': None, 'resources_synced': None, 'availability_zone': None, 'alive': True, 'configurations': {'vswitch_mappings': {'physnet1$': 'br-data'}}, 'resource_versions': {}} {{(pid=106301) bind_port /opt/stack/neutron/neutron/plugins/ml2/drivers/mech_agent.py:110}}
Aug 12 01:28:41.262985 dv-cinder-784815-15-iscsi neutron-server[106301]: DEBUG neutron.plugins.ml2.drivers.mech_agent [req-40d4ec52-3393-4731-98d1-669288dcf152 req-2ef8c1e5-5969-4d4f-9c14-927352885c15 service neutron] Checking segment: {'id': 'eba2760b-14ea-483e-8936-ec35a5b0bde6', 'network_type': 'vlan', 'physical_network': 'physnet1', 'segmentation_id': 104, 'network_id': 'bdc64372-39dc-45f5-ae9b-e7b46a872a57'} for mappings: {'physnet1$': 'br-data'} with network types: ['local', 'flat', 'vlan'] {{(pid=106301) check_segment_for_agent /opt/stack/neutron/neutron/plugins/ml2/drivers/mech_agent.py:373}}
Aug 12 01:28:41.263363 dv-cinder-784815-15-iscsi neutron-server[106301]: DEBUG neutron.plugins.ml2.drivers.mech_agent [req-40d4ec52-3393-4731-98d1-669288dcf152 req-2ef8c1e5-5969-4d4f-9c14-927352885c15 service neutron] Bound using segment: {'id': 'eba2760b-14ea-483e-8936-ec35a5b0bde6', 'network_type': 'vlan', 'physical_network': 'physnet1', 'segmentation_id': 104, 'network_id': 'bdc64372-39dc-45f5-ae9b-e7b46a872a57'} {{(pid=106301) bind_port /opt/stack/neutron/neutron/plugins/ml2/drivers/mech_agent.py:120}}
Aug 12 01:28:41.265719 dv-cinder-784815-15-iscsi neutron-server[106301]: DEBUG neutron.plugins.ml2.managers [req-40d4ec52-3393-4731-98d1-669288dcf152 req-2ef8c1e5-5969-4d4f-9c14-927352885c15 service neutron] Bound port: 476d0433-5310-435b-93ea-c42ed83c3136, host: hv-cinder-78481, vif_type: hyperv, vif_details: {"connectivity": "legacy", "port_filter": false}, binding_levels: [{'bound_driver': 'hyperv', 'bound_segment': {'id': 'eba2760b-14ea-483e-8936-ec35a5b0bde6', 'network_type': 'vlan', 'physical_network': 'physnet1', 'segmentation_id': 104, 'network_id': 'bdc64372-39dc-45f5-ae9b-e7b46a872a57'}}] {{(pid=106301) _bind_port_level /opt/stack/neutron/neutron/plugins/ml2/managers.py:947}}
Aug 12 01:28:41.267683 dv-cinder-784815-15-iscsi neutron-server[106301]: DEBUG neutron_lib.callbacks.manager [req-40d4ec52-3393-4731-98d1-669288dcf152 req-2ef8c1e5-5969-4d4f-9c14-927352885c15 service neutron] Publish callbacks ['neutron.plugins.ml2.plugin.SecurityGroupDbMixin._ensure_default_security_group_handler-742374'] for port (476d0433-5310-435b-93ea-c42ed83c3136), before_update {{(pid=106301) _notify_loop /usr/local/lib/python3.8/dist-packages/neutron_lib/callbacks/manager.py:176}}
Aug 12 01:28:41.290383 dv-cinder-784815-15-iscsi neutron-server[106301]: DEBUG dbcounter [-] [106301] Writing DB stats neutron:SELECT=99,neutron:UPDATE=1 {{(pid=106301) stat_writer /usr/local/lib/python3.8/dist-packages/dbcounter.py:114}}
Aug 12 01:28:41.313205 dv-cinder-784815-15-iscsi neutron-server[106302]: DEBUG neutron.api.rpc.handlers.resources_rpc [None req-ff339273-07a0-4d09-bd66-c496df0ae2ef admin admin] Pushing event updated for resources: {'SecurityGroup': ['ID=4e5eeafb-ec69-435b-95bc-fc41a5a76c2e,revision_number=1']} {{(pid=106302) push /opt/stack/neutron/neutron/api/rpc/handlers/resources_rpc.py:237}}
Aug 12 01:28:41.337271 dv-cinder-784815-15-iscsi neutron-server[106302]: DEBUG dbcounter [-] [106302] Writing DB stats neutron:SELECT=83,neutron:INSERT=11,neutron:DELETE=3,neutron:UPDATE=3 {{(pid=106302) stat_writer /usr/local/lib/python3.8/dist-packages/dbcounter.py:114}}
Aug 12 01:28:41.343562 dv-cinder-784815-15-iscsi neutron-server[106303]: DEBUG neutron.plugins.ml2.db [None req-df8d2114-31bb-465e-b56d-7033a778fb34 None None] For port 62bb6f5f-1dc9-4675-9d96-12163b24d167, host hv-cinder-78481, got binding levels [PortBindingLevel(driver='hyperv',host='hv-cinder-78481',level=0,port_id=62bb6f5f-1dc9-4675-9d96-12163b24d167,segment=NetworkSegment(15a8a603-a59e-410c-bf5d-02f22d55ce9f),segment_id=15a8a603-a59e-410c-bf5d-02f22d55ce9f)] {{(pid=106303) get_binding_level_objs /opt/stack/neutron/neutron/plugins/ml2/db.py:74}}
Aug 12 01:28:41.352535 dv-cinder-784815-15-iscsi neutron-server[106303]: DEBUG neutron.plugins.ml2.db [None req-df8d2114-31bb-465e-b56d-7033a778fb34 None None] For port f387b69c-4056-4801-b83e-52cf09447e9f, host hv-cinder-78481, got binding levels [PortBindingLevel(driver='hyperv',host='hv-cinder-78481',level=0,port_id=f387b69c-4056-4801-b83e-52cf09447e9f,segment=NetworkSegment(15a8a603-a59e-410c-bf5d-02f22d55ce9f),segment_id=15a8a603-a59e-410c-bf5d-02f22d55ce9f)] {{(pid=106303) get_binding_level_objs /opt/stack/neutron/neutron/plugins/ml2/db.py:74}}
Aug 12 01:28:41.366028 dv-cinder-784815-15-iscsi neutron-server[106303]: DEBUG neutron_lib.callbacks.manager [None req-df8d2114-31bb-465e-b56d-7033a778fb34 None None] Publish callbacks ['neutron.plugins.ml2.plugin.SecurityGroupServerNotifierRpcMixin._notify_sg_on_port_change-742309', 'neutron.plugins.ml2.ovo_rpc._ObjectChangeHandler.handle_event-1998460', 'neutron.api.rpc.agentnotifiers.dhcp_rpc_agent_api.DhcpAgentNotifyAPI._native_event_send_dhcp_notification-1588621', 'neutron.db.l3_db.L3RpcNotifierMixin._notify_gateway_port_ip_changed-8741098337985', 'neutron.db.l3_dvrscheduler_db._notify_l3_agent_port_update-8741097955027', 'neutron.db.l3_hascheduler_db._notify_l3_agent_ha_port_update-8741097955045'] for port (62bb6f5f-1dc9-4675-9d96-12163b24d167), after_update {{(pid=106303) _notify_loop /usr/local/lib/python3.8/dist-packages/neutron_lib/callbacks/manager.py:176}}
Aug 12 01:28:41.368288 dv-cinder-784815-15-iscsi neutron-server[106303]: DEBUG neutron.plugins.ml2.rpc [None req-df8d2114-31bb-465e-b56d-7033a778fb34 None None] Device e88a4d4f-78ca-43d6-9412-606c68ca8ff1 details requested by agent hyperv_hv-cinder-78481 with host hv-cinder-78481 {{(pid=106303) get_device_details /opt/stack/neutron/neutron/plugins/ml2/rpc.py:102}}
Aug 12 01:28:41.394936 dv-cinder-784815-15-iscsi neutron-server[106303]: DEBUG neutron_lib.callbacks.manager [None req-df8d2114-31bb-465e-b56d-7033a778fb34 None None] Publish callbacks ['neutron.plugins.ml2.plugin.SecurityGroupServerNotifierRpcMixin._notify_sg_on_port_change-742309', 'neutron.plugins.ml2.ovo_rpc._ObjectChangeHandler.handle_event-1998460', 'neutron.api.rpc.agentnotifiers.dhcp_rpc_agent_api.DhcpAgentNotifyAPI._native_event_send_dhcp_notification-1588621', 'neutron.db.l3_db.L3RpcNotifierMixin._notify_gateway_port_ip_changed-8741098337985', 'neutron.db.l3_dvrscheduler_db._notify_l3_agent_port_update-8741097955027', 'neutron.db.l3_hascheduler_db._notify_l3_agent_ha_port_update-8741097955045'] for port (f387b69c-4056-4801-b83e-52cf09447e9f), after_update {{(pid=106303) _notify_loop /usr/local/lib/python3.8/dist-packages/neutron_lib/callbacks/manager.py:176}}
Aug 12 01:28:41.440383 dv-cinder-784815-15-iscsi neutron-server[106302]: INFO neutron.wsgi [req-093676fe-4a36-47d0-a9e9-46084008ba7f req-92b601ae-13a2-43c2-a65d-56a850209385 service neutron] 10.222.0.15 "GET /networking/v2.0/networks/0d1de51b-a5d0-4a09-af82-8f44783003c3?fields=provider%3Aphysical_network&fields=provider%3Anetwork_type HTTP/1.1" status: 200 len: 281 time: 0.4004655
Aug 12 01:28:41.472275 dv-cinder-784815-15-iscsi neutron-server[106301]: DEBUG neutron.pecan_wsgi.hooks.policy_enforcement [req-b53a91c5-11e1-4b67-a07e-ea22557c8aa6 req-9c0a0742-c0b6-4ec7-a95c-82886fa74c03 tempest-AttachVolumeShelveTestJSON-1840757724 tempest-AttachVolumeShelveTestJSON-1840757724-project] Attributes excluded by policy engine: ['standard_attr_id', 'binding:profile', 'binding:host_id', 'binding:vif_type', 'binding:vif_details'] {{(pid=106301) _exclude_attributes_by_policy /opt/stack/neutron/neutron/pecan_wsgi/hooks/policy_enforcement.py:259}}
Aug 12 01:28:41.479314 dv-cinder-784815-15-iscsi neutron-server[106301]: INFO neutron.wsgi [req-b53a91c5-11e1-4b67-a07e-ea22557c8aa6 req-9c0a0742-c0b6-4ec7-a95c-82886fa74c03 tempest-AttachVolumeShelveTestJSON-1840757724 tempest-AttachVolumeShelveTestJSON-1840757724-project] 10.222.0.20 "GET /networking/v2.0/ports?device_id=0ed5ced2-87ad-4d0f-860c-648bcca91ca8 HTTP/1.1" status: 200 len: 944 time: 0.1878119
Aug 12 01:28:41.496040 dv-cinder-784815-15-iscsi neutron-server[106302]: INFO neutron.wsgi [None req-ff339273-07a0-4d09-bd66-c496df0ae2ef admin admin] 10.222.0.20 "GET /networking/v2.0/security-groups?tenant_id=7cd5e07f72394721b75427b33ae9dddf&name=default HTTP/1.1" status: 200 len: 2996 time: 1.0404255
Aug 12 01:28:41.499712 dv-cinder-784815-15-iscsi neutron-server[106302]: DEBUG neutron.wsgi [-] (106302) accepted ('10.222.0.20', 48124) {{(pid=106302) server /usr/local/lib/python3.8/dist-packages/eventlet/wsgi.py:1004}}
Aug 12 01:28:41.537307 dv-cinder-784815-15-iscsi neutron-server[106302]: DEBUG neutron.api.rpc.handlers.resources_rpc [None req-ceed2d47-01ab-4aa9-8b56-4a4b41ea27f7 service neutron] Pushing event updated for resources: {'Port': ['ID=4e439648-a2fe-49f9-a809-a2ad4090be7d,revision_number=2']} {{(pid=106302) push /opt/stack/neutron/neutron/api/rpc/handlers/resources_rpc.py:237}}
