May 19 14:07:54.111716 dv-cinder-784815-14-smb devstack@c-api.service[111065]: DEBUG cinder.api.openstack.wsgi [None req-ede5c3c9-7ec0-4478-b090-7ed0e865234f tempest-QosSpecsTestJSON-673146521 tempest-QosSpecsTestJSON-673146521-project-admin] Action: 'create', calling method: _create, body: {"volume_type": {"name": "tempest-QosSpecsTestJSON-volume-type-576080868"}} {{(pid=111065) _process_stack /opt/stack/cinder/cinder/api/openstack/wsgi.py:866}}
May 19 14:07:54.134728 dv-cinder-784815-14-smb devstack@c-api.service[111066]: DEBUG cinder.volume.api [None req-b24a7e33-fd81-4438-a44b-e83917519055 tempest-GroupSnapshotsTest-1753315172 tempest-GroupSnapshotsTest-1753315172-project] Flow 'volume_create_api' (c0aefe17-4fe4-4462-b655-b108f8621cc7) transitioned into state 'RUNNING' from state 'PENDING' {{(pid=111066) _flow_receiver /usr/local/lib/python3.8/dist-packages/taskflow/listeners/logging.py:141}}
May 19 14:07:54.137639 dv-cinder-784815-14-smb devstack@c-api.service[111066]: DEBUG cinder.volume.api [None req-b24a7e33-fd81-4438-a44b-e83917519055 tempest-GroupSnapshotsTest-1753315172 tempest-GroupSnapshotsTest-1753315172-project] Task 'cinder.volume.flows.api.create_volume.ExtractVolumeRequestTask;volume:create' (5de76213-6d34-4633-98e0-9ae4e7cc2252) transitioned into state 'RUNNING' from state 'PENDING' {{(pid=111066) _task_receiver /usr/local/lib/python3.8/dist-packages/taskflow/listeners/logging.py:190}}
May 19 14:07:54.142249 dv-cinder-784815-14-smb devstack@c-api.service[111066]: /usr/local/lib/python3.8/dist-packages/oslo_context/context.py:100: DeprecationWarning: Policy enforcement is depending on the value of is_admin. This key is deprecated. Please update your policy file to use the standard policy values.
May 19 14:07:54.142249 dv-cinder-784815-14-smb devstack@c-api.service[111066]: warnings.warn('Policy enforcement is depending on the value of '
May 19 14:07:54.144014 dv-cinder-784815-14-smb devstack@c-api.service[111066]: DEBUG cinder.volume.flows.api.create_volume [None req-b24a7e33-fd81-4438-a44b-e83917519055 tempest-GroupSnapshotsTest-1753315172 tempest-GroupSnapshotsTest-1753315172-project] Validating volume size '1' using validate_int {{(pid=111066) _extract_size /opt/stack/cinder/cinder/volume/flows/api/create_volume.py:225}}
May 19 14:07:54.203563 dv-cinder-784815-14-smb devstack@c-api.service[111066]: DEBUG cinder.volume.api [None req-b24a7e33-fd81-4438-a44b-e83917519055 tempest-GroupSnapshotsTest-1753315172 tempest-GroupSnapshotsTest-1753315172-project] Task 'cinder.volume.flows.api.create_volume.ExtractVolumeRequestTask;volume:create' (5de76213-6d34-4633-98e0-9ae4e7cc2252) transitioned into state 'SUCCESS' from state 'RUNNING' with result '{'size': 1, 'snapshot_id': None, 'source_volid': None, 'volume_type': VolumeType(created_at=2022-05-19T14:07:52Z,deleted=False,deleted_at=None,description=None,extra_specs={},id=134a4dda-5213-4149-829c-3c1979115185,is_public=True,name='tempest-GroupSnapshotsTest-volume-type-1482203380',projects=[],qos_specs=,qos_specs_id=None,updated_at=None), 'volume_type_id': '134a4dda-5213-4149-829c-3c1979115185', 'encryption_key_id': None, 'qos_specs': None, 'consistencygroup_id': None, 'cgsnapshot_id': None, 'group_id': 'a3174513-9bd2-406f-b791-8371fb05ad35', 'replication_status': 'disabled', 'refresh_az': False, 'backup_id': None, 'multiattach': False, 'availability_zones': ['nova']}' {{(pid=111066) _task_receiver /usr/local/lib/python3.8/dist-packages/taskflow/listeners/logging.py:178}}
May 19 14:07:54.210369 dv-cinder-784815-14-smb devstack@c-api.service[111066]: DEBUG cinder.volume.api [None req-b24a7e33-fd81-4438-a44b-e83917519055 tempest-GroupSnapshotsTest-1753315172 tempest-GroupSnapshotsTest-1753315172-project] Task 'cinder.volume.flows.api.create_volume.QuotaReserveTask;volume:create' (98665713-272e-4fbb-aa1d-7e681aa73967) transitioned into state 'RUNNING' from state 'PENDING' {{(pid=111066) _task_receiver /usr/local/lib/python3.8/dist-packages/taskflow/listeners/logging.py:190}}
May 19 14:07:54.213786 dv-cinder-784815-14-smb devstack@c-api.service[111065]: INFO cinder.api.openstack.wsgi [None req-ede5c3c9-7ec0-4478-b090-7ed0e865234f tempest-QosSpecsTestJSON-673146521 tempest-QosSpecsTestJSON-673146521-project-admin] http://10.222.0.59/volume/v3/a7cf2bdaf8e34d2fbaf86edf51e7e5e6/types returned with HTTP 200
May 19 14:07:54.220529 dv-cinder-784815-14-smb devstack@c-api.service[111065]: [pid: 111065|app: 0|req: 141/266] 10.222.0.59 () {60 vars in 1228 bytes} [Thu May 19 14:07:54 2022] POST /volume/v3/a7cf2bdaf8e34d2fbaf86edf51e7e5e6/types => generated 221 bytes in 117 msecs (HTTP/1.1 200) 7 headers in 285 bytes (1 switches on core 0)
May 19 14:07:54.225267 dv-cinder-784815-14-smb devstack@c-api.service[111065]: DEBUG cinder.api.middleware.request_id [None req-691bc92d-f50f-4a3c-a90c-22dd4030047c None None] RequestId filter calling following filter/app {{(pid=111065) _context_setter /opt/stack/cinder/cinder/api/middleware/request_id.py:62}}
May 19 14:07:54.234564 dv-cinder-784815-14-smb devstack@c-api.service[111065]: INFO cinder.api.openstack.wsgi [None req-691bc92d-f50f-4a3c-a90c-22dd4030047c tempest-QosSpecsTestJSON-673146521 tempest-QosSpecsTestJSON-673146521-project-admin] GET http://10.222.0.59/volume/v3/a7cf2bdaf8e34d2fbaf86edf51e7e5e6/qos-specs/93016838-2e43-4d13-88be-6b60f9705c88/associate?vol_type_id=b200905d-946a-4f75-bb8f-6b219ba08841
May 19 14:07:54.235307 dv-cinder-784815-14-smb devstack@c-api.service[111065]: DEBUG cinder.api.openstack.wsgi [None req-691bc92d-f50f-4a3c-a90c-22dd4030047c tempest-QosSpecsTestJSON-673146521 tempest-QosSpecsTestJSON-673146521-project-admin] Empty body provided in request {{(pid=111065) get_body /opt/stack/cinder/cinder/api/openstack/wsgi.py:715}}
May 19 14:07:54.236035 dv-cinder-784815-14-smb devstack@c-api.service[111065]: DEBUG cinder.api.openstack.wsgi [None req-691bc92d-f50f-4a3c-a90c-22dd4030047c tempest-QosSpecsTestJSON-673146521 tempest-QosSpecsTestJSON-673146521-project-admin] Calling method 'associate' {{(pid=111065) _process_stack /opt/stack/cinder/cinder/api/openstack/wsgi.py:868}}
May 19 14:07:54.237538 dv-cinder-784815-14-smb devstack@c-api.service[111065]: DEBUG cinder.api.contrib.qos_specs_manage [None req-691bc92d-f50f-4a3c-a90c-22dd4030047c tempest-QosSpecsTestJSON-673146521 tempest-QosSpecsTestJSON-673146521-project-admin] Associate qos_spec: 93016838-2e43-4d13-88be-6b60f9705c88 with type: b200905d-946a-4f75-bb8f-6b219ba08841 {{(pid=111065) associate /opt/stack/cinder/cinder/api/contrib/qos_specs_manage.py:275}}
May 19 14:07:54.285073 dv-cinder-784815-14-smb devstack@c-api.service[111066]: WARNING cinder.quota [None req-b24a7e33-fd81-4438-a44b-e83917519055 tempest-GroupSnapshotsTest-1753315172 tempest-GroupSnapshotsTest-1753315172-project] Deprecated: Default quota for resource: volumes_tempest-GroupSnapshotsTest-volume-type-1482203380 is set by the default quota flag: quota_volumes_tempest-GroupSnapshotsTest-volume-type-1482203380, it is now deprecated. Please use the default quota class for default quota.
May 19 14:07:54.285073 dv-cinder-784815-14-smb devstack@c-api.service[111066]: WARNING cinder.quota [None req-b24a7e33-fd81-4438-a44b-e83917519055 tempest-GroupSnapshotsTest-1753315172 tempest-GroupSnapshotsTest-1753315172-project] Deprecated: Default quota for resource: gigabytes_tempest-GroupSnapshotsTest-volume-type-1482203380 is set by the default quota flag: quota_gigabytes_tempest-GroupSnapshotsTest-volume-type-1482203380, it is now deprecated. Please use the default quota class for default quota.
May 19 14:07:54.403303 dv-cinder-784815-14-smb devstack@c-api.service[111065]: INFO cinder.api.openstack.wsgi [None req-691bc92d-f50f-4a3c-a90c-22dd4030047c tempest-QosSpecsTestJSON-673146521 tempest-QosSpecsTestJSON-673146521-project-admin] http://10.222.0.59/volume/v3/a7cf2bdaf8e34d2fbaf86edf51e7e5e6/qos-specs/93016838-2e43-4d13-88be-6b60f9705c88/associate?vol_type_id=b200905d-946a-4f75-bb8f-6b219ba08841 returned with HTTP 202
May 19 14:07:54.405015 dv-cinder-784815-14-smb devstack@c-api.service[111065]: [pid: 111065|app: 0|req: 142/267] 10.222.0.59 () {58 vars in 1457 bytes} [Thu May 19 14:07:54 2022] GET /volume/v3/a7cf2bdaf8e34d2fbaf86edf51e7e5e6/qos-specs/93016838-2e43-4d13-88be-6b60f9705c88/associate?vol_type_id=b200905d-946a-4f75-bb8f-6b219ba08841 => generated 0 bytes in 184 msecs (HTTP/1.1 202) 6 headers in 233 bytes (1 switches on core 0)
May 19 14:07:54.409847 dv-cinder-784815-14-smb devstack@c-api.service[111065]: DEBUG cinder.api.middleware.request_id [None req-3852c546-5dcc-4794-8825-7bc8b41d515f None None] RequestId filter calling following filter/app {{(pid=111065) _context_setter /opt/stack/cinder/cinder/api/middleware/request_id.py:62}}
May 19 14:07:54.415494 dv-cinder-784815-14-smb devstack@c-api.service[111065]: INFO cinder.api.openstack.wsgi [None req-3852c546-5dcc-4794-8825-7bc8b41d515f tempest-QosSpecsTestJSON-673146521 tempest-QosSpecsTestJSON-673146521-project-admin] GET http://10.222.0.59/volume/v3/a7cf2bdaf8e34d2fbaf86edf51e7e5e6/qos-specs/93016838-2e43-4d13-88be-6b60f9705c88/associate?vol_type_id=d7c31676-5fc4-4017-86ff-94c59267986a
May 19 14:07:54.415933 dv-cinder-784815-14-smb devstack@c-api.service[111065]: DEBUG cinder.api.openstack.wsgi [None req-3852c546-5dcc-4794-8825-7bc8b41d515f tempest-QosSpecsTestJSON-673146521 tempest-QosSpecsTestJSON-673146521-project-admin] Empty body provided in request {{(pid=111065) get_body /opt/stack/cinder/cinder/api/openstack/wsgi.py:715}}
May 19 14:07:54.416375 dv-cinder-784815-14-smb devstack@c-api.service[111065]: DEBUG cinder.api.openstack.wsgi [None req-3852c546-5dcc-4794-8825-7bc8b41d515f tempest-QosSpecsTestJSON-673146521 tempest-QosSpecsTestJSON-673146521-project-admin] Calling method 'associate' {{(pid=111065) _process_stack /opt/stack/cinder/cinder/api/openstack/wsgi.py:868}}
May 19 14:07:54.417009 dv-cinder-784815-14-smb devstack@c-api.service[111065]: /usr/local/lib/python3.8/dist-packages/oslo_context/context.py:100: DeprecationWarning: Policy enforcement is depending on the value of is_admin. This key is deprecated. Please update your policy file to use the standard policy values.
May 19 14:07:54.417009 dv-cinder-784815-14-smb devstack@c-api.service[111065]: warnings.warn('Policy enforcement is depending on the value of '
May 19 14:07:54.417749 dv-cinder-784815-14-smb devstack@c-api.service[111065]: DEBUG cinder.api.contrib.qos_specs_manage [None req-3852c546-5dcc-4794-8825-7bc8b41d515f tempest-QosSpecsTestJSON-673146521 tempest-QosSpecsTestJSON-673146521-project-admin] Associate qos_spec: 93016838-2e43-4d13-88be-6b60f9705c88 with type: d7c31676-5fc4-4017-86ff-94c59267986a {{(pid=111065) associate /opt/stack/cinder/cinder/api/contrib/qos_specs_manage.py:275}}
May 19 14:07:54.574197 dv-cinder-784815-14-smb devstack@c-api.service[111065]: INFO cinder.api.openstack.wsgi [None req-3852c546-5dcc-4794-8825-7bc8b41d515f tempest-QosSpecsTestJSON-673146521 tempest-QosSpecsTestJSON-673146521-project-admin] http://10.222.0.59/volume/v3/a7cf2bdaf8e34d2fbaf86edf51e7e5e6/qos-specs/93016838-2e43-4d13-88be-6b60f9705c88/associate?vol_type_id=d7c31676-5fc4-4017-86ff-94c59267986a returned with HTTP 202
May 19 14:07:54.574606 dv-cinder-784815-14-smb devstack@c-api.service[111066]: DEBUG cinder.quota [None req-b24a7e33-fd81-4438-a44b-e83917519055 tempest-GroupSnapshotsTest-1753315172 tempest-GroupSnapshotsTest-1753315172-project] Created reservations ['390e900c-0b15-4dbe-bae1-65034e0acb66', 'c776256d-c958-450d-98a4-d8c739d45078', '16cbac16-c333-4013-974c-9f775c160e73', '10bbc173-4639-41ab-9761-f80d2c952a1a'] {{(pid=111066) reserve /opt/stack/cinder/cinder/quota.py:755}}
May 19 14:07:54.575726 dv-cinder-784815-14-smb devstack@c-api.service[111065]: [pid: 111065|app: 0|req: 143/268] 10.222.0.59 () {58 vars in 1457 bytes} [Thu May 19 14:07:54 2022] GET /volume/v3/a7cf2bdaf8e34d2fbaf86edf51e7e5e6/qos-specs/93016838-2e43-4d13-88be-6b60f9705c88/associate?vol_type_id=d7c31676-5fc4-4017-86ff-94c59267986a => generated 0 bytes in 167 msecs (HTTP/1.1 202) 6 headers in 233 bytes (2 switches on core 0)
May 19 14:07:54.582209 dv-cinder-784815-14-smb devstack@c-api.service[111065]: DEBUG cinder.api.middleware.request_id [None req-23b753c2-6aca-40df-9c42-1b942ed51f42 None None] RequestId filter calling following filter/app {{(pid=111065) _context_setter /opt/stack/cinder/cinder/api/middleware/request_id.py:62}}
May 19 14:07:54.592789 dv-cinder-784815-14-smb devstack@c-api.service[111066]: DEBUG cinder.volume.api [None req-b24a7e33-fd81-4438-a44b-e83917519055 tempest-GroupSnapshotsTest-1753315172 tempest-GroupSnapshotsTest-1753315172-project] Task 'cinder.volume.flows.api.create_volume.QuotaReserveTask;volume:create' (98665713-272e-4fbb-aa1d-7e681aa73967) transitioned into state 'SUCCESS' from state 'RUNNING' with result '{'reservations': ['390e900c-0b15-4dbe-bae1-65034e0acb66', 'c776256d-c958-450d-98a4-d8c739d45078', '16cbac16-c333-4013-974c-9f775c160e73', '10bbc173-4639-41ab-9761-f80d2c952a1a']}' {{(pid=111066) _task_receiver /usr/local/lib/python3.8/dist-packages/taskflow/listeners/logging.py:178}}
May 19 14:07:54.595426 dv-cinder-784815-14-smb devstack@c-api.service[111066]: DEBUG cinder.volume.api [None req-b24a7e33-fd81-4438-a44b-e83917519055 tempest-GroupSnapshotsTest-1753315172 tempest-GroupSnapshotsTest-1753315172-project] Task 'cinder.volume.flows.api.create_volume.EntryCreateTask;volume:create' (a1f3af2a-5911-4b36-8c8d-ad074a169f4c) transitioned into state 'RUNNING' from state 'PENDING' {{(pid=111066) _task_receiver /usr/local/lib/python3.8/dist-packages/taskflow/listeners/logging.py:190}}
May 19 14:07:54.612081 dv-cinder-784815-14-smb devstack@c-api.service[111065]: INFO cinder.api.openstack.wsgi [None req-23b753c2-6aca-40df-9c42-1b942ed51f42 tempest-QosSpecsTestJSON-673146521 tempest-QosSpecsTestJSON-673146521-project-admin] GET http://10.222.0.59/volume/v3/a7cf2bdaf8e34d2fbaf86edf51e7e5e6/qos-specs/93016838-2e43-4d13-88be-6b60f9705c88/associate?vol_type_id=d726db15-ae96-41a8-bc19-6281727c0485
May 19 14:07:54.612954 dv-cinder-784815-14-smb devstack@c-api.service[111065]: DEBUG cinder.api.openstack.wsgi [None req-23b753c2-6aca-40df-9c42-1b942ed51f42 tempest-QosSpecsTestJSON-673146521 tempest-QosSpecsTestJSON-673146521-project-admin] Empty body provided in request {{(pid=111065) get_body /opt/stack/cinder/cinder/api/openstack/wsgi.py:715}}
May 19 14:07:54.614671 dv-cinder-784815-14-smb devstack@c-api.service[111065]: DEBUG cinder.api.openstack.wsgi [None req-23b753c2-6aca-40df-9c42-1b942ed51f42 tempest-QosSpecsTestJSON-673146521 tempest-QosSpecsTestJSON-673146521-project-admin] Calling method 'associate' {{(pid=111065) _process_stack /opt/stack/cinder/cinder/api/openstack/wsgi.py:868}}
May 19 14:07:54.618171 dv-cinder-784815-14-smb devstack@c-api.service[111065]: /usr/local/lib/python3.8/dist-packages/oslo_context/context.py:100: DeprecationWarning: Policy enforcement is depending on the value of is_admin. This key is deprecated. Please update your policy file to use the standard policy values.
May 19 14:07:54.618171 dv-cinder-784815-14-smb devstack@c-api.service[111065]: warnings.warn('Policy enforcement is depending on the value of '
May 19 14:07:54.619555 dv-cinder-784815-14-smb devstack@c-api.service[111065]: DEBUG cinder.api.contrib.qos_specs_manage [None req-23b753c2-6aca-40df-9c42-1b942ed51f42 tempest-QosSpecsTestJSON-673146521 tempest-QosSpecsTestJSON-673146521-project-admin] Associate qos_spec: 93016838-2e43-4d13-88be-6b60f9705c88 with type: d726db15-ae96-41a8-bc19-6281727c0485 {{(pid=111065) associate /opt/stack/cinder/cinder/api/contrib/qos_specs_manage.py:275}}
May 19 14:07:54.701320 dv-cinder-784815-14-smb devstack@c-api.service[111066]: DEBUG cinder.volume.api [None req-b24a7e33-fd81-4438-a44b-e83917519055 tempest-GroupSnapshotsTest-1753315172 tempest-GroupSnapshotsTest-1753315172-project] Task 'cinder.volume.flows.api.create_volume.EntryCreateTask;volume:create' (a1f3af2a-5911-4b36-8c8d-ad074a169f4c) transitioned into state 'SUCCESS' from state 'RUNNING' with result '{'volume_id': '90a658fc-d5f3-46d4-8831-0c95229c6a6f', 'volume_properties': VolumeProperties(attach_status='detached',availability_zone='nova',cgsnapshot_id=None,consistencygroup_id=None,display_description=None,display_name='tempest-GroupSnapshotsTest-Volume-343615173',encryption_key_id=None,group_id=a3174513-9bd2-406f-b791-8371fb05ad35,group_type_id=,metadata={},multiattach=False,project_id='0480245b7538483daa9bd665f71ef225',qos_specs=None,replication_status=,reservations=['390e900c-0b15-4dbe-bae1-65034e0acb66','c776256d-c958-450d-98a4-d8c739d45078','16cbac16-c333-4013-974c-9f775c160e73','10bbc173-4639-41ab-9761-f80d2c952a1a'],size=1,snapshot_id=None,source_replicaid=,source_volid=None,status='creating',user_id='821868f7a1204bb2a755ca72351c0dbf',volume_type_id=134a4dda-5213-4149-829c-3c1979115185), 'volume': Volume(_name_id=None,admin_metadata=,attach_status='detached',availability_zone='nova',bootable=False,cluster=,cluster_name=None,consistencygroup=,consistencygroup_id=None,created_at=2022-05-19T14:07:54Z,deleted=False,deleted_at=None,display_description=None,display_name='tempest-GroupSnapshotsTest-Volume-343615173',ec2_id=None,encryption_key_id=None,glance_metadata=,group=,group_id=a3174513-9bd2-406f-b791-8371fb05ad35,host=None,id=90a658fc-d5f3-46d4-8831-0c95229c6a6f,launched_at=None,metadata={},migration_status=None,multiattach=False,previous_status=None,project_id='0480245b7538483daa9bd665f71ef225',provider_auth=None,provider_geometry=None,provider_id=None,provider_location=None,replication_driver_data=None,replication_extended_status=None,replication_status=None,scheduled_at=None,service_uuid=None,shared_targets=True,size=1,snapshot_id=None,snapshots=,source_volid=None,status='creating',terminated_at=None,updated_at=None,use_quota=True,user_id='821868f7a1204bb2a755ca72351c0dbf',volume_attachment=VolumeAttachmentList,volume_type=VolumeType(134a4dda-5213-4149-829c-3c1979115185),volume_type_id=134a4dda-5213-4149-829c-3c1979115185)}' {{(pid=111066) _task_receiver /usr/local/lib/python3.8/dist-packages/taskflow/listeners/logging.py:178}}
May 19 14:07:54.704122 dv-cinder-784815-14-smb devstack@c-api.service[111066]: DEBUG cinder.volume.api [None req-b24a7e33-fd81-4438-a44b-e83917519055 tempest-GroupSnapshotsTest-1753315172 tempest-GroupSnapshotsTest-1753315172-project] Task 'cinder.volume.flows.api.create_volume.QuotaCommitTask;volume:create' (2a442c02-efe9-4590-86cd-c2f05fe5fb2a) transitioned into state 'RUNNING' from state 'PENDING' {{(pid=111066) _task_receiver /usr/local/lib/python3.8/dist-packages/taskflow/listeners/logging.py:190}}
May 19 14:07:54.745223 dv-cinder-784815-14-smb devstack@c-api.service[111065]: INFO cinder.api.openstack.wsgi [None req-23b753c2-6aca-40df-9c42-1b942ed51f42 tempest-QosSpecsTestJSON-673146521 tempest-QosSpecsTestJSON-673146521-project-admin] http://10.222.0.59/volume/v3/a7cf2bdaf8e34d2fbaf86edf51e7e5e6/qos-specs/93016838-2e43-4d13-88be-6b60f9705c88/associate?vol_type_id=d726db15-ae96-41a8-bc19-6281727c0485 returned with HTTP 202
May 19 14:07:54.746395 dv-cinder-784815-14-smb devstack@c-api.service[111065]: [pid: 111065|app: 0|req: 144/269] 10.222.0.59 () {58 vars in 1457 bytes} [Thu May 19 14:07:54 2022] GET /volume/v3/a7cf2bdaf8e34d2fbaf86edf51e7e5e6/qos-specs/93016838-2e43-4d13-88be-6b60f9705c88/associate?vol_type_id=d726db15-ae96-41a8-bc19-6281727c0485 => generated 0 bytes in 165 msecs (HTTP/1.1 202) 6 headers in 233 bytes (1 switches on core 0)
May 19 14:07:54.752354 dv-cinder-784815-14-smb devstack@c-api.service[111065]: DEBUG cinder.api.middleware.request_id [None req-da1d0540-8d9a-4dc7-aa8d-9966f2c819c7 None None] RequestId filter calling following filter/app {{(pid=111065) _context_setter /opt/stack/cinder/cinder/api/middleware/request_id.py:62}}
May 19 14:07:54.759744 dv-cinder-784815-14-smb devstack@c-api.service[111065]: INFO cinder.api.openstack.wsgi [None req-da1d0540-8d9a-4dc7-aa8d-9966f2c819c7 tempest-QosSpecsTestJSON-673146521 tempest-QosSpecsTestJSON-673146521-project-admin] GET http://10.222.0.59/volume/v3/a7cf2bdaf8e34d2fbaf86edf51e7e5e6/qos-specs/93016838-2e43-4d13-88be-6b60f9705c88/associations
May 19 14:07:54.760492 dv-cinder-784815-14-smb devstack@c-api.service[111065]: DEBUG cinder.api.openstack.wsgi [None req-da1d0540-8d9a-4dc7-aa8d-9966f2c819c7 tempest-QosSpecsTestJSON-673146521 tempest-QosSpecsTestJSON-673146521-project-admin] Empty body provided in request {{(pid=111065) get_body /opt/stack/cinder/cinder/api/openstack/wsgi.py:715}}
May 19 14:07:54.761109 dv-cinder-784815-14-smb devstack@c-api.service[111065]: DEBUG cinder.api.openstack.wsgi [None req-da1d0540-8d9a-4dc7-aa8d-9966f2c819c7 tempest-QosSpecsTestJSON-673146521 tempest-QosSpecsTestJSON-673146521-project-admin] Calling method 'associations' {{(pid=111065) _process_stack /opt/stack/cinder/cinder/api/openstack/wsgi.py:868}}
May 19 14:07:54.762042 dv-cinder-784815-14-smb devstack@c-api.service[111065]: /usr/local/lib/python3.8/dist-packages/oslo_context/context.py:100: DeprecationWarning: Policy enforcement is depending on the value of is_admin. This key is deprecated. Please update your policy file to use the standard policy values.
May 19 14:07:54.762042 dv-cinder-784815-14-smb devstack@c-api.service[111065]: warnings.warn('Policy enforcement is depending on the value of '
May 19 14:07:54.762940 dv-cinder-784815-14-smb devstack@c-api.service[111065]: DEBUG cinder.api.contrib.qos_specs_manage [None req-da1d0540-8d9a-4dc7-aa8d-9966f2c819c7 tempest-QosSpecsTestJSON-673146521 tempest-QosSpecsTestJSON-673146521-project-admin] Get associations for qos_spec id: 93016838-2e43-4d13-88be-6b60f9705c88 {{(pid=111065) associations /opt/stack/cinder/cinder/api/contrib/qos_specs_manage.py:233}}
May 19 14:07:54.789077 dv-cinder-784815-14-smb devstack@c-api.service[111065]: INFO cinder.api.openstack.wsgi [None req-da1d0540-8d9a-4dc7-aa8d-9966f2c819c7 tempest-QosSpecsTestJSON-673146521 tempest-QosSpecsTestJSON-673146521-project-admin] http://10.222.0.59/volume/v3/a7cf2bdaf8e34d2fbaf86edf51e7e5e6/qos-specs/93016838-2e43-4d13-88be-6b60f9705c88/associations returned with HTTP 200
May 19 14:07:54.790586 dv-cinder-784815-14-smb devstack@c-api.service[111065]: [pid: 111065|app: 0|req: 145/270] 10.222.0.59 () {58 vars in 1369 bytes} [Thu May 19 14:07:54 2022] GET /volume/v3/a7cf2bdaf8e34d2fbaf86edf51e7e5e6/qos-specs/93016838-2e43-4d13-88be-6b60f9705c88/associations => generated 446 bytes in 39 msecs (HTTP/1.1 200) 7 headers in 285 bytes (2 switches on core 0)
May 19 14:07:54.802387 dv-cinder-784815-14-smb devstack@c-api.service[111065]: DEBUG cinder.api.middleware.request_id [None req-42899e23-af91-4f12-8a09-674a68ec805e None None] RequestId filter calling following filter/app {{(pid=111065) _context_setter /opt/stack/cinder/cinder/api/middleware/request_id.py:62}}
May 19 14:07:54.803960 dv-cinder-784815-14-smb devstack@c-api.service[111065]: INFO cinder.api.openstack.wsgi [None req-42899e23-af91-4f12-8a09-674a68ec805e tempest-QosSpecsTestJSON-673146521 tempest-QosSpecsTestJSON-673146521-project-admin] GET http://10.222.0.59/volume/v3/a7cf2bdaf8e34d2fbaf86edf51e7e5e6/qos-specs/93016838-2e43-4d13-88be-6b60f9705c88/disassociate?vol_type_id=b200905d-946a-4f75-bb8f-6b219ba08841
May 19 14:07:54.804591 dv-cinder-784815-14-smb devstack@c-api.service[111065]: DEBUG cinder.api.openstack.wsgi [None req-42899e23-af91-4f12-8a09-674a68ec805e tempest-QosSpecsTestJSON-673146521 tempest-QosSpecsTestJSON-673146521-project-admin] Empty body provided in request {{(pid=111065) get_body /opt/stack/cinder/cinder/api/openstack/wsgi.py:715}}
May 19 14:07:54.805195 dv-cinder-784815-14-smb devstack@c-api.service[111065]: DEBUG cinder.api.openstack.wsgi [None req-42899e23-af91-4f12-8a09-674a68ec805e tempest-QosSpecsTestJSON-673146521 tempest-QosSpecsTestJSON-673146521-project-admin] Calling method 'disassociate' {{(pid=111065) _process_stack /opt/stack/cinder/cinder/api/openstack/wsgi.py:868}}
May 19 14:07:54.806111 dv-cinder-784815-14-smb devstack@c-api.service[111065]: /usr/local/lib/python3.8/dist-packages/oslo_context/context.py:100: DeprecationWarning: Policy enforcement is depending on the value of is_admin. This key is deprecated. Please update your policy file to use the standard policy values.
May 19 14:07:54.806111 dv-cinder-784815-14-smb devstack@c-api.service[111065]: warnings.warn('Policy enforcement is depending on the value of '
May 19 14:07:54.807088 dv-cinder-784815-14-smb devstack@c-api.service[111065]: DEBUG cinder.api.contrib.qos_specs_manage [None req-42899e23-af91-4f12-8a09-674a68ec805e tempest-QosSpecsTestJSON-673146521 tempest-QosSpecsTestJSON-673146521-project-admin] Disassociate qos_spec: 93016838-2e43-4d13-88be-6b60f9705c88 from type: b200905d-946a-4f75-bb8f-6b219ba08841 {{(pid=111065) disassociate /opt/stack/cinder/cinder/api/contrib/qos_specs_manage.py:327}}
May 19 14:07:54.887739 dv-cinder-784815-14-smb devstack@c-api.service[111066]: DEBUG cinder.volume.api [None req-b24a7e33-fd81-4438-a44b-e83917519055 tempest-GroupSnapshotsTest-1753315172 tempest-GroupSnapshotsTest-1753315172-project] Task 'cinder.volume.flows.api.create_volume.QuotaCommitTask;volume:create' (2a442c02-efe9-4590-86cd-c2f05fe5fb2a) transitioned into state 'SUCCESS' from state 'RUNNING' with result '{'volume_properties': VolumeProperties(attach_status='detached',availability_zone='nova',cgsnapshot_id=None,consistencygroup_id=None,display_description=None,display_name='tempest-GroupSnapshotsTest-Volume-343615173',encryption_key_id=None,group_id=a3174513-9bd2-406f-b791-8371fb05ad35,group_type_id=,metadata={},multiattach=False,project_id='0480245b7538483daa9bd665f71ef225',qos_specs=None,replication_status=,reservations=['390e900c-0b15-4dbe-bae1-65034e0acb66','c776256d-c958-450d-98a4-d8c739d45078','16cbac16-c333-4013-974c-9f775c160e73','10bbc173-4639-41ab-9761-f80d2c952a1a'],size=1,snapshot_id=None,source_replicaid=,source_volid=None,status='creating',user_id='821868f7a1204bb2a755ca72351c0dbf',volume_type_id=134a4dda-5213-4149-829c-3c1979115185)}' {{(pid=111066) _task_receiver /usr/local/lib/python3.8/dist-packages/taskflow/listeners/logging.py:178}}
May 19 14:07:54.890761 dv-cinder-784815-14-smb devstack@c-api.service[111066]: DEBUG cinder.volume.api [None req-b24a7e33-fd81-4438-a44b-e83917519055 tempest-GroupSnapshotsTest-1753315172 tempest-GroupSnapshotsTest-1753315172-project] Task 'cinder.volume.flows.api.create_volume.VolumeCastTask;volume:create' (ea072ef0-077b-4a4b-9049-e542df952d29) transitioned into state 'RUNNING' from state 'PENDING' {{(pid=111066) _task_receiver /usr/local/lib/python3.8/dist-packages/taskflow/listeners/logging.py:190}}
May 19 14:07:54.915644 dv-cinder-784815-14-smb devstack@c-api.service[111065]: INFO cinder.api.openstack.wsgi [None req-42899e23-af91-4f12-8a09-674a68ec805e tempest-QosSpecsTestJSON-673146521 tempest-QosSpecsTestJSON-673146521-project-admin] http://10.222.0.59/volume/v3/a7cf2bdaf8e34d2fbaf86edf51e7e5e6/qos-specs/93016838-2e43-4d13-88be-6b60f9705c88/disassociate?vol_type_id=b200905d-946a-4f75-bb8f-6b219ba08841 returned with HTTP 202
May 19 14:07:54.917223 dv-cinder-784815-14-smb devstack@c-api.service[111065]: [pid: 111065|app: 0|req: 146/271] 10.222.0.59 () {58 vars in 1466 bytes} [Thu May 19 14:07:54 2022] GET /volume/v3/a7cf2bdaf8e34d2fbaf86edf51e7e5e6/qos-specs/93016838-2e43-4d13-88be-6b60f9705c88/disassociate?vol_type_id=b200905d-946a-4f75-bb8f-6b219ba08841 => generated 0 bytes in 120 msecs (HTTP/1.1 202) 6 headers in 233 bytes (1 switches on core 0)
May 19 14:07:54.930207 dv-cinder-784815-14-smb devstack@c-api.service[111065]: DEBUG cinder.api.middleware.request_id [None req-00500ba8-959c-4b21-ae56-4fd08d8dfbab None None] RequestId filter calling following filter/app {{(pid=111065) _context_setter /opt/stack/cinder/cinder/api/middleware/request_id.py:62}}
May 19 14:07:54.942036 dv-cinder-784815-14-smb devstack@c-api.service[111065]: INFO cinder.api.openstack.wsgi [None req-00500ba8-959c-4b21-ae56-4fd08d8dfbab tempest-QosSpecsTestJSON-673146521 tempest-QosSpecsTestJSON-673146521-project-admin] GET http://10.222.0.59/volume/v3/a7cf2bdaf8e34d2fbaf86edf51e7e5e6/qos-specs/93016838-2e43-4d13-88be-6b60f9705c88/associations
May 19 14:07:54.943504 dv-cinder-784815-14-smb devstack@c-api.service[111065]: DEBUG cinder.api.openstack.wsgi [None req-00500ba8-959c-4b21-ae56-4fd08d8dfbab tempest-QosSpecsTestJSON-673146521 tempest-QosSpecsTestJSON-673146521-project-admin] Empty body provided in request {{(pid=111065) get_body /opt/stack/cinder/cinder/api/openstack/wsgi.py:715}}
May 19 14:07:54.943953 dv-cinder-784815-14-smb devstack@c-api.service[111065]: DEBUG cinder.api.openstack.wsgi [None req-00500ba8-959c-4b21-ae56-4fd08d8dfbab tempest-QosSpecsTestJSON-673146521 tempest-QosSpecsTestJSON-673146521-project-admin] Calling method 'associations' {{(pid=111065) _process_stack /opt/stack/cinder/cinder/api/openstack/wsgi.py:868}}
May 19 14:07:54.944654 dv-cinder-784815-14-smb devstack@c-api.service[111065]: /usr/local/lib/python3.8/dist-packages/oslo_context/context.py:100: DeprecationWarning: Policy enforcement is depending on the value of is_admin. This key is deprecated. Please update your policy file to use the standard policy values.
May 19 14:07:54.944654 dv-cinder-784815-14-smb devstack@c-api.service[111065]: warnings.warn('Policy enforcement is depending on the value of '
May 19 14:07:54.945306 dv-cinder-784815-14-smb devstack@c-api.service[111065]: DEBUG cinder.api.contrib.qos_specs_manage [None req-00500ba8-959c-4b21-ae56-4fd08d8dfbab tempest-QosSpecsTestJSON-673146521 tempest-QosSpecsTestJSON-673146521-project-admin] Get associations for qos_spec id: 93016838-2e43-4d13-88be-6b60f9705c88 {{(pid=111065) associations /opt/stack/cinder/cinder/api/contrib/qos_specs_manage.py:233}}
May 19 14:07:54.963586 dv-cinder-784815-14-smb devstack@c-api.service[111065]: INFO cinder.api.openstack.wsgi [None req-00500ba8-959c-4b21-ae56-4fd08d8dfbab tempest-QosSpecsTestJSON-673146521 tempest-QosSpecsTestJSON-673146521-project-admin] http://10.222.0.59/volume/v3/a7cf2bdaf8e34d2fbaf86edf51e7e5e6/qos-specs/93016838-2e43-4d13-88be-6b60f9705c88/associations returned with HTTP 200
May 19 14:07:54.964672 dv-cinder-784815-14-smb devstack@c-api.service[111065]: [pid: 111065|app: 0|req: 147/272] 10.222.0.59 () {58 vars in 1369 bytes} [Thu May 19 14:07:54 2022] GET /volume/v3/a7cf2bdaf8e34d2fbaf86edf51e7e5e6/qos-specs/93016838-2e43-4d13-88be-6b60f9705c88/associations => generated 304 bytes in 36 msecs (HTTP/1.1 200) 7 headers in 285 bytes (1 switches on core 0)
May 19 14:07:54.972137 dv-cinder-784815-14-smb devstack@c-api.service[111065]: DEBUG cinder.api.middleware.request_id [None req-b0bdb893-e870-4114-8df8-4a102ede731b None None] RequestId filter calling following filter/app {{(pid=111065) _context_setter /opt/stack/cinder/cinder/api/middleware/request_id.py:62}}
May 19 14:07:54.984145 dv-cinder-784815-14-smb devstack@c-api.service[111066]: DEBUG cinder.volume.api [None req-b24a7e33-fd81-4438-a44b-e83917519055 tempest-GroupSnapshotsTest-1753315172 tempest-GroupSnapshotsTest-1753315172-project] Task 'cinder.volume.flows.api.create_volume.VolumeCastTask;volume:create' (ea072ef0-077b-4a4b-9049-e542df952d29) transitioned into state 'SUCCESS' from state 'RUNNING' with result 'None' {{(pid=111066) _task_receiver /usr/local/lib/python3.8/dist-packages/taskflow/listeners/logging.py:178}}
May 19 14:07:54.986821 dv-cinder-784815-14-smb devstack@c-api.service[111066]: DEBUG cinder.volume.api [None req-b24a7e33-fd81-4438-a44b-e83917519055 tempest-GroupSnapshotsTest-1753315172 tempest-GroupSnapshotsTest-1753315172-project] Flow 'volume_create_api' (c0aefe17-4fe4-4462-b655-b108f8621cc7) transitioned into state 'SUCCESS' from state 'RUNNING' {{(pid=111066) _flow_receiver /usr/local/lib/python3.8/dist-packages/taskflow/listeners/logging.py:141}}
May 19 14:07:54.987535 dv-cinder-784815-14-smb devstack@c-api.service[111066]: INFO cinder.volume.api [None req-b24a7e33-fd81-4438-a44b-e83917519055 tempest-GroupSnapshotsTest-1753315172 tempest-GroupSnapshotsTest-1753315172-project] Create volume request issued successfully.
May 19 14:07:54.988944 dv-cinder-784815-14-smb devstack@c-api.service[111066]: WARNING stevedore.named [None req-b24a7e33-fd81-4438-a44b-e83917519055 tempest-GroupSnapshotsTest-1753315172 tempest-GroupSnapshotsTest-1753315172-project] Could not load cinder.keymgr.conf_key_mgr.ConfKeyManager
May 19 14:07:54.989321 dv-cinder-784815-14-smb devstack@c-api.service[111066]: WARNING castellan.key_manager [None req-b24a7e33-fd81-4438-a44b-e83917519055 tempest-GroupSnapshotsTest-1753315172 tempest-GroupSnapshotsTest-1753315172-project] Deprecation Warning : cinder.keymgr.conf_key_mgr.ConfKeyManager is not a stevedore based driver, trying to load it as a class: stevedore.exception.NoMatches: No 'castellan.drivers' driver found, looking for 'cinder.keymgr.conf_key_mgr.ConfKeyManager'
May 19 14:07:55.004954 dv-cinder-784815-14-smb devstack@c-api.service[111065]: INFO cinder.api.openstack.wsgi [None req-b0bdb893-e870-4114-8df8-4a102ede731b tempest-QosSpecsTestJSON-673146521 tempest-QosSpecsTestJSON-673146521-project-admin] GET http://10.222.0.59/volume/v3/a7cf2bdaf8e34d2fbaf86edf51e7e5e6/qos-specs/93016838-2e43-4d13-88be-6b60f9705c88/disassociate_all
May 19 14:07:55.005621 dv-cinder-784815-14-smb devstack@c-api.service[111065]: DEBUG cinder.api.openstack.wsgi [None req-b0bdb893-e870-4114-8df8-4a102ede731b tempest-QosSpecsTestJSON-673146521 tempest-QosSpecsTestJSON-673146521-project-admin] Empty body provided in request {{(pid=111065) get_body /opt/stack/cinder/cinder/api/openstack/wsgi.py:715}}
May 19 14:07:55.006262 dv-cinder-784815-14-smb devstack@c-api.service[111065]: DEBUG cinder.api.openstack.wsgi [None req-b0bdb893-e870-4114-8df8-4a102ede731b tempest-QosSpecsTestJSON-673146521 tempest-QosSpecsTestJSON-673146521-project-admin] Calling method 'disassociate_all' {{(pid=111065) _process_stack /opt/stack/cinder/cinder/api/openstack/wsgi.py:868}}
May 19 14:07:55.009322 dv-cinder-784815-14-smb devstack@c-api.service[111065]: /usr/local/lib/python3.8/dist-packages/oslo_context/context.py:100: DeprecationWarning: Policy enforcement is depending on the value of is_admin. This key is deprecated. Please update your policy file to use the standard policy values.
May 19 14:07:55.009322 dv-cinder-784815-14-smb devstack@c-api.service[111065]: warnings.warn('Policy enforcement is depending on the value of '
May 19 14:07:55.017150 dv-cinder-784815-14-smb devstack@c-api.service[111065]: DEBUG cinder.api.contrib.qos_specs_manage [None req-b0bdb893-e870-4114-8df8-4a102ede731b tempest-QosSpecsTestJSON-673146521 tempest-QosSpecsTestJSON-673146521-project-admin] Disassociate qos_spec: 93016838-2e43-4d13-88be-6b60f9705c88 from all. {{(pid=111065) disassociate_all /opt/stack/cinder/cinder/api/contrib/qos_specs_manage.py:361}}
May 19 14:07:55.017346 dv-cinder-784815-14-smb devstack@c-api.service[111066]: DEBUG oslo_db.sqlalchemy.engines [None req-b24a7e33-fd81-4438-a44b-e83917519055 tempest-GroupSnapshotsTest-1753315172 tempest-GroupSnapshotsTest-1753315172-project] MySQL server mode set to STRICT_TRANS_TABLES,STRICT_ALL_TABLES,NO_ZERO_IN_DATE,NO_ZERO_DATE,ERROR_FOR_DIVISION_BY_ZERO,TRADITIONAL,NO_ENGINE_SUBSTITUTION {{(pid=111066) _check_effective_sql_mode /usr/local/lib/python3.8/dist-packages/oslo_db/sqlalchemy/engines.py:314}}
May 19 14:07:55.045948 dv-cinder-784815-14-smb devstack@c-api.service[111066]: /usr/local/lib/python3.8/dist-packages/oslo_context/context.py:100: DeprecationWarning: Policy enforcement is depending on the value of is_admin. This key is deprecated. Please update your policy file to use the standard policy values.
May 19 14:07:55.045948 dv-cinder-784815-14-smb devstack@c-api.service[111066]: warnings.warn('Policy enforcement is depending on the value of '
May 19 14:07:55.061766 dv-cinder-784815-14-smb devstack@c-api.service[111066]: INFO cinder.api.openstack.wsgi [None req-b24a7e33-fd81-4438-a44b-e83917519055 tempest-GroupSnapshotsTest-1753315172 tempest-GroupSnapshotsTest-1753315172-project] http://10.222.0.59/volume/v3/0480245b7538483daa9bd665f71ef225/volumes returned with HTTP 202
May 19 14:07:55.063161 dv-cinder-784815-14-smb devstack@c-api.service[111066]: [pid: 111066|app: 0|req: 126/273] 10.222.0.59 () {62 vars in 1276 bytes} [Thu May 19 14:07:54 2022] POST /volume/v3/0480245b7538483daa9bd665f71ef225/volumes => generated 907 bytes in 997 msecs (HTTP/1.1 202) 7 headers in 292 bytes (1 switches on core 0)
May 19 14:07:55.074013 dv-cinder-784815-14-smb devstack@c-api.service[111066]: DEBUG cinder.api.middleware.request_id [None req-74a7955a-c15e-4f17-8c65-a34f187ea8cd None None] RequestId filter calling following filter/app {{(pid=111066) _context_setter /opt/stack/cinder/cinder/api/middleware/request_id.py:62}}
May 19 14:07:55.080114 dv-cinder-784815-14-smb devstack@c-api.service[111066]: INFO cinder.api.openstack.wsgi [None req-74a7955a-c15e-4f17-8c65-a34f187ea8cd tempest-GroupSnapshotsTest-1753315172 tempest-GroupSnapshotsTest-1753315172-project] GET http://10.222.0.59/volume/v3/0480245b7538483daa9bd665f71ef225/volumes/90a658fc-d5f3-46d4-8831-0c95229c6a6f
May 19 14:07:55.081084 dv-cinder-784815-14-smb devstack@c-api.service[111066]: DEBUG cinder.api.openstack.wsgi [None req-74a7955a-c15e-4f17-8c65-a34f187ea8cd tempest-GroupSnapshotsTest-1753315172 tempest-GroupSnapshotsTest-1753315172-project] Empty body provided in request {{(pid=111066) get_body /opt/stack/cinder/cinder/api/openstack/wsgi.py:715}}
May 19 14:07:55.081928 dv-cinder-784815-14-smb devstack@c-api.service[111066]: DEBUG cinder.api.openstack.wsgi [None req-74a7955a-c15e-4f17-8c65-a34f187ea8cd tempest-GroupSnapshotsTest-1753315172 tempest-GroupSnapshotsTest-1753315172-project] Calling method 'show' {{(pid=111066) _process_stack /opt/stack/cinder/cinder/api/openstack/wsgi.py:868}}
May 19 14:07:55.110133 dv-cinder-784815-14-smb devstack@c-api.service[111066]: /usr/local/lib/python3.8/dist-packages/oslo_context/context.py:100: DeprecationWarning: Policy enforcement is depending on the value of is_admin. This key is deprecated. Please update your policy file to use the standard policy values.
May 19 14:07:55.110133 dv-cinder-784815-14-smb devstack@c-api.service[111066]: warnings.warn('Policy enforcement is depending on the value of '
May 19 14:07:55.129851 dv-cinder-784815-14-smb devstack@c-api.service[111066]: INFO cinder.volume.api [None req-74a7955a-c15e-4f17-8c65-a34f187ea8cd tempest-GroupSnapshotsTest-1753315172 tempest-GroupSnapshotsTest-1753315172-project] Volume info retrieved successfully.
May 19 14:07:55.132750 dv-cinder-784815-14-smb devstack@c-api.service[111066]: WARNING stevedore.named [None req-74a7955a-c15e-4f17-8c65-a34f187ea8cd tempest-GroupSnapshotsTest-1753315172 tempest-GroupSnapshotsTest-1753315172-project] Could not load cinder.keymgr.conf_key_mgr.ConfKeyManager
May 19 14:07:55.133441 dv-cinder-784815-14-smb devstack@c-api.service[111066]: WARNING castellan.key_manager [None req-74a7955a-c15e-4f17-8c65-a34f187ea8cd tempest-GroupSnapshotsTest-1753315172 tempest-GroupSnapshotsTest-1753315172-project] Deprecation Warning : cinder.keymgr.conf_key_mgr.ConfKeyManager is not a stevedore based driver, trying to load it as a class: stevedore.exception.NoMatches: No 'castellan.drivers' driver found, looking for 'cinder.keymgr.conf_key_mgr.ConfKeyManager'
May 19 14:07:55.139562 dv-cinder-784815-14-smb devstack@c-api.service[111065]: INFO cinder.api.openstack.wsgi [None req-b0bdb893-e870-4114-8df8-4a102ede731b tempest-QosSpecsTestJSON-673146521 tempest-QosSpecsTestJSON-673146521-project-admin] http://10.222.0.59/volume/v3/a7cf2bdaf8e34d2fbaf86edf51e7e5e6/qos-specs/93016838-2e43-4d13-88be-6b60f9705c88/disassociate_all returned with HTTP 202
May 19 14:07:55.140689 dv-cinder-784815-14-smb devstack@c-api.service[111065]: [pid: 111065|app: 0|req: 148/274] 10.222.0.59 () {58 vars in 1381 bytes} [Thu May 19 14:07:54 2022] GET /volume/v3/a7cf2bdaf8e34d2fbaf86edf51e7e5e6/qos-specs/93016838-2e43-4d13-88be-6b60f9705c88/disassociate_all => generated 0 bytes in 170 msecs (HTTP/1.1 202) 6 headers in 233 bytes (1 switches on core 0)
May 19 14:07:55.142359 dv-cinder-784815-14-smb devstack@c-api.service[111065]: DEBUG cinder.api.middleware.request_id [None req-9aa5e20c-4ad5-4991-a05e-1aa1ba1136fb None None] RequestId filter calling following filter/app {{(pid=111065) _context_setter /opt/stack/cinder/cinder/api/middleware/request_id.py:62}}
May 19 14:07:55.145035 dv-cinder-784815-14-smb devstack@c-api.service[111066]: DEBUG oslo_db.sqlalchemy.engines [None req-74a7955a-c15e-4f17-8c65-a34f187ea8cd tempest-GroupSnapshotsTest-1753315172 tempest-GroupSnapshotsTest-1753315172-project] MySQL server mode set to STRICT_TRANS_TABLES,STRICT_ALL_TABLES,NO_ZERO_IN_DATE,NO_ZERO_DATE,ERROR_FOR_DIVISION_BY_ZERO,TRADITIONAL,NO_ENGINE_SUBSTITUTION {{(pid=111066) _check_effective_sql_mode /usr/local/lib/python3.8/dist-packages/oslo_db/sqlalchemy/engines.py:314}}
May 19 14:07:55.149671 dv-cinder-784815-14-smb devstack@c-api.service[111065]: INFO cinder.api.openstack.wsgi [None req-9aa5e20c-4ad5-4991-a05e-1aa1ba1136fb tempest-VolumeTypesAccessTest-881688945 tempest-VolumeTypesAccessTest-881688945-project] GET http://10.222.0.59/volume/v3/1904ea84ce4e4d48be0a0e67e467fad9/volumes/3988e8bb-d019-4adf-b514-330b38e99d5f
May 19 14:07:55.149671 dv-cinder-784815-14-smb devstack@c-api.service[111065]: DEBUG cinder.api.openstack.wsgi [None req-9aa5e20c-4ad5-4991-a05e-1aa1ba1136fb tempest-VolumeTypesAccessTest-881688945 tempest-VolumeTypesAccessTest-881688945-project] Empty body provided in request {{(pid=111065) get_body /opt/stack/cinder/cinder/api/openstack/wsgi.py:715}}
May 19 14:07:55.149671 dv-cinder-784815-14-smb devstack@c-api.service[111065]: DEBUG cinder.api.openstack.wsgi [None req-9aa5e20c-4ad5-4991-a05e-1aa1ba1136fb tempest-VolumeTypesAccessTest-881688945 tempest-VolumeTypesAccessTest-881688945-project] Calling method 'show' {{(pid=111065) _process_stack /opt/stack/cinder/cinder/api/openstack/wsgi.py:868}}
May 19 14:07:55.151392 dv-cinder-784815-14-smb devstack@c-api.service[111066]: /usr/local/lib/python3.8/dist-packages/oslo_context/context.py:100: DeprecationWarning: Policy enforcement is depending on the value of is_admin. This key is deprecated. Please update your policy file to use the standard policy values.
May 19 14:07:55.151392 dv-cinder-784815-14-smb devstack@c-api.service[111066]: warnings.warn('Policy enforcement is depending on the value of '
May 19 14:07:55.170410 dv-cinder-784815-14-smb devstack@c-api.service[111066]: INFO cinder.api.openstack.wsgi [None req-74a7955a-c15e-4f17-8c65-a34f187ea8cd tempest-GroupSnapshotsTest-1753315172 tempest-GroupSnapshotsTest-1753315172-project] http://10.222.0.59/volume/v3/0480245b7538483daa9bd665f71ef225/volumes/90a658fc-d5f3-46d4-8831-0c95229c6a6f returned with HTTP 200
May 19 14:07:55.180103 dv-cinder-784815-14-smb devstack@c-api.service[111066]: [pid: 111066|app: 0|req: 127/275] 10.222.0.59 () {60 vars in 1365 bytes} [Thu May 19 14:07:55 2022] GET /volume/v3/0480245b7538483daa9bd665f71ef225/volumes/90a658fc-d5f3-46d4-8831-0c95229c6a6f => generated 975 bytes in 99 msecs (HTTP/1.1 200) 7 headers in 286 bytes (2 switches on core 0)
May 19 14:07:55.180103 dv-cinder-784815-14-smb devstack@c-api.service[111066]: DEBUG cinder.api.middleware.request_id [None req-11472663-aade-46d1-a9c5-0442d45ee326 None None] RequestId filter calling following filter/app {{(pid=111066) _context_setter /opt/stack/cinder/cinder/api/middleware/request_id.py:62}}
May 19 14:07:55.180103 dv-cinder-784815-14-smb devstack@c-api.service[111066]: INFO cinder.api.openstack.wsgi [None req-11472663-aade-46d1-a9c5-0442d45ee326 tempest-QosSpecsTestJSON-673146521 tempest-QosSpecsTestJSON-673146521-project-admin] GET http://10.222.0.59/volume/v3/a7cf2bdaf8e34d2fbaf86edf51e7e5e6/qos-specs/93016838-2e43-4d13-88be-6b60f9705c88/associations
May 19 14:07:55.180103 dv-cinder-784815-14-smb devstack@c-api.service[111066]: DEBUG cinder.api.openstack.wsgi [None req-11472663-aade-46d1-a9c5-0442d45ee326 tempest-QosSpecsTestJSON-673146521 tempest-QosSpecsTestJSON-673146521-project-admin] Empty body provided in request {{(pid=111066) get_body /opt/stack/cinder/cinder/api/openstack/wsgi.py:715}}
May 19 14:07:55.180103 dv-cinder-784815-14-smb devstack@c-api.service[111066]: DEBUG cinder.api.openstack.wsgi [None req-11472663-aade-46d1-a9c5-0442d45ee326 tempest-QosSpecsTestJSON-673146521 tempest-QosSpecsTestJSON-673146521-project-admin] Calling method 'associations' {{(pid=111066) _process_stack /opt/stack/cinder/cinder/api/openstack/wsgi.py:868}}
May 19 14:07:55.181820 dv-cinder-784815-14-smb devstack@c-api.service[111066]: DEBUG cinder.api.contrib.qos_specs_manage [None req-11472663-aade-46d1-a9c5-0442d45ee326 tempest-QosSpecsTestJSON-673146521 tempest-QosSpecsTestJSON-673146521-project-admin] Get associations for qos_spec id: 93016838-2e43-4d13-88be-6b60f9705c88 {{(pid=111066) associations /opt/stack/cinder/cinder/api/contrib/qos_specs_manage.py:233}}
May 19 14:07:55.198967 dv-cinder-784815-14-smb devstack@c-api.service[111065]: /usr/local/lib/python3.8/dist-packages/oslo_context/context.py:100: DeprecationWarning: Policy enforcement is depending on the value of is_admin. This key is deprecated. Please update your policy file to use the standard policy values.
May 19 14:07:55.198967 dv-cinder-784815-14-smb devstack@c-api.service[111065]: warnings.warn('Policy enforcement is depending on the value of '
May 19 14:07:55.235798 dv-cinder-784815-14-smb devstack@c-api.service[111065]: INFO cinder.volume.api [None req-9aa5e20c-4ad5-4991-a05e-1aa1ba1136fb tempest-VolumeTypesAccessTest-881688945 tempest-VolumeTypesAccessTest-881688945-project] Volume info retrieved successfully.
May 19 14:07:55.240068 dv-cinder-784815-14-smb devstack@c-api.service[111066]: INFO cinder.api.openstack.wsgi [None req-11472663-aade-46d1-a9c5-0442d45ee326 tempest-QosSpecsTestJSON-673146521 tempest-QosSpecsTestJSON-673146521-project-admin] http://10.222.0.59/volume/v3/a7cf2bdaf8e34d2fbaf86edf51e7e5e6/qos-specs/93016838-2e43-4d13-88be-6b60f9705c88/associations returned with HTTP 200
May 19 14:07:55.242477 dv-cinder-784815-14-smb devstack@c-api.service[111065]: INFO cinder.api.openstack.wsgi [None req-9aa5e20c-4ad5-4991-a05e-1aa1ba1136fb tempest-VolumeTypesAccessTest-881688945 tempest-VolumeTypesAccessTest-881688945-project] http://10.222.0.59/volume/v3/1904ea84ce4e4d48be0a0e67e467fad9/volumes/3988e8bb-d019-4adf-b514-330b38e99d5f returned with HTTP 200
May 19 14:07:55.243045 dv-cinder-784815-14-smb devstack@c-api.service[111066]: [pid: 111066|app: 0|req: 128/276] 10.222.0.59 () {58 vars in 1369 bytes} [Thu May 19 14:07:55 2022] GET /volume/v3/a7cf2bdaf8e34d2fbaf86edf51e7e5e6/qos-specs/93016838-2e43-4d13-88be-6b60f9705c88/associations => generated 24 bytes in 71 msecs (HTTP/1.1 200) 7 headers in 284 bytes (1 switches on core 0)
May 19 14:07:55.254816 dv-cinder-784815-14-smb devstack@c-api.service[111066]: DEBUG cinder.api.middleware.request_id [None req-cae4c412-ba4d-4294-b327-839cc4fa3f9a None None] RequestId filter calling following filter/app {{(pid=111066) _context_setter /opt/stack/cinder/cinder/api/middleware/request_id.py:62}}
May 19 14:07:55.256626 dv-cinder-784815-14-smb devstack@c-api.service[111065]: [pid: 111065|app: 0|req: 149/277] 10.222.0.59 () {58 vars in 1324 bytes} [Thu May 19 14:07:55 2022] GET /volume/v3/1904ea84ce4e4d48be0a0e67e467fad9/volumes/3988e8bb-d019-4adf-b514-330b38e99d5f => generated 951 bytes in 115 msecs (HTTP/1.1 200) 7 headers in 285 bytes (1 switches on core 0)
May 19 14:07:55.261283 dv-cinder-784815-14-smb devstack@c-api.service[111066]: INFO cinder.api.openstack.wsgi [None req-cae4c412-ba4d-4294-b327-839cc4fa3f9a tempest-QosSpecsTestJSON-673146521 tempest-QosSpecsTestJSON-673146521-project-admin] POST http://10.222.0.59/volume/v3/a7cf2bdaf8e34d2fbaf86edf51e7e5e6/qos-specs
May 19 14:07:55.265795 dv-cinder-784815-14-smb devstack@c-api.service[111066]: DEBUG cinder.api.openstack.wsgi [None req-cae4c412-ba4d-4294-b327-839cc4fa3f9a tempest-QosSpecsTestJSON-673146521 tempest-QosSpecsTestJSON-673146521-project-admin] Action: 'create', calling method: create, body: {"qos_specs": {"name": "tempest-QosSpecsTestJSON-qos-220361819", "consumer": "back-end"}} {{(pid=111066) _process_stack /opt/stack/cinder/cinder/api/openstack/wsgi.py:866}}
May 19 14:07:55.268325 dv-cinder-784815-14-smb devstack@c-api.service[111066]: /usr/local/lib/python3.8/dist-packages/oslo_context/context.py:100: DeprecationWarning: Policy enforcement is depending on the value of is_admin. This key is deprecated. Please update your policy file to use the standard policy values.
May 19 14:07:55.268325 dv-cinder-784815-14-smb devstack@c-api.service[111066]: warnings.warn('Policy enforcement is depending on the value of '
May 19 14:07:55.272100 dv-cinder-784815-14-smb devstack@c-api.service[111066]: DEBUG cinder.volume.qos_specs [None req-cae4c412-ba4d-4294-b327-839cc4fa3f9a tempest-QosSpecsTestJSON-673146521 tempest-QosSpecsTestJSON-673146521-project-admin] Dict for qos_specs: {'name': 'tempest-QosSpecsTestJSON-qos-220361819', 'consumer': 'back-end', 'specs': {}} {{(pid=111066) create /opt/stack/cinder/cinder/volume/qos_specs.py:64}}
May 19 14:07:55.286318 dv-cinder-784815-14-smb devstack@c-api.service[111066]: DEBUG cinder.db.sqlalchemy.api [None req-cae4c412-ba4d-4294-b327-839cc4fa3f9a tempest-QosSpecsTestJSON-673146521 tempest-QosSpecsTestJSON-673146521-project-admin] DB qos_specs_create(): root {'id': '9e71e6e3-1c68-4462-8e7e-40a928a732e6', 'key': 'QoS_Specs_Name', 'value': 'tempest-QosSpecsTestJSON-qos-220361819'} {{(pid=111066) qos_specs_create /opt/stack/cinder/cinder/db/sqlalchemy/api.py:5255}}
