May 10 19:22:24.053970 dv-cinder-784815-13-smb neutron-server[103494]: DEBUG neutron.db.l3_hamode_db [None req-f98463bf-7d9f-4203-8345-3b7261a5127a None None] neutron.services.l3_router.l3_router_plugin.L3RouterPlugin method _process_sync_ha_data called with arguments (, [{'id': 'b400d0de-9296-4e8e-96bd-f6173eb03624', 'name': 'tempest-AttachVolumeTestJSON-788943187-router', 'tenant_id': '0bdb4c7a908441aaa6231442f9ce04db', 'admin_state_up': True, 'status': 'ACTIVE', 'external_gateway_info': {'network_id': 'a86a138b-bf48-4b57-b0dc-1b9b5739c0ad', 'external_fixed_ips': [{'subnet_id': '407dd1e4-4156-4458-8c00-74100878d91d', 'ip_address': '172.28.0.198'}], 'enable_snat': True}, 'gw_port_id': '5b1076fe-52f9-48a3-b8da-911c1b1c0686', 'description': '', 'availability_zones': ['nova'], 'distributed': False, 'ha': False, 'ha_vr_id': 0, 'availability_zone_hints': [], 'routes': [], 'flavor_id': None, 'tags': [], 'created_at': '2022-05-10T19:21:17Z', 'updated_at': '2022-05-10T19:21:24Z', 'revision_number': 4, 'project_id': '0bdb4c7a908441aaa6231442f9ce04db', 'gw_port': {'id': '5b1076fe-52f9-48a3-b8da-911c1b1c0686', 'name': '', 'network_id': 'a86a138b-bf48-4b57-b0dc-1b9b5739c0ad', 'tenant_id': '', 'mac_address': 'fa:16:3e:54:d8:c7', 'admin_state_up': True, 'status': 'ACTIVE', 'device_id': 'b400d0de-9296-4e8e-96bd-f6173eb03624', 'device_owner': 'network:router_gateway', 'standard_attr_id': 80, 'fixed_ips': [{'subnet_id': '407dd1e4-4156-4458-8c00-74100878d91d', 'ip_address': '172.28.0.198', 'prefixlen': 24}], 'allowed_address_pairs': [], 'extra_dhcp_opts': [], 'security_groups': [], 'description': '', 'binding:vnic_type': 'normal', 'binding:profile': {}, 'binding:host_id': 'dv-cinder-784815-13-smb', 'binding:vif_type': 'ovs', 'binding:vif_details': {'connectivity': 'l2', 'port_filter': True, 'ovs_hybrid_plug': False, 'datapath_type': 'system', 'bridge_name': 'br-int', 'bound_drivers': {'0': 'openvswitch'}}, 'port_security_enabled': False, 'tags': [], 'created_at': '2022-05-10T19:21:18Z', 'updated_at': '2022-05-10T19:21:32Z', 'revision_number': 4, 'project_id': '', 'subnets': [{'id': '407dd1e4-4156-4458-8c00-74100878d91d', 'cidr': '172.28.0.0/24', 'gateway_ip': '172.28.0.1', 'dns_nameservers': [], 'ipv6_ra_mode': None, 'subnetpool_id': None}], 'extra_subnets': [], 'address_scopes': {4: None, 6: None}, 'mtu': 1500}, 'enable_snat': True, 'gw_port_host': 'dv-cinder-784815-13-smb', '_floatingips': [{'id': '98d87cb1-4e71-41b5-8328-1be661ba9a68', 'tenant_id': '0bdb4c7a908441aaa6231442f9ce04db', 'floating_ip_address': '172.28.0.240', 'floating_network_id': 'a86a138b-bf48-4b57-b0dc-1b9b5739c0ad', 'router_id': 'b400d0de-9296-4e8e-96bd-f6173eb03624', 'port_id': '0b56ec44-9ed7-4e0c-b2e7-b13e0bd1c1e5', 'fixed_ip_address': '172.20.0.10', 'status': 'DOWN', 'standard_attr_id': 117, 'description': '', 'qos_policy_id': None, 'qos_network_policy_id': None, 'port_details': {'name': '', 'network_id': '3579c165-2e68-4b9c-8f35-29d1be88a861', 'mac_address': 'fa:16:3e:c9:1d:dc', 'admin_state_up': True, 'status': 'ACTIVE', 'device_id': '049be418-8fb2-4e26-8a92-109351e87b44', 'device_owner': 'compute:nova'}, 'dns_domain': '', 'dns_name': '', 'tags': [], 'created_at': '2022-05-10T19:21:35Z', 'updated_at': '2022-05-10T19:22:21Z', 'revision_number': 1, 'project_id': '0bdb4c7a908441aaa6231442f9ce04db', 'fixed_ip_address_scope': None}], '_interfaces': [{'id': 'b12ed12a-ec6a-4708-acbf-446b4928c53e', 'name': '', 'network_id': '3579c165-2e68-4b9c-8f35-29d1be88a861', 'tenant_id': '0bdb4c7a908441aaa6231442f9ce04db', 'mac_address': 'fa:16:3e:d4:7b:8a', 'admin_state_up': True, 'status': 'ACTIVE', 'device_id': 'b400d0de-9296-4e8e-96bd-f6173eb03624', 'device_owner': 'network:router_interface', 'standard_attr_id': 87, 'fixed_ips': [{'subnet_id': '01536353-90b2-4ea7-a41a-7b7016485223', 'ip_address': '172.20.0.1', 'prefixlen': 28}], 'allowed_address_pairs': [], 'extra_dhcp_opts': [], 'security_groups': [], 'description': '', 'binding:vnic_type': 'normal', 'binding:profile': {}, 'binding:host_id': 'dv-cinder-784815-13-smb', 'binding:vif_type': 'ovs', 'binding:vif_details': {'connectivity': 'l2', 'port_filter': True, 'ovs_hybrid_plug': False, 'datapath_type': 'system', 'bridge_name': 'br-int', 'bound_drivers': {'0': 'openvswitch'}}, 'port_security_enabled': False, 'tags': [], 'created_at': '2022-05-10T19:21:23Z', 'updated_at': '2022-05-10T19:21:41Z', 'revision_number': 5, 'project_id': '0bdb4c7a908441aaa6231442f9ce04db', 'subnets': [{'id': '01536353-90b2-4ea7-a41a-7b7016485223', 'cidr': '172.20.0.0/28', 'gateway_ip': '172.20.0.1', 'dns_nameservers': [], 'ipv6_ra_mode': None, 'subnetpool_id': None}], 'extra_subnets': [], 'address_scopes': {4: None, 6: None}, 'mtu': 1500}]}], 'dv-cinder-784815-13-smb', False) {} {{(pid=103494) wrapper /usr/local/lib/python3.8/dist-packages/oslo_log/helpers.py:65}}
May 10 19:22:24.056526 dv-cinder-784815-13-smb neutron-server[103491]: DEBUG neutron_lib.callbacks.manager [None req-513946bc-ef4a-434b-b31f-fc9c59167950 admin admin] Publish callbacks ['neutron.plugins.ml2.plugin.Ml2Plugin._network_delete_after_delete_handler-1950505', 'neutron.plugins.ml2.ovo_rpc._ObjectChangeHandler.handle_event-801133', 'neutron.api.rpc.agentnotifiers.dhcp_rpc_agent_api.DhcpAgentNotifyAPI._native_event_send_dhcp_notification-762697', 'neutron.services.l3_router.l3_router_plugin.DVRResourceOperationHandler.delete_fip_namespaces_for_ext_net-657720'] for network (55989dfb-bdab-4745-a74f-9295090e36ac), after_delete {{(pid=103491) _notify_loop /usr/local/lib/python3.8/dist-packages/neutron_lib/callbacks/manager.py:176}}
May 10 19:22:24.063158 dv-cinder-784815-13-smb neutron-server[103491]: DEBUG neutron_lib.callbacks.manager [None req-513946bc-ef4a-434b-b31f-fc9c59167950 admin admin] Publish callbacks ['neutron.api.rpc.agentnotifiers.dhcp_rpc_agent_api.DhcpAgentNotifyAPI._send_dhcp_notification-762687'] for network (None), before_response {{(pid=103491) _notify_loop /usr/local/lib/python3.8/dist-packages/neutron_lib/callbacks/manager.py:176}}
May 10 19:22:24.066353 dv-cinder-784815-13-smb neutron-server[103491]: INFO neutron.wsgi [None req-513946bc-ef4a-434b-b31f-fc9c59167950 admin admin] 10.222.0.59 "DELETE /v2.0/networks/55989dfb-bdab-4745-a74f-9295090e36ac HTTP/1.1" status: 204 len: 168 time: 0.5029500
May 10 19:22:24.082914 dv-cinder-784815-13-smb neutron-server[103491]: DEBUG neutron.api.rpc.handlers.resources_rpc [None req-513946bc-ef4a-434b-b31f-fc9c59167950 admin admin] Pushing event deleted for resources: {'Network': ['ID=55989dfb-bdab-4745-a74f-9295090e36ac,revision_number=None']} {{(pid=103491) push /opt/stack/neutron/neutron/api/rpc/handlers/resources_rpc.py:237}}
May 10 19:22:24.102818 dv-cinder-784815-13-smb neutron-server[103494]: DEBUG neutron.api.rpc.handlers.l3_rpc [None req-f98463bf-7d9f-4203-8345-3b7261a5127a None None] The sync data for ids ['b400d0de-9296-4e8e-96bd-f6173eb03624'] in dv-cinder-784815-13-smb is: [{'id': 'b400d0de-9296-4e8e-96bd-f6173eb03624', 'name': 'tempest-AttachVolumeTestJSON-788943187-router', 'tenant_id': '0bdb4c7a908441aaa6231442f9ce04db', 'admin_state_up': True, 'status': 'ACTIVE', 'external_gateway_info': {'network_id': 'a86a138b-bf48-4b57-b0dc-1b9b5739c0ad', 'external_fixed_ips': [{'subnet_id': '407dd1e4-4156-4458-8c00-74100878d91d', 'ip_address': '172.28.0.198'}], 'enable_snat': True}, 'gw_port_id': '5b1076fe-52f9-48a3-b8da-911c1b1c0686', 'description': '', 'availability_zones': ['nova'], 'distributed': False, 'ha': False, 'ha_vr_id': 0, 'availability_zone_hints': [], 'routes': [], 'flavor_id': None, 'tags': [], 'created_at': '2022-05-10T19:21:17Z', 'updated_at': '2022-05-10T19:21:24Z', 'revision_number': 4, 'project_id': '0bdb4c7a908441aaa6231442f9ce04db', 'gw_port': {'id': '5b1076fe-52f9-48a3-b8da-911c1b1c0686', 'name': '', 'network_id': 'a86a138b-bf48-4b57-b0dc-1b9b5739c0ad', 'tenant_id': '', 'mac_address': 'fa:16:3e:54:d8:c7', 'admin_state_up': True, 'status': 'ACTIVE', 'device_id': 'b400d0de-9296-4e8e-96bd-f6173eb03624', 'device_owner': 'network:router_gateway', 'standard_attr_id': 80, 'fixed_ips': [{'subnet_id': '407dd1e4-4156-4458-8c00-74100878d91d', 'ip_address': '172.28.0.198', 'prefixlen': 24}], 'allowed_address_pairs': [], 'extra_dhcp_opts': [], 'security_groups': [], 'description': '', 'binding:vnic_type': 'normal', 'binding:profile': {}, 'binding:host_id': 'dv-cinder-784815-13-smb', 'binding:vif_type': 'ovs', 'binding:vif_details': {'connectivity': 'l2', 'port_filter': True, 'ovs_hybrid_plug': False, 'datapath_type': 'system', 'bridge_name': 'br-int', 'bound_drivers': {'0': 'openvswitch'}}, 'port_security_enabled': False, 'tags': [], 'created_at': '2022-05-10T19:21:18Z', 'updated_at': '2022-05-10T19:21:32Z', 'revision_number': 4, 'project_id': '', 'subnets': [{'id': '407dd1e4-4156-4458-8c00-74100878d91d', 'cidr': '172.28.0.0/24', 'gateway_ip': '172.28.0.1', 'dns_nameservers': [], 'ipv6_ra_mode': None, 'subnetpool_id': None}], 'extra_subnets': [], 'address_scopes': {4: None, 6: None}, 'mtu': 1500}, 'enable_snat': True, 'gw_port_host': 'dv-cinder-784815-13-smb', '_floatingips': [{'id': '98d87cb1-4e71-41b5-8328-1be661ba9a68', 'tenant_id': '0bdb4c7a908441aaa6231442f9ce04db', 'floating_ip_address': '172.28.0.240', 'floating_network_id': 'a86a138b-bf48-4b57-b0dc-1b9b5739c0ad', 'router_id': 'b400d0de-9296-4e8e-96bd-f6173eb03624', 'port_id': '0b56ec44-9ed7-4e0c-b2e7-b13e0bd1c1e5', 'fixed_ip_address': '172.20.0.10', 'status': 'DOWN', 'standard_attr_id': 117, 'description': '', 'qos_policy_id': None, 'qos_network_policy_id': None, 'port_details': {'name': '', 'network_id': '3579c165-2e68-4b9c-8f35-29d1be88a861', 'mac_address': 'fa:16:3e:c9:1d:dc', 'admin_state_up': True, 'status': 'ACTIVE', 'device_id': '049be418-8fb2-4e26-8a92-109351e87b44', 'device_owner': 'compute:nova'}, 'dns_domain': '', 'dns_name': '', 'tags': [], 'created_at': '2022-05-10T19:21:35Z', 'updated_at': '2022-05-10T19:22:21Z', 'revision_number': 1, 'project_id': '0bdb4c7a908441aaa6231442f9ce04db', 'fixed_ip_address_scope': None}], '_interfaces': [{'id': 'b12ed12a-ec6a-4708-acbf-446b4928c53e', 'name': '', 'network_id': '3579c165-2e68-4b9c-8f35-29d1be88a861', 'tenant_id': '0bdb4c7a908441aaa6231442f9ce04db', 'mac_address': 'fa:16:3e:d4:7b:8a', 'admin_state_up': True, 'status': 'ACTIVE', 'device_id': 'b400d0de-9296-4e8e-96bd-f6173eb03624', 'device_owner': 'network:router_interface', 'standard_attr_id': 87, 'fixed_ips': [{'subnet_id': '01536353-90b2-4ea7-a41a-7b7016485223', 'ip_address': '172.20.0.1', 'prefixlen': 28}], 'allowed_address_pairs': [], 'extra_dhcp_opts': [], 'security_groups': [], 'description': '', 'binding:vnic_type': 'normal', 'binding:profile': {}, 'binding:host_id': 'dv-cinder-784815-13-smb', 'binding:vif_type': 'ovs', 'binding:vif_details': {'connectivity': 'l2', 'port_filter': True, 'ovs_hybrid_plug': False, 'datapath_type': 'system', 'bridge_name': 'br-int', 'bound_drivers': {'0': 'openvswitch'}}, 'port_security_enabled': False, 'tags': [], 'created_at': '2022-05-10T19:21:23Z', 'updated_at': '2022-05-10T19:21:41Z', 'revision_number': 5, 'project_id': '0bdb4c7a908441aaa6231442f9ce04db', 'subnets': [{'id': '01536353-90b2-4ea7-a41a-7b7016485223', 'cidr': '172.20.0.0/28', 'gateway_ip': '172.20.0.1', 'dns_nameservers': [], 'ipv6_ra_mode': None, 'subnetpool_id': None}], 'extra_subnets': [], 'address_scopes': {4: None, 6: None}, 'mtu': 1500}]}] {{(pid=103494) sync_routers /opt/stack/neutron/neutron/api/rpc/handlers/l3_rpc.py:137}}
May 10 19:22:24.260314 dv-cinder-784815-13-smb neutron-server[103492]: DEBUG neutron.pecan_wsgi.hooks.policy_enforcement [req-645603fa-e86c-4b56-a9c6-fdf0368166e7 req-af2fdfac-b24e-4b85-80b1-951ddb95bc35 tempest-VolumesActionsTest-23444405 tempest-VolumesActionsTest-23444405-project] Attributes excluded by policy engine: ['standard_attr_id', 'binding:profile', 'binding:host_id', 'binding:vif_type', 'binding:vif_details'] {{(pid=103492) _exclude_attributes_by_policy /opt/stack/neutron/neutron/pecan_wsgi/hooks/policy_enforcement.py:259}}
May 10 19:22:24.263180 dv-cinder-784815-13-smb neutron-server[103492]: INFO neutron.wsgi [req-645603fa-e86c-4b56-a9c6-fdf0368166e7 req-af2fdfac-b24e-4b85-80b1-951ddb95bc35 tempest-VolumesActionsTest-23444405 tempest-VolumesActionsTest-23444405-project] 10.222.0.59 "GET /v2.0/ports?device_id=7e518d76-60f4-4f75-bb5f-f011d0e5a3b2 HTTP/1.1" status: 200 len: 944 time: 0.0659971
May 10 19:22:24.294497 dv-cinder-784815-13-smb neutron-server[103491]: DEBUG neutron.wsgi [-] (103491) accepted ('10.222.0.59', 49328) {{(pid=103491) server /usr/local/lib/python3.8/dist-packages/eventlet/wsgi.py:1004}}
May 10 19:22:24.328226 dv-cinder-784815-13-smb neutron-server[103492]: INFO neutron.wsgi [req-645603fa-e86c-4b56-a9c6-fdf0368166e7 req-3eac372c-2fe6-41cf-ac7a-de9d10b4baca tempest-VolumesActionsTest-23444405 tempest-VolumesActionsTest-23444405-project] 10.222.0.59 "GET /v2.0/security-groups?id=22c76a4c-5e81-431b-bb66-4dddfdd6d709&fields=id&fields=name HTTP/1.1" status: 200 len: 286 time: 0.0595613
May 10 19:22:24.360241 dv-cinder-784815-13-smb neutron-server[103491]: INFO neutron.wsgi [None req-8355288f-0a55-4c27-a1c0-f4f48147a2f8 admin admin] 10.222.0.59 "GET /v2.0/security-groups?tenant_id=bf91677b79c34c999932098c79eea664&name=default HTTP/1.1" status: 200 len: 2992 time: 0.0643287
May 10 19:22:24.362909 dv-cinder-784815-13-smb neutron-server[103492]: DEBUG neutron.wsgi [-] (103492) accepted ('10.222.0.59', 49332) {{(pid=103492) server /usr/local/lib/python3.8/dist-packages/eventlet/wsgi.py:1004}}
May 10 19:22:24.368218 dv-cinder-784815-13-smb neutron-server[103493]: DEBUG neutron.api.rpc.handlers.l3_rpc [None req-e9aff4f3-435c-42d2-80d4-8165a4aaca03 None None] New status for floating IP 98d87cb1-4e71-41b5-8328-1be661ba9a68: ACTIVE {{(pid=103493) update_floatingip_statuses /opt/stack/neutron/neutron/api/rpc/handlers/l3_rpc.py:270}}
May 10 19:22:24.400101 dv-cinder-784815-13-smb neutron-server[103492]: DEBUG neutron.notifiers.nova [-] Sending events: [{'name': 'network-changed', 'server_uuid': '049be418-8fb2-4e26-8a92-109351e87b44', 'tag': '0b56ec44-9ed7-4e0c-b2e7-b13e0bd1c1e5'}] {{(pid=103492) send_events /opt/stack/neutron/neutron/notifiers/nova.py:271}}
May 10 19:22:24.403065 dv-cinder-784815-13-smb neutron-server[103492]: DEBUG novaclient.v2.client [-] REQ: curl -g -i --cacert "/opt/stack/data/ca-bundle.pem" -X POST http://10.222.0.59/compute/v2.1/os-server-external-events -H "Accept: application/json" -H "Content-Type: application/json" -H "User-Agent: python-novaclient" -H "X-Auth-Token: {SHA256}619783df400210bf6a3ce781334608203706184b53204cf2044daa6db3ffbe3f" -H "X-OpenStack-Nova-API-Version: 2.1" -H "X-OpenStack-Request-ID: req-ea5df12e-b9ce-42c2-9dd5-deea84257d5c" -d '{"events": [{"name": "network-changed", "server_uuid": "049be418-8fb2-4e26-8a92-109351e87b44", "tag": "0b56ec44-9ed7-4e0c-b2e7-b13e0bd1c1e5"}]}' {{(pid=103492) _http_log_request /usr/local/lib/python3.8/dist-packages/keystoneauth1/session.py:519}}
May 10 19:22:24.432164 dv-cinder-784815-13-smb neutron-server[103492]: DEBUG neutron_lib.callbacks.manager [None req-c789110f-c43e-4a90-a5a3-96cae4bf9073 admin admin] Publish callbacks [] for security_group (eb134c03-d4e1-4c23-843c-f6968502418a), before_delete {{(pid=103492) _notify_loop /usr/local/lib/python3.8/dist-packages/neutron_lib/callbacks/manager.py:176}}
May 10 19:22:24.444903 dv-cinder-784815-13-smb neutron-server[103492]: DEBUG novaclient.v2.client [-] RESP: [200] Connection: close Content-Length: 179 Content-Type: application/json Date: Tue, 10 May 2022 19:22:24 GMT OpenStack-API-Version: compute 2.1 Server: Apache/2.4.41 (Ubuntu) Vary: OpenStack-API-Version,X-OpenStack-Nova-API-Version X-OpenStack-Nova-API-Version: 2.1 x-compute-request-id: req-d7ce24c8-e420-4c8d-81a4-1271c1fd70b0 x-openstack-request-id: req-d7ce24c8-e420-4c8d-81a4-1271c1fd70b0 {{(pid=103492) _http_log_response /usr/local/lib/python3.8/dist-packages/keystoneauth1/session.py:550}}
May 10 19:22:24.445229 dv-cinder-784815-13-smb neutron-server[103492]: DEBUG novaclient.v2.client [-] RESP BODY: {"events": [{"name": "network-changed", "server_uuid": "049be418-8fb2-4e26-8a92-109351e87b44", "tag": "0b56ec44-9ed7-4e0c-b2e7-b13e0bd1c1e5", "status": "completed", "code": 200}]} {{(pid=103492) _http_log_response /usr/local/lib/python3.8/dist-packages/keystoneauth1/session.py:582}}
May 10 19:22:24.445481 dv-cinder-784815-13-smb neutron-server[103492]: DEBUG novaclient.v2.client [-] POST call to compute for http://10.222.0.59/compute/v2.1/os-server-external-events used request id req-d7ce24c8-e420-4c8d-81a4-1271c1fd70b0 {{(pid=103492) request /usr/local/lib/python3.8/dist-packages/keystoneauth1/session.py:954}}
May 10 19:22:24.445875 dv-cinder-784815-13-smb neutron-server[103492]: INFO neutron.notifiers.nova [-] Nova event matching ['req-d7ce24c8-e420-4c8d-81a4-1271c1fd70b0'] response: {'name': 'network-changed', 'server_uuid': '049be418-8fb2-4e26-8a92-109351e87b44', 'tag': '0b56ec44-9ed7-4e0c-b2e7-b13e0bd1c1e5', 'status': 'completed', 'code': 200}
May 10 19:22:24.460551 dv-cinder-784815-13-smb neutron-server[103492]: DEBUG neutron_lib.callbacks.manager [None req-c789110f-c43e-4a90-a5a3-96cae4bf9073 admin admin] Publish callbacks [] for security_group (eb134c03-d4e1-4c23-843c-f6968502418a), precommit_delete {{(pid=103492) _notify_loop /usr/local/lib/python3.8/dist-packages/neutron_lib/callbacks/manager.py:176}}
May 10 19:22:24.512125 dv-cinder-784815-13-smb neutron-server[103492]: DEBUG neutron_lib.callbacks.manager [None req-c789110f-c43e-4a90-a5a3-96cae4bf9073 admin admin] Publish callbacks ['neutron.plugins.ml2.ovo_rpc._ObjectChangeHandler.handle_event-801084'] for security_group (eb134c03-d4e1-4c23-843c-f6968502418a), after_delete {{(pid=103492) _notify_loop /usr/local/lib/python3.8/dist-packages/neutron_lib/callbacks/manager.py:176}}
May 10 19:22:24.514693 dv-cinder-784815-13-smb neutron-server[103492]: DEBUG neutron_lib.callbacks.manager [None req-c789110f-c43e-4a90-a5a3-96cae4bf9073 admin admin] Publish callbacks [] for security_group (None), before_response {{(pid=103492) _notify_loop /usr/local/lib/python3.8/dist-packages/neutron_lib/callbacks/manager.py:176}}
May 10 19:22:24.515852 dv-cinder-784815-13-smb neutron-server[103492]: INFO neutron.wsgi [None req-c789110f-c43e-4a90-a5a3-96cae4bf9073 admin admin] 10.222.0.59 "DELETE /v2.0/security-groups/eb134c03-d4e1-4c23-843c-f6968502418a HTTP/1.1" status: 204 len: 168 time: 0.1518433
May 10 19:22:24.525126 dv-cinder-784815-13-smb neutron-server[103492]: DEBUG neutron.api.rpc.handlers.resources_rpc [None req-c789110f-c43e-4a90-a5a3-96cae4bf9073 admin admin] Pushing event deleted for resources: {'SecurityGroup': ['ID=eb134c03-d4e1-4c23-843c-f6968502418a,revision_number=None']} {{(pid=103492) push /opt/stack/neutron/neutron/api/rpc/handlers/resources_rpc.py:237}}
May 10 19:22:25.036959 dv-cinder-784815-13-smb neutron-server[103492]: DEBUG neutron.pecan_wsgi.hooks.policy_enforcement [req-b3184094-2267-4700-ad41-3c1997e39bbd req-8506a119-0d0d-41dc-9bf0-bdd355f9ed8f tempest-ServerRescueNegativeTestJSON-890822662 tempest-ServerRescueNegativeTestJSON-890822662-project] Attributes excluded by policy engine: ['standard_attr_id', 'binding:profile', 'binding:host_id', 'binding:vif_type', 'binding:vif_details'] {{(pid=103492) _exclude_attributes_by_policy /opt/stack/neutron/neutron/pecan_wsgi/hooks/policy_enforcement.py:259}}
May 10 19:22:25.038542 dv-cinder-784815-13-smb neutron-server[103492]: INFO neutron.wsgi [req-b3184094-2267-4700-ad41-3c1997e39bbd req-8506a119-0d0d-41dc-9bf0-bdd355f9ed8f tempest-ServerRescueNegativeTestJSON-890822662 tempest-ServerRescueNegativeTestJSON-890822662-project] 10.222.0.59 "GET /v2.0/ports?device_id=051eed31-0e67-49c5-b74e-62a8e24d5746 HTTP/1.1" status: 200 len: 945 time: 0.0533328
May 10 19:22:25.050991 dv-cinder-784815-13-smb neutron-server[103494]: DEBUG neutron.db.agents_db [None req-9654366f-f47c-42b3-a01d-576427c233ec None None] Agent healthcheck: found 6 active agents {{(pid=103494) agent_health_check /opt/stack/neutron/neutron/db/agents_db.py:317}}
May 10 19:22:25.096851 dv-cinder-784815-13-smb neutron-server[103492]: INFO neutron.wsgi [req-b3184094-2267-4700-ad41-3c1997e39bbd req-94515b81-49d7-4f90-a4d9-aace75ae6f16 tempest-ServerRescueNegativeTestJSON-890822662 tempest-ServerRescueNegativeTestJSON-890822662-project] 10.222.0.59 "GET /v2.0/security-groups?id=5eb6ed09-b6f6-4428-addd-c4dd87de935c&fields=id&fields=name HTTP/1.1" status: 200 len: 286 time: 0.0519266
May 10 19:22:25.456193 dv-cinder-784815-13-smb neutron-server[103491]: DEBUG neutron.pecan_wsgi.hooks.policy_enforcement [req-65abfa03-57dc-4565-bd63-4d423e0d3fb7 req-df88523b-a3d1-4a25-b46c-768b582fd6a0 tempest-VolumesActionsTest-23444405 tempest-VolumesActionsTest-23444405-project] Attributes excluded by policy engine: ['standard_attr_id', 'binding:profile', 'binding:host_id', 'binding:vif_type', 'binding:vif_details'] {{(pid=103491) _exclude_attributes_by_policy /opt/stack/neutron/neutron/pecan_wsgi/hooks/policy_enforcement.py:259}}
May 10 19:22:25.457705 dv-cinder-784815-13-smb neutron-server[103491]: INFO neutron.wsgi [req-65abfa03-57dc-4565-bd63-4d423e0d3fb7 req-df88523b-a3d1-4a25-b46c-768b582fd6a0 tempest-VolumesActionsTest-23444405 tempest-VolumesActionsTest-23444405-project] 10.222.0.59 "GET /v2.0/ports?device_id=7e518d76-60f4-4f75-bb5f-f011d0e5a3b2 HTTP/1.1" status: 200 len: 944 time: 0.0558071
May 10 19:22:25.514815 dv-cinder-784815-13-smb neutron-server[103491]: INFO neutron.wsgi [req-65abfa03-57dc-4565-bd63-4d423e0d3fb7 req-cfeb56ee-18b3-44b6-be47-cc675bee8b12 tempest-VolumesActionsTest-23444405 tempest-VolumesActionsTest-23444405-project] 10.222.0.59 "GET /v2.0/security-groups?id=22c76a4c-5e81-431b-bb66-4dddfdd6d709&fields=id&fields=name HTTP/1.1" status: 200 len: 286 time: 0.0504498
May 10 19:22:25.655214 dv-cinder-784815-13-smb neutron-server[103492]: DEBUG neutron.wsgi [-] (103492) accepted ('10.222.0.59', 49380) {{(pid=103492) server /usr/local/lib/python3.8/dist-packages/eventlet/wsgi.py:1004}}
May 10 19:22:25.862417 dv-cinder-784815-13-smb neutron-server[103492]: DEBUG neutron_lib.callbacks.manager [None req-edf9c9d0-2b94-473b-a4b0-b7914dd75e85 admin admin] Publish callbacks [] for security_group (None), before_create {{(pid=103492) _notify_loop /usr/local/lib/python3.8/dist-packages/neutron_lib/callbacks/manager.py:176}}
May 10 19:22:25.947358 dv-cinder-784815-13-smb neutron-server[103492]: DEBUG neutron_lib.callbacks.manager [None req-edf9c9d0-2b94-473b-a4b0-b7914dd75e85 admin admin] Publish callbacks [] for security_group (80b1f4e3-2aa7-4b3b-a2ba-b14244043046), precommit_create {{(pid=103492) _notify_loop /usr/local/lib/python3.8/dist-packages/neutron_lib/callbacks/manager.py:176}}
May 10 19:22:25.952219 dv-cinder-784815-13-smb neutron-server[103492]: DEBUG neutron_lib.callbacks.manager [None req-edf9c9d0-2b94-473b-a4b0-b7914dd75e85 admin admin] Publish callbacks ['neutron.plugins.ml2.ovo_rpc._ObjectChangeHandler.handle_event-801084'] for security_group (80b1f4e3-2aa7-4b3b-a2ba-b14244043046), after_create {{(pid=103492) _notify_loop /usr/local/lib/python3.8/dist-packages/neutron_lib/callbacks/manager.py:176}}
May 10 19:22:25.996979 dv-cinder-784815-13-smb neutron-server[103492]: INFO neutron.wsgi [None req-edf9c9d0-2b94-473b-a4b0-b7914dd75e85 admin admin] 10.222.0.59 "GET /v2.0/security-groups?tenant_id=4ed5a26a8ee840cbb857bf5393691c74&name=default HTTP/1.1" status: 200 len: 2996 time: 0.3377798
May 10 19:22:25.996979 dv-cinder-784815-13-smb neutron-server[103492]: DEBUG neutron.api.rpc.handlers.resources_rpc [None req-edf9c9d0-2b94-473b-a4b0-b7914dd75e85 admin admin] Pushing event updated for resources: {'SecurityGroup': ['ID=80b1f4e3-2aa7-4b3b-a2ba-b14244043046,revision_number=1']} {{(pid=103492) push /opt/stack/neutron/neutron/api/rpc/handlers/resources_rpc.py:237}}
May 10 19:22:25.997726 dv-cinder-784815-13-smb neutron-server[103491]: DEBUG neutron.wsgi [-] (103491) accepted ('10.222.0.59', 49398) {{(pid=103491) server /usr/local/lib/python3.8/dist-packages/eventlet/wsgi.py:1004}}
May 10 19:22:26.050437 dv-cinder-784815-13-smb neutron-server[103491]: DEBUG neutron_lib.callbacks.manager [None req-c1e7c39b-efb5-4e86-9918-085d02d209c9 admin admin] Publish callbacks [] for security_group (80b1f4e3-2aa7-4b3b-a2ba-b14244043046), before_delete {{(pid=103491) _notify_loop /usr/local/lib/python3.8/dist-packages/neutron_lib/callbacks/manager.py:176}}
May 10 19:22:26.072822 dv-cinder-784815-13-smb neutron-server[103491]: DEBUG neutron_lib.callbacks.manager [None req-c1e7c39b-efb5-4e86-9918-085d02d209c9 admin admin] Publish callbacks [] for security_group (80b1f4e3-2aa7-4b3b-a2ba-b14244043046), precommit_delete {{(pid=103491) _notify_loop /usr/local/lib/python3.8/dist-packages/neutron_lib/callbacks/manager.py:176}}
May 10 19:22:26.124027 dv-cinder-784815-13-smb neutron-server[103491]: DEBUG neutron_lib.callbacks.manager [None req-c1e7c39b-efb5-4e86-9918-085d02d209c9 admin admin] Publish callbacks ['neutron.plugins.ml2.ovo_rpc._ObjectChangeHandler.handle_event-801084'] for security_group (80b1f4e3-2aa7-4b3b-a2ba-b14244043046), after_delete {{(pid=103491) _notify_loop /usr/local/lib/python3.8/dist-packages/neutron_lib/callbacks/manager.py:176}}
May 10 19:22:26.127345 dv-cinder-784815-13-smb neutron-server[103491]: DEBUG neutron_lib.callbacks.manager [None req-c1e7c39b-efb5-4e86-9918-085d02d209c9 admin admin] Publish callbacks [] for security_group (None), before_response {{(pid=103491) _notify_loop /usr/local/lib/python3.8/dist-packages/neutron_lib/callbacks/manager.py:176}}
May 10 19:22:26.130962 dv-cinder-784815-13-smb neutron-server[103491]: INFO neutron.wsgi [None req-c1e7c39b-efb5-4e86-9918-085d02d209c9 admin admin] 10.222.0.59 "DELETE /v2.0/security-groups/80b1f4e3-2aa7-4b3b-a2ba-b14244043046 HTTP/1.1" status: 204 len: 168 time: 0.1296136
May 10 19:22:26.148331 dv-cinder-784815-13-smb neutron-server[103491]: DEBUG neutron.api.rpc.handlers.resources_rpc [None req-c1e7c39b-efb5-4e86-9918-085d02d209c9 admin admin] Pushing event deleted for resources: {'SecurityGroup': ['ID=80b1f4e3-2aa7-4b3b-a2ba-b14244043046,revision_number=None']} {{(pid=103491) push /opt/stack/neutron/neutron/api/rpc/handlers/resources_rpc.py:237}}
May 10 19:22:26.258192 dv-cinder-784815-13-smb neutron-server[103492]: DEBUG neutron.pecan_wsgi.hooks.policy_enforcement [req-123c4b60-9d2c-4690-a08a-fa5e798319ca req-7a562135-bbc3-4b74-8c0f-6872c6c2eb26 tempest-ServerRescueNegativeTestJSON-890822662 tempest-ServerRescueNegativeTestJSON-890822662-project] Attributes excluded by policy engine: ['standard_attr_id', 'binding:profile', 'binding:host_id', 'binding:vif_type', 'binding:vif_details'] {{(pid=103492) _exclude_attributes_by_policy /opt/stack/neutron/neutron/pecan_wsgi/hooks/policy_enforcement.py:259}}
May 10 19:22:26.259907 dv-cinder-784815-13-smb neutron-server[103492]: INFO neutron.wsgi [req-123c4b60-9d2c-4690-a08a-fa5e798319ca req-7a562135-bbc3-4b74-8c0f-6872c6c2eb26 tempest-ServerRescueNegativeTestJSON-890822662 tempest-ServerRescueNegativeTestJSON-890822662-project] 10.222.0.59 "GET /v2.0/ports?device_id=051eed31-0e67-49c5-b74e-62a8e24d5746 HTTP/1.1" status: 200 len: 945 time: 0.0812144
May 10 19:22:26.287966 dv-cinder-784815-13-smb neutron-server[103491]: DEBUG neutron.pecan_wsgi.hooks.policy_enforcement [req-ea5df12e-b9ce-42c2-9dd5-deea84257d5c req-f295b529-4fa4-4586-8f29-f12c054095af service neutron] Attributes excluded by policy engine: ['standard_attr_id'] {{(pid=103491) _exclude_attributes_by_policy /opt/stack/neutron/neutron/pecan_wsgi/hooks/policy_enforcement.py:259}}
May 10 19:22:26.289515 dv-cinder-784815-13-smb neutron-server[103491]: INFO neutron.wsgi [req-ea5df12e-b9ce-42c2-9dd5-deea84257d5c req-f295b529-4fa4-4586-8f29-f12c054095af service neutron] 10.222.0.64 "GET /v2.0/ports?tenant_id=0bdb4c7a908441aaa6231442f9ce04db&device_id=049be418-8fb2-4e26-8a92-109351e87b44 HTTP/1.1" status: 200 len: 1130 time: 0.0573537
May 10 19:22:26.305042 dv-cinder-784815-13-smb neutron-server[103492]: DEBUG neutron.pecan_wsgi.hooks.policy_enforcement [req-67e57954-e2e1-4d47-89f7-b4bc5819f7e5 req-267a5a69-b45f-4870-80b4-467df986af5d service neutron] Attributes excluded by policy engine: ['standard_attr_id'] {{(pid=103492) _exclude_attributes_by_policy /opt/stack/neutron/neutron/pecan_wsgi/hooks/policy_enforcement.py:259}}
May 10 19:22:26.306509 dv-cinder-784815-13-smb neutron-server[103492]: INFO neutron.wsgi [req-67e57954-e2e1-4d47-89f7-b4bc5819f7e5 req-267a5a69-b45f-4870-80b4-467df986af5d service neutron] 10.222.0.64 "GET /v2.0/ports?tenant_id=e217178c13f74a299648de2ebb779e31&device_id=7e518d76-60f4-4f75-bb5f-f011d0e5a3b2 HTTP/1.1" status: 200 len: 1128 time: 0.0888040
May 10 19:22:26.387190 dv-cinder-784815-13-smb neutron-server[103492]: INFO neutron.wsgi [req-123c4b60-9d2c-4690-a08a-fa5e798319ca req-eef7e561-cb97-4315-96b0-76533646da46 tempest-ServerRescueNegativeTestJSON-890822662 tempest-ServerRescueNegativeTestJSON-890822662-project] 10.222.0.59 "GET /v2.0/security-groups?id=5eb6ed09-b6f6-4428-addd-c4dd87de935c&fields=id&fields=name HTTP/1.1" status: 200 len: 286 time: 0.1087666
May 10 19:22:26.406924 dv-cinder-784815-13-smb neutron-server[103491]: DEBUG neutron.pecan_wsgi.hooks.policy_enforcement [req-ea5df12e-b9ce-42c2-9dd5-deea84257d5c req-9be7c909-dcb9-4ba6-8011-b2f21a12f25e service neutron] Attributes excluded by policy engine: ['standard_attr_id', 'vlan_transparent'] {{(pid=103491) _exclude_attributes_by_policy /opt/stack/neutron/neutron/pecan_wsgi/hooks/policy_enforcement.py:259}}
May 10 19:22:26.410487 dv-cinder-784815-13-smb neutron-server[103491]: INFO neutron.wsgi [req-ea5df12e-b9ce-42c2-9dd5-deea84257d5c req-9be7c909-dcb9-4ba6-8011-b2f21a12f25e service neutron] 10.222.0.64 "GET /v2.0/networks?id=3579c165-2e68-4b9c-8f35-29d1be88a861 HTTP/1.1" status: 200 len: 911 time: 0.1118102
May 10 19:22:26.430313 dv-cinder-784815-13-smb neutron-server[103492]: DEBUG neutron.pecan_wsgi.hooks.policy_enforcement [req-67e57954-e2e1-4d47-89f7-b4bc5819f7e5 req-bc3a7491-ef77-4a90-a539-da94e4eec90c service neutron] Attributes excluded by policy engine: ['standard_attr_id', 'vlan_transparent'] {{(pid=103492) _exclude_attributes_by_policy /opt/stack/neutron/neutron/pecan_wsgi/hooks/policy_enforcement.py:259}}
May 10 19:22:26.431798 dv-cinder-784815-13-smb neutron-server[103492]: INFO neutron.wsgi [req-67e57954-e2e1-4d47-89f7-b4bc5819f7e5 req-bc3a7491-ef77-4a90-a539-da94e4eec90c service neutron] 10.222.0.64 "GET /v2.0/networks?id=26c34643-f117-41e8-8d71-83551155b3f9 HTTP/1.1" status: 200 len: 909 time: 0.1114945
May 10 19:22:26.483784 dv-cinder-784815-13-smb neutron-server[103492]: INFO neutron.wsgi [req-67e57954-e2e1-4d47-89f7-b4bc5819f7e5 req-2fe47071-2cb9-4f9c-9f25-f542d11d9a57 service neutron] 10.222.0.64 "GET /v2.0/floatingips?fixed_ip_address=172.20.0.13&port_id=21fdec13-b54c-438c-b65a-67854be32433 HTTP/1.1" status: 200 len: 217 time: 0.0420413
May 10 19:22:26.489682 dv-cinder-784815-13-smb neutron-server[103491]: INFO neutron.wsgi [req-ea5df12e-b9ce-42c2-9dd5-deea84257d5c req-3746bd54-50b5-426d-8c81-1177485e8a90 service neutron] 10.222.0.64 "GET /v2.0/floatingips?fixed_ip_address=172.20.0.10&port_id=0b56ec44-9ed7-4e0c-b2e7-b13e0bd1c1e5 HTTP/1.1" status: 200 len: 1002 time: 0.0660691
May 10 19:22:26.507157 dv-cinder-784815-13-smb neutron-server[103491]: DEBUG neutron.wsgi [-] (103491) accepted ('10.222.0.59', 49410) {{(pid=103491) server /usr/local/lib/python3.8/dist-packages/eventlet/wsgi.py:1004}}
May 10 19:22:26.538788 dv-cinder-784815-13-smb neutron-server[103492]: DEBUG neutron.pecan_wsgi.hooks.policy_enforcement [req-67e57954-e2e1-4d47-89f7-b4bc5819f7e5 req-32da3cd9-8294-4c2e-817f-52f9a7cc95c1 service neutron] Attributes excluded by policy engine: ['standard_attr_id', 'shared'] {{(pid=103492) _exclude_attributes_by_policy /opt/stack/neutron/neutron/pecan_wsgi/hooks/policy_enforcement.py:259}}
May 10 19:22:26.540278 dv-cinder-784815-13-smb neutron-server[103492]: INFO neutron.wsgi [req-67e57954-e2e1-4d47-89f7-b4bc5819f7e5 req-32da3cd9-8294-4c2e-817f-52f9a7cc95c1 service neutron] 10.222.0.64 "GET /v2.0/subnets?id=1a6c42c5-a964-4d46-b38d-c8403b569f5e HTTP/1.1" status: 200 len: 848 time: 0.0497236
May 10 19:22:26.542008 dv-cinder-784815-13-smb neutron-server[103491]: DEBUG neutron_lib.callbacks.manager [None req-97434405-a18f-4b11-b31f-b55813ca863c admin admin] Publish callbacks [] for security_group (None), before_create {{(pid=103491) _notify_loop /usr/local/lib/python3.8/dist-packages/neutron_lib/callbacks/manager.py:176}}
May 10 19:22:26.576713 dv-cinder-784815-13-smb neutron-server[103491]: DEBUG neutron.pecan_wsgi.hooks.policy_enforcement [req-ea5df12e-b9ce-42c2-9dd5-deea84257d5c req-297cd566-e8d8-433a-becf-507ca930db5e service neutron] Attributes excluded by policy engine: ['standard_attr_id', 'shared', 'segment_id'] {{(pid=103491) _exclude_attributes_by_policy /opt/stack/neutron/neutron/pecan_wsgi/hooks/policy_enforcement.py:259}}
May 10 19:22:26.577799 dv-cinder-784815-13-smb neutron-server[103492]: INFO neutron.wsgi [req-67e57954-e2e1-4d47-89f7-b4bc5819f7e5 req-aaf8620e-0341-4a9a-96ce-6f275f8bc5d9 service neutron] 10.222.0.64 "GET /v2.0/ports?network_id=26c34643-f117-41e8-8d71-83551155b3f9&device_owner=network%3Adhcp HTTP/1.1" status: 200 len: 210 time: 0.0284760
May 10 19:22:26.578801 dv-cinder-784815-13-smb neutron-server[103491]: INFO neutron.wsgi [req-ea5df12e-b9ce-42c2-9dd5-deea84257d5c req-297cd566-e8d8-433a-becf-507ca930db5e service neutron] 10.222.0.64 "GET /v2.0/subnets?id=01536353-90b2-4ea7-a41a-7b7016485223 HTTP/1.1" status: 200 len: 849 time: 0.0828755
May 10 19:22:26.650919 dv-cinder-784815-13-smb neutron-server[103491]: DEBUG neutron.pecan_wsgi.hooks.policy_enforcement [req-ea5df12e-b9ce-42c2-9dd5-deea84257d5c req-b3aaf46d-71ee-41f3-8ac8-4b781a11398e service neutron] Attributes excluded by policy engine: ['standard_attr_id'] {{(pid=103491) _exclude_attributes_by_policy /opt/stack/neutron/neutron/pecan_wsgi/hooks/policy_enforcement.py:259}}
May 10 19:22:26.652654 dv-cinder-784815-13-smb neutron-server[103491]: INFO neutron.wsgi [req-ea5df12e-b9ce-42c2-9dd5-deea84257d5c req-b3aaf46d-71ee-41f3-8ac8-4b781a11398e service neutron] 10.222.0.64 "GET /v2.0/ports?network_id=3579c165-2e68-4b9c-8f35-29d1be88a861&device_owner=network%3Adhcp HTTP/1.1" status: 200 len: 1211 time: 0.0604601
May 10 19:22:26.701559 dv-cinder-784815-13-smb neutron-server[103492]: INFO neutron.wsgi [req-67e57954-e2e1-4d47-89f7-b4bc5819f7e5 req-6ba3f597-fbc1-43a8-9224-4d780e90a247 service neutron] 10.222.0.64 "GET /v2.0/networks/26c34643-f117-41e8-8d71-83551155b3f9?fields=segments HTTP/1.1" status: 200 len: 212 time: 0.1117210
May 10 19:22:26.703803 dv-cinder-784815-13-smb neutron-server[103493]: DEBUG neutron.plugins.ml2.rpc [None req-98ff4918-b458-4549-a0f3-a0d3ce7a7add None None] Device 21fdec13-b54c-438c-b65a-67854be32433 details requested by agent hyperv_hv-cinder-78481 with host hv-cinder-78481 {{(pid=103493) get_device_details /opt/stack/neutron/neutron/plugins/ml2/rpc.py:102}}
May 10 19:22:26.759731 dv-cinder-784815-13-smb neutron-server[103491]: DEBUG neutron_lib.callbacks.manager [None req-97434405-a18f-4b11-b31f-b55813ca863c admin admin] Publish callbacks [] for security_group (1aba8dc5-a1df-4313-8523-a54701c81a68), precommit_create {{(pid=103491) _notify_loop /usr/local/lib/python3.8/dist-packages/neutron_lib/callbacks/manager.py:176}}
May 10 19:22:26.767190 dv-cinder-784815-13-smb neutron-server[103491]: DEBUG neutron_lib.callbacks.manager [None req-97434405-a18f-4b11-b31f-b55813ca863c admin admin] Publish callbacks ['neutron.plugins.ml2.ovo_rpc._ObjectChangeHandler.handle_event-801084'] for security_group (1aba8dc5-a1df-4313-8523-a54701c81a68), after_create {{(pid=103491) _notify_loop /usr/local/lib/python3.8/dist-packages/neutron_lib/callbacks/manager.py:176}}
May 10 19:22:26.820513 dv-cinder-784815-13-smb neutron-server[103493]: DEBUG neutron.plugins.ml2.db [None req-98ff4918-b458-4549-a0f3-a0d3ce7a7add None None] For port 21fdec13-b54c-438c-b65a-67854be32433, host hv-cinder-78481, got binding levels [PortBindingLevel(driver='hyperv',host='hv-cinder-78481',level=0,port_id=21fdec13-b54c-438c-b65a-67854be32433,segment=NetworkSegment(8f9c5657-5e53-4836-8754-1d82f591392d),segment_id=8f9c5657-5e53-4836-8754-1d82f591392d)] {{(pid=103493) get_binding_level_objs /opt/stack/neutron/neutron/plugins/ml2/db.py:74}}
May 10 19:22:26.828049 dv-cinder-784815-13-smb neutron-server[103492]: INFO neutron.wsgi [req-67e57954-e2e1-4d47-89f7-b4bc5819f7e5 req-e8965fc3-e3ee-4786-acbd-1b491a73ee01 service neutron] 10.222.0.64 "GET /v2.0/networks/26c34643-f117-41e8-8d71-83551155b3f9?fields=provider%3Aphysical_network&fields=provider%3Anetwork_type HTTP/1.1" status: 200 len: 281 time: 0.1170204
May 10 19:22:26.834452 dv-cinder-784815-13-smb neutron-server[103493]: DEBUG neutron.plugins.ml2.rpc [None req-98ff4918-b458-4549-a0f3-a0d3ce7a7add None None] Returning: {'device': '21fdec13-b54c-438c-b65a-67854be32433', 'network_id': '26c34643-f117-41e8-8d71-83551155b3f9', 'port_id': '21fdec13-b54c-438c-b65a-67854be32433', 'mac_address': 'fa:16:3e:15:9b:ee', 'admin_state_up': True, 'network_type': 'vlan', 'segmentation_id': 232, 'physical_network': 'physnet1', 'mtu': 1500, 'fixed_ips': [{'subnet_id': '1a6c42c5-a964-4d46-b38d-c8403b569f5e', 'ip_address': '172.20.0.13'}], 'device_owner': 'compute:nova', 'allowed_address_pairs': [], 'port_security_enabled': True, 'qos_policy_id': None, 'qos_network_policy_id': None, 'profile': {}, 'propagate_uplink_status': False} {{(pid=103493) _get_device_details /opt/stack/neutron/neutron/plugins/ml2/rpc.py:184}}
May 10 19:22:26.873133 dv-cinder-784815-13-smb neutron-server[103491]: DEBUG neutron.api.rpc.handlers.resources_rpc [None req-97434405-a18f-4b11-b31f-b55813ca863c admin admin] Pushing event updated for resources: {'SecurityGroup': ['ID=1aba8dc5-a1df-4313-8523-a54701c81a68,revision_number=1']} {{(pid=103491) push /opt/stack/neutron/neutron/api/rpc/handlers/resources_rpc.py:237}}
May 10 19:22:26.879205 dv-cinder-784815-13-smb neutron-server[103493]: DEBUG neutron.plugins.ml2.plugin [None req-98ff4918-b458-4549-a0f3-a0d3ce7a7add None None] Current status of the port 21fdec13-b54c-438c-b65a-67854be32433 is: DOWN; New status is: BUILD {{(pid=103493) _update_individual_port_db_status /opt/stack/neutron/neutron/plugins/ml2/plugin.py:2296}}
May 10 19:22:26.879745 dv-cinder-784815-13-smb neutron-server[103493]: DEBUG neutron_lib.callbacks.manager [None req-98ff4918-b458-4549-a0f3-a0d3ce7a7add None None] Publish callbacks ['neutron.plugins.ml2.plugin.SecurityGroupDbMixin._ensure_default_security_group_handler-1926708'] for port (21fdec13-b54c-438c-b65a-67854be32433), before_update {{(pid=103493) _notify_loop /usr/local/lib/python3.8/dist-packages/neutron_lib/callbacks/manager.py:176}}
May 10 19:22:26.883647 dv-cinder-784815-13-smb neutron-server[103491]: INFO neutron.wsgi [None req-97434405-a18f-4b11-b31f-b55813ca863c admin admin] 10.222.0.59 "GET /v2.0/security-groups?tenant_id=4807e78d1bd54e2c97047d720914d074&name=default HTTP/1.1" status: 200 len: 2996 time: 0.3750815
May 10 19:22:26.883765 dv-cinder-784815-13-smb neutron-server[103492]: DEBUG neutron.wsgi [-] (103492) accepted ('10.222.0.59', 49416) {{(pid=103492) server /usr/local/lib/python3.8/dist-packages/eventlet/wsgi.py:1004}}
May 10 19:22:26.892531 dv-cinder-784815-13-smb neutron-server[103491]: DEBUG neutron.pecan_wsgi.hooks.policy_enforcement [req-ca4b416c-dfa5-41c2-b167-5a7ade526738 req-767d9095-7490-4c19-879d-2a835cfb1e0d tempest-VolumesActionsTest-23444405 tempest-VolumesActionsTest-23444405-project] Attributes excluded by policy engine: ['standard_attr_id', 'binding:profile', 'binding:host_id', 'binding:vif_type', 'binding:vif_details'] {{(pid=103491) _exclude_attributes_by_policy /opt/stack/neutron/neutron/pecan_wsgi/hooks/policy_enforcement.py:259}}
May 10 19:22:26.894010 dv-cinder-784815-13-smb neutron-server[103491]: INFO neutron.wsgi [req-ca4b416c-dfa5-41c2-b167-5a7ade526738 req-767d9095-7490-4c19-879d-2a835cfb1e0d tempest-VolumesActionsTest-23444405 tempest-VolumesActionsTest-23444405-project] 10.222.0.59 "GET /v2.0/ports?device_id=7e518d76-60f4-4f75-bb5f-f011d0e5a3b2 HTTP/1.1" status: 200 len: 944 time: 0.1190002
May 10 19:22:26.894917 dv-cinder-784815-13-smb neutron-server[103493]: DEBUG neutron.notifiers.nova [None req-98ff4918-b458-4549-a0f3-a0d3ce7a7add None None] Ignoring state change previous_port_status: DOWN current_port_status: BUILD port_id 21fdec13-b54c-438c-b65a-67854be32433 {{(pid=103493) record_port_status_changed /opt/stack/neutron/neutron/notifiers/nova.py:233}}
May 10 19:22:26.895998 dv-cinder-784815-13-smb neutron-server[103491]: INFO neutron.wsgi [req-ea5df12e-b9ce-42c2-9dd5-deea84257d5c req-de7f645f-b60e-4e03-a3bb-264d1dfb320a service neutron] 10.222.0.64 "GET /v2.0/networks/3579c165-2e68-4b9c-8f35-29d1be88a861?fields=segments HTTP/1.1" status: 200 len: 212 time: 0.2308877
May 10 19:22:26.925081 dv-cinder-784815-13-smb neutron-server[103493]: DEBUG neutron.plugins.ml2.db [None req-98ff4918-b458-4549-a0f3-a0d3ce7a7add None None] For port 21fdec13-b54c-438c-b65a-67854be32433, host hv-cinder-78481, got binding levels [PortBindingLevel(driver='hyperv',host='hv-cinder-78481',level=0,port_id=21fdec13-b54c-438c-b65a-67854be32433,segment=NetworkSegment(8f9c5657-5e53-4836-8754-1d82f591392d),segment_id=8f9c5657-5e53-4836-8754-1d82f591392d)] {{(pid=103493) get_binding_level_objs /opt/stack/neutron/neutron/plugins/ml2/db.py:74}}
May 10 19:22:26.930855 dv-cinder-784815-13-smb neutron-server[103493]: DEBUG neutron_lib.callbacks.manager [None req-98ff4918-b458-4549-a0f3-a0d3ce7a7add None None] Publish callbacks ['neutron.plugins.ml2.plugin.SecurityGroupServerNotifierRpcMixin._notify_sg_on_port_change-1926808', 'neutron.plugins.ml2.ovo_rpc._ObjectChangeHandler.handle_event-454224', 'neutron.api.rpc.agentnotifiers.dhcp_rpc_agent_api.DhcpAgentNotifyAPI._native_event_send_dhcp_notification-762697', 'neutron.db.l3_db.L3RpcNotifierMixin._notify_gateway_port_ip_changed-8777953455270', 'neutron.db.l3_dvrscheduler_db._notify_l3_agent_port_update-8777953026946', 'neutron.db.l3_hascheduler_db._notify_l3_agent_ha_port_update-8777953026964'] for port (21fdec13-b54c-438c-b65a-67854be32433), after_update {{(pid=103493) _notify_loop /usr/local/lib/python3.8/dist-packages/neutron_lib/callbacks/manager.py:176}}
May 10 19:22:26.941233 dv-cinder-784815-13-smb neutron-server[103492]: DEBUG neutron_lib.callbacks.manager [None req-621b4f55-20c4-4f6a-84e4-e50504ebcf70 admin admin] Publish callbacks [] for security_group (1aba8dc5-a1df-4313-8523-a54701c81a68), before_delete {{(pid=103492) _notify_loop /usr/local/lib/python3.8/dist-packages/neutron_lib/callbacks/manager.py:176}}
May 10 19:22:26.963380 dv-cinder-784815-13-smb neutron-server[103492]: DEBUG neutron_lib.callbacks.manager [None req-621b4f55-20c4-4f6a-84e4-e50504ebcf70 admin admin] Publish callbacks [] for security_group (1aba8dc5-a1df-4313-8523-a54701c81a68), precommit_delete {{(pid=103492) _notify_loop /usr/local/lib/python3.8/dist-packages/neutron_lib/callbacks/manager.py:176}}
May 10 19:22:26.991423 dv-cinder-784815-13-smb neutron-server[103493]: DEBUG neutron.api.rpc.handlers.resources_rpc [None req-98ff4918-b458-4549-a0f3-a0d3ce7a7add None None] Pushing event updated for resources: {'Port': ['ID=21fdec13-b54c-438c-b65a-67854be32433,revision_number=4']} {{(pid=103493) push /opt/stack/neutron/neutron/api/rpc/handlers/resources_rpc.py:237}}
May 10 19:22:26.998667 dv-cinder-784815-13-smb neutron-server[103493]: DEBUG neutron.api.rpc.callbacks.version_manager [None req-98ff4918-b458-4549-a0f3-a0d3ce7a7add None None] Version for resource type AddressGroup changed None to 1.2 on consumer Open vSwitch agent@dv-cinder-784815-13-smb {{(pid=103493) _set_version /opt/stack/neutron/neutron/api/rpc/callbacks/version_manager.py:113}}
May 10 19:22:26.999093 dv-cinder-784815-13-smb neutron-server[103493]: DEBUG neutron.api.rpc.callbacks.version_manager [None req-98ff4918-b458-4549-a0f3-a0d3ce7a7add None None] Version for resource type Agent changed None to 1.1 on consumer Open vSwitch agent@dv-cinder-784815-13-smb {{(pid=103493) _set_version /opt/stack/neutron/neutron/api/rpc/callbacks/version_manager.py:113}}
May 10 19:22:26.999605 dv-cinder-784815-13-smb neutron-server[103493]: DEBUG neutron.api.rpc.callbacks.version_manager [None req-98ff4918-b458-4549-a0f3-a0d3ce7a7add None None] Version for resource type ConntrackHelper changed None to 1.0 on consumer Open vSwitch agent@dv-cinder-784815-13-smb {{(pid=103493) _set_version /opt/stack/neutron/neutron/api/rpc/callbacks/version_manager.py:113}}
May 10 19:22:27.000113 dv-cinder-784815-13-smb neutron-server[103493]: DEBUG neutron.api.rpc.callbacks.version_manager [None req-98ff4918-b458-4549-a0f3-a0d3ce7a7add None None] Version for resource type LocalIPAssociation changed None to 1.0 on consumer Open vSwitch agent@dv-cinder-784815-13-smb {{(pid=103493) _set_version /opt/stack/neutron/neutron/api/rpc/callbacks/version_manager.py:113}}
May 10 19:22:27.000629 dv-cinder-784815-13-smb neutron-server[103493]: DEBUG neutron.api.rpc.callbacks.version_manager [None req-98ff4918-b458-4549-a0f3-a0d3ce7a7add None None] Version for resource type Log changed None to 1.0 on consumer Open vSwitch agent@dv-cinder-784815-13-smb {{(pid=103493) _set_version /opt/stack/neutron/neutron/api/rpc/callbacks/version_manager.py:113}}
May 10 19:22:27.000952 dv-cinder-784815-13-smb neutron-server[103493]: DEBUG neutron.api.rpc.callbacks.version_manager [None req-98ff4918-b458-4549-a0f3-a0d3ce7a7add None None] Version for resource type NDPProxy changed None to 1.0 on consumer Open vSwitch agent@dv-cinder-784815-13-smb {{(pid=103493) _set_version /opt/stack/neutron/neutron/api/rpc/callbacks/version_manager.py:113}}
May 10 19:22:27.001276 dv-cinder-784815-13-smb neutron-server[103493]: DEBUG neutron.api.rpc.callbacks.version_manager [None req-98ff4918-b458-4549-a0f3-a0d3ce7a7add None None] Version for resource type Network changed None to 1.1 on consumer Open vSwitch agent@dv-cinder-784815-13-smb {{(pid=103493) _set_version /opt/stack/neutron/neutron/api/rpc/callbacks/version_manager.py:113}}
May 10 19:22:27.001746 dv-cinder-784815-13-smb neutron-server[103493]: DEBUG neutron.api.rpc.callbacks.version_manager [None req-98ff4918-b458-4549-a0f3-a0d3ce7a7add None None] Version for resource type Port changed None to 1.7 on consumer Open vSwitch agent@dv-cinder-784815-13-smb {{(pid=103493) _set_version /opt/stack/neutron/neutron/api/rpc/callbacks/version_manager.py:113}}
May 10 19:22:27.002219 dv-cinder-784815-13-smb neutron-server[103493]: DEBUG neutron.api.rpc.callbacks.version_manager [None req-98ff4918-b458-4549-a0f3-a0d3ce7a7add None None] Version for resource type PortForwarding changed None to 1.3 on consumer Open vSwitch agent@dv-cinder-784815-13-smb {{(pid=103493) _set_version /opt/stack/neutron/neutron/api/rpc/callbacks/version_manager.py:113}}
May 10 19:22:27.002642 dv-cinder-784815-13-smb neutron-server[103491]: INFO neutron.wsgi [req-ca4b416c-dfa5-41c2-b167-5a7ade526738 req-cfc1c69c-621b-4547-9bcf-97a0eac741eb tempest-VolumesActionsTest-23444405 tempest-VolumesActionsTest-23444405-project] 10.222.0.59 "GET /v2.0/security-groups?id=22c76a4c-5e81-431b-bb66-4dddfdd6d709&fields=id&fields=name HTTP/1.1" status: 200 len: 286 time: 0.1026223
May 10 19:22:27.002876 dv-cinder-784815-13-smb neutron-server[103493]: DEBUG neutron.api.rpc.callbacks.version_manager [None req-98ff4918-b458-4549-a0f3-a0d3ce7a7add None None] Version for resource type QosPolicy changed None to 1.10 on consumer Open vSwitch agent@dv-cinder-784815-13-smb {{(pid=103493) _set_version /opt/stack/neutron/neutron/api/rpc/callbacks/version_manager.py:113}}
May 10 19:22:27.003362 dv-cinder-784815-13-smb neutron-server[103493]: DEBUG neutron.api.rpc.callbacks.version_manager [None req-98ff4918-b458-4549-a0f3-a0d3ce7a7add None None] Version for resource type SecurityGroup changed None to 1.5 on consumer Open vSwitch agent@dv-cinder-784815-13-smb {{(pid=103493) _set_version /opt/stack/neutron/neutron/api/rpc/callbacks/version_manager.py:113}}
May 10 19:22:27.003690 dv-cinder-784815-13-smb neutron-server[103493]: DEBUG neutron.api.rpc.callbacks.version_manager [None req-98ff4918-b458-4549-a0f3-a0d3ce7a7add None None] Version for resource type SecurityGroupRule changed None to 1.2 on consumer Open vSwitch agent@dv-cinder-784815-13-smb {{(pid=103493) _set_version /opt/stack/neutron/neutron/api/rpc/callbacks/version_manager.py:113}}
May 10 19:22:27.004015 dv-cinder-784815-13-smb neutron-server[103493]: DEBUG neutron.api.rpc.callbacks.version_manager [None req-98ff4918-b458-4549-a0f3-a0d3ce7a7add None None] Version for resource type SubPort changed None to 1.0 on consumer Open vSwitch agent@dv-cinder-784815-13-smb {{(pid=103493) _set_version /opt/stack/neutron/neutron/api/rpc/callbacks/version_manager.py:113}}
May 10 19:22:27.004336 dv-cinder-784815-13-smb neutron-server[103493]: DEBUG neutron.api.rpc.callbacks.version_manager [None req-98ff4918-b458-4549-a0f3-a0d3ce7a7add None None] Version for resource type Subnet changed None to 1.1 on consumer Open vSwitch agent@dv-cinder-784815-13-smb {{(pid=103493) _set_version /opt/stack/neutron/neutron/api/rpc/callbacks/version_manager.py:113}}
May 10 19:22:27.004656 dv-cinder-784815-13-smb neutron-server[103493]: DEBUG neutron.api.rpc.callbacks.version_manager [None req-98ff4918-b458-4549-a0f3-a0d3ce7a7add None None] Version for resource type Trunk changed None to 1.1 on consumer Open vSwitch agent@dv-cinder-784815-13-smb {{(pid=103493) _set_version /opt/stack/neutron/neutron/api/rpc/callbacks/version_manager.py:113}}
