Apr 29 13:59:02.649053 dv-cinder-784815-11-smb neutron-server[103350]: DEBUG neutron.pecan_wsgi.hooks.policy_enforcement [req-2f809c67-cf0b-4158-918c-dc29f627598d req-6691637b-c5f0-42f0-82c8-af9cba7e6407 tempest-DeleteServersTestJSON-1282627566 tempest-DeleteServersTestJSON-1282627566-project] Attributes excluded by policy engine: ['standard_attr_id', 'binding:profile', 'binding:host_id', 'binding:vif_type', 'binding:vif_details'] {{(pid=103350) _exclude_attributes_by_policy /opt/stack/neutron/neutron/pecan_wsgi/hooks/policy_enforcement.py:259}}
Apr 29 13:59:02.650779 dv-cinder-784815-11-smb neutron-server[103350]: INFO neutron.wsgi [req-2f809c67-cf0b-4158-918c-dc29f627598d req-6691637b-c5f0-42f0-82c8-af9cba7e6407 tempest-DeleteServersTestJSON-1282627566 tempest-DeleteServersTestJSON-1282627566-project] 10.222.0.21 "GET /v2.0/ports?device_id=1da25550-40fa-4ad0-b277-e5fbcb387b91 HTTP/1.1" status: 200 len: 945 time: 0.0728376
Apr 29 13:59:02.706278 dv-cinder-784815-11-smb neutron-server[103350]: INFO neutron.wsgi [req-2f809c67-cf0b-4158-918c-dc29f627598d req-aad14c61-602e-4dea-9927-4d2a5bc5d4d4 tempest-DeleteServersTestJSON-1282627566 tempest-DeleteServersTestJSON-1282627566-project] 10.222.0.21 "GET /v2.0/security-groups?id=a13bdb8a-3564-422a-aaef-5dff0edeb50a&fields=id&fields=name HTTP/1.1" status: 200 len: 286 time: 0.0496607
Apr 29 13:59:02.802754 dv-cinder-784815-11-smb neutron-server[103350]: DEBUG neutron.pecan_wsgi.hooks.policy_enforcement [req-0b4b264a-f57c-4d5b-b632-c7344da17c23 req-6d279447-9c6c-422e-a6f1-52ce0fdc9269 tempest-AttachVolumeNegativeTest-84825786 tempest-AttachVolumeNegativeTest-84825786-project] Attributes excluded by policy engine: ['standard_attr_id', 'binding:profile', 'binding:host_id', 'binding:vif_type', 'binding:vif_details'] {{(pid=103350) _exclude_attributes_by_policy /opt/stack/neutron/neutron/pecan_wsgi/hooks/policy_enforcement.py:259}}
Apr 29 13:59:02.802754 dv-cinder-784815-11-smb neutron-server[103350]: INFO neutron.wsgi [req-0b4b264a-f57c-4d5b-b632-c7344da17c23 req-6d279447-9c6c-422e-a6f1-52ce0fdc9269 tempest-AttachVolumeNegativeTest-84825786 tempest-AttachVolumeNegativeTest-84825786-project] 10.222.0.21 "GET /v2.0/ports?device_id=c5be7aa6-cf89-40ad-b5ef-90e2cfd6ab3e HTTP/1.1" status: 200 len: 946 time: 0.0518351
Apr 29 13:59:02.851625 dv-cinder-784815-11-smb neutron-server[103350]: INFO neutron.wsgi [req-0b4b264a-f57c-4d5b-b632-c7344da17c23 req-34863874-9645-4450-9083-b97e3cc5440a tempest-AttachVolumeNegativeTest-84825786 tempest-AttachVolumeNegativeTest-84825786-project] 10.222.0.21 "GET /v2.0/security-groups?id=03f32177-afbb-43c4-ac17-ce2d1d0cdcb1&fields=id&fields=name HTTP/1.1" status: 200 len: 311 time: 0.0490181
Apr 29 13:59:03.084053 dv-cinder-784815-11-smb neutron-server[103350]: DEBUG neutron.wsgi [-] (103350) accepted ('10.222.0.21', 34782) {{(pid=103350) server /usr/local/lib/python3.8/dist-packages/eventlet/wsgi.py:1004}}
Apr 29 13:59:03.199229 dv-cinder-784815-11-smb neutron-server[103350]: DEBUG neutron_lib.callbacks.manager [None req-69f68915-99f4-460e-8e5d-ffbde5cfb8bc admin admin] Publish callbacks [] for security_group (None), before_create {{(pid=103350) _notify_loop /usr/local/lib/python3.8/dist-packages/neutron_lib/callbacks/manager.py:176}}
Apr 29 13:59:03.282454 dv-cinder-784815-11-smb neutron-server[103350]: DEBUG neutron_lib.callbacks.manager [None req-69f68915-99f4-460e-8e5d-ffbde5cfb8bc admin admin] Publish callbacks [] for security_group (d6e4bb44-1c63-4058-9cec-1811a3ca49c9), precommit_create {{(pid=103350) _notify_loop /usr/local/lib/python3.8/dist-packages/neutron_lib/callbacks/manager.py:176}}
Apr 29 13:59:03.287455 dv-cinder-784815-11-smb neutron-server[103350]: DEBUG neutron_lib.callbacks.manager [None req-69f68915-99f4-460e-8e5d-ffbde5cfb8bc admin admin] Publish callbacks ['neutron.plugins.ml2.ovo_rpc._ObjectChangeHandler.handle_event-863556'] for security_group (d6e4bb44-1c63-4058-9cec-1811a3ca49c9), after_create {{(pid=103350) _notify_loop /usr/local/lib/python3.8/dist-packages/neutron_lib/callbacks/manager.py:176}}
Apr 29 13:59:03.334250 dv-cinder-784815-11-smb neutron-server[103351]: DEBUG neutron.wsgi [-] (103351) accepted ('10.222.0.21', 34796) {{(pid=103351) server /usr/local/lib/python3.8/dist-packages/eventlet/wsgi.py:1004}}
Apr 29 13:59:03.334855 dv-cinder-784815-11-smb neutron-server[103350]: INFO neutron.wsgi [None req-69f68915-99f4-460e-8e5d-ffbde5cfb8bc admin admin] 10.222.0.21 "GET /v2.0/security-groups?tenant_id=285fb5d3c58c440aa48c59d5ef981913&name=default HTTP/1.1" status: 200 len: 2996 time: 0.2494533
Apr 29 13:59:03.358609 dv-cinder-784815-11-smb neutron-server[103350]: DEBUG neutron.api.rpc.handlers.resources_rpc [None req-69f68915-99f4-460e-8e5d-ffbde5cfb8bc admin admin] Pushing event updated for resources: {'SecurityGroup': ['ID=d6e4bb44-1c63-4058-9cec-1811a3ca49c9,revision_number=1']} {{(pid=103350) push /opt/stack/neutron/neutron/api/rpc/handlers/resources_rpc.py:237}}
Apr 29 13:59:03.384391 dv-cinder-784815-11-smb neutron-server[103350]: DEBUG neutron.api.rpc.callbacks.version_manager [None req-69f68915-99f4-460e-8e5d-ffbde5cfb8bc admin admin] Version for resource type AddressGroup changed None to 1.2 on consumer Open vSwitch agent@dv-cinder-784815-11-smb {{(pid=103350) _set_version /opt/stack/neutron/neutron/api/rpc/callbacks/version_manager.py:113}}
Apr 29 13:59:03.385207 dv-cinder-784815-11-smb neutron-server[103350]: DEBUG neutron.api.rpc.callbacks.version_manager [None req-69f68915-99f4-460e-8e5d-ffbde5cfb8bc admin admin] Version for resource type Agent changed None to 1.1 on consumer Open vSwitch agent@dv-cinder-784815-11-smb {{(pid=103350) _set_version /opt/stack/neutron/neutron/api/rpc/callbacks/version_manager.py:113}}
Apr 29 13:59:03.385493 dv-cinder-784815-11-smb neutron-server[103350]: DEBUG neutron.api.rpc.callbacks.version_manager [None req-69f68915-99f4-460e-8e5d-ffbde5cfb8bc admin admin] Version for resource type ConntrackHelper changed None to 1.0 on consumer Open vSwitch agent@dv-cinder-784815-11-smb {{(pid=103350) _set_version /opt/stack/neutron/neutron/api/rpc/callbacks/version_manager.py:113}}
Apr 29 13:59:03.385847 dv-cinder-784815-11-smb neutron-server[103350]: DEBUG neutron.api.rpc.callbacks.version_manager [None req-69f68915-99f4-460e-8e5d-ffbde5cfb8bc admin admin] Version for resource type LocalIPAssociation changed None to 1.0 on consumer Open vSwitch agent@dv-cinder-784815-11-smb {{(pid=103350) _set_version /opt/stack/neutron/neutron/api/rpc/callbacks/version_manager.py:113}}
Apr 29 13:59:03.386181 dv-cinder-784815-11-smb neutron-server[103350]: DEBUG neutron.api.rpc.callbacks.version_manager [None req-69f68915-99f4-460e-8e5d-ffbde5cfb8bc admin admin] Version for resource type Log changed None to 1.0 on consumer Open vSwitch agent@dv-cinder-784815-11-smb {{(pid=103350) _set_version /opt/stack/neutron/neutron/api/rpc/callbacks/version_manager.py:113}}
Apr 29 13:59:03.386505 dv-cinder-784815-11-smb neutron-server[103350]: DEBUG neutron.api.rpc.callbacks.version_manager [None req-69f68915-99f4-460e-8e5d-ffbde5cfb8bc admin admin] Version for resource type NDPProxy changed None to 1.0 on consumer Open vSwitch agent@dv-cinder-784815-11-smb {{(pid=103350) _set_version /opt/stack/neutron/neutron/api/rpc/callbacks/version_manager.py:113}}
Apr 29 13:59:03.386832 dv-cinder-784815-11-smb neutron-server[103350]: DEBUG neutron.api.rpc.callbacks.version_manager [None req-69f68915-99f4-460e-8e5d-ffbde5cfb8bc admin admin] Version for resource type Network changed None to 1.1 on consumer Open vSwitch agent@dv-cinder-784815-11-smb {{(pid=103350) _set_version /opt/stack/neutron/neutron/api/rpc/callbacks/version_manager.py:113}}
Apr 29 13:59:03.387163 dv-cinder-784815-11-smb neutron-server[103350]: DEBUG neutron.api.rpc.callbacks.version_manager [None req-69f68915-99f4-460e-8e5d-ffbde5cfb8bc admin admin] Version for resource type Port changed None to 1.7 on consumer Open vSwitch agent@dv-cinder-784815-11-smb {{(pid=103350) _set_version /opt/stack/neutron/neutron/api/rpc/callbacks/version_manager.py:113}}
Apr 29 13:59:03.387614 dv-cinder-784815-11-smb neutron-server[103350]: DEBUG neutron.api.rpc.callbacks.version_manager [None req-69f68915-99f4-460e-8e5d-ffbde5cfb8bc admin admin] Version for resource type PortForwarding changed None to 1.3 on consumer Open vSwitch agent@dv-cinder-784815-11-smb {{(pid=103350) _set_version /opt/stack/neutron/neutron/api/rpc/callbacks/version_manager.py:113}}
Apr 29 13:59:03.387807 dv-cinder-784815-11-smb neutron-server[103350]: DEBUG neutron.api.rpc.callbacks.version_manager [None req-69f68915-99f4-460e-8e5d-ffbde5cfb8bc admin admin] Version for resource type QosPolicy changed None to 1.10 on consumer Open vSwitch agent@dv-cinder-784815-11-smb {{(pid=103350) _set_version /opt/stack/neutron/neutron/api/rpc/callbacks/version_manager.py:113}}
Apr 29 13:59:03.389089 dv-cinder-784815-11-smb neutron-server[103350]: DEBUG neutron.api.rpc.callbacks.version_manager [None req-69f68915-99f4-460e-8e5d-ffbde5cfb8bc admin admin] Version for resource type SecurityGroup changed None to 1.5 on consumer Open vSwitch agent@dv-cinder-784815-11-smb {{(pid=103350) _set_version /opt/stack/neutron/neutron/api/rpc/callbacks/version_manager.py:113}}
Apr 29 13:59:03.389089 dv-cinder-784815-11-smb neutron-server[103350]: DEBUG neutron.api.rpc.callbacks.version_manager [None req-69f68915-99f4-460e-8e5d-ffbde5cfb8bc admin admin] Version for resource type SecurityGroupRule changed None to 1.2 on consumer Open vSwitch agent@dv-cinder-784815-11-smb {{(pid=103350) _set_version /opt/stack/neutron/neutron/api/rpc/callbacks/version_manager.py:113}}
Apr 29 13:59:03.389089 dv-cinder-784815-11-smb neutron-server[103350]: DEBUG neutron.api.rpc.callbacks.version_manager [None req-69f68915-99f4-460e-8e5d-ffbde5cfb8bc admin admin] Version for resource type SubPort changed None to 1.0 on consumer Open vSwitch agent@dv-cinder-784815-11-smb {{(pid=103350) _set_version /opt/stack/neutron/neutron/api/rpc/callbacks/version_manager.py:113}}
Apr 29 13:59:03.389418 dv-cinder-784815-11-smb neutron-server[103350]: DEBUG neutron.api.rpc.callbacks.version_manager [None req-69f68915-99f4-460e-8e5d-ffbde5cfb8bc admin admin] Version for resource type Subnet changed None to 1.1 on consumer Open vSwitch agent@dv-cinder-784815-11-smb {{(pid=103350) _set_version /opt/stack/neutron/neutron/api/rpc/callbacks/version_manager.py:113}}
Apr 29 13:59:03.389741 dv-cinder-784815-11-smb neutron-server[103350]: DEBUG neutron.api.rpc.callbacks.version_manager [None req-69f68915-99f4-460e-8e5d-ffbde5cfb8bc admin admin] Version for resource type Trunk changed None to 1.1 on consumer Open vSwitch agent@dv-cinder-784815-11-smb {{(pid=103350) _set_version /opt/stack/neutron/neutron/api/rpc/callbacks/version_manager.py:113}}
Apr 29 13:59:03.435567 dv-cinder-784815-11-smb neutron-server[103351]: DEBUG neutron_lib.callbacks.manager [None req-b6889ef3-f00b-4a96-9eec-12e89f9e8b22 admin admin] Publish callbacks [] for security_group (d6e4bb44-1c63-4058-9cec-1811a3ca49c9), before_delete {{(pid=103351) _notify_loop /usr/local/lib/python3.8/dist-packages/neutron_lib/callbacks/manager.py:176}}
Apr 29 13:59:03.462982 dv-cinder-784815-11-smb neutron-server[103351]: DEBUG neutron_lib.callbacks.manager [None req-b6889ef3-f00b-4a96-9eec-12e89f9e8b22 admin admin] Publish callbacks [] for security_group (d6e4bb44-1c63-4058-9cec-1811a3ca49c9), precommit_delete {{(pid=103351) _notify_loop /usr/local/lib/python3.8/dist-packages/neutron_lib/callbacks/manager.py:176}}
Apr 29 13:59:03.476095 dv-cinder-784815-11-smb neutron-server[103350]: DEBUG neutron.pecan_wsgi.hooks.policy_enforcement [req-fbe50c12-a654-4b03-808c-344331563e7f req-47ace32d-c54a-4653-8bec-70dea3ef3455 tempest-AttachVolumeTestJSON-391299313 tempest-AttachVolumeTestJSON-391299313-project] Attributes excluded by policy engine: ['standard_attr_id', 'binding:profile', 'binding:host_id', 'binding:vif_type', 'binding:vif_details'] {{(pid=103350) _exclude_attributes_by_policy /opt/stack/neutron/neutron/pecan_wsgi/hooks/policy_enforcement.py:259}}
Apr 29 13:59:03.483131 dv-cinder-784815-11-smb neutron-server[103350]: INFO neutron.wsgi [req-fbe50c12-a654-4b03-808c-344331563e7f req-47ace32d-c54a-4653-8bec-70dea3ef3455 tempest-AttachVolumeTestJSON-391299313 tempest-AttachVolumeTestJSON-391299313-project] 10.222.0.21 "GET /v2.0/ports?device_id=91c3ea03-9cdc-4e42-82cf-20963eba1370 HTTP/1.1" status: 200 len: 946 time: 0.0772734
Apr 29 13:59:03.542323 dv-cinder-784815-11-smb neutron-server[103351]: DEBUG neutron_lib.callbacks.manager [None req-b6889ef3-f00b-4a96-9eec-12e89f9e8b22 admin admin] Publish callbacks ['neutron.plugins.ml2.ovo_rpc._ObjectChangeHandler.handle_event-863556'] for security_group (d6e4bb44-1c63-4058-9cec-1811a3ca49c9), after_delete {{(pid=103351) _notify_loop /usr/local/lib/python3.8/dist-packages/neutron_lib/callbacks/manager.py:176}}
Apr 29 13:59:03.547087 dv-cinder-784815-11-smb neutron-server[103351]: DEBUG neutron_lib.callbacks.manager [None req-b6889ef3-f00b-4a96-9eec-12e89f9e8b22 admin admin] Publish callbacks [] for security_group (None), before_response {{(pid=103351) _notify_loop /usr/local/lib/python3.8/dist-packages/neutron_lib/callbacks/manager.py:176}}
Apr 29 13:59:03.549228 dv-cinder-784815-11-smb neutron-server[103351]: INFO neutron.wsgi [None req-b6889ef3-f00b-4a96-9eec-12e89f9e8b22 admin admin] 10.222.0.21 "DELETE /v2.0/security-groups/d6e4bb44-1c63-4058-9cec-1811a3ca49c9 HTTP/1.1" status: 204 len: 168 time: 0.2128401
Apr 29 13:59:03.555794 dv-cinder-784815-11-smb neutron-server[103350]: DEBUG neutron.pecan_wsgi.hooks.policy_enforcement [req-6ef86d85-f64b-406c-a6d9-8d08980dd239 req-aa6e1b8d-e68d-4870-bbd3-cf1404c1765e tempest-ServerRescueNegativeTestJSON-703127998 tempest-ServerRescueNegativeTestJSON-703127998-project] Attributes excluded by policy engine: ['standard_attr_id', 'binding:profile', 'binding:host_id', 'binding:vif_type', 'binding:vif_details'] {{(pid=103350) _exclude_attributes_by_policy /opt/stack/neutron/neutron/pecan_wsgi/hooks/policy_enforcement.py:259}}
Apr 29 13:59:03.557652 dv-cinder-784815-11-smb neutron-server[103350]: INFO neutron.wsgi [req-6ef86d85-f64b-406c-a6d9-8d08980dd239 req-aa6e1b8d-e68d-4870-bbd3-cf1404c1765e tempest-ServerRescueNegativeTestJSON-703127998 tempest-ServerRescueNegativeTestJSON-703127998-project] 10.222.0.21 "GET /v2.0/ports?device_id=d243e11d-3642-4f11-9a4e-8b325e5edce6 HTTP/1.1" status: 200 len: 945 time: 0.0970714
Apr 29 13:59:03.559462 dv-cinder-784815-11-smb neutron-server[103351]: DEBUG neutron.api.rpc.handlers.resources_rpc [None req-b6889ef3-f00b-4a96-9eec-12e89f9e8b22 admin admin] Pushing event deleted for resources: {'SecurityGroup': ['ID=d6e4bb44-1c63-4058-9cec-1811a3ca49c9,revision_number=None']} {{(pid=103351) push /opt/stack/neutron/neutron/api/rpc/handlers/resources_rpc.py:237}}
Apr 29 13:59:03.570160 dv-cinder-784815-11-smb neutron-server[103351]: DEBUG neutron.api.rpc.callbacks.version_manager [None req-b6889ef3-f00b-4a96-9eec-12e89f9e8b22 admin admin] Version for resource type AddressGroup changed None to 1.2 on consumer Open vSwitch agent@dv-cinder-784815-11-smb {{(pid=103351) _set_version /opt/stack/neutron/neutron/api/rpc/callbacks/version_manager.py:113}}
Apr 29 13:59:03.570507 dv-cinder-784815-11-smb neutron-server[103351]: DEBUG neutron.api.rpc.callbacks.version_manager [None req-b6889ef3-f00b-4a96-9eec-12e89f9e8b22 admin admin] Version for resource type Agent changed None to 1.1 on consumer Open vSwitch agent@dv-cinder-784815-11-smb {{(pid=103351) _set_version /opt/stack/neutron/neutron/api/rpc/callbacks/version_manager.py:113}}
Apr 29 13:59:03.571027 dv-cinder-784815-11-smb neutron-server[103351]: DEBUG neutron.api.rpc.callbacks.version_manager [None req-b6889ef3-f00b-4a96-9eec-12e89f9e8b22 admin admin] Version for resource type ConntrackHelper changed None to 1.0 on consumer Open vSwitch agent@dv-cinder-784815-11-smb {{(pid=103351) _set_version /opt/stack/neutron/neutron/api/rpc/callbacks/version_manager.py:113}}
Apr 29 13:59:03.571527 dv-cinder-784815-11-smb neutron-server[103351]: DEBUG neutron.api.rpc.callbacks.version_manager [None req-b6889ef3-f00b-4a96-9eec-12e89f9e8b22 admin admin] Version for resource type LocalIPAssociation changed None to 1.0 on consumer Open vSwitch agent@dv-cinder-784815-11-smb {{(pid=103351) _set_version /opt/stack/neutron/neutron/api/rpc/callbacks/version_manager.py:113}}
Apr 29 13:59:03.572028 dv-cinder-784815-11-smb neutron-server[103351]: DEBUG neutron.api.rpc.callbacks.version_manager [None req-b6889ef3-f00b-4a96-9eec-12e89f9e8b22 admin admin] Version for resource type Log changed None to 1.0 on consumer Open vSwitch agent@dv-cinder-784815-11-smb {{(pid=103351) _set_version /opt/stack/neutron/neutron/api/rpc/callbacks/version_manager.py:113}}
Apr 29 13:59:03.572546 dv-cinder-784815-11-smb neutron-server[103351]: DEBUG neutron.api.rpc.callbacks.version_manager [None req-b6889ef3-f00b-4a96-9eec-12e89f9e8b22 admin admin] Version for resource type NDPProxy changed None to 1.0 on consumer Open vSwitch agent@dv-cinder-784815-11-smb {{(pid=103351) _set_version /opt/stack/neutron/neutron/api/rpc/callbacks/version_manager.py:113}}
Apr 29 13:59:03.573051 dv-cinder-784815-11-smb neutron-server[103351]: DEBUG neutron.api.rpc.callbacks.version_manager [None req-b6889ef3-f00b-4a96-9eec-12e89f9e8b22 admin admin] Version for resource type Network changed None to 1.1 on consumer Open vSwitch agent@dv-cinder-784815-11-smb {{(pid=103351) _set_version /opt/stack/neutron/neutron/api/rpc/callbacks/version_manager.py:113}}
Apr 29 13:59:03.573531 dv-cinder-784815-11-smb neutron-server[103351]: DEBUG neutron.api.rpc.callbacks.version_manager [None req-b6889ef3-f00b-4a96-9eec-12e89f9e8b22 admin admin] Version for resource type Port changed None to 1.7 on consumer Open vSwitch agent@dv-cinder-784815-11-smb {{(pid=103351) _set_version /opt/stack/neutron/neutron/api/rpc/callbacks/version_manager.py:113}}
Apr 29 13:59:03.574035 dv-cinder-784815-11-smb neutron-server[103351]: DEBUG neutron.api.rpc.callbacks.version_manager [None req-b6889ef3-f00b-4a96-9eec-12e89f9e8b22 admin admin] Version for resource type PortForwarding changed None to 1.3 on consumer Open vSwitch agent@dv-cinder-784815-11-smb {{(pid=103351) _set_version /opt/stack/neutron/neutron/api/rpc/callbacks/version_manager.py:113}}
Apr 29 13:59:03.574534 dv-cinder-784815-11-smb neutron-server[103351]: DEBUG neutron.api.rpc.callbacks.version_manager [None req-b6889ef3-f00b-4a96-9eec-12e89f9e8b22 admin admin] Version for resource type QosPolicy changed None to 1.10 on consumer Open vSwitch agent@dv-cinder-784815-11-smb {{(pid=103351) _set_version /opt/stack/neutron/neutron/api/rpc/callbacks/version_manager.py:113}}
Apr 29 13:59:03.575017 dv-cinder-784815-11-smb neutron-server[103351]: DEBUG neutron.api.rpc.callbacks.version_manager [None req-b6889ef3-f00b-4a96-9eec-12e89f9e8b22 admin admin] Version for resource type SecurityGroup changed None to 1.5 on consumer Open vSwitch agent@dv-cinder-784815-11-smb {{(pid=103351) _set_version /opt/stack/neutron/neutron/api/rpc/callbacks/version_manager.py:113}}
Apr 29 13:59:03.575770 dv-cinder-784815-11-smb neutron-server[103351]: DEBUG neutron.api.rpc.callbacks.version_manager [None req-b6889ef3-f00b-4a96-9eec-12e89f9e8b22 admin admin] Version for resource type SecurityGroupRule changed None to 1.2 on consumer Open vSwitch agent@dv-cinder-784815-11-smb {{(pid=103351) _set_version /opt/stack/neutron/neutron/api/rpc/callbacks/version_manager.py:113}}
Apr 29 13:59:03.576306 dv-cinder-784815-11-smb neutron-server[103351]: DEBUG neutron.api.rpc.callbacks.version_manager [None req-b6889ef3-f00b-4a96-9eec-12e89f9e8b22 admin admin] Version for resource type SubPort changed None to 1.0 on consumer Open vSwitch agent@dv-cinder-784815-11-smb {{(pid=103351) _set_version /opt/stack/neutron/neutron/api/rpc/callbacks/version_manager.py:113}}
Apr 29 13:59:03.576820 dv-cinder-784815-11-smb neutron-server[103351]: DEBUG neutron.api.rpc.callbacks.version_manager [None req-b6889ef3-f00b-4a96-9eec-12e89f9e8b22 admin admin] Version for resource type Subnet changed None to 1.1 on consumer Open vSwitch agent@dv-cinder-784815-11-smb {{(pid=103351) _set_version /opt/stack/neutron/neutron/api/rpc/callbacks/version_manager.py:113}}
Apr 29 13:59:03.577356 dv-cinder-784815-11-smb neutron-server[103351]: DEBUG neutron.api.rpc.callbacks.version_manager [None req-b6889ef3-f00b-4a96-9eec-12e89f9e8b22 admin admin] Version for resource type Trunk changed None to 1.1 on consumer Open vSwitch agent@dv-cinder-784815-11-smb {{(pid=103351) _set_version /opt/stack/neutron/neutron/api/rpc/callbacks/version_manager.py:113}}
Apr 29 13:59:03.589213 dv-cinder-784815-11-smb neutron-server[103350]: INFO neutron.wsgi [req-fbe50c12-a654-4b03-808c-344331563e7f req-a57624cc-ba85-4db5-92f4-533f0f86a84e tempest-AttachVolumeTestJSON-391299313 tempest-AttachVolumeTestJSON-391299313-project] 10.222.0.21 "GET /v2.0/security-groups?id=ff93ac58-e288-4f2d-8e32-2d94ebb7022f&fields=id&fields=name HTTP/1.1" status: 200 len: 312 time: 0.1051285
Apr 29 13:59:03.665761 dv-cinder-784815-11-smb neutron-server[103350]: INFO neutron.wsgi [req-6ef86d85-f64b-406c-a6d9-8d08980dd239 req-24edca75-cf24-4373-89c9-39494c99a3f2 tempest-ServerRescueNegativeTestJSON-703127998 tempest-ServerRescueNegativeTestJSON-703127998-project] 10.222.0.21 "GET /v2.0/security-groups?id=ba28d984-3b43-43d6-b745-1ae6662c0d17&fields=id&fields=name HTTP/1.1" status: 200 len: 286 time: 0.0976887
Apr 29 13:59:03.732764 dv-cinder-784815-11-smb neutron-server[103350]: DEBUG neutron.pecan_wsgi.hooks.policy_enforcement [req-3c604b6b-45d9-407d-bf36-aefa36780423 req-7326ea28-2f7d-4d3b-b199-61bccd347352 tempest-AttachVolumeTestJSON-391299313 tempest-AttachVolumeTestJSON-391299313-project] Attributes excluded by policy engine: ['standard_attr_id', 'binding:profile', 'binding:host_id', 'binding:vif_type', 'binding:vif_details'] {{(pid=103350) _exclude_attributes_by_policy /opt/stack/neutron/neutron/pecan_wsgi/hooks/policy_enforcement.py:259}}
Apr 29 13:59:03.734508 dv-cinder-784815-11-smb neutron-server[103350]: INFO neutron.wsgi [req-3c604b6b-45d9-407d-bf36-aefa36780423 req-7326ea28-2f7d-4d3b-b199-61bccd347352 tempest-AttachVolumeTestJSON-391299313 tempest-AttachVolumeTestJSON-391299313-project] 10.222.0.21 "GET /v2.0/ports?device_id=91c3ea03-9cdc-4e42-82cf-20963eba1370 HTTP/1.1" status: 200 len: 946 time: 0.0605576
Apr 29 13:59:03.745682 dv-cinder-784815-11-smb neutron-server[103351]: DEBUG neutron.wsgi [-] (103351) accepted ('10.222.0.21', 34816) {{(pid=103351) server /usr/local/lib/python3.8/dist-packages/eventlet/wsgi.py:1004}}
Apr 29 13:59:03.762316 dv-cinder-784815-11-smb neutron-server[103351]: DEBUG neutron.api.v2.base [None req-535c71f7-7b37-4b4e-8bac-9033fc491ce9 tempest-AttachVolumeTestJSON-391299313 tempest-AttachVolumeTestJSON-391299313-project] Request body: {'floatingip': {'port_id': '2a9b454b-7c3d-44ab-9739-9456c101b76d'}} {{(pid=103351) prepare_request_body /opt/stack/neutron/neutron/api/v2/base.py:730}}
Apr 29 13:59:03.855451 dv-cinder-784815-11-smb neutron-server[103350]: DEBUG neutron.pecan_wsgi.hooks.policy_enforcement [req-fcd7f6e6-66d6-44a2-9e4a-592f6862dcbc req-bf0efbda-9c06-48d6-96ba-3b7efb7e72a0 tempest-DeleteServersTestJSON-1282627566 tempest-DeleteServersTestJSON-1282627566-project] Attributes excluded by policy engine: ['standard_attr_id', 'binding:profile', 'binding:host_id', 'binding:vif_type', 'binding:vif_details'] {{(pid=103350) _exclude_attributes_by_policy /opt/stack/neutron/neutron/pecan_wsgi/hooks/policy_enforcement.py:259}}
Apr 29 13:59:03.857229 dv-cinder-784815-11-smb neutron-server[103350]: INFO neutron.wsgi [req-fcd7f6e6-66d6-44a2-9e4a-592f6862dcbc req-bf0efbda-9c06-48d6-96ba-3b7efb7e72a0 tempest-DeleteServersTestJSON-1282627566 tempest-DeleteServersTestJSON-1282627566-project] 10.222.0.21 "GET /v2.0/ports?device_id=1da25550-40fa-4ad0-b277-e5fbcb387b91 HTTP/1.1" status: 200 len: 945 time: 0.0555353
Apr 29 13:59:03.873988 dv-cinder-784815-11-smb neutron-server[103351]: DEBUG neutron_lib.callbacks.manager [None req-535c71f7-7b37-4b4e-8bac-9033fc491ce9 tempest-AttachVolumeTestJSON-391299313 tempest-AttachVolumeTestJSON-391299313-project] Publish callbacks [] for floatingip (3ec8c037-569b-46c4-8355-2d5b177d67cc), before_update {{(pid=103351) _notify_loop /usr/local/lib/python3.8/dist-packages/neutron_lib/callbacks/manager.py:176}}
Apr 29 13:59:03.964709 dv-cinder-784815-11-smb neutron-server[103350]: INFO neutron.wsgi [req-fcd7f6e6-66d6-44a2-9e4a-592f6862dcbc req-8446fd95-37bc-4b5a-979c-edde3c89ae20 tempest-DeleteServersTestJSON-1282627566 tempest-DeleteServersTestJSON-1282627566-project] 10.222.0.21 "GET /v2.0/security-groups?id=a13bdb8a-3564-422a-aaef-5dff0edeb50a&fields=id&fields=name HTTP/1.1" status: 200 len: 286 time: 0.1003866
Apr 29 13:59:04.042874 dv-cinder-784815-11-smb neutron-server[103350]: DEBUG neutron.pecan_wsgi.hooks.policy_enforcement [req-04615aa2-532b-4206-82ed-212a58ccff69 req-b5af1359-1d01-4d9f-82ae-72e5a8c7a936 tempest-AttachVolumeNegativeTest-84825786 tempest-AttachVolumeNegativeTest-84825786-project] Attributes excluded by policy engine: ['standard_attr_id', 'binding:profile', 'binding:host_id', 'binding:vif_type', 'binding:vif_details'] {{(pid=103350) _exclude_attributes_by_policy /opt/stack/neutron/neutron/pecan_wsgi/hooks/policy_enforcement.py:259}}
Apr 29 13:59:04.043915 dv-cinder-784815-11-smb neutron-server[103350]: INFO neutron.wsgi [req-04615aa2-532b-4206-82ed-212a58ccff69 req-b5af1359-1d01-4d9f-82ae-72e5a8c7a936 tempest-AttachVolumeNegativeTest-84825786 tempest-AttachVolumeNegativeTest-84825786-project] 10.222.0.21 "GET /v2.0/ports?device_id=c5be7aa6-cf89-40ad-b5ef-90e2cfd6ab3e HTTP/1.1" status: 200 len: 946 time: 0.0781901
Apr 29 13:59:04.114524 dv-cinder-784815-11-smb neutron-server[103350]: INFO neutron.wsgi [req-04615aa2-532b-4206-82ed-212a58ccff69 req-5860a5ec-941b-4513-9bf4-6009824ec77f tempest-AttachVolumeNegativeTest-84825786 tempest-AttachVolumeNegativeTest-84825786-project] 10.222.0.21 "GET /v2.0/security-groups?id=03f32177-afbb-43c4-ac17-ce2d1d0cdcb1&fields=id&fields=name HTTP/1.1" status: 200 len: 311 time: 0.0634704
Apr 29 13:59:04.835818 dv-cinder-784815-11-smb neutron-server[103350]: DEBUG neutron.pecan_wsgi.hooks.policy_enforcement [req-d3a76c93-4f92-4727-b9b0-173eab704131 req-01fe3d9a-ca4a-4f78-a28c-fb73d0da23b0 tempest-ServerRescueNegativeTestJSON-703127998 tempest-ServerRescueNegativeTestJSON-703127998-project] Attributes excluded by policy engine: ['standard_attr_id', 'binding:profile', 'binding:host_id', 'binding:vif_type', 'binding:vif_details'] {{(pid=103350) _exclude_attributes_by_policy /opt/stack/neutron/neutron/pecan_wsgi/hooks/policy_enforcement.py:259}}
Apr 29 13:59:04.837831 dv-cinder-784815-11-smb neutron-server[103350]: INFO neutron.wsgi [req-d3a76c93-4f92-4727-b9b0-173eab704131 req-01fe3d9a-ca4a-4f78-a28c-fb73d0da23b0 tempest-ServerRescueNegativeTestJSON-703127998 tempest-ServerRescueNegativeTestJSON-703127998-project] 10.222.0.21 "GET /v2.0/ports?device_id=d243e11d-3642-4f11-9a4e-8b325e5edce6 HTTP/1.1" status: 200 len: 945 time: 0.0666201
Apr 29 13:59:04.906414 dv-cinder-784815-11-smb neutron-server[103350]: INFO neutron.wsgi [req-d3a76c93-4f92-4727-b9b0-173eab704131 req-06cdb769-c493-408c-82b8-1bd9f3e6731b tempest-ServerRescueNegativeTestJSON-703127998 tempest-ServerRescueNegativeTestJSON-703127998-project] 10.222.0.21 "GET /v2.0/security-groups?id=ba28d984-3b43-43d6-b745-1ae6662c0d17&fields=id&fields=name HTTP/1.1" status: 200 len: 286 time: 0.0570214
Apr 29 13:59:04.951776 dv-cinder-784815-11-smb neutron-server[103351]: DEBUG neutron_lib.callbacks.manager [None req-535c71f7-7b37-4b4e-8bac-9033fc491ce9 tempest-AttachVolumeTestJSON-391299313 tempest-AttachVolumeTestJSON-391299313-project] Publish callbacks [] for floatingip (None), precommit_update {{(pid=103351) _notify_loop /usr/local/lib/python3.8/dist-packages/neutron_lib/callbacks/manager.py:176}}
Apr 29 13:59:04.958935 dv-cinder-784815-11-smb neutron-server[103351]: DEBUG neutron_lib.callbacks.manager [None req-535c71f7-7b37-4b4e-8bac-9033fc491ce9 tempest-AttachVolumeTestJSON-391299313 tempest-AttachVolumeTestJSON-391299313-project] Publish callbacks ['neutron.services.l3_router.l3_router_plugin.DVRResourceOperationHandler._create_dvr_floating_gw_port-880929'] for floatingip (3ec8c037-569b-46c4-8355-2d5b177d67cc), after_update {{(pid=103351) _notify_loop /usr/local/lib/python3.8/dist-packages/neutron_lib/callbacks/manager.py:176}}
Apr 29 13:59:05.164189 dv-cinder-784815-11-smb neutron-server[103351]: INFO neutron.db.l3_db [None req-535c71f7-7b37-4b4e-8bac-9033fc491ce9 tempest-AttachVolumeTestJSON-391299313 tempest-AttachVolumeTestJSON-391299313-project] Floating IP 3ec8c037-569b-46c4-8355-2d5b177d67cc associated. External IP: 172.28.1.174, port: 2a9b454b-7c3d-44ab-9739-9456c101b76d.
Apr 29 13:59:05.206321 dv-cinder-784815-11-smb neutron-server[103352]: DEBUG neutron_lib.callbacks.manager [None req-233005e5-ccda-4ade-824f-fd351eacfe2d None None] Publish callbacks ['neutron.services.segments.db._update_segment_host_mapping_for_agent-8726497818471', 'neutron.plugins.ml2.plugin.Ml2Plugin._retry_binding_revived_agents-1956209'] for agent (a77d13f6-9e6b-465f-96ce-cee779b1ae77), after_update {{(pid=103352) _notify_loop /usr/local/lib/python3.8/dist-packages/neutron_lib/callbacks/manager.py:176}}
Apr 29 13:59:05.225475 dv-cinder-784815-11-smb neutron-server[103350]: INFO neutron.wsgi [req-d554ce93-8d04-4e57-93b2-9b2c350bc0a4 req-279a5d4e-9eb5-4752-b2bb-f7450faa806b service neutron] 10.222.0.39 "GET /v2.0/networks/7990643e-c6a9-4819-819c-3a0ee621ab4d?fields=segments HTTP/1.1" status: 200 len: 212 time: 0.2048678
Apr 29 13:59:05.302408 dv-cinder-784815-11-smb neutron-server[103350]: DEBUG neutron.pecan_wsgi.hooks.policy_enforcement [req-6a35e0ba-a1b7-49c9-8499-dbb49c7255ab req-7dd296a0-cf10-4502-9e6c-c82e8cb44bb9 tempest-DeleteServersTestJSON-1282627566 tempest-DeleteServersTestJSON-1282627566-project] Attributes excluded by policy engine: ['standard_attr_id', 'binding:profile', 'binding:host_id', 'binding:vif_type', 'binding:vif_details'] {{(pid=103350) _exclude_attributes_by_policy /opt/stack/neutron/neutron/pecan_wsgi/hooks/policy_enforcement.py:259}}
Apr 29 13:59:05.312455 dv-cinder-784815-11-smb neutron-server[103350]: INFO neutron.wsgi [req-6a35e0ba-a1b7-49c9-8499-dbb49c7255ab req-7dd296a0-cf10-4502-9e6c-c82e8cb44bb9 tempest-DeleteServersTestJSON-1282627566 tempest-DeleteServersTestJSON-1282627566-project] 10.222.0.21 "GET /v2.0/ports?device_id=1da25550-40fa-4ad0-b277-e5fbcb387b91 HTTP/1.1" status: 200 len: 945 time: 0.1952515
Apr 29 13:59:05.412381 dv-cinder-784815-11-smb neutron-server[103350]: DEBUG neutron.pecan_wsgi.hooks.policy_enforcement [req-849a8ba2-5c81-421f-986d-cc41718578ca req-ad269b1a-56a7-423c-8e17-f06ccc426e9d tempest-AttachVolumeNegativeTest-84825786 tempest-AttachVolumeNegativeTest-84825786-project] Attributes excluded by policy engine: ['standard_attr_id', 'binding:profile', 'binding:host_id', 'binding:vif_type', 'binding:vif_details'] {{(pid=103350) _exclude_attributes_by_policy /opt/stack/neutron/neutron/pecan_wsgi/hooks/policy_enforcement.py:259}}
Apr 29 13:59:05.431009 dv-cinder-784815-11-smb neutron-server[103350]: INFO neutron.wsgi [req-849a8ba2-5c81-421f-986d-cc41718578ca req-ad269b1a-56a7-423c-8e17-f06ccc426e9d tempest-AttachVolumeNegativeTest-84825786 tempest-AttachVolumeNegativeTest-84825786-project] 10.222.0.21 "GET /v2.0/ports?device_id=c5be7aa6-cf89-40ad-b5ef-90e2cfd6ab3e HTTP/1.1" status: 200 len: 946 time: 0.1116056
Apr 29 13:59:05.551996 dv-cinder-784815-11-smb neutron-server[103350]: INFO neutron.wsgi [req-849a8ba2-5c81-421f-986d-cc41718578ca req-4203d24e-1046-4a89-a917-6a47a5309f42 tempest-AttachVolumeNegativeTest-84825786 tempest-AttachVolumeNegativeTest-84825786-project] 10.222.0.21 "GET /v2.0/security-groups?id=03f32177-afbb-43c4-ac17-ce2d1d0cdcb1&fields=id&fields=name HTTP/1.1" status: 200 len: 311 time: 0.1163008
Apr 29 13:59:05.559932 dv-cinder-784815-11-smb neutron-server[103351]: DEBUG neutron.scheduler.l3_agent_scheduler [None req-535c71f7-7b37-4b4e-8bac-9033fc491ce9 tempest-AttachVolumeTestJSON-391299313 tempest-AttachVolumeTestJSON-391299313-project] Router 97696844-514e-4dc8-92a8-e701f0a9752e has already been hosted by L3 agent a77d13f6-9e6b-465f-96ce-cee779b1ae77 {{(pid=103351) _get_candidates /opt/stack/neutron/neutron/scheduler/l3_agent_scheduler.py:126}}
Apr 29 13:59:05.582718 dv-cinder-784815-11-smb neutron-server[103350]: INFO neutron.wsgi [req-6a35e0ba-a1b7-49c9-8499-dbb49c7255ab req-cd63913d-e6c3-4b08-a1e7-61c7e0bdeb8a tempest-DeleteServersTestJSON-1282627566 tempest-DeleteServersTestJSON-1282627566-project] 10.222.0.21 "GET /v2.0/security-groups?id=a13bdb8a-3564-422a-aaef-5dff0edeb50a&fields=id&fields=name HTTP/1.1" status: 200 len: 286 time: 0.2614844
Apr 29 13:59:05.720769 dv-cinder-784815-11-smb neutron-server[103351]: DEBUG neutron.api.rpc.agentnotifiers.l3_rpc_agent_api [None req-535c71f7-7b37-4b4e-8bac-9033fc491ce9 tempest-AttachVolumeTestJSON-391299313 tempest-AttachVolumeTestJSON-391299313-project] Notify agent at l3_agent.dv-cinder-784815-11-smb the message routers_updated {{(pid=103351) _agent_notification /opt/stack/neutron/neutron/api/rpc/agentnotifiers/l3_rpc_agent_api.py:65}}
Apr 29 13:59:05.737597 dv-cinder-784815-11-smb neutron-server[103353]: DEBUG neutron.api.rpc.handlers.l3_rpc [None req-995e7d10-34b9-4bd3-ae13-182627b64e7f None None] Sync routers for ids ['97696844-514e-4dc8-92a8-e701f0a9752e'] in dv-cinder-784815-11-smb {{(pid=103353) sync_routers /opt/stack/neutron/neutron/api/rpc/handlers/l3_rpc.py:125}}
Apr 29 13:59:05.741087 dv-cinder-784815-11-smb neutron-server[103351]: DEBUG neutron_lib.callbacks.manager [None req-535c71f7-7b37-4b4e-8bac-9033fc491ce9 tempest-AttachVolumeTestJSON-391299313 tempest-AttachVolumeTestJSON-391299313-project] Publish callbacks ['neutron.notifiers.nova.Notifier._send_nova_notification-19588'] for floatingip (None), before_response {{(pid=103351) _notify_loop /usr/local/lib/python3.8/dist-packages/neutron_lib/callbacks/manager.py:176}}
Apr 29 13:59:05.750694 dv-cinder-784815-11-smb neutron-server[103353]: DEBUG neutron.db.l3_dvrscheduler_db [None req-995e7d10-34b9-4bd3-ae13-182627b64e7f None None] Routers {'97696844-514e-4dc8-92a8-e701f0a9752e'} bound to L3 agent in host dv-cinder-784815-11-smb {{(pid=103353) _get_router_ids_for_agent /opt/stack/neutron/neutron/db/l3_dvrscheduler_db.py:421}}
Apr 29 13:59:05.752079 dv-cinder-784815-11-smb neutron-server[103353]: DEBUG neutron.db.l3_hamode_db [None req-995e7d10-34b9-4bd3-ae13-182627b64e7f None None] neutron.services.l3_router.l3_router_plugin.L3RouterPlugin method get_ha_sync_data_for_host called with arguments (, 'dv-cinder-784815-11-smb', Agent(admin_state_up=True,agent_type='L3 agent',availability_zone='nova',binary='neutron-l3-agent',configurations={"agent_mode": "legacy", "ex_gw_ports": 4, "extensions": [], "floating_ips": 0, "handle_internal_only_routers": true, "interface_driver": "openvswitch", "interfaces": 4, "log_agent_heartbeats": false, "routers": 4},created_at=2022-04-29T13:49:05Z,description=,heartbeat_timestamp=2022-04-29T13:59:05Z,host='dv-cinder-784815-11-smb',id=a77d13f6-9e6b-465f-96ce-cee779b1ae77,load=0,resource_versions=,resources_synced=,started_at=2022-04-29T13:49:05Z,topic='l3_agent')) {'router_ids': ['97696844-514e-4dc8-92a8-e701f0a9752e'], 'active': True} {{(pid=103353) wrapper /usr/local/lib/python3.8/dist-packages/oslo_log/helpers.py:65}}
Apr 29 13:59:05.789619 dv-cinder-784815-11-smb neutron-server[103351]: INFO neutron.wsgi [None req-535c71f7-7b37-4b4e-8bac-9033fc491ce9 tempest-AttachVolumeTestJSON-391299313 tempest-AttachVolumeTestJSON-391299313-project] 10.222.0.21 "PUT /v2.0/floatingips/3ec8c037-569b-46c4-8355-2d5b177d67cc HTTP/1.1" status: 200 len: 992 time: 2.0411930
Apr 29 13:59:05.790263 dv-cinder-784815-11-smb neutron-server[103351]: DEBUG neutron.notifiers.nova [-] Sending events: [{'name': 'network-changed', 'server_uuid': '91c3ea03-9cdc-4e42-82cf-20963eba1370', 'tag': '2a9b454b-7c3d-44ab-9739-9456c101b76d'}] {{(pid=103351) send_events /opt/stack/neutron/neutron/notifiers/nova.py:271}}
Apr 29 13:59:05.792605 dv-cinder-784815-11-smb neutron-server[103351]: DEBUG novaclient.v2.client [-] REQ: curl -g -i --cacert "/opt/stack/data/ca-bundle.pem" -X POST http://10.222.0.21/compute/v2.1/os-server-external-events -H "Accept: application/json" -H "Content-Type: application/json" -H "User-Agent: python-novaclient" -H "X-Auth-Token: {SHA256}abf54b0ff7abe7755ac43bb1dcc5fe657be602472755ba95d45cda2a7633965f" -H "X-OpenStack-Nova-API-Version: 2.1" -H "X-OpenStack-Request-ID: req-2aa13512-cd4d-4126-afc9-2e1ae965fe10" -d '{"events": [{"name": "network-changed", "server_uuid": "91c3ea03-9cdc-4e42-82cf-20963eba1370", "tag": "2a9b454b-7c3d-44ab-9739-9456c101b76d"}]}' {{(pid=103351) _http_log_request /usr/local/lib/python3.8/dist-packages/keystoneauth1/session.py:519}}
Apr 29 13:59:05.840987 dv-cinder-784815-11-smb neutron-server[103351]: DEBUG novaclient.v2.client [-] RESP: [200] Connection: close Content-Length: 179 Content-Type: application/json Date: Fri, 29 Apr 2022 13:59:05 GMT OpenStack-API-Version: compute 2.1 Server: Apache/2.4.41 (Ubuntu) Vary: OpenStack-API-Version,X-OpenStack-Nova-API-Version X-OpenStack-Nova-API-Version: 2.1 x-compute-request-id: req-bbd2c69e-02cb-4d07-a9d8-b19ae447d2a4 x-openstack-request-id: req-bbd2c69e-02cb-4d07-a9d8-b19ae447d2a4 {{(pid=103351) _http_log_response /usr/local/lib/python3.8/dist-packages/keystoneauth1/session.py:550}}
Apr 29 13:59:05.841478 dv-cinder-784815-11-smb neutron-server[103351]: DEBUG novaclient.v2.client [-] RESP BODY: {"events": [{"name": "network-changed", "server_uuid": "91c3ea03-9cdc-4e42-82cf-20963eba1370", "tag": "2a9b454b-7c3d-44ab-9739-9456c101b76d", "status": "completed", "code": 200}]} {{(pid=103351) _http_log_response /usr/local/lib/python3.8/dist-packages/keystoneauth1/session.py:582}}
Apr 29 13:59:05.843000 dv-cinder-784815-11-smb neutron-server[103351]: DEBUG novaclient.v2.client [-] POST call to compute for http://10.222.0.21/compute/v2.1/os-server-external-events used request id req-bbd2c69e-02cb-4d07-a9d8-b19ae447d2a4 {{(pid=103351) request /usr/local/lib/python3.8/dist-packages/keystoneauth1/session.py:954}}
Apr 29 13:59:05.844059 dv-cinder-784815-11-smb neutron-server[103351]: INFO neutron.notifiers.nova [-] Nova event matching ['req-bbd2c69e-02cb-4d07-a9d8-b19ae447d2a4'] response: {'name': 'network-changed', 'server_uuid': '91c3ea03-9cdc-4e42-82cf-20963eba1370', 'tag': '2a9b454b-7c3d-44ab-9739-9456c101b76d', 'status': 'completed', 'code': 200}
Apr 29 13:59:05.890015 dv-cinder-784815-11-smb neutron-server[103353]: DEBUG neutron.db.l3_dvr_db [None req-995e7d10-34b9-4bd3-ae13-182627b64e7f None None] Set router 97696844-514e-4dc8-92a8-e701f0a9752e gateway port host: dv-cinder-784815-11-smb {{(pid=103353) _build_routers_list /opt/stack/neutron/neutron/db/l3_dvr_db.py:906}}
Apr 29 13:59:05.981328 dv-cinder-784815-11-smb neutron-server[103352]: DEBUG neutron_lib.callbacks.manager [None req-c48ff03f-0769-4d4e-9f97-c874b68a4fa6 None None] Publish callbacks ['neutron.services.segments.db._update_segment_host_mapping_for_agent-8726497818471', 'neutron.plugins.ml2.plugin.Ml2Plugin._retry_binding_revived_agents-1956209'] for agent (b6db4dac-1681-4b32-a0aa-1e1442b10b11), after_update {{(pid=103352) _notify_loop /usr/local/lib/python3.8/dist-packages/neutron_lib/callbacks/manager.py:176}}
Apr 29 13:59:06.095853 dv-cinder-784815-11-smb neutron-server[103350]: DEBUG neutron.pecan_wsgi.hooks.policy_enforcement [req-68aa828d-9c83-4dd3-a8f7-227b88b11290 req-b94ed1af-9c8b-48bb-9553-b04e9f733e21 tempest-ServerRescueNegativeTestJSON-703127998 tempest-ServerRescueNegativeTestJSON-703127998-project] Attributes excluded by policy engine: ['standard_attr_id', 'binding:profile', 'binding:host_id', 'binding:vif_type', 'binding:vif_details'] {{(pid=103350) _exclude_attributes_by_policy /opt/stack/neutron/neutron/pecan_wsgi/hooks/policy_enforcement.py:259}}
Apr 29 13:59:06.104692 dv-cinder-784815-11-smb neutron-server[103350]: INFO neutron.wsgi [req-68aa828d-9c83-4dd3-a8f7-227b88b11290 req-b94ed1af-9c8b-48bb-9553-b04e9f733e21 tempest-ServerRescueNegativeTestJSON-703127998 tempest-ServerRescueNegativeTestJSON-703127998-project] 10.222.0.21 "GET /v2.0/ports?device_id=d243e11d-3642-4f11-9a4e-8b325e5edce6 HTTP/1.1" status: 200 len: 945 time: 0.0784016
Apr 29 13:59:06.173733 dv-cinder-784815-11-smb neutron-server[103350]: INFO neutron.wsgi [req-68aa828d-9c83-4dd3-a8f7-227b88b11290 req-cc661ba6-4cc6-4bd5-9027-d6564056c046 tempest-ServerRescueNegativeTestJSON-703127998 tempest-ServerRescueNegativeTestJSON-703127998-project] 10.222.0.21 "GET /v2.0/security-groups?id=ba28d984-3b43-43d6-b745-1ae6662c0d17&fields=id&fields=name HTTP/1.1" status: 200 len: 286 time: 0.0669420
Apr 29 13:59:06.282743 dv-cinder-784815-11-smb neutron-server[103353]: DEBUG neutron.db.l3_hamode_db [None req-995e7d10-34b9-4bd3-ae13-182627b64e7f None None] neutron.services.l3_router.l3_router_plugin.L3RouterPlugin method _process_sync_ha_data called with arguments (, [{'id': '97696844-514e-4dc8-92a8-e701f0a9752e', 'name': 'tempest-AttachVolumeTestJSON-1642946382-router', 'tenant_id': '0abab38089cb4a34ba2cacf931bd3fa3', 'admin_state_up': True, 'status': 'ACTIVE', 'external_gateway_info': {'network_id': '80aa7332-7280-40da-aa54-9b38a32f062b', 'external_fixed_ips': [{'subnet_id': '84edf482-a363-48c8-b41f-773fca14fe0e', 'ip_address': '172.28.1.83'}], 'enable_snat': True}, 'gw_port_id': '08544d52-8ce4-4944-a2d8-c7831c9204be', 'description': '', 'availability_zones': ['nova'], 'distributed': False, 'ha': False, 'ha_vr_id': 0, 'availability_zone_hints': [], 'routes': [], 'flavor_id': None, 'tags': [], 'created_at': '2022-04-29T13:58:03Z', 'updated_at': '2022-04-29T13:58:11Z', 'revision_number': 4, 'project_id': '0abab38089cb4a34ba2cacf931bd3fa3', 'gw_port': {'id': '08544d52-8ce4-4944-a2d8-c7831c9204be', 'name': '', 'network_id': '80aa7332-7280-40da-aa54-9b38a32f062b', 'tenant_id': '', 'mac_address': 'fa:16:3e:5e:ed:14', 'admin_state_up': True, 'status': 'ACTIVE', 'device_id': '97696844-514e-4dc8-92a8-e701f0a9752e', 'device_owner': 'network:router_gateway', 'standard_attr_id': 41, 'fixed_ips': [{'subnet_id': '84edf482-a363-48c8-b41f-773fca14fe0e', 'ip_address': '172.28.1.83', 'prefixlen': 24}], 'allowed_address_pairs': [], 'extra_dhcp_opts': [], 'security_groups': [], 'description': '', 'binding:vnic_type': 'normal', 'binding:profile': {}, 'binding:host_id': 'dv-cinder-784815-11-smb', 'binding:vif_type': 'ovs', 'binding:vif_details': {'connectivity': 'l2', 'port_filter': True, 'ovs_hybrid_plug': False, 'datapath_type': 'system', 'bridge_name': 'br-int', 'bound_drivers': {'0': 'openvswitch'}}, 'port_security_enabled': False, 'tags': [], 'created_at': '2022-04-29T13:58:03Z', 'updated_at': '2022-04-29T13:58:14Z', 'revision_number': 4, 'project_id': '', 'subnets': [{'id': '84edf482-a363-48c8-b41f-773fca14fe0e', 'cidr': '172.28.1.0/24', 'gateway_ip': '172.28.1.1', 'dns_nameservers': [], 'ipv6_ra_mode': None, 'subnetpool_id': None}], 'extra_subnets': [], 'address_scopes': {4: None, 6: None}, 'mtu': 1500}, 'enable_snat': True, 'gw_port_host': 'dv-cinder-784815-11-smb', '_floatingips': [{'id': '3ec8c037-569b-46c4-8355-2d5b177d67cc', 'tenant_id': '0abab38089cb4a34ba2cacf931bd3fa3', 'floating_ip_address': '172.28.1.174', 'floating_network_id': '80aa7332-7280-40da-aa54-9b38a32f062b', 'router_id': '97696844-514e-4dc8-92a8-e701f0a9752e', 'port_id': '2a9b454b-7c3d-44ab-9739-9456c101b76d', 'fixed_ip_address': '172.20.0.11', 'status': 'DOWN', 'standard_attr_id': 118, 'description': '', 'qos_policy_id': None, 'qos_network_policy_id': None, 'port_details': {'name': '', 'network_id': '87b929b3-85c7-4a1b-aa67-c85e2e055aa5', 'mac_address': 'fa:16:3e:e8:f7:5a', 'admin_state_up': True, 'status': 'ACTIVE', 'device_id': '91c3ea03-9cdc-4e42-82cf-20963eba1370', 'device_owner': 'compute:nova'}, 'dns_domain': '', 'dns_name': '', 'tags': [], 'created_at': '2022-04-29T13:58:25Z', 'updated_at': '2022-04-29T13:59:04Z', 'revision_number': 1, 'project_id': '0abab38089cb4a34ba2cacf931bd3fa3', 'fixed_ip_address_scope': None}], '_interfaces': [{'id': 'f6b5d4fe-7fc1-41c3-9d3e-6bf9abe97e7b', 'name': '', 'network_id': '87b929b3-85c7-4a1b-aa67-c85e2e055aa5', 'tenant_id': '0abab38089cb4a34ba2cacf931bd3fa3', 'mac_address': 'fa:16:3e:bc:71:43', 'admin_state_up': True, 'status': 'ACTIVE', 'device_id': '97696844-514e-4dc8-92a8-e701f0a9752e', 'device_owner': 'network:router_interface', 'standard_attr_id': 67, 'fixed_ips': [{'subnet_id': '7f72b13c-dc28-4620-8c61-c2f130c874ed', 'ip_address': '172.20.0.1', 'prefixlen': 28}], 'allowed_address_pairs': [], 'extra_dhcp_opts': [], 'security_groups': [], 'description': '', 'binding:vnic_type': 'normal', 'binding:profile': {}, 'binding:host_id': 'dv-cinder-784815-11-smb', 'binding:vif_type': 'ovs', 'binding:vif_details': {'connectivity': 'l2', 'port_filter': True, 'ovs_hybrid_plug': False, 'datapath_type': 'system', 'bridge_name': 'br-int', 'bound_drivers': {'0': 'openvswitch'}}, 'port_security_enabled': False, 'tags': [], 'created_at': '2022-04-29T13:58:08Z', 'updated_at': '2022-04-29T13:58:19Z', 'revision_number': 5, 'project_id': '0abab38089cb4a34ba2cacf931bd3fa3', 'subnets': [{'id': '7f72b13c-dc28-4620-8c61-c2f130c874ed', 'cidr': '172.20.0.0/28', 'gateway_ip': '172.20.0.1', 'dns_nameservers': [], 'ipv6_ra_mode': None, 'subnetpool_id': None}], 'extra_subnets': [], 'address_scopes': {4: None, 6: None}, 'mtu': 1500}]}], 'dv-cinder-784815-11-smb', False) {} {{(pid=103353) wrapper /usr/local/lib/python3.8/dist-packages/oslo_log/helpers.py:65}}
Apr 29 13:59:06.314932 dv-cinder-784815-11-smb neutron-server[103353]: DEBUG neutron.api.rpc.handlers.l3_rpc [None req-995e7d10-34b9-4bd3-ae13-182627b64e7f None None] Checking router: 97696844-514e-4dc8-92a8-e701f0a9752e for host: dv-cinder-784815-11-smb {{(pid=103353) _ensure_host_set_on_ports /opt/stack/neutron/neutron/api/rpc/handlers/l3_rpc.py:155}}
Apr 29 13:59:06.325683 dv-cinder-784815-11-smb neutron-server[103353]: DEBUG neutron.db.l3_dvrscheduler_db [None req-995e7d10-34b9-4bd3-ae13-182627b64e7f None None] Routers {'97696844-514e-4dc8-92a8-e701f0a9752e'} bound to L3 agent in host dv-cinder-784815-11-smb {{(pid=103353) _get_router_ids_for_agent /opt/stack/neutron/neutron/db/l3_dvrscheduler_db.py:421}}
Apr 29 13:59:06.326652 dv-cinder-784815-11-smb neutron-server[103353]: DEBUG neutron.db.l3_hamode_db [None req-995e7d10-34b9-4bd3-ae13-182627b64e7f None None] neutron.services.l3_router.l3_router_plugin.L3RouterPlugin method get_ha_sync_data_for_host called with arguments (, 'dv-cinder-784815-11-smb', Agent(admin_state_up=True,agent_type='L3 agent',availability_zone='nova',binary='neutron-l3-agent',configurations={"agent_mode": "legacy", "ex_gw_ports": 4, "extensions": [], "floating_ips": 0, "handle_internal_only_routers": true, "interface_driver": "openvswitch", "interfaces": 4, "log_agent_heartbeats": false, "routers": 4},created_at=2022-04-29T13:49:05Z,description=,heartbeat_timestamp=2022-04-29T13:59:05Z,host='dv-cinder-784815-11-smb',id=a77d13f6-9e6b-465f-96ce-cee779b1ae77,load=0,resource_versions=,resources_synced=,started_at=2022-04-29T13:49:05Z,topic='l3_agent')) {'router_ids': ['97696844-514e-4dc8-92a8-e701f0a9752e'], 'active': True} {{(pid=103353) wrapper /usr/local/lib/python3.8/dist-packages/oslo_log/helpers.py:65}}
Apr 29 13:59:06.453748 dv-cinder-784815-11-smb neutron-server[103353]: DEBUG neutron.db.l3_dvr_db [None req-995e7d10-34b9-4bd3-ae13-182627b64e7f None None] Set router 97696844-514e-4dc8-92a8-e701f0a9752e gateway port host: dv-cinder-784815-11-smb {{(pid=103353) _build_routers_list /opt/stack/neutron/neutron/db/l3_dvr_db.py:906}}
Apr 29 13:59:06.859846 dv-cinder-784815-11-smb neutron-server[103351]: DEBUG neutron.pecan_wsgi.hooks.policy_enforcement [req-2aa13512-cd4d-4126-afc9-2e1ae965fe10 req-73126b07-d90a-4309-bd35-aa6feed5a4b0 service neutron] Attributes excluded by policy engine: ['standard_attr_id'] {{(pid=103351) _exclude_attributes_by_policy /opt/stack/neutron/neutron/pecan_wsgi/hooks/policy_enforcement.py:259}}
Apr 29 13:59:06.864958 dv-cinder-784815-11-smb neutron-server[103351]: INFO neutron.wsgi [req-2aa13512-cd4d-4126-afc9-2e1ae965fe10 req-73126b07-d90a-4309-bd35-aa6feed5a4b0 service neutron] 10.222.0.39 "GET /v2.0/ports?tenant_id=0abab38089cb4a34ba2cacf931bd3fa3&device_id=91c3ea03-9cdc-4e42-82cf-20963eba1370 HTTP/1.1" status: 200 len: 1130 time: 0.2137265
Apr 29 13:59:06.961003 dv-cinder-784815-11-smb neutron-server[103350]: DEBUG neutron.pecan_wsgi.hooks.policy_enforcement [req-0369ad9f-af0c-4cdf-b463-94d1b617562a req-7c11cb1d-ecca-42c6-9f45-c9e45b195133 tempest-ServerRescueNegativeTestJSON-703127998 tempest-ServerRescueNegativeTestJSON-703127998-project] Attributes excluded by policy engine: ['standard_attr_id', 'binding:profile', 'binding:host_id', 'binding:vif_type', 'binding:vif_details'] {{(pid=103350) _exclude_attributes_by_policy /opt/stack/neutron/neutron/pecan_wsgi/hooks/policy_enforcement.py:259}}
Apr 29 13:59:06.967850 dv-cinder-784815-11-smb neutron-server[103350]: INFO neutron.wsgi [req-0369ad9f-af0c-4cdf-b463-94d1b617562a req-7c11cb1d-ecca-42c6-9f45-c9e45b195133 tempest-ServerRescueNegativeTestJSON-703127998 tempest-ServerRescueNegativeTestJSON-703127998-project] 10.222.0.21 "GET /v2.0/ports?device_id=d243e11d-3642-4f11-9a4e-8b325e5edce6 HTTP/1.1" status: 200 len: 945 time: 0.3563530
