Jul 16 15:34:50.622727 dv-cinder-784815-1-smb devstack@n-api.service[98822]: /usr/local/lib/python3.8/dist-packages/oslo_policy/policy.py:1064: UserWarning: Policy os_compute_api:os-flavor-extra-specs:create failed scope check. The token used to make the request was project scoped but the policy requires ['system'] scope. This behavior may change in the future where using the intended scope is required
Jul 16 15:34:50.622727 dv-cinder-784815-1-smb devstack@n-api.service[98822]: warnings.warn(msg)
Jul 16 15:34:50.670556 dv-cinder-784815-1-smb devstack@n-api.service[98822]: INFO nova.api.openstack.requestlog [None req-461c0dc3-5b13-49e8-8a29-c786fdc8db09 admin admin] 10.222.0.38 "POST /compute/v2.1/flavors/c1/os-extra_specs" status: 200 len: 43 microversion: 2.61 time: 0.259228
Jul 16 15:34:50.671618 dv-cinder-784815-1-smb devstack@n-api.service[98822]: [pid: 98822|app: 0|req: 4/6] 10.222.0.38 () {64 vars in 1336 bytes} [Fri Jul 16 15:34:50 2021] POST /compute/v2.1/flavors/c1/os-extra_specs => generated 43 bytes in 261 msecs (HTTP/1.1 200) 9 headers in 358 bytes (2 switches on core 0)
Jul 16 15:34:52.834213 dv-cinder-784815-1-smb devstack@n-api.service[98821]: DEBUG nova.api.openstack.wsgi [None req-5f09527d-1bac-44ed-94df-7866129439ca admin admin] Calling method '>' {{(pid=98821) _process_stack /opt/stack/nova/nova/api/openstack/wsgi.py:513}}
Jul 16 15:34:52.835232 dv-cinder-784815-1-smb devstack@n-api.service[98821]: INFO nova.api.openstack.requestlog [None req-5f09527d-1bac-44ed-94df-7866129439ca admin admin] 10.222.0.38 "GET /compute/v2.1" status: 200 len: 388 microversion: 2.1 time: 0.001460
Jul 16 15:34:52.835718 dv-cinder-784815-1-smb devstack@n-api.service[98821]: [pid: 98821|app: 0|req: 3/7] 10.222.0.38 () {54 vars in 931 bytes} [Fri Jul 16 15:34:52 2021] GET /compute/v2.1 => generated 388 bytes in 2 msecs (HTTP/1.1 200) 9 headers in 357 bytes (2 switches on core 0)
Jul 16 15:34:52.946646 dv-cinder-784815-1-smb devstack@n-api.service[98822]: DEBUG nova.api.openstack.wsgi [None req-dace4e66-3c3f-4bf2-bd4c-59551e6841f8 admin admin] Action: 'create', calling method: >, body: {"flavor": {"swap": 0, "os-flavor-access:is_public": true, "id": "d1", "disk": 5, "rxtx_factor": 1.0, "OS-FLV-EXT-DATA:ephemeral": 0, "name": "ds512M", "vcpus": 1, "ram": 512}} {{(pid=98822) _process_stack /opt/stack/nova/nova/api/openstack/wsgi.py:511}}
Jul 16 15:34:52.964972 dv-cinder-784815-1-smb devstack@n-api.service[98822]: /usr/local/lib/python3.8/dist-packages/oslo_policy/policy.py:1064: UserWarning: Policy os_compute_api:os-flavor-manage:create failed scope check. The token used to make the request was project scoped but the policy requires ['system'] scope. This behavior may change in the future where using the intended scope is required
Jul 16 15:34:52.964972 dv-cinder-784815-1-smb devstack@n-api.service[98822]: warnings.warn(msg)
Jul 16 15:34:53.001902 dv-cinder-784815-1-smb devstack@n-api.service[98822]: INFO nova.api.openstack.requestlog [None req-dace4e66-3c3f-4bf2-bd4c-59551e6841f8 admin admin] 10.222.0.38 "POST /compute/v2.1/flavors" status: 200 len: 404 microversion: 2.61 time: 0.159803
Jul 16 15:34:53.003001 dv-cinder-784815-1-smb devstack@n-api.service[98822]: [pid: 98822|app: 0|req: 5/8] 10.222.0.38 () {64 vars in 1283 bytes} [Fri Jul 16 15:34:52 2021] POST /compute/v2.1/flavors => generated 404 bytes in 162 msecs (HTTP/1.1 200) 9 headers in 359 bytes (1 switches on core 0)
Jul 16 15:34:53.016240 dv-cinder-784815-1-smb devstack@n-api.service[98821]: DEBUG nova.api.openstack.wsgi [None req-7b04ff6b-71d5-4459-a5b5-640f31b5f401 admin admin] Action: 'create', calling method: >, body: {"extra_specs": {"hw_rng:allowed": "True"}} {{(pid=98821) _process_stack /opt/stack/nova/nova/api/openstack/wsgi.py:511}}
Jul 16 15:34:53.017770 dv-cinder-784815-1-smb devstack@n-api.service[98821]: /usr/local/lib/python3.8/dist-packages/oslo_policy/policy.py:1064: UserWarning: Policy os_compute_api:os-flavor-extra-specs:create failed scope check. The token used to make the request was project scoped but the policy requires ['system'] scope. This behavior may change in the future where using the intended scope is required
Jul 16 15:34:53.017770 dv-cinder-784815-1-smb devstack@n-api.service[98821]: warnings.warn(msg)
Jul 16 15:34:53.049811 dv-cinder-784815-1-smb devstack@n-api.service[98821]: INFO nova.api.openstack.requestlog [None req-7b04ff6b-71d5-4459-a5b5-640f31b5f401 admin admin] 10.222.0.38 "POST /compute/v2.1/flavors/d1/os-extra_specs" status: 200 len: 43 microversion: 2.61 time: 0.037865
Jul 16 15:34:53.050380 dv-cinder-784815-1-smb devstack@n-api.service[98821]: [pid: 98821|app: 0|req: 4/9] 10.222.0.38 () {64 vars in 1336 bytes} [Fri Jul 16 15:34:53 2021] POST /compute/v2.1/flavors/d1/os-extra_specs => generated 43 bytes in 39 msecs (HTTP/1.1 200) 9 headers in 358 bytes (2 switches on core 0)
Jul 16 15:34:55.194397 dv-cinder-784815-1-smb devstack@n-api.service[98822]: DEBUG nova.api.openstack.wsgi [None req-dace4e66-3c3f-4bf2-bd4c-59551e6841f8 admin admin] Calling method '>' {{(pid=98822) _process_stack /opt/stack/nova/nova/api/openstack/wsgi.py:513}}
Jul 16 15:34:55.195406 dv-cinder-784815-1-smb devstack@n-api.service[98822]: INFO nova.api.openstack.requestlog [None req-dace4e66-3c3f-4bf2-bd4c-59551e6841f8 admin admin] 10.222.0.38 "GET /compute/v2.1" status: 200 len: 388 microversion: 2.1 time: 0.001443
Jul 16 15:34:55.196017 dv-cinder-784815-1-smb devstack@n-api.service[98822]: [pid: 98822|app: 0|req: 6/10] 10.222.0.38 () {54 vars in 931 bytes} [Fri Jul 16 15:34:55 2021] GET /compute/v2.1 => generated 388 bytes in 2 msecs (HTTP/1.1 200) 9 headers in 357 bytes (1 switches on core 0)
Jul 16 15:34:55.252745 dv-cinder-784815-1-smb devstack@n-api.service[98821]: DEBUG nova.api.openstack.wsgi [None req-7b67e445-7e9e-4d45-927e-210bfb20614e admin admin] Action: 'create', calling method: >, body: {"flavor": {"id": "d2", "vcpus": 1, "ram": 1024, "rxtx_factor": 1.0, "os-flavor-access:is_public": true, "OS-FLV-EXT-DATA:ephemeral": 0, "name": "ds1G", "disk": 10, "swap": 0}} {{(pid=98821) _process_stack /opt/stack/nova/nova/api/openstack/wsgi.py:511}}
Jul 16 15:34:55.272625 dv-cinder-784815-1-smb devstack@n-api.service[98821]: INFO nova.api.openstack.requestlog [None req-7b67e445-7e9e-4d45-927e-210bfb20614e admin admin] 10.222.0.38 "POST /compute/v2.1/flavors" status: 200 len: 404 microversion: 2.61 time: 0.070756
Jul 16 15:34:55.273419 dv-cinder-784815-1-smb devstack@n-api.service[98821]: [pid: 98821|app: 0|req: 5/11] 10.222.0.38 () {64 vars in 1283 bytes} [Fri Jul 16 15:34:55 2021] POST /compute/v2.1/flavors => generated 404 bytes in 72 msecs (HTTP/1.1 200) 9 headers in 359 bytes (1 switches on core 0)
Jul 16 15:34:55.285197 dv-cinder-784815-1-smb devstack@n-api.service[98822]: DEBUG nova.api.openstack.wsgi [None req-cad6d098-a81c-4d17-acda-0b4116627e39 admin admin] Action: 'create', calling method: >, body: {"extra_specs": {"hw_rng:allowed": "True"}} {{(pid=98822) _process_stack /opt/stack/nova/nova/api/openstack/wsgi.py:511}}
Jul 16 15:34:55.308931 dv-cinder-784815-1-smb devstack@n-api.service[98822]: INFO nova.api.openstack.requestlog [None req-cad6d098-a81c-4d17-acda-0b4116627e39 admin admin] 10.222.0.38 "POST /compute/v2.1/flavors/d2/os-extra_specs" status: 200 len: 43 microversion: 2.61 time: 0.027524
Jul 16 15:34:55.309893 dv-cinder-784815-1-smb devstack@n-api.service[98822]: [pid: 98822|app: 0|req: 7/12] 10.222.0.38 () {64 vars in 1336 bytes} [Fri Jul 16 15:34:55 2021] POST /compute/v2.1/flavors/d2/os-extra_specs => generated 43 bytes in 29 msecs (HTTP/1.1 200) 9 headers in 358 bytes (2 switches on core 0)
Jul 16 15:34:57.509453 dv-cinder-784815-1-smb devstack@n-api.service[98821]: DEBUG nova.api.openstack.wsgi [None req-7b67e445-7e9e-4d45-927e-210bfb20614e admin admin] Calling method '>' {{(pid=98821) _process_stack /opt/stack/nova/nova/api/openstack/wsgi.py:513}}
Jul 16 15:34:57.510476 dv-cinder-784815-1-smb devstack@n-api.service[98821]: INFO nova.api.openstack.requestlog [None req-7b67e445-7e9e-4d45-927e-210bfb20614e admin admin] 10.222.0.38 "GET /compute/v2.1" status: 200 len: 388 microversion: 2.1 time: 0.001462
Jul 16 15:34:57.510879 dv-cinder-784815-1-smb devstack@n-api.service[98821]: [pid: 98821|app: 0|req: 6/13] 10.222.0.38 () {54 vars in 931 bytes} [Fri Jul 16 15:34:57 2021] GET /compute/v2.1 => generated 388 bytes in 2 msecs (HTTP/1.1 200) 9 headers in 357 bytes (1 switches on core 0)
Jul 16 15:34:57.590152 dv-cinder-784815-1-smb devstack@n-api.service[98822]: DEBUG nova.api.openstack.wsgi [None req-e01cb1e9-2de7-4d79-9a38-d200f3895cf9 admin admin] Action: 'create', calling method: >, body: {"flavor": {"disk": 10, "ram": 2048, "OS-FLV-EXT-DATA:ephemeral": 0, "swap": 0, "name": "ds2G", "os-flavor-access:is_public": true, "id": "d3", "rxtx_factor": 1.0, "vcpus": 2}} {{(pid=98822) _process_stack /opt/stack/nova/nova/api/openstack/wsgi.py:511}}
Jul 16 15:34:57.609171 dv-cinder-784815-1-smb devstack@n-api.service[98822]: INFO nova.api.openstack.requestlog [None req-e01cb1e9-2de7-4d79-9a38-d200f3895cf9 admin admin] 10.222.0.38 "POST /compute/v2.1/flavors" status: 200 len: 404 microversion: 2.61 time: 0.091079
Jul 16 15:34:57.609718 dv-cinder-784815-1-smb devstack@n-api.service[98822]: [pid: 98822|app: 0|req: 8/14] 10.222.0.38 () {64 vars in 1283 bytes} [Fri Jul 16 15:34:57 2021] POST /compute/v2.1/flavors => generated 404 bytes in 92 msecs (HTTP/1.1 200) 9 headers in 359 bytes (2 switches on core 0)
Jul 16 15:34:57.622108 dv-cinder-784815-1-smb devstack@n-api.service[98821]: DEBUG nova.api.openstack.wsgi [None req-1176dace-7628-4c9f-b1f1-5592a638a7e4 admin admin] Action: 'create', calling method: >, body: {"extra_specs": {"hw_rng:allowed": "True"}} {{(pid=98821) _process_stack /opt/stack/nova/nova/api/openstack/wsgi.py:511}}
Jul 16 15:34:57.648326 dv-cinder-784815-1-smb devstack@n-api.service[98821]: INFO nova.api.openstack.requestlog [None req-1176dace-7628-4c9f-b1f1-5592a638a7e4 admin admin] 10.222.0.38 "POST /compute/v2.1/flavors/d3/os-extra_specs" status: 200 len: 43 microversion: 2.61 time: 0.030033
Jul 16 15:34:57.649634 dv-cinder-784815-1-smb devstack@n-api.service[98821]: [pid: 98821|app: 0|req: 7/15] 10.222.0.38 () {64 vars in 1336 bytes} [Fri Jul 16 15:34:57 2021] POST /compute/v2.1/flavors/d3/os-extra_specs => generated 43 bytes in 32 msecs (HTTP/1.1 200) 9 headers in 358 bytes (1 switches on core 0)
Jul 16 15:34:59.800192 dv-cinder-784815-1-smb devstack@n-api.service[98822]: DEBUG nova.api.openstack.wsgi [None req-e01cb1e9-2de7-4d79-9a38-d200f3895cf9 admin admin] Calling method '>' {{(pid=98822) _process_stack /opt/stack/nova/nova/api/openstack/wsgi.py:513}}
Jul 16 15:34:59.801198 dv-cinder-784815-1-smb devstack@n-api.service[98822]: INFO nova.api.openstack.requestlog [None req-e01cb1e9-2de7-4d79-9a38-d200f3895cf9 admin admin] 10.222.0.38 "GET /compute/v2.1" status: 200 len: 388 microversion: 2.1 time: 0.001505
Jul 16 15:34:59.801843 dv-cinder-784815-1-smb devstack@n-api.service[98822]: [pid: 98822|app: 0|req: 9/16] 10.222.0.38 () {54 vars in 931 bytes} [Fri Jul 16 15:34:59 2021] GET /compute/v2.1 => generated 388 bytes in 2 msecs (HTTP/1.1 200) 9 headers in 357 bytes (1 switches on core 0)
Jul 16 15:34:59.855490 dv-cinder-784815-1-smb devstack@n-api.service[98821]: DEBUG nova.api.openstack.wsgi [None req-dccda530-c282-4f50-adf0-80650cbbb964 admin admin] Action: 'create', calling method: >, body: {"flavor": {"id": "d4", "OS-FLV-EXT-DATA:ephemeral": 0, "swap": 0, "os-flavor-access:is_public": true, "vcpus": 4, "ram": 4096, "name": "ds4G", "rxtx_factor": 1.0, "disk": 20}} {{(pid=98821) _process_stack /opt/stack/nova/nova/api/openstack/wsgi.py:511}}
Jul 16 15:34:59.873874 dv-cinder-784815-1-smb devstack@n-api.service[98821]: INFO nova.api.openstack.requestlog [None req-dccda530-c282-4f50-adf0-80650cbbb964 admin admin] 10.222.0.38 "POST /compute/v2.1/flavors" status: 200 len: 404 microversion: 2.61 time: 0.066372
Jul 16 15:34:59.874558 dv-cinder-784815-1-smb devstack@n-api.service[98821]: [pid: 98821|app: 0|req: 8/17] 10.222.0.38 () {64 vars in 1283 bytes} [Fri Jul 16 15:34:59 2021] POST /compute/v2.1/flavors => generated 404 bytes in 68 msecs (HTTP/1.1 200) 9 headers in 359 bytes (1 switches on core 0)
Jul 16 15:34:59.886021 dv-cinder-784815-1-smb devstack@n-api.service[98822]: DEBUG nova.api.openstack.wsgi [None req-75ff7969-db6c-4e5e-9aad-060a2efe2b6f admin admin] Action: 'create', calling method: >, body: {"extra_specs": {"hw_rng:allowed": "True"}} {{(pid=98822) _process_stack /opt/stack/nova/nova/api/openstack/wsgi.py:511}}
Jul 16 15:34:59.909171 dv-cinder-784815-1-smb devstack@n-api.service[98822]: INFO nova.api.openstack.requestlog [None req-75ff7969-db6c-4e5e-9aad-060a2efe2b6f admin admin] 10.222.0.38 "POST /compute/v2.1/flavors/d4/os-extra_specs" status: 200 len: 43 microversion: 2.61 time: 0.026976
Jul 16 15:34:59.909965 dv-cinder-784815-1-smb devstack@n-api.service[98822]: [pid: 98822|app: 0|req: 10/18] 10.222.0.38 () {64 vars in 1336 bytes} [Fri Jul 16 15:34:59 2021] POST /compute/v2.1/flavors/d4/os-extra_specs => generated 43 bytes in 28 msecs (HTTP/1.1 200) 9 headers in 358 bytes (1 switches on core 0)
Jul 16 15:35:02.073741 dv-cinder-784815-1-smb devstack@n-api.service[98821]: DEBUG nova.api.openstack.wsgi [None req-dccda530-c282-4f50-adf0-80650cbbb964 admin admin] Calling method '>' {{(pid=98821) _process_stack /opt/stack/nova/nova/api/openstack/wsgi.py:513}}
Jul 16 15:35:02.074753 dv-cinder-784815-1-smb devstack@n-api.service[98821]: INFO nova.api.openstack.requestlog [None req-dccda530-c282-4f50-adf0-80650cbbb964 admin admin] 10.222.0.38 "GET /compute/v2.1" status: 200 len: 388 microversion: 2.1 time: 0.001434
Jul 16 15:35:02.075429 dv-cinder-784815-1-smb devstack@n-api.service[98821]: [pid: 98821|app: 0|req: 9/19] 10.222.0.38 () {54 vars in 931 bytes} [Fri Jul 16 15:35:02 2021] GET /compute/v2.1 => generated 388 bytes in 2 msecs (HTTP/1.1 200) 9 headers in 357 bytes (1 switches on core 0)
Jul 16 15:35:02.131124 dv-cinder-784815-1-smb devstack@n-api.service[98822]: DEBUG nova.api.openstack.wsgi [None req-85284ca9-a3ad-486a-a52e-c682426ff74d admin admin] Calling method '>' {{(pid=98822) _process_stack /opt/stack/nova/nova/api/openstack/wsgi.py:513}}
Jul 16 15:35:02.156106 dv-cinder-784815-1-smb devstack@n-api.service[98822]: INFO nova.api.openstack.requestlog [None req-85284ca9-a3ad-486a-a52e-c682426ff74d admin admin] 10.222.0.38 "GET /compute/v2.1/flavors/detail?is_public=True" status: 200 len: 2106 microversion: 2.61 time: 0.074779
Jul 16 15:35:02.159638 dv-cinder-784815-1-smb devstack@n-api.service[98822]: [pid: 98822|app: 0|req: 11/20] 10.222.0.38 () {60 vars in 1292 bytes} [Fri Jul 16 15:35:02 2021] GET /compute/v2.1/flavors/detail?is_public=True => generated 2106 bytes in 77 msecs (HTTP/1.1 200) 9 headers in 360 bytes (1 switches on core 0)
Jul 16 15:35:04.327328 dv-cinder-784815-1-smb devstack@n-api.service[98821]: DEBUG nova.api.openstack.wsgi [None req-dccda530-c282-4f50-adf0-80650cbbb964 admin admin] Calling method '>' {{(pid=98821) _process_stack /opt/stack/nova/nova/api/openstack/wsgi.py:513}}
Jul 16 15:35:04.328565 dv-cinder-784815-1-smb devstack@n-api.service[98821]: INFO nova.api.openstack.requestlog [None req-dccda530-c282-4f50-adf0-80650cbbb964 admin admin] 10.222.0.38 "GET /compute/v2.1" status: 200 len: 388 microversion: 2.1 time: 0.001624
Jul 16 15:35:04.329255 dv-cinder-784815-1-smb devstack@n-api.service[98821]: [pid: 98821|app: 0|req: 10/21] 10.222.0.38 () {54 vars in 931 bytes} [Fri Jul 16 15:35:04 2021] GET /compute/v2.1 => generated 388 bytes in 3 msecs (HTTP/1.1 200) 9 headers in 357 bytes (1 switches on core 0)
Jul 16 15:35:04.386757 dv-cinder-784815-1-smb devstack@n-api.service[98822]: DEBUG nova.api.openstack.wsgi [None req-0ae4da96-18c9-4650-bf03-456f719b218d admin admin] Action: 'create', calling method: >, body: {"flavor": {"id": "1", "os-flavor-access:is_public": true, "swap": 0, "OS-FLV-EXT-DATA:ephemeral": 0, "ram": 512, "name": "m1.tiny", "disk": 1, "rxtx_factor": 1.0, "vcpus": 1}} {{(pid=98822) _process_stack /opt/stack/nova/nova/api/openstack/wsgi.py:511}}
Jul 16 15:35:04.408441 dv-cinder-784815-1-smb devstack@n-api.service[98822]: INFO nova.api.openstack.requestlog [None req-0ae4da96-18c9-4650-bf03-456f719b218d admin admin] 10.222.0.38 "POST /compute/v2.1/flavors" status: 200 len: 402 microversion: 2.61 time: 0.073177
Jul 16 15:35:04.409136 dv-cinder-784815-1-smb devstack@n-api.service[98822]: [pid: 98822|app: 0|req: 12/22] 10.222.0.38 () {64 vars in 1283 bytes} [Fri Jul 16 15:35:04 2021] POST /compute/v2.1/flavors => generated 402 bytes in 75 msecs (HTTP/1.1 200) 9 headers in 359 bytes (2 switches on core 0)
Jul 16 15:35:04.422843 dv-cinder-784815-1-smb devstack@n-api.service[98821]: DEBUG nova.api.openstack.wsgi [None req-a5a52b8b-7079-46e4-810d-1f304f64f493 admin admin] Action: 'create', calling method: >, body: {"extra_specs": {"hw_rng:allowed": "True"}} {{(pid=98821) _process_stack /opt/stack/nova/nova/api/openstack/wsgi.py:511}}
Jul 16 15:35:04.445141 dv-cinder-784815-1-smb devstack@n-api.service[98821]: INFO nova.api.openstack.requestlog [None req-a5a52b8b-7079-46e4-810d-1f304f64f493 admin admin] 10.222.0.38 "POST /compute/v2.1/flavors/1/os-extra_specs" status: 200 len: 43 microversion: 2.61 time: 0.026561
Jul 16 15:35:04.445716 dv-cinder-784815-1-smb devstack@n-api.service[98821]: [pid: 98821|app: 0|req: 11/23] 10.222.0.38 () {64 vars in 1333 bytes} [Fri Jul 16 15:35:04 2021] POST /compute/v2.1/flavors/1/os-extra_specs => generated 43 bytes in 28 msecs (HTTP/1.1 200) 9 headers in 358 bytes (2 switches on core 0)
Jul 16 15:35:07.191506 dv-cinder-784815-1-smb devstack@n-api.service[98822]: DEBUG nova.api.openstack.wsgi [None req-0ae4da96-18c9-4650-bf03-456f719b218d admin admin] Calling method '>' {{(pid=98822) _process_stack /opt/stack/nova/nova/api/openstack/wsgi.py:513}}
Jul 16 15:35:07.192843 dv-cinder-784815-1-smb devstack@n-api.service[98822]: INFO nova.api.openstack.requestlog [None req-0ae4da96-18c9-4650-bf03-456f719b218d admin admin] 10.222.0.38 "GET /compute/v2.1" status: 200 len: 388 microversion: 2.1 time: 0.001895
Jul 16 15:35:07.193388 dv-cinder-784815-1-smb devstack@n-api.service[98822]: [pid: 98822|app: 0|req: 13/24] 10.222.0.38 () {54 vars in 931 bytes} [Fri Jul 16 15:35:07 2021] GET /compute/v2.1 => generated 388 bytes in 3 msecs (HTTP/1.1 200) 9 headers in 357 bytes (1 switches on core 0)
Jul 16 15:35:07.249042 dv-cinder-784815-1-smb devstack@n-api.service[98821]: DEBUG nova.api.openstack.wsgi [None req-71b45252-cbf1-465c-aac6-93640fdbf934 admin admin] Action: 'create', calling method: >, body: {"flavor": {"vcpus": 1, "id": "2", "disk": 20, "OS-FLV-EXT-DATA:ephemeral": 0, "name": "m1.small", "os-flavor-access:is_public": true, "rxtx_factor": 1.0, "swap": 0, "ram": 2048}} {{(pid=98821) _process_stack /opt/stack/nova/nova/api/openstack/wsgi.py:511}}
Jul 16 15:35:07.266160 dv-cinder-784815-1-smb devstack@n-api.service[98821]: INFO nova.api.openstack.requestlog [None req-71b45252-cbf1-465c-aac6-93640fdbf934 admin admin] 10.222.0.38 "POST /compute/v2.1/flavors" status: 200 len: 405 microversion: 2.61 time: 0.065609
Jul 16 15:35:07.266736 dv-cinder-784815-1-smb devstack@n-api.service[98821]: [pid: 98821|app: 0|req: 12/25] 10.222.0.38 () {64 vars in 1283 bytes} [Fri Jul 16 15:35:07 2021] POST /compute/v2.1/flavors => generated 405 bytes in 67 msecs (HTTP/1.1 200) 9 headers in 359 bytes (2 switches on core 0)
Jul 16 15:35:07.279328 dv-cinder-784815-1-smb devstack@n-api.service[98822]: DEBUG nova.api.openstack.wsgi [None req-d4aed82b-5594-4f62-976c-a3394718a289 admin admin] Action: 'create', calling method: >, body: {"extra_specs": {"hw_rng:allowed": "True"}} {{(pid=98822) _process_stack /opt/stack/nova/nova/api/openstack/wsgi.py:511}}
Jul 16 15:35:07.305942 dv-cinder-784815-1-smb devstack@n-api.service[98822]: INFO nova.api.openstack.requestlog [None req-d4aed82b-5594-4f62-976c-a3394718a289 admin admin] 10.222.0.38 "POST /compute/v2.1/flavors/2/os-extra_specs" status: 200 len: 43 microversion: 2.61 time: 0.031298
Jul 16 15:35:07.306642 dv-cinder-784815-1-smb devstack@n-api.service[98822]: [pid: 98822|app: 0|req: 14/26] 10.222.0.38 () {64 vars in 1333 bytes} [Fri Jul 16 15:35:07 2021] POST /compute/v2.1/flavors/2/os-extra_specs => generated 43 bytes in 33 msecs (HTTP/1.1 200) 9 headers in 358 bytes (1 switches on core 0)
Jul 16 15:35:09.655157 dv-cinder-784815-1-smb devstack@n-api.service[98821]: DEBUG nova.api.openstack.wsgi [None req-71b45252-cbf1-465c-aac6-93640fdbf934 admin admin] Calling method '>' {{(pid=98821) _process_stack /opt/stack/nova/nova/api/openstack/wsgi.py:513}}
Jul 16 15:35:09.656337 dv-cinder-784815-1-smb devstack@n-api.service[98821]: INFO nova.api.openstack.requestlog [None req-71b45252-cbf1-465c-aac6-93640fdbf934 admin admin] 10.222.0.38 "GET /compute/v2.1" status: 200 len: 388 microversion: 2.1 time: 0.001576
Jul 16 15:35:09.656741 dv-cinder-784815-1-smb devstack@n-api.service[98821]: [pid: 98821|app: 0|req: 13/27] 10.222.0.38 () {54 vars in 931 bytes} [Fri Jul 16 15:35:09 2021] GET /compute/v2.1 => generated 388 bytes in 2 msecs (HTTP/1.1 200) 9 headers in 357 bytes (1 switches on core 0)
Jul 16 15:35:09.711192 dv-cinder-784815-1-smb devstack@n-api.service[98822]: DEBUG nova.api.openstack.wsgi [None req-6d195119-6bfc-4672-9242-4c6b461b4ab0 admin admin] Action: 'create', calling method: >, body: {"flavor": {"disk": 40, "vcpus": 2, "name": "m1.medium", "ram": 4096, "OS-FLV-EXT-DATA:ephemeral": 0, "rxtx_factor": 1.0, "id": "3", "swap": 0, "os-flavor-access:is_public": true}} {{(pid=98822) _process_stack /opt/stack/nova/nova/api/openstack/wsgi.py:511}}
Jul 16 15:35:09.728888 dv-cinder-784815-1-smb devstack@n-api.service[98822]: INFO nova.api.openstack.requestlog [None req-6d195119-6bfc-4672-9242-4c6b461b4ab0 admin admin] 10.222.0.38 "POST /compute/v2.1/flavors" status: 200 len: 406 microversion: 2.61 time: 0.066323
Jul 16 15:35:09.729738 dv-cinder-784815-1-smb devstack@n-api.service[98822]: [pid: 98822|app: 0|req: 15/28] 10.222.0.38 () {64 vars in 1283 bytes} [Fri Jul 16 15:35:09 2021] POST /compute/v2.1/flavors => generated 406 bytes in 68 msecs (HTTP/1.1 200) 9 headers in 359 bytes (2 switches on core 0)
Jul 16 15:35:09.741125 dv-cinder-784815-1-smb devstack@n-api.service[98821]: DEBUG nova.api.openstack.wsgi [None req-755d80fe-a02b-4673-bc03-9ba59b03290c admin admin] Action: 'create', calling method: >, body: {"extra_specs": {"hw_rng:allowed": "True"}} {{(pid=98821) _process_stack /opt/stack/nova/nova/api/openstack/wsgi.py:511}}
Jul 16 15:35:09.763339 dv-cinder-784815-1-smb devstack@n-api.service[98821]: INFO nova.api.openstack.requestlog [None req-755d80fe-a02b-4673-bc03-9ba59b03290c admin admin] 10.222.0.38 "POST /compute/v2.1/flavors/3/os-extra_specs" status: 200 len: 43 microversion: 2.61 time: 0.025947
Jul 16 15:35:09.763942 dv-cinder-784815-1-smb devstack@n-api.service[98821]: [pid: 98821|app: 0|req: 14/29] 10.222.0.38 () {64 vars in 1333 bytes} [Fri Jul 16 15:35:09 2021] POST /compute/v2.1/flavors/3/os-extra_specs => generated 43 bytes in 27 msecs (HTTP/1.1 200) 9 headers in 358 bytes (2 switches on core 0)
Jul 16 15:35:11.919983 dv-cinder-784815-1-smb devstack@n-api.service[98822]: DEBUG nova.api.openstack.wsgi [None req-6d195119-6bfc-4672-9242-4c6b461b4ab0 admin admin] Calling method '>' {{(pid=98822) _process_stack /opt/stack/nova/nova/api/openstack/wsgi.py:513}}
Jul 16 15:35:11.921186 dv-cinder-784815-1-smb devstack@n-api.service[98822]: INFO nova.api.openstack.requestlog [None req-6d195119-6bfc-4672-9242-4c6b461b4ab0 admin admin] 10.222.0.38 "GET /compute/v2.1" status: 200 len: 388 microversion: 2.1 time: 0.001679
Jul 16 15:35:11.921675 dv-cinder-784815-1-smb devstack@n-api.service[98822]: [pid: 98822|app: 0|req: 16/30] 10.222.0.38 () {54 vars in 931 bytes} [Fri Jul 16 15:35:11 2021] GET /compute/v2.1 => generated 388 bytes in 3 msecs (HTTP/1.1 200) 9 headers in 357 bytes (1 switches on core 0)
Jul 16 15:35:11.995564 dv-cinder-784815-1-smb devstack@n-api.service[98821]: DEBUG nova.api.openstack.wsgi [None req-642fa5ca-92a7-4c7a-814e-2217a1e749ce admin admin] Action: 'create', calling method: >, body: {"flavor": {"disk": 80, "name": "m1.large", "ram": 8192, "OS-FLV-EXT-DATA:ephemeral": 0, "os-flavor-access:is_public": true, "swap": 0, "rxtx_factor": 1.0, "vcpus": 4, "id": "4"}} {{(pid=98821) _process_stack /opt/stack/nova/nova/api/openstack/wsgi.py:511}}
Jul 16 15:35:12.014419 dv-cinder-784815-1-smb devstack@n-api.service[98821]: INFO nova.api.openstack.requestlog [None req-642fa5ca-92a7-4c7a-814e-2217a1e749ce admin admin] 10.222.0.38 "POST /compute/v2.1/flavors" status: 200 len: 405 microversion: 2.61 time: 0.086620
Jul 16 15:35:12.014980 dv-cinder-784815-1-smb devstack@n-api.service[98821]: [pid: 98821|app: 0|req: 15/31] 10.222.0.38 () {64 vars in 1283 bytes} [Fri Jul 16 15:35:11 2021] POST /compute/v2.1/flavors => generated 405 bytes in 88 msecs (HTTP/1.1 200) 9 headers in 359 bytes (1 switches on core 0)
Jul 16 15:35:12.028170 dv-cinder-784815-1-smb devstack@n-api.service[98822]: DEBUG nova.api.openstack.wsgi [None req-e155edc0-8ec1-469d-a6d7-186342f89d4d admin admin] Action: 'create', calling method: >, body: {"extra_specs": {"hw_rng:allowed": "True"}} {{(pid=98822) _process_stack /opt/stack/nova/nova/api/openstack/wsgi.py:511}}
Jul 16 15:35:12.050244 dv-cinder-784815-1-smb devstack@n-api.service[98822]: INFO nova.api.openstack.requestlog [None req-e155edc0-8ec1-469d-a6d7-186342f89d4d admin admin] 10.222.0.38 "POST /compute/v2.1/flavors/4/os-extra_specs" status: 200 len: 43 microversion: 2.61 time: 0.025761
Jul 16 15:35:12.053320 dv-cinder-784815-1-smb devstack@n-api.service[98822]: [pid: 98822|app: 0|req: 17/32] 10.222.0.38 () {64 vars in 1333 bytes} [Fri Jul 16 15:35:12 2021] POST /compute/v2.1/flavors/4/os-extra_specs => generated 43 bytes in 29 msecs (HTTP/1.1 200) 9 headers in 358 bytes (2 switches on core 0)
Jul 16 15:35:14.233413 dv-cinder-784815-1-smb devstack@n-api.service[98821]: DEBUG nova.api.openstack.wsgi [None req-642fa5ca-92a7-4c7a-814e-2217a1e749ce admin admin] Calling method '>' {{(pid=98821) _process_stack /opt/stack/nova/nova/api/openstack/wsgi.py:513}}
Jul 16 15:35:14.236046 dv-cinder-784815-1-smb devstack@n-api.service[98821]: INFO nova.api.openstack.requestlog [None req-642fa5ca-92a7-4c7a-814e-2217a1e749ce admin admin] 10.222.0.38 "GET /compute/v2.1" status: 200 len: 388 microversion: 2.1 time: 0.001437
Jul 16 15:35:14.237035 dv-cinder-784815-1-smb devstack@n-api.service[98821]: [pid: 98821|app: 0|req: 16/33] 10.222.0.38 () {54 vars in 931 bytes} [Fri Jul 16 15:35:14 2021] GET /compute/v2.1 => generated 388 bytes in 4 msecs (HTTP/1.1 200) 9 headers in 357 bytes (1 switches on core 0)
Jul 16 15:35:14.293764 dv-cinder-784815-1-smb devstack@n-api.service[98822]: DEBUG nova.api.openstack.wsgi [None req-b8881d9f-e8f7-4d15-9084-75c50bceee83 admin admin] Action: 'create', calling method: >, body: {"flavor": {"ram": 16384, "os-flavor-access:is_public": true, "OS-FLV-EXT-DATA:ephemeral": 0, "name": "m1.xlarge", "vcpus": 8, "swap": 0, "disk": 160, "id": "5", "rxtx_factor": 1.0}} {{(pid=98822) _process_stack /opt/stack/nova/nova/api/openstack/wsgi.py:511}}
Jul 16 15:35:14.314484 dv-cinder-784815-1-smb devstack@n-api.service[98822]: INFO nova.api.openstack.requestlog [None req-b8881d9f-e8f7-4d15-9084-75c50bceee83 admin admin] 10.222.0.38 "POST /compute/v2.1/flavors" status: 200 len: 408 microversion: 2.61 time: 0.071449
Jul 16 15:35:14.315035 dv-cinder-784815-1-smb devstack@n-api.service[98822]: [pid: 98822|app: 0|req: 18/34] 10.222.0.38 () {64 vars in 1283 bytes} [Fri Jul 16 15:35:14 2021] POST /compute/v2.1/flavors => generated 408 bytes in 73 msecs (HTTP/1.1 200) 9 headers in 359 bytes (1 switches on core 0)
Jul 16 15:35:14.326564 dv-cinder-784815-1-smb devstack@n-api.service[98821]: DEBUG nova.api.openstack.wsgi [None req-a19920c7-27a7-4f52-beae-3da60566c222 admin admin] Action: 'create', calling method: >, body: {"extra_specs": {"hw_rng:allowed": "True"}} {{(pid=98821) _process_stack /opt/stack/nova/nova/api/openstack/wsgi.py:511}}
Jul 16 15:35:14.351593 dv-cinder-784815-1-smb devstack@n-api.service[98821]: INFO nova.api.openstack.requestlog [None req-a19920c7-27a7-4f52-beae-3da60566c222 admin admin] 10.222.0.38 "POST /compute/v2.1/flavors/5/os-extra_specs" status: 200 len: 43 microversion: 2.61 time: 0.028685
Jul 16 15:35:14.363571 dv-cinder-784815-1-smb devstack@n-api.service[98821]: [pid: 98821|app: 0|req: 17/35] 10.222.0.38 () {64 vars in 1333 bytes} [Fri Jul 16 15:35:14 2021] POST /compute/v2.1/flavors/5/os-extra_specs => generated 43 bytes in 30 msecs (HTTP/1.1 200) 9 headers in 358 bytes (1 switches on core 0)
Jul 16 15:35:52.919752 dv-cinder-784815-1-smb devstack@n-api.service[98822]: DEBUG nova.api.openstack.wsgi [None req-b8881d9f-e8f7-4d15-9084-75c50bceee83 admin admin] Calling method '>' {{(pid=98822) _process_stack /opt/stack/nova/nova/api/openstack/wsgi.py:513}}
Jul 16 15:35:52.920756 dv-cinder-784815-1-smb devstack@n-api.service[98822]: INFO nova.api.openstack.requestlog [None req-b8881d9f-e8f7-4d15-9084-75c50bceee83 admin admin] 10.222.0.38 "GET /compute/v2.1" status: 200 len: 388 microversion: 2.1 time: 0.001483
Jul 16 15:35:52.921231 dv-cinder-784815-1-smb devstack@n-api.service[98822]: [pid: 98822|app: 0|req: 19/36] 10.222.0.38 () {54 vars in 931 bytes} [Fri Jul 16 15:35:52 2021] GET /compute/v2.1 => generated 388 bytes in 2 msecs (HTTP/1.1 200) 9 headers in 357 bytes (1 switches on core 0)
Jul 16 15:35:52.975280 dv-cinder-784815-1-smb devstack@n-api.service[98821]: DEBUG nova.api.openstack.wsgi [None req-b81582d6-262d-43b0-8133-853cc3fc718c admin admin] Calling method '>' {{(pid=98821) _process_stack /opt/stack/nova/nova/api/openstack/wsgi.py:513}}
Jul 16 15:35:52.992732 dv-cinder-784815-1-smb devstack@n-api.service[98821]: INFO nova.api.openstack.requestlog [None req-b81582d6-262d-43b0-8133-853cc3fc718c admin admin] 10.222.0.38 "GET /compute/v2.1/flavors/detail?is_public=True" status: 200 len: 4202 microversion: 2.61 time: 0.065109
Jul 16 15:35:52.993148 dv-cinder-784815-1-smb devstack@n-api.service[98821]: [pid: 98821|app: 0|req: 18/37] 10.222.0.38 () {60 vars in 1292 bytes} [Fri Jul 16 15:35:52 2021] GET /compute/v2.1/flavors/detail?is_public=True => generated 4202 bytes in 66 msecs (HTTP/1.1 200) 9 headers in 360 bytes (1 switches on core 0)
Jul 16 15:35:54.402123 dv-cinder-784815-1-smb devstack@n-api.service[98822]: DEBUG nova.api.openstack.wsgi [None req-b8881d9f-e8f7-4d15-9084-75c50bceee83 admin admin] Calling method '>' {{(pid=98822) _process_stack /opt/stack/nova/nova/api/openstack/wsgi.py:513}}
Jul 16 15:35:54.403121 dv-cinder-784815-1-smb devstack@n-api.service[98822]: INFO nova.api.openstack.requestlog [None req-b8881d9f-e8f7-4d15-9084-75c50bceee83 admin admin] 10.222.0.38 "GET /compute/v2.1" status: 200 len: 388 microversion: 2.1 time: 0.001397
Jul 16 15:35:54.403538 dv-cinder-784815-1-smb devstack@n-api.service[98822]: [pid: 98822|app: 0|req: 20/38] 10.222.0.38 () {56 vars in 1075 bytes} [Fri Jul 16 15:35:54 2021] GET /compute/v2.1 => generated 388 bytes in 2 msecs (HTTP/1.1 200) 9 headers in 357 bytes (1 switches on core 0)
Jul 16 15:35:54.589388 dv-cinder-784815-1-smb devstack@n-api.service[98821]: DEBUG nova.api.openstack.wsgi [None req-7d724f23-4dfa-42ab-a7ed-d4cecbc548f6 admin admin] Calling method '>' {{(pid=98821) _process_stack /opt/stack/nova/nova/api/openstack/wsgi.py:513}}
Jul 16 15:35:54.594741 dv-cinder-784815-1-smb devstack@n-api.service[98821]: INFO nova.api.openstack.wsgi [None req-7d724f23-4dfa-42ab-a7ed-d4cecbc548f6 admin admin] HTTP exception thrown: Flavor 42 could not be found.
Jul 16 15:35:54.595307 dv-cinder-784815-1-smb devstack@n-api.service[98821]: DEBUG nova.api.openstack.wsgi [None req-7d724f23-4dfa-42ab-a7ed-d4cecbc548f6 admin admin] Returning 404 to user: Flavor 42 could not be found. {{(pid=98821) __call__ /opt/stack/nova/nova/api/openstack/wsgi.py:927}}
Jul 16 15:35:54.596137 dv-cinder-784815-1-smb devstack@n-api.service[98821]: INFO nova.api.openstack.requestlog [None req-7d724f23-4dfa-42ab-a7ed-d4cecbc548f6 admin admin] 10.222.0.38 "GET /compute/v2.1/flavors/42" status: 404 len: 75 microversion: 2.88 time: 0.054643
Jul 16 15:35:54.596640 dv-cinder-784815-1-smb devstack@n-api.service[98821]: [pid: 98821|app: 0|req: 19/39] 10.222.0.38 () {60 vars in 1191 bytes} [Fri Jul 16 15:35:54 2021] GET /compute/v2.1/flavors/42 => generated 75 bytes in 56 msecs (HTTP/1.1 404) 9 headers in 380 bytes (1 switches on core 0)
Jul 16 15:35:54.605593 dv-cinder-784815-1-smb devstack@n-api.service[98822]: DEBUG nova.api.openstack.wsgi [None req-89fa22a5-d700-4b4e-9f0a-62040828df98 admin admin] Calling method '>' {{(pid=98822) _process_stack /opt/stack/nova/nova/api/openstack/wsgi.py:513}}
Jul 16 15:35:54.626044 dv-cinder-784815-1-smb devstack@n-api.service[98822]: INFO nova.api.openstack.requestlog [None req-89fa22a5-d700-4b4e-9f0a-62040828df98 admin admin] 10.222.0.38 "GET /compute/v2.1/flavors?is_public=None" status: 200 len: 2056 microversion: 2.88 time: 0.023897
Jul 16 15:35:54.626511 dv-cinder-784815-1-smb devstack@n-api.service[98822]: [pid: 98822|app: 0|req: 21/40] 10.222.0.38 () {60 vars in 1211 bytes} [Fri Jul 16 15:35:54 2021] GET /compute/v2.1/flavors?is_public=None => generated 2056 bytes in 25 msecs (HTTP/1.1 200) 9 headers in 360 bytes (2 switches on core 0)
Jul 16 15:35:54.635473 dv-cinder-784815-1-smb devstack@n-api.service[98821]: DEBUG nova.api.openstack.wsgi [None req-802e91e3-8fd3-4f21-8eb6-3f0b804c59bc admin admin] Calling method '>' {{(pid=98821) _process_stack /opt/stack/nova/nova/api/openstack/wsgi.py:513}}
Jul 16 15:35:54.656424 dv-cinder-784815-1-smb devstack@n-api.service[98821]: INFO nova.api.openstack.requestlog [None req-802e91e3-8fd3-4f21-8eb6-3f0b804c59bc admin admin] 10.222.0.38 "GET /compute/v2.1/flavors?is_public=None" status: 200 len: 2056 microversion: 2.88 time: 0.024311
Jul 16 15:35:54.656948 dv-cinder-784815-1-smb devstack@n-api.service[98821]: [pid: 98821|app: 0|req: 20/41] 10.222.0.38 () {60 vars in 1211 bytes} [Fri Jul 16 15:35:54 2021] GET /compute/v2.1/flavors?is_public=None => generated 2056 bytes in 25 msecs (HTTP/1.1 200) 9 headers in 360 bytes (1 switches on core 0)
Jul 16 15:35:54.665713 dv-cinder-784815-1-smb devstack@n-api.service[98822]: DEBUG nova.api.openstack.wsgi [None req-1f25afac-5c96-451f-9da7-28d1de6396e5 admin admin] Calling method '>' {{(pid=98822) _process_stack /opt/stack/nova/nova/api/openstack/wsgi.py:513}}
Jul 16 15:35:54.670806 dv-cinder-784815-1-smb devstack@n-api.service[98822]: INFO nova.api.openstack.wsgi [None req-1f25afac-5c96-451f-9da7-28d1de6396e5 admin admin] HTTP exception thrown: Flavor 42 could not be found.
Jul 16 15:35:54.671389 dv-cinder-784815-1-smb devstack@n-api.service[98822]: DEBUG nova.api.openstack.wsgi [None req-1f25afac-5c96-451f-9da7-28d1de6396e5 admin admin] Returning 404 to user: Flavor 42 could not be found. {{(pid=98822) __call__ /opt/stack/nova/nova/api/openstack/wsgi.py:927}}
Jul 16 15:35:54.672205 dv-cinder-784815-1-smb devstack@n-api.service[98822]: INFO nova.api.openstack.requestlog [None req-1f25afac-5c96-451f-9da7-28d1de6396e5 admin admin] 10.222.0.38 "GET /compute/v2.1/flavors/42" status: 404 len: 75 microversion: 2.88 time: 0.009931
Jul 16 15:35:54.672677 dv-cinder-784815-1-smb devstack@n-api.service[98822]: [pid: 98822|app: 0|req: 22/42] 10.222.0.38 () {60 vars in 1191 bytes} [Fri Jul 16 15:35:54 2021] GET /compute/v2.1/flavors/42 => generated 75 bytes in 11 msecs (HTTP/1.1 404) 9 headers in 380 bytes (2 switches on core 0)
Jul 16 15:35:56.013895 dv-cinder-784815-1-smb devstack@n-api.service[98821]: DEBUG nova.api.openstack.wsgi [None req-802e91e3-8fd3-4f21-8eb6-3f0b804c59bc admin admin] Calling method '>' {{(pid=98821) _process_stack /opt/stack/nova/nova/api/openstack/wsgi.py:513}}
Jul 16 15:35:56.015478 dv-cinder-784815-1-smb devstack@n-api.service[98821]: INFO nova.api.openstack.requestlog [None req-802e91e3-8fd3-4f21-8eb6-3f0b804c59bc admin admin] 10.222.0.38 "GET /compute/v2.1" status: 200 len: 388 microversion: 2.1 time: 0.001444
Jul 16 15:35:56.015901 dv-cinder-784815-1-smb devstack@n-api.service[98821]: [pid: 98821|app: 0|req: 21/43] 10.222.0.38 () {56 vars in 1075 bytes} [Fri Jul 16 15:35:56 2021] GET /compute/v2.1 => generated 388 bytes in 3 msecs (HTTP/1.1 200) 9 headers in 357 bytes (1 switches on core 0)
Jul 16 15:35:56.200870 dv-cinder-784815-1-smb devstack@n-api.service[98822]: DEBUG nova.api.openstack.wsgi [None req-a7325bb6-99bd-40b0-818c-5f8f6a39c9cc admin admin] Calling method '>' {{(pid=98822) _process_stack /opt/stack/nova/nova/api/openstack/wsgi.py:513}}
Jul 16 15:35:56.205909 dv-cinder-784815-1-smb devstack@n-api.service[98822]: INFO nova.api.openstack.wsgi [None req-a7325bb6-99bd-40b0-818c-5f8f6a39c9cc admin admin] HTTP exception thrown: Flavor 84 could not be found.
Jul 16 15:35:56.206480 dv-cinder-784815-1-smb devstack@n-api.service[98822]: DEBUG nova.api.openstack.wsgi [None req-a7325bb6-99bd-40b0-818c-5f8f6a39c9cc admin admin] Returning 404 to user: Flavor 84 could not be found. {{(pid=98822) __call__ /opt/stack/nova/nova/api/openstack/wsgi.py:927}}
Jul 16 15:35:56.207247 dv-cinder-784815-1-smb devstack@n-api.service[98822]: INFO nova.api.openstack.requestlog [None req-a7325bb6-99bd-40b0-818c-5f8f6a39c9cc admin admin] 10.222.0.38 "GET /compute/v2.1/flavors/84" status: 404 len: 75 microversion: 2.88 time: 0.055730
Jul 16 15:35:56.207772 dv-cinder-784815-1-smb devstack@n-api.service[98822]: [pid: 98822|app: 0|req: 23/44] 10.222.0.38 () {60 vars in 1191 bytes} [Fri Jul 16 15:35:56 2021] GET /compute/v2.1/flavors/84 => generated 75 bytes in 57 msecs (HTTP/1.1 404) 9 headers in 380 bytes (1 switches on core 0)
Jul 16 15:35:56.216731 dv-cinder-784815-1-smb devstack@n-api.service[98821]: DEBUG nova.api.openstack.wsgi [None req-c418e964-e561-4f47-a851-fdd7f3805a8a admin admin] Calling method '>' {{(pid=98821) _process_stack /opt/stack/nova/nova/api/openstack/wsgi.py:513}}
Jul 16 15:35:56.230393 dv-cinder-784815-1-smb devstack@n-api.service[98821]: INFO nova.api.openstack.requestlog [None req-c418e964-e561-4f47-a851-fdd7f3805a8a admin admin] 10.222.0.38 "GET /compute/v2.1/flavors?is_public=None" status: 200 len: 2056 microversion: 2.88 time: 0.017135
Jul 16 15:35:56.230856 dv-cinder-784815-1-smb devstack@n-api.service[98821]: [pid: 98821|app: 0|req: 22/45] 10.222.0.38 () {60 vars in 1211 bytes} [Fri Jul 16 15:35:56 2021] GET /compute/v2.1/flavors?is_public=None => generated 2056 bytes in 18 msecs (HTTP/1.1 200) 9 headers in 360 bytes (1 switches on core 0)
Jul 16 15:35:56.240081 dv-cinder-784815-1-smb devstack@n-api.service[98822]: DEBUG nova.api.openstack.wsgi [None req-dc4fd569-d599-45ac-b08c-7ffc0133014c admin admin] Calling method '>' {{(pid=98822) _process_stack /opt/stack/nova/nova/api/openstack/wsgi.py:513}}
Jul 16 15:35:56.253023 dv-cinder-784815-1-smb devstack@n-api.service[98822]: INFO nova.api.openstack.requestlog [None req-dc4fd569-d599-45ac-b08c-7ffc0133014c admin admin] 10.222.0.38 "GET /compute/v2.1/flavors?is_public=None" status: 200 len: 2056 microversion: 2.88 time: 0.016235
Jul 16 15:35:56.253529 dv-cinder-784815-1-smb devstack@n-api.service[98822]: [pid: 98822|app: 0|req: 24/46] 10.222.0.38 () {60 vars in 1211 bytes} [Fri Jul 16 15:35:56 2021] GET /compute/v2.1/flavors?is_public=None => generated 2056 bytes in 17 msecs (HTTP/1.1 200) 9 headers in 360 bytes (1 switches on core 0)
Jul 16 15:35:56.262075 dv-cinder-784815-1-smb devstack@n-api.service[98821]: DEBUG nova.api.openstack.wsgi [None req-86aabff2-3237-415b-8c35-dd1ccedf005d admin admin] Calling method '>' {{(pid=98821) _process_stack /opt/stack/nova/nova/api/openstack/wsgi.py:513}}
Jul 16 15:35:56.266986 dv-cinder-784815-1-smb devstack@n-api.service[98821]: INFO nova.api.openstack.wsgi [None req-86aabff2-3237-415b-8c35-dd1ccedf005d admin admin] HTTP exception thrown: Flavor 84 could not be found.
Jul 16 15:35:56.267560 dv-cinder-784815-1-smb devstack@n-api.service[98821]: DEBUG nova.api.openstack.wsgi [None req-86aabff2-3237-415b-8c35-dd1ccedf005d admin admin] Returning 404 to user: Flavor 84 could not be found. {{(pid=98821) __call__ /opt/stack/nova/nova/api/openstack/wsgi.py:927}}
Jul 16 15:35:56.268337 dv-cinder-784815-1-smb devstack@n-api.service[98821]: INFO nova.api.openstack.requestlog [None req-86aabff2-3237-415b-8c35-dd1ccedf005d admin admin] 10.222.0.38 "GET /compute/v2.1/flavors/84" status: 404 len: 75 microversion: 2.88 time: 0.009642
Jul 16 15:35:56.268810 dv-cinder-784815-1-smb devstack@n-api.service[98821]: [pid: 98821|app: 0|req: 23/47] 10.222.0.38 () {60 vars in 1191 bytes} [Fri Jul 16 15:35:56 2021] GET /compute/v2.1/flavors/84 => generated 75 bytes in 11 msecs (HTTP/1.1 404) 9 headers in 380 bytes (1 switches on core 0)
Jul 16 15:35:57.584964 dv-cinder-784815-1-smb devstack@n-api.service[98822]: DEBUG nova.api.openstack.wsgi [None req-dc4fd569-d599-45ac-b08c-7ffc0133014c admin admin] Calling method '>' {{(pid=98822) _process_stack /opt/stack/nova/nova/api/openstack/wsgi.py:513}}
Jul 16 15:35:57.585974 dv-cinder-784815-1-smb devstack@n-api.service[98822]: INFO nova.api.openstack.requestlog [None req-dc4fd569-d599-45ac-b08c-7ffc0133014c admin admin] 10.222.0.38 "GET /compute/v2.1" status: 200 len: 388 microversion: 2.1 time: 0.001411
Jul 16 15:35:57.586364 dv-cinder-784815-1-smb devstack@n-api.service[98822]: [pid: 98822|app: 0|req: 25/48] 10.222.0.38 () {56 vars in 1075 bytes} [Fri Jul 16 15:35:57 2021] GET /compute/v2.1 => generated 388 bytes in 2 msecs (HTTP/1.1 200) 9 headers in 357 bytes (1 switches on core 0)
Jul 16 15:35:57.771197 dv-cinder-784815-1-smb devstack@n-api.service[98821]: DEBUG nova.api.openstack.wsgi [None req-62055a39-6450-455a-8a88-1fa9355bce1f admin admin] Calling method '>' {{(pid=98821) _process_stack /opt/stack/nova/nova/api/openstack/wsgi.py:513}}
Jul 16 15:35:57.776469 dv-cinder-784815-1-smb devstack@n-api.service[98821]: INFO nova.api.openstack.wsgi [None req-62055a39-6450-455a-8a88-1fa9355bce1f admin admin] HTTP exception thrown: Flavor 451 could not be found.
Jul 16 15:35:57.777025 dv-cinder-784815-1-smb devstack@n-api.service[98821]: DEBUG nova.api.openstack.wsgi [None req-62055a39-6450-455a-8a88-1fa9355bce1f admin admin] Returning 404 to user: Flavor 451 could not be found. {{(pid=98821) __call__ /opt/stack/nova/nova/api/openstack/wsgi.py:927}}
Jul 16 15:35:57.777804 dv-cinder-784815-1-smb devstack@n-api.service[98821]: INFO nova.api.openstack.requestlog [None req-62055a39-6450-455a-8a88-1fa9355bce1f admin admin] 10.222.0.38 "GET /compute/v2.1/flavors/451" status: 404 len: 76 microversion: 2.88 time: 0.054288
Jul 16 15:35:57.778298 dv-cinder-784815-1-smb devstack@n-api.service[98821]: [pid: 98821|app: 0|req: 24/49] 10.222.0.38 () {60 vars in 1194 bytes} [Fri Jul 16 15:35:57 2021] GET /compute/v2.1/flavors/451 => generated 76 bytes in 55 msecs (HTTP/1.1 404) 9 headers in 380 bytes (1 switches on core 0)
Jul 16 15:35:57.787376 dv-cinder-784815-1-smb devstack@n-api.service[98822]: DEBUG nova.api.openstack.wsgi [None req-d77d92a7-4f93-4db7-a513-3de7a82b1bbf admin admin] Calling method '>' {{(pid=98822) _process_stack /opt/stack/nova/nova/api/openstack/wsgi.py:513}}
Jul 16 15:35:57.800979 dv-cinder-784815-1-smb devstack@n-api.service[98822]: INFO nova.api.openstack.requestlog [None req-d77d92a7-4f93-4db7-a513-3de7a82b1bbf admin admin] 10.222.0.38 "GET /compute/v2.1/flavors?is_public=None" status: 200 len: 2056 microversion: 2.88 time: 0.017157
Jul 16 15:35:57.801490 dv-cinder-784815-1-smb devstack@n-api.service[98822]: [pid: 98822|app: 0|req: 26/50] 10.222.0.38 () {60 vars in 1211 bytes} [Fri Jul 16 15:35:57 2021] GET /compute/v2.1/flavors?is_public=None => generated 2056 bytes in 18 msecs (HTTP/1.1 200) 9 headers in 360 bytes (1 switches on core 0)
Jul 16 15:35:57.811231 dv-cinder-784815-1-smb devstack@n-api.service[98821]: DEBUG nova.api.openstack.wsgi [None req-830b15c8-bce7-4f03-8ce5-a24f3d765be5 admin admin] Calling method '>' {{(pid=98821) _process_stack /opt/stack/nova/nova/api/openstack/wsgi.py:513}}
Jul 16 15:35:57.824388 dv-cinder-784815-1-smb devstack@n-api.service[98821]: INFO nova.api.openstack.requestlog [None req-830b15c8-bce7-4f03-8ce5-a24f3d765be5 admin admin] 10.222.0.38 "GET /compute/v2.1/flavors?is_public=None" status: 200 len: 2056 microversion: 2.88 time: 0.017190
Jul 16 15:35:57.824898 dv-cinder-784815-1-smb devstack@n-api.service[98821]: [pid: 98821|app: 0|req: 25/51] 10.222.0.38 () {60 vars in 1211 bytes} [Fri Jul 16 15:35:57 2021] GET /compute/v2.1/flavors?is_public=None => generated 2056 bytes in 18 msecs (HTTP/1.1 200) 9 headers in 360 bytes (1 switches on core 0)
Jul 16 15:35:57.833829 dv-cinder-784815-1-smb devstack@n-api.service[98822]: DEBUG nova.api.openstack.wsgi [None req-38c59410-15fd-4e8b-a199-57160787583c admin admin] Calling method '>' {{(pid=98822) _process_stack /opt/stack/nova/nova/api/openstack/wsgi.py:513}}
Jul 16 15:35:57.838771 dv-cinder-784815-1-smb devstack@n-api.service[98822]: INFO nova.api.openstack.wsgi [None req-38c59410-15fd-4e8b-a199-57160787583c admin admin] HTTP exception thrown: Flavor 451 could not be found.
Jul 16 15:35:57.839350 dv-cinder-784815-1-smb devstack@n-api.service[98822]: DEBUG nova.api.openstack.wsgi [None req-38c59410-15fd-4e8b-a199-57160787583c admin admin] Returning 404 to user: Flavor 451 could not be found. {{(pid=98822) __call__ /opt/stack/nova/nova/api/openstack/wsgi.py:927}}
Jul 16 15:35:57.840157 dv-cinder-784815-1-smb devstack@n-api.service[98822]: INFO nova.api.openstack.requestlog [None req-38c59410-15fd-4e8b-a199-57160787583c admin admin] 10.222.0.38 "GET /compute/v2.1/flavors/451" status: 404 len: 76 microversion: 2.88 time: 0.009828
Jul 16 15:35:57.840652 dv-cinder-784815-1-smb devstack@n-api.service[98822]: [pid: 98822|app: 0|req: 27/52] 10.222.0.38 () {60 vars in 1194 bytes} [Fri Jul 16 15:35:57 2021] GET /compute/v2.1/flavors/451 => generated 76 bytes in 11 msecs (HTTP/1.1 404) 9 headers in 380 bytes (1 switches on core 0)
Jul 16 15:35:59.174415 dv-cinder-784815-1-smb devstack@n-api.service[98821]: DEBUG nova.api.openstack.wsgi [None req-830b15c8-bce7-4f03-8ce5-a24f3d765be5 admin admin] Calling method '>' {{(pid=98821) _process_stack /opt/stack/nova/nova/api/openstack/wsgi.py:513}}
Jul 16 15:35:59.175416 dv-cinder-784815-1-smb devstack@n-api.service[98821]: INFO nova.api.openstack.requestlog [None req-830b15c8-bce7-4f03-8ce5-a24f3d765be5 admin admin] 10.222.0.38 "GET /compute/v2.1" status: 200 len: 388 microversion: 2.1 time: 0.001403
Jul 16 15:35:59.175837 dv-cinder-784815-1-smb devstack@n-api.service[98821]: [pid: 98821|app: 0|req: 26/53] 10.222.0.38 () {56 vars in 1075 bytes} [Fri Jul 16 15:35:59 2021] GET /compute/v2.1 => generated 388 bytes in 2 msecs (HTTP/1.1 200) 9 headers in 357 bytes (1 switches on core 0)
Jul 16 15:35:59.364002 dv-cinder-784815-1-smb devstack@n-api.service[98822]: DEBUG nova.api.openstack.wsgi [None req-8e74abea-50e9-4cba-9e02-a7ae13fccdd1 admin admin] Action: 'create', calling method: >, body: {"flavor": {"name": "m1.nano", "ram": 256, "vcpus": 1, "disk": 1, "id": "42", "swap": 0, "OS-FLV-EXT-DATA:ephemeral": 0, "rxtx_factor": 1.0, "os-flavor-access:is_public": true}} {{(pid=98822) _process_stack /opt/stack/nova/nova/api/openstack/wsgi.py:511}}
Jul 16 15:35:59.381104 dv-cinder-784815-1-smb devstack@n-api.service[98822]: INFO nova.api.openstack.requestlog [None req-8e74abea-50e9-4cba-9e02-a7ae13fccdd1 admin admin] 10.222.0.38 "POST /compute/v2.1/flavors" status: 200 len: 404 microversion: 2.88 time: 0.065164
Jul 16 15:35:59.381623 dv-cinder-784815-1-smb devstack@n-api.service[98822]: [pid: 98822|app: 0|req: 28/54] 10.222.0.38 () {64 vars in 1236 bytes} [Fri Jul 16 15:35:59 2021] POST /compute/v2.1/flavors => generated 404 bytes in 66 msecs (HTTP/1.1 200) 9 headers in 359 bytes (2 switches on core 0)
Jul 16 15:36:00.703611 dv-cinder-784815-1-smb devstack@n-api.service[98821]: DEBUG nova.api.openstack.wsgi [None req-830b15c8-bce7-4f03-8ce5-a24f3d765be5 admin admin] Calling method '>' {{(pid=98821) _process_stack /opt/stack/nova/nova/api/openstack/wsgi.py:513}}
Jul 16 15:36:00.704608 dv-cinder-784815-1-smb devstack@n-api.service[98821]: INFO nova.api.openstack.requestlog [None req-830b15c8-bce7-4f03-8ce5-a24f3d765be5 admin admin] 10.222.0.38 "GET /compute/v2.1" status: 200 len: 388 microversion: 2.1 time: 0.001424
Jul 16 15:36:00.705002 dv-cinder-784815-1-smb devstack@n-api.service[98821]: [pid: 98821|app: 0|req: 27/55] 10.222.0.38 () {56 vars in 1075 bytes} [Fri Jul 16 15:36:00 2021] GET /compute/v2.1 => generated 388 bytes in 2 msecs (HTTP/1.1 200) 9 headers in 357 bytes (1 switches on core 0)
Jul 16 15:36:00.891066 dv-cinder-784815-1-smb devstack@n-api.service[98822]: DEBUG nova.api.openstack.wsgi [None req-570e4612-e65a-4336-8674-b25c46222cc9 admin admin] Action: 'create', calling method: >, body: {"flavor": {"name": "m1.micro", "ram": 256, "vcpus": 1, "disk": 2, "id": "84", "swap": 0, "OS-FLV-EXT-DATA:ephemeral": 0, "rxtx_factor": 1.0, "os-flavor-access:is_public": true}} {{(pid=98822) _process_stack /opt/stack/nova/nova/api/openstack/wsgi.py:511}}
Jul 16 15:36:00.908791 dv-cinder-784815-1-smb devstack@n-api.service[98822]: INFO nova.api.openstack.requestlog [None req-570e4612-e65a-4336-8674-b25c46222cc9 admin admin] 10.222.0.38 "POST /compute/v2.1/flavors" status: 200 len: 405 microversion: 2.88 time: 0.064523
Jul 16 15:36:00.909327 dv-cinder-784815-1-smb devstack@n-api.service[98822]: [pid: 98822|app: 0|req: 29/56] 10.222.0.38 () {64 vars in 1236 bytes} [Fri Jul 16 15:36:00 2021] POST /compute/v2.1/flavors => generated 405 bytes in 66 msecs (HTTP/1.1 200) 9 headers in 359 bytes (1 switches on core 0)
Jul 16 15:36:02.234311 dv-cinder-784815-1-smb devstack@n-api.service[98821]: DEBUG nova.api.openstack.wsgi [None req-830b15c8-bce7-4f03-8ce5-a24f3d765be5 admin admin] Calling method '>' {{(pid=98821) _process_stack /opt/stack/nova/nova/api/openstack/wsgi.py:513}}
