Jun 01 10:14:31.248309 dv-cinder-784779-13-iscsi devstack@c-api.service[98717]: DEBUG cinder.volume.api [None req-aa9a7534-3ec0-443f-a39f-d3da13ecac40 tempest-VolumesTestJSON-1449592765 tempest-VolumesTestJSON-1449592765-project] Task 'cinder.volume.flows.api.create_volume.EntryCreateTask;volume:create' (609eee80-9700-4a97-bbf6-2ef1d898e96b) transitioned into state 'SUCCESS' from state 'RUNNING' with result '{'volume_id': 'd411eff5-d891-4962-99cc-a6e86b00bce0', 'volume_properties': VolumeProperties(attach_status='detached',availability_zone='nova',cgsnapshot_id=None,consistencygroup_id=None,display_description=None,display_name='tempest-VolumesTestJSON-volume-122665805',encryption_key_id=None,group_id=None,group_type_id=,metadata={Type='work'},multiattach=False,project_id='566b06e076f5429d885fca98f46000f7',qos_specs=None,replication_status=,reservations=['2491372b-99b1-4d2b-9b09-d6789a8b0b6a','042f727b-6e15-4524-9298-41788e9e5414','ce5de782-739c-4c2b-8707-422a39a140f4','6958b73b-67a2-44d5-b043-00c6a885a2aa'],size=1,snapshot_id=None,source_replicaid=,source_volid=None,status='creating',user_id='25af6cb629c2468aae79f426738f0e7a',volume_type_id=7f645078-2028-4cf1-b24d-44723602f040), 'volume': Volume(_name_id=None,admin_metadata=,attach_status='detached',availability_zone='nova',bootable=False,cluster=,cluster_name=None,consistencygroup=,consistencygroup_id=None,created_at=2021-06-01T10:14:31Z,deleted=False,deleted_at=None,display_description=None,display_name='tempest-VolumesTestJSON-volume-122665805',ec2_id=None,encryption_key_id=None,glance_metadata=,group=,group_id=None,host=None,id=d411eff5-d891-4962-99cc-a6e86b00bce0,launched_at=None,metadata={Type='work'},migration_status=None,multiattach=False,previous_status=None,project_id='566b06e076f5429d885fca98f46000f7',provider_auth=None,provider_geometry=None,provider_id=None,provider_location=None,replication_driver_data=None,replication_extended_status=None,replication_status=None,scheduled_at=None,service_uuid=None,shared_targets=True,size=1,snapshot_id=None,snapshots=,source_volid=None,status='creating',terminated_at=None,updated_at=None,user_id='25af6cb629c2468aae79f426738f0e7a',volume_attachment=,volume_type=VolumeType(7f645078-2028-4cf1-b24d-44723602f040),volume_type_id=7f645078-2028-4cf1-b24d-44723602f040)}' {{(pid=98717) _task_receiver /usr/local/lib/python3.8/dist-packages/taskflow/listeners/logging.py:178}}
Jun 01 10:14:31.253127 dv-cinder-784779-13-iscsi devstack@c-api.service[98717]: DEBUG cinder.volume.api [None req-aa9a7534-3ec0-443f-a39f-d3da13ecac40 tempest-VolumesTestJSON-1449592765 tempest-VolumesTestJSON-1449592765-project] Task 'cinder.volume.flows.api.create_volume.QuotaCommitTask;volume:create' (fa7029be-2d23-4e96-9235-1a743cffb5ed) transitioned into state 'RUNNING' from state 'PENDING' {{(pid=98717) _task_receiver /usr/local/lib/python3.8/dist-packages/taskflow/listeners/logging.py:190}}
Jun 01 10:14:31.311263 dv-cinder-784779-13-iscsi devstack@c-api.service[98717]: DEBUG cinder.volume.api [None req-aa9a7534-3ec0-443f-a39f-d3da13ecac40 tempest-VolumesTestJSON-1449592765 tempest-VolumesTestJSON-1449592765-project] Task 'cinder.volume.flows.api.create_volume.QuotaCommitTask;volume:create' (fa7029be-2d23-4e96-9235-1a743cffb5ed) transitioned into state 'SUCCESS' from state 'RUNNING' with result '{'volume_properties': VolumeProperties(attach_status='detached',availability_zone='nova',cgsnapshot_id=None,consistencygroup_id=None,display_description=None,display_name='tempest-VolumesTestJSON-volume-122665805',encryption_key_id=None,group_id=None,group_type_id=,metadata={Type='work'},multiattach=False,project_id='566b06e076f5429d885fca98f46000f7',qos_specs=None,replication_status=,reservations=['2491372b-99b1-4d2b-9b09-d6789a8b0b6a','042f727b-6e15-4524-9298-41788e9e5414','ce5de782-739c-4c2b-8707-422a39a140f4','6958b73b-67a2-44d5-b043-00c6a885a2aa'],size=1,snapshot_id=None,source_replicaid=,source_volid=None,status='creating',user_id='25af6cb629c2468aae79f426738f0e7a',volume_type_id=7f645078-2028-4cf1-b24d-44723602f040)}' {{(pid=98717) _task_receiver /usr/local/lib/python3.8/dist-packages/taskflow/listeners/logging.py:178}}
Jun 01 10:14:31.317355 dv-cinder-784779-13-iscsi devstack@c-api.service[98717]: DEBUG cinder.volume.api [None req-aa9a7534-3ec0-443f-a39f-d3da13ecac40 tempest-VolumesTestJSON-1449592765 tempest-VolumesTestJSON-1449592765-project] Task 'cinder.volume.flows.api.create_volume.VolumeCastTask;volume:create' (d7acc6cd-1db3-4ebb-87b9-5cfeed74172c) transitioned into state 'RUNNING' from state 'PENDING' {{(pid=98717) _task_receiver /usr/local/lib/python3.8/dist-packages/taskflow/listeners/logging.py:190}}
Jun 01 10:14:31.347060 dv-cinder-784779-13-iscsi devstack@c-api.service[98718]: /usr/local/lib/python3.8/dist-packages/oslo_context/context.py:105: DeprecationWarning: Policy enforcement is depending on the value of is_admin. This key is deprecated. Please update your policy file to use the standard policy values.
Jun 01 10:14:31.347060 dv-cinder-784779-13-iscsi devstack@c-api.service[98718]: warnings.warn('Policy enforcement is depending on the value of '
Jun 01 10:14:31.366747 dv-cinder-784779-13-iscsi devstack@c-api.service[98717]: DEBUG cinder.volume.api [None req-aa9a7534-3ec0-443f-a39f-d3da13ecac40 tempest-VolumesTestJSON-1449592765 tempest-VolumesTestJSON-1449592765-project] Task 'cinder.volume.flows.api.create_volume.VolumeCastTask;volume:create' (d7acc6cd-1db3-4ebb-87b9-5cfeed74172c) transitioned into state 'SUCCESS' from state 'RUNNING' with result 'None' {{(pid=98717) _task_receiver /usr/local/lib/python3.8/dist-packages/taskflow/listeners/logging.py:178}}
Jun 01 10:14:31.382505 dv-cinder-784779-13-iscsi devstack@c-api.service[98717]: DEBUG cinder.volume.api [None req-aa9a7534-3ec0-443f-a39f-d3da13ecac40 tempest-VolumesTestJSON-1449592765 tempest-VolumesTestJSON-1449592765-project] Flow 'volume_create_api' (7c97d1ae-58d6-45fb-b3d0-a48d62190209) transitioned into state 'SUCCESS' from state 'RUNNING' {{(pid=98717) _flow_receiver /usr/local/lib/python3.8/dist-packages/taskflow/listeners/logging.py:141}}
Jun 01 10:14:31.383255 dv-cinder-784779-13-iscsi devstack@c-api.service[98717]: INFO cinder.volume.api [None req-aa9a7534-3ec0-443f-a39f-d3da13ecac40 tempest-VolumesTestJSON-1449592765 tempest-VolumesTestJSON-1449592765-project] Create volume request issued successfully.
Jun 01 10:14:31.435078 dv-cinder-784779-13-iscsi devstack@c-api.service[98717]: INFO cinder.api.openstack.wsgi [None req-aa9a7534-3ec0-443f-a39f-d3da13ecac40 tempest-VolumesTestJSON-1449592765 tempest-VolumesTestJSON-1449592765-project] http://10.222.0.86/volume/v3/566b06e076f5429d885fca98f46000f7/volumes returned with HTTP 202
Jun 01 10:14:31.436364 dv-cinder-784779-13-iscsi devstack@c-api.service[98717]: [pid: 98717|app: 0|req: 150/304] 10.222.0.86 () {60 vars in 1236 bytes} [Tue Jun 1 10:14:30 2021] POST /volume/v3/566b06e076f5429d885fca98f46000f7/volumes => generated 828 bytes in 578 msecs (HTTP/1.1 202) 7 headers in 291 bytes (2 switches on core 0)
Jun 01 10:14:31.454933 dv-cinder-784779-13-iscsi devstack@c-api.service[98717]: INFO cinder.api.openstack.wsgi [None req-3c82c6f1-d486-45f1-9b34-fa2a484d90ac tempest-VolumesTestJSON-1449592765 tempest-VolumesTestJSON-1449592765-project] GET http://10.222.0.86/volume/v3/566b06e076f5429d885fca98f46000f7/volumes/d411eff5-d891-4962-99cc-a6e86b00bce0
Jun 01 10:14:31.456454 dv-cinder-784779-13-iscsi devstack@c-api.service[98717]: DEBUG cinder.api.openstack.wsgi [None req-3c82c6f1-d486-45f1-9b34-fa2a484d90ac tempest-VolumesTestJSON-1449592765 tempest-VolumesTestJSON-1449592765-project] Empty body provided in request {{(pid=98717) get_body /opt/stack/cinder/cinder/api/openstack/wsgi.py:713}}
Jun 01 10:14:31.456720 dv-cinder-784779-13-iscsi devstack@c-api.service[98717]: /usr/local/lib/python3.8/dist-packages/webob/acceptparse.py:1047: DeprecationWarning: The behavior of AcceptValidHeader.best_match is currently being maintained for backward compatibility, but it will be deprecated in the future, as it does not conform to the RFC.
Jun 01 10:14:31.456720 dv-cinder-784779-13-iscsi devstack@c-api.service[98717]: warnings.warn(
Jun 01 10:14:31.457622 dv-cinder-784779-13-iscsi devstack@c-api.service[98717]: DEBUG cinder.api.openstack.wsgi [None req-3c82c6f1-d486-45f1-9b34-fa2a484d90ac tempest-VolumesTestJSON-1449592765 tempest-VolumesTestJSON-1449592765-project] Calling method 'show' {{(pid=98717) _process_stack /opt/stack/cinder/cinder/api/openstack/wsgi.py:866}}
Jun 01 10:14:31.484965 dv-cinder-784779-13-iscsi devstack@c-api.service[98718]: INFO cinder.api.openstack.wsgi [None req-99d30a22-0bac-4667-86ea-0520a06147e4 tempest-VolumesActionsTest-1181693710 tempest-VolumesActionsTest-1181693710-project-admin] http://10.222.0.86/volume/v3/d19c5c14ac7645ef87503eaa0dd477e2/volumes/fe86ce42-1f51-429d-960a-6fe238bbeebb/action returned with HTTP 202
Jun 01 10:14:31.487612 dv-cinder-784779-13-iscsi devstack@c-api.service[98718]: [pid: 98718|app: 0|req: 155/305] 10.222.0.86 () {60 vars in 1367 bytes} [Tue Jun 1 10:14:31 2021] POST /volume/v3/d19c5c14ac7645ef87503eaa0dd477e2/volumes/fe86ce42-1f51-429d-960a-6fe238bbeebb/action => generated 0 bytes in 339 msecs (HTTP/1.1 202) 7 headers in 289 bytes (1 switches on core 0)
Jun 01 10:14:31.495756 dv-cinder-784779-13-iscsi devstack@c-api.service[98718]: INFO cinder.api.openstack.wsgi [None req-00eabf5f-eb7e-4176-b51a-5603ef76de96 tempest-VolumesActionsTest-957570429 tempest-VolumesActionsTest-957570429-project] GET http://10.222.0.86/volume/v3/2b1a5ed32a5b49a08c0f65e29444cb26/volumes/fe86ce42-1f51-429d-960a-6fe238bbeebb
Jun 01 10:14:31.496896 dv-cinder-784779-13-iscsi devstack@c-api.service[98718]: DEBUG cinder.api.openstack.wsgi [None req-00eabf5f-eb7e-4176-b51a-5603ef76de96 tempest-VolumesActionsTest-957570429 tempest-VolumesActionsTest-957570429-project] Empty body provided in request {{(pid=98718) get_body /opt/stack/cinder/cinder/api/openstack/wsgi.py:713}}
Jun 01 10:14:31.501252 dv-cinder-784779-13-iscsi devstack@c-api.service[98718]: /usr/local/lib/python3.8/dist-packages/webob/acceptparse.py:1047: DeprecationWarning: The behavior of AcceptValidHeader.best_match is currently being maintained for backward compatibility, but it will be deprecated in the future, as it does not conform to the RFC.
Jun 01 10:14:31.501252 dv-cinder-784779-13-iscsi devstack@c-api.service[98718]: warnings.warn(
Jun 01 10:14:31.501891 dv-cinder-784779-13-iscsi devstack@c-api.service[98718]: DEBUG cinder.api.openstack.wsgi [None req-00eabf5f-eb7e-4176-b51a-5603ef76de96 tempest-VolumesActionsTest-957570429 tempest-VolumesActionsTest-957570429-project] Calling method 'show' {{(pid=98718) _process_stack /opt/stack/cinder/cinder/api/openstack/wsgi.py:866}}
Jun 01 10:14:31.534553 dv-cinder-784779-13-iscsi devstack@c-api.service[98717]: /usr/local/lib/python3.8/dist-packages/oslo_context/context.py:105: DeprecationWarning: Policy enforcement is depending on the value of is_admin. This key is deprecated. Please update your policy file to use the standard policy values.
Jun 01 10:14:31.534553 dv-cinder-784779-13-iscsi devstack@c-api.service[98717]: warnings.warn('Policy enforcement is depending on the value of '
Jun 01 10:14:31.542982 dv-cinder-784779-13-iscsi devstack@c-api.service[98717]: INFO cinder.volume.api [None req-3c82c6f1-d486-45f1-9b34-fa2a484d90ac tempest-VolumesTestJSON-1449592765 tempest-VolumesTestJSON-1449592765-project] Volume info retrieved successfully.
Jun 01 10:14:31.567280 dv-cinder-784779-13-iscsi devstack@c-api.service[98717]: INFO cinder.api.openstack.wsgi [None req-3c82c6f1-d486-45f1-9b34-fa2a484d90ac tempest-VolumesTestJSON-1449592765 tempest-VolumesTestJSON-1449592765-project] http://10.222.0.86/volume/v3/566b06e076f5429d885fca98f46000f7/volumes/d411eff5-d891-4962-99cc-a6e86b00bce0 returned with HTTP 200
Jun 01 10:14:31.576671 dv-cinder-784779-13-iscsi devstack@c-api.service[98718]: /usr/local/lib/python3.8/dist-packages/oslo_context/context.py:105: DeprecationWarning: Policy enforcement is depending on the value of is_admin. This key is deprecated. Please update your policy file to use the standard policy values.
Jun 01 10:14:31.576671 dv-cinder-784779-13-iscsi devstack@c-api.service[98718]: warnings.warn('Policy enforcement is depending on the value of '
Jun 01 10:14:31.577777 dv-cinder-784779-13-iscsi devstack@c-api.service[98717]: [pid: 98717|app: 0|req: 151/306] 10.222.0.86 () {58 vars in 1325 bytes} [Tue Jun 1 10:14:31 2021] GET /volume/v3/566b06e076f5429d885fca98f46000f7/volumes/d411eff5-d891-4962-99cc-a6e86b00bce0 => generated 896 bytes in 132 msecs (HTTP/1.1 200) 7 headers in 285 bytes (2 switches on core 0)
Jun 01 10:14:31.588425 dv-cinder-784779-13-iscsi devstack@c-api.service[98718]: INFO cinder.volume.api [None req-00eabf5f-eb7e-4176-b51a-5603ef76de96 tempest-VolumesActionsTest-957570429 tempest-VolumesActionsTest-957570429-project] Volume info retrieved successfully.
Jun 01 10:14:31.601127 dv-cinder-784779-13-iscsi devstack@c-api.service[98717]: INFO cinder.api.openstack.wsgi [None req-7da3b89f-35eb-4aa8-a49b-8ba3382c3733 tempest-VolumesCloneTest-1504100585 tempest-VolumesCloneTest-1504100585-project] GET http://10.222.0.86/volume/v3/a96b960c07ea444ab36a0186517df393/volumes/bae866bd-b657-4a41-9c30-0794daaa498f
Jun 01 10:14:31.601706 dv-cinder-784779-13-iscsi devstack@c-api.service[98717]: DEBUG cinder.api.openstack.wsgi [None req-7da3b89f-35eb-4aa8-a49b-8ba3382c3733 tempest-VolumesCloneTest-1504100585 tempest-VolumesCloneTest-1504100585-project] Empty body provided in request {{(pid=98717) get_body /opt/stack/cinder/cinder/api/openstack/wsgi.py:713}}
Jun 01 10:14:31.601952 dv-cinder-784779-13-iscsi devstack@c-api.service[98717]: /usr/local/lib/python3.8/dist-packages/webob/acceptparse.py:1047: DeprecationWarning: The behavior of AcceptValidHeader.best_match is currently being maintained for backward compatibility, but it will be deprecated in the future, as it does not conform to the RFC.
Jun 01 10:14:31.601952 dv-cinder-784779-13-iscsi devstack@c-api.service[98717]: warnings.warn(
Jun 01 10:14:31.602457 dv-cinder-784779-13-iscsi devstack@c-api.service[98717]: DEBUG cinder.api.openstack.wsgi [None req-7da3b89f-35eb-4aa8-a49b-8ba3382c3733 tempest-VolumesCloneTest-1504100585 tempest-VolumesCloneTest-1504100585-project] Calling method 'show' {{(pid=98717) _process_stack /opt/stack/cinder/cinder/api/openstack/wsgi.py:866}}
Jun 01 10:14:31.623361 dv-cinder-784779-13-iscsi devstack@c-api.service[98718]: INFO cinder.api.openstack.wsgi [None req-00eabf5f-eb7e-4176-b51a-5603ef76de96 tempest-VolumesActionsTest-957570429 tempest-VolumesActionsTest-957570429-project] http://10.222.0.86/volume/v3/2b1a5ed32a5b49a08c0f65e29444cb26/volumes/fe86ce42-1f51-429d-960a-6fe238bbeebb returned with HTTP 200
Jun 01 10:14:31.624724 dv-cinder-784779-13-iscsi devstack@c-api.service[98718]: [pid: 98718|app: 0|req: 156/307] 10.222.0.86 () {58 vars in 1325 bytes} [Tue Jun 1 10:14:31 2021] GET /volume/v3/2b1a5ed32a5b49a08c0f65e29444cb26/volumes/fe86ce42-1f51-429d-960a-6fe238bbeebb => generated 913 bytes in 134 msecs (HTTP/1.1 200) 7 headers in 285 bytes (1 switches on core 0)
Jun 01 10:14:31.645848 dv-cinder-784779-13-iscsi devstack@c-api.service[98718]: INFO cinder.api.openstack.wsgi [None req-a929f273-4daa-4732-a4d3-5657b9095c0b tempest-VolumesActionsTest-1181693710 tempest-VolumesActionsTest-1181693710-project-admin] POST http://10.222.0.86/volume/v3/d19c5c14ac7645ef87503eaa0dd477e2/volumes/fe86ce42-1f51-429d-960a-6fe238bbeebb/action
Jun 01 10:14:31.646329 dv-cinder-784779-13-iscsi devstack@c-api.service[98718]: /usr/local/lib/python3.8/dist-packages/webob/acceptparse.py:1047: DeprecationWarning: The behavior of AcceptValidHeader.best_match is currently being maintained for backward compatibility, but it will be deprecated in the future, as it does not conform to the RFC.
Jun 01 10:14:31.646329 dv-cinder-784779-13-iscsi devstack@c-api.service[98718]: warnings.warn(
Jun 01 10:14:31.647740 dv-cinder-784779-13-iscsi devstack@c-api.service[98718]: DEBUG cinder.api.openstack.wsgi [None req-a929f273-4daa-4732-a4d3-5657b9095c0b tempest-VolumesActionsTest-1181693710 tempest-VolumesActionsTest-1181693710-project-admin] Action body: b'{"os-force_delete": {}}' {{(pid=98718) get_method /opt/stack/cinder/cinder/api/openstack/wsgi.py:981}}
Jun 01 10:14:31.648940 dv-cinder-784779-13-iscsi devstack@c-api.service[98718]: DEBUG cinder.api.openstack.wsgi [None req-a929f273-4daa-4732-a4d3-5657b9095c0b tempest-VolumesActionsTest-1181693710 tempest-VolumesActionsTest-1181693710-project-admin] Action: 'action', calling method: _force_delete, body: {"os-force_delete": {}} {{(pid=98718) _process_stack /opt/stack/cinder/cinder/api/openstack/wsgi.py:864}}
Jun 01 10:14:31.670225 dv-cinder-784779-13-iscsi devstack@c-api.service[98717]: /usr/local/lib/python3.8/dist-packages/oslo_context/context.py:105: DeprecationWarning: Policy enforcement is depending on the value of is_admin. This key is deprecated. Please update your policy file to use the standard policy values.
Jun 01 10:14:31.670225 dv-cinder-784779-13-iscsi devstack@c-api.service[98717]: warnings.warn('Policy enforcement is depending on the value of '
Jun 01 10:14:31.682149 dv-cinder-784779-13-iscsi devstack@c-api.service[98717]: INFO cinder.volume.api [None req-7da3b89f-35eb-4aa8-a49b-8ba3382c3733 tempest-VolumesCloneTest-1504100585 tempest-VolumesCloneTest-1504100585-project] Volume info retrieved successfully.
Jun 01 10:14:31.709664 dv-cinder-784779-13-iscsi devstack@c-api.service[98718]: /usr/local/lib/python3.8/dist-packages/oslo_context/context.py:105: DeprecationWarning: Policy enforcement is depending on the value of is_admin. This key is deprecated. Please update your policy file to use the standard policy values.
Jun 01 10:14:31.709664 dv-cinder-784779-13-iscsi devstack@c-api.service[98718]: warnings.warn('Policy enforcement is depending on the value of '
Jun 01 10:14:31.711103 dv-cinder-784779-13-iscsi devstack@c-api.service[98718]: INFO cinder.volume.api [None req-a929f273-4daa-4732-a4d3-5657b9095c0b tempest-VolumesActionsTest-1181693710 tempest-VolumesActionsTest-1181693710-project-admin] Volume info retrieved successfully.
Jun 01 10:14:31.714783 dv-cinder-784779-13-iscsi devstack@c-api.service[98717]: INFO cinder.api.openstack.wsgi [None req-7da3b89f-35eb-4aa8-a49b-8ba3382c3733 tempest-VolumesCloneTest-1504100585 tempest-VolumesCloneTest-1504100585-project] http://10.222.0.86/volume/v3/a96b960c07ea444ab36a0186517df393/volumes/bae866bd-b657-4a41-9c30-0794daaa498f returned with HTTP 200
Jun 01 10:14:31.721491 dv-cinder-784779-13-iscsi devstack@c-api.service[98717]: [pid: 98717|app: 0|req: 152/308] 10.222.0.86 () {58 vars in 1325 bytes} [Tue Jun 1 10:14:31 2021] GET /volume/v3/a96b960c07ea444ab36a0186517df393/volumes/bae866bd-b657-4a41-9c30-0794daaa498f => generated 1391 bytes in 124 msecs (HTTP/1.1 200) 7 headers in 286 bytes (2 switches on core 0)
Jun 01 10:14:31.735393 dv-cinder-784779-13-iscsi devstack@c-api.service[98717]: INFO cinder.api.openstack.wsgi [None req-e6ab561d-bc88-495c-b848-e4f6f5e4a823 tempest-VolumesCloneTest-1504100585 tempest-VolumesCloneTest-1504100585-project] GET http://10.222.0.86/volume/v3/a96b960c07ea444ab36a0186517df393/volumes/bae866bd-b657-4a41-9c30-0794daaa498f
Jun 01 10:14:31.736727 dv-cinder-784779-13-iscsi devstack@c-api.service[98717]: DEBUG cinder.api.openstack.wsgi [None req-e6ab561d-bc88-495c-b848-e4f6f5e4a823 tempest-VolumesCloneTest-1504100585 tempest-VolumesCloneTest-1504100585-project] Empty body provided in request {{(pid=98717) get_body /opt/stack/cinder/cinder/api/openstack/wsgi.py:713}}
Jun 01 10:14:31.737110 dv-cinder-784779-13-iscsi devstack@c-api.service[98717]: /usr/local/lib/python3.8/dist-packages/webob/acceptparse.py:1047: DeprecationWarning: The behavior of AcceptValidHeader.best_match is currently being maintained for backward compatibility, but it will be deprecated in the future, as it does not conform to the RFC.
Jun 01 10:14:31.737110 dv-cinder-784779-13-iscsi devstack@c-api.service[98717]: warnings.warn(
Jun 01 10:14:31.737747 dv-cinder-784779-13-iscsi devstack@c-api.service[98717]: DEBUG cinder.api.openstack.wsgi [None req-e6ab561d-bc88-495c-b848-e4f6f5e4a823 tempest-VolumesCloneTest-1504100585 tempest-VolumesCloneTest-1504100585-project] Calling method 'show' {{(pid=98717) _process_stack /opt/stack/cinder/cinder/api/openstack/wsgi.py:866}}
Jun 01 10:14:31.764343 dv-cinder-784779-13-iscsi devstack@c-api.service[98718]: INFO cinder.volume.api [None req-a929f273-4daa-4732-a4d3-5657b9095c0b tempest-VolumesActionsTest-1181693710 tempest-VolumesActionsTest-1181693710-project-admin] Delete volume request issued successfully.
Jun 01 10:14:31.765134 dv-cinder-784779-13-iscsi devstack@c-api.service[98718]: INFO cinder.api.openstack.wsgi [None req-a929f273-4daa-4732-a4d3-5657b9095c0b tempest-VolumesActionsTest-1181693710 tempest-VolumesActionsTest-1181693710-project-admin] http://10.222.0.86/volume/v3/d19c5c14ac7645ef87503eaa0dd477e2/volumes/fe86ce42-1f51-429d-960a-6fe238bbeebb/action returned with HTTP 202
Jun 01 10:14:31.771569 dv-cinder-784779-13-iscsi devstack@c-api.service[98718]: [pid: 98718|app: 0|req: 157/309] 10.222.0.86 () {60 vars in 1367 bytes} [Tue Jun 1 10:14:31 2021] POST /volume/v3/d19c5c14ac7645ef87503eaa0dd477e2/volumes/fe86ce42-1f51-429d-960a-6fe238bbeebb/action => generated 0 bytes in 136 msecs (HTTP/1.1 202) 7 headers in 289 bytes (1 switches on core 0)
Jun 01 10:14:31.776572 dv-cinder-784779-13-iscsi devstack@c-api.service[98718]: INFO cinder.api.openstack.wsgi [None req-78f74c2b-bcbd-4ca8-9679-d053a09b40c1 tempest-VolumesActionsTest-957570429 tempest-VolumesActionsTest-957570429-project] GET http://10.222.0.86/volume/v3/2b1a5ed32a5b49a08c0f65e29444cb26/volumes/fe86ce42-1f51-429d-960a-6fe238bbeebb
Jun 01 10:14:31.777273 dv-cinder-784779-13-iscsi devstack@c-api.service[98718]: DEBUG cinder.api.openstack.wsgi [None req-78f74c2b-bcbd-4ca8-9679-d053a09b40c1 tempest-VolumesActionsTest-957570429 tempest-VolumesActionsTest-957570429-project] Empty body provided in request {{(pid=98718) get_body /opt/stack/cinder/cinder/api/openstack/wsgi.py:713}}
Jun 01 10:14:31.777602 dv-cinder-784779-13-iscsi devstack@c-api.service[98718]: /usr/local/lib/python3.8/dist-packages/webob/acceptparse.py:1047: DeprecationWarning: The behavior of AcceptValidHeader.best_match is currently being maintained for backward compatibility, but it will be deprecated in the future, as it does not conform to the RFC.
Jun 01 10:14:31.777602 dv-cinder-784779-13-iscsi devstack@c-api.service[98718]: warnings.warn(
Jun 01 10:14:31.778673 dv-cinder-784779-13-iscsi devstack@c-api.service[98718]: DEBUG cinder.api.openstack.wsgi [None req-78f74c2b-bcbd-4ca8-9679-d053a09b40c1 tempest-VolumesActionsTest-957570429 tempest-VolumesActionsTest-957570429-project] Calling method 'show' {{(pid=98718) _process_stack /opt/stack/cinder/cinder/api/openstack/wsgi.py:866}}
Jun 01 10:14:31.814930 dv-cinder-784779-13-iscsi devstack@c-api.service[98717]: /usr/local/lib/python3.8/dist-packages/oslo_context/context.py:105: DeprecationWarning: Policy enforcement is depending on the value of is_admin. This key is deprecated. Please update your policy file to use the standard policy values.
Jun 01 10:14:31.814930 dv-cinder-784779-13-iscsi devstack@c-api.service[98717]: warnings.warn('Policy enforcement is depending on the value of '
Jun 01 10:14:31.836662 dv-cinder-784779-13-iscsi devstack@c-api.service[98717]: INFO cinder.volume.api [None req-e6ab561d-bc88-495c-b848-e4f6f5e4a823 tempest-VolumesCloneTest-1504100585 tempest-VolumesCloneTest-1504100585-project] Volume info retrieved successfully.
Jun 01 10:14:31.864467 dv-cinder-784779-13-iscsi devstack@c-api.service[98718]: /usr/local/lib/python3.8/dist-packages/oslo_context/context.py:105: DeprecationWarning: Policy enforcement is depending on the value of is_admin. This key is deprecated. Please update your policy file to use the standard policy values.
Jun 01 10:14:31.864467 dv-cinder-784779-13-iscsi devstack@c-api.service[98718]: warnings.warn('Policy enforcement is depending on the value of '
Jun 01 10:14:31.879950 dv-cinder-784779-13-iscsi devstack@c-api.service[98718]: INFO cinder.volume.api [None req-78f74c2b-bcbd-4ca8-9679-d053a09b40c1 tempest-VolumesActionsTest-957570429 tempest-VolumesActionsTest-957570429-project] Volume info retrieved successfully.
Jun 01 10:14:31.882896 dv-cinder-784779-13-iscsi devstack@c-api.service[98717]: INFO cinder.api.openstack.wsgi [None req-e6ab561d-bc88-495c-b848-e4f6f5e4a823 tempest-VolumesCloneTest-1504100585 tempest-VolumesCloneTest-1504100585-project] http://10.222.0.86/volume/v3/a96b960c07ea444ab36a0186517df393/volumes/bae866bd-b657-4a41-9c30-0794daaa498f returned with HTTP 200
Jun 01 10:14:31.896951 dv-cinder-784779-13-iscsi devstack@c-api.service[98717]: [pid: 98717|app: 0|req: 153/310] 10.222.0.86 () {58 vars in 1325 bytes} [Tue Jun 1 10:14:31 2021] GET /volume/v3/a96b960c07ea444ab36a0186517df393/volumes/bae866bd-b657-4a41-9c30-0794daaa498f => generated 1391 bytes in 159 msecs (HTTP/1.1 200) 7 headers in 286 bytes (1 switches on core 0)
Jun 01 10:14:31.904076 dv-cinder-784779-13-iscsi devstack@c-api.service[98717]: INFO cinder.api.openstack.wsgi [None req-9ed324f0-d658-41de-be00-305b9ae18234 tempest-VolumesCloneTest-1504100585 tempest-VolumesCloneTest-1504100585-project] POST http://10.222.0.86/volume/v3/a96b960c07ea444ab36a0186517df393/volumes
Jun 01 10:14:31.904522 dv-cinder-784779-13-iscsi devstack@c-api.service[98717]: /usr/local/lib/python3.8/dist-packages/webob/acceptparse.py:1047: DeprecationWarning: The behavior of AcceptValidHeader.best_match is currently being maintained for backward compatibility, but it will be deprecated in the future, as it does not conform to the RFC.
Jun 01 10:14:31.904522 dv-cinder-784779-13-iscsi devstack@c-api.service[98717]: warnings.warn(
Jun 01 10:14:31.904988 dv-cinder-784779-13-iscsi devstack@c-api.service[98717]: DEBUG cinder.api.openstack.wsgi [None req-9ed324f0-d658-41de-be00-305b9ae18234 tempest-VolumesCloneTest-1504100585 tempest-VolumesCloneTest-1504100585-project] Action: 'create', calling method: create, body: {"volume": {"size": 1, "name": "tempest-VolumesCloneTest-Volume-960180749"}} {{(pid=98717) _process_stack /opt/stack/cinder/cinder/api/openstack/wsgi.py:864}}
Jun 01 10:14:31.906044 dv-cinder-784779-13-iscsi devstack@c-api.service[98717]: DEBUG cinder.api.v3.volumes [None req-9ed324f0-d658-41de-be00-305b9ae18234 tempest-VolumesCloneTest-1504100585 tempest-VolumesCloneTest-1504100585-project] Create volume request body: {'volume': {'size': 1, 'name': 'tempest-VolumesCloneTest-Volume-960180749'}} {{(pid=98717) create /opt/stack/cinder/cinder/api/v3/volumes.py:289}}
Jun 01 10:14:31.906434 dv-cinder-784779-13-iscsi devstack@c-api.service[98717]: INFO cinder.api.v3.volumes [None req-9ed324f0-d658-41de-be00-305b9ae18234 tempest-VolumesCloneTest-1504100585 tempest-VolumesCloneTest-1504100585-project] Create volume of 1 GB
Jun 01 10:14:31.921473 dv-cinder-784779-13-iscsi devstack@c-api.service[98718]: INFO cinder.api.openstack.wsgi [None req-78f74c2b-bcbd-4ca8-9679-d053a09b40c1 tempest-VolumesActionsTest-957570429 tempest-VolumesActionsTest-957570429-project] http://10.222.0.86/volume/v3/2b1a5ed32a5b49a08c0f65e29444cb26/volumes/fe86ce42-1f51-429d-960a-6fe238bbeebb returned with HTTP 200
Jun 01 10:14:31.934970 dv-cinder-784779-13-iscsi devstack@c-api.service[98718]: [pid: 98718|app: 0|req: 158/311] 10.222.0.86 () {58 vars in 1325 bytes} [Tue Jun 1 10:14:31 2021] GET /volume/v3/2b1a5ed32a5b49a08c0f65e29444cb26/volumes/fe86ce42-1f51-429d-960a-6fe238bbeebb => generated 910 bytes in 163 msecs (HTTP/1.1 200) 7 headers in 285 bytes (1 switches on core 0)
Jun 01 10:14:31.936429 dv-cinder-784779-13-iscsi devstack@c-api.service[98717]: INFO cinder.volume.api [None req-9ed324f0-d658-41de-be00-305b9ae18234 tempest-VolumesCloneTest-1504100585 tempest-VolumesCloneTest-1504100585-project] Availability Zones retrieved successfully.
Jun 01 10:14:31.953310 dv-cinder-784779-13-iscsi devstack@c-api.service[98717]: DEBUG cinder.volume.api [None req-9ed324f0-d658-41de-be00-305b9ae18234 tempest-VolumesCloneTest-1504100585 tempest-VolumesCloneTest-1504100585-project] Flow 'volume_create_api' (c2bb9ae3-6ad2-486c-b963-290b257faba9) transitioned into state 'RUNNING' from state 'PENDING' {{(pid=98717) _flow_receiver /usr/local/lib/python3.8/dist-packages/taskflow/listeners/logging.py:141}}
Jun 01 10:14:31.956287 dv-cinder-784779-13-iscsi devstack@c-api.service[98717]: DEBUG cinder.volume.api [None req-9ed324f0-d658-41de-be00-305b9ae18234 tempest-VolumesCloneTest-1504100585 tempest-VolumesCloneTest-1504100585-project] Task 'cinder.volume.flows.api.create_volume.ExtractVolumeRequestTask;volume:create' (aad3d436-eb8e-43de-9505-d3564cfa37af) transitioned into state 'RUNNING' from state 'PENDING' {{(pid=98717) _task_receiver /usr/local/lib/python3.8/dist-packages/taskflow/listeners/logging.py:190}}
Jun 01 10:14:31.959253 dv-cinder-784779-13-iscsi devstack@c-api.service[98717]: DEBUG cinder.volume.flows.api.create_volume [None req-9ed324f0-d658-41de-be00-305b9ae18234 tempest-VolumesCloneTest-1504100585 tempest-VolumesCloneTest-1504100585-project] Validating volume size '1' using validate_int {{(pid=98717) _extract_size /opt/stack/cinder/cinder/volume/flows/api/create_volume.py:201}}
Jun 01 10:14:32.033872 dv-cinder-784779-13-iscsi devstack@c-api.service[98717]: DEBUG cinder.volume.api [None req-9ed324f0-d658-41de-be00-305b9ae18234 tempest-VolumesCloneTest-1504100585 tempest-VolumesCloneTest-1504100585-project] Task 'cinder.volume.flows.api.create_volume.ExtractVolumeRequestTask;volume:create' (aad3d436-eb8e-43de-9505-d3564cfa37af) transitioned into state 'SUCCESS' from state 'RUNNING' with result '{'size': 1, 'snapshot_id': None, 'source_volid': None, 'volume_type': VolumeType(created_at=2021-06-01T10:04:10Z,deleted=False,deleted_at=None,description='Default Volume Type',extra_specs={},id=7f645078-2028-4cf1-b24d-44723602f040,is_public=True,name='__DEFAULT__',projects=[],qos_specs=,qos_specs_id=None,updated_at=2021-06-01T10:04:10Z), 'volume_type_id': '7f645078-2028-4cf1-b24d-44723602f040', 'encryption_key_id': None, 'qos_specs': None, 'consistencygroup_id': None, 'cgsnapshot_id': None, 'group_id': None, 'replication_status': 'disabled', 'refresh_az': False, 'backup_id': None, 'multiattach': False, 'availability_zones': ['nova']}' {{(pid=98717) _task_receiver /usr/local/lib/python3.8/dist-packages/taskflow/listeners/logging.py:178}}
Jun 01 10:14:32.036192 dv-cinder-784779-13-iscsi devstack@c-api.service[98717]: DEBUG cinder.volume.api [None req-9ed324f0-d658-41de-be00-305b9ae18234 tempest-VolumesCloneTest-1504100585 tempest-VolumesCloneTest-1504100585-project] Task 'cinder.volume.flows.api.create_volume.QuotaReserveTask;volume:create' (f3274041-c4b0-4653-904a-4dc1aa300f1a) transitioned into state 'RUNNING' from state 'PENDING' {{(pid=98717) _task_receiver /usr/local/lib/python3.8/dist-packages/taskflow/listeners/logging.py:190}}
Jun 01 10:14:32.121846 dv-cinder-784779-13-iscsi devstack@c-api.service[98717]: DEBUG cinder.quota [None req-9ed324f0-d658-41de-be00-305b9ae18234 tempest-VolumesCloneTest-1504100585 tempest-VolumesCloneTest-1504100585-project] Created reservations ['01af0e7f-0922-4663-9ac1-6d8b3a0c4608', '8207bd01-714c-44de-93c8-ac540d8ceae5', '604330a3-bae6-415b-bde2-d68557b260aa', '3a572c77-497d-4b82-bb0a-29b05d24b74f'] {{(pid=98717) reserve /opt/stack/cinder/cinder/quota.py:755}}
Jun 01 10:14:32.124239 dv-cinder-784779-13-iscsi devstack@c-api.service[98717]: DEBUG cinder.volume.api [None req-9ed324f0-d658-41de-be00-305b9ae18234 tempest-VolumesCloneTest-1504100585 tempest-VolumesCloneTest-1504100585-project] Task 'cinder.volume.flows.api.create_volume.QuotaReserveTask;volume:create' (f3274041-c4b0-4653-904a-4dc1aa300f1a) transitioned into state 'SUCCESS' from state 'RUNNING' with result '{'reservations': ['01af0e7f-0922-4663-9ac1-6d8b3a0c4608', '8207bd01-714c-44de-93c8-ac540d8ceae5', '604330a3-bae6-415b-bde2-d68557b260aa', '3a572c77-497d-4b82-bb0a-29b05d24b74f']}' {{(pid=98717) _task_receiver /usr/local/lib/python3.8/dist-packages/taskflow/listeners/logging.py:178}}
Jun 01 10:14:32.127945 dv-cinder-784779-13-iscsi devstack@c-api.service[98717]: DEBUG cinder.volume.api [None req-9ed324f0-d658-41de-be00-305b9ae18234 tempest-VolumesCloneTest-1504100585 tempest-VolumesCloneTest-1504100585-project] Task 'cinder.volume.flows.api.create_volume.EntryCreateTask;volume:create' (bf2ef5b3-7df9-4c2a-a9c4-539889a30698) transitioned into state 'RUNNING' from state 'PENDING' {{(pid=98717) _task_receiver /usr/local/lib/python3.8/dist-packages/taskflow/listeners/logging.py:190}}
Jun 01 10:14:32.192458 dv-cinder-784779-13-iscsi devstack@c-api.service[98717]: DEBUG cinder.volume.api [None req-9ed324f0-d658-41de-be00-305b9ae18234 tempest-VolumesCloneTest-1504100585 tempest-VolumesCloneTest-1504100585-project] Task 'cinder.volume.flows.api.create_volume.EntryCreateTask;volume:create' (bf2ef5b3-7df9-4c2a-a9c4-539889a30698) transitioned into state 'SUCCESS' from state 'RUNNING' with result '{'volume_id': '1aaa70bf-79bd-46eb-a2e7-d39747b1a10c', 'volume_properties': VolumeProperties(attach_status='detached',availability_zone='nova',cgsnapshot_id=None,consistencygroup_id=None,display_description=None,display_name='tempest-VolumesCloneTest-Volume-960180749',encryption_key_id=None,group_id=None,group_type_id=,metadata={},multiattach=False,project_id='a96b960c07ea444ab36a0186517df393',qos_specs=None,replication_status=,reservations=['01af0e7f-0922-4663-9ac1-6d8b3a0c4608','8207bd01-714c-44de-93c8-ac540d8ceae5','604330a3-bae6-415b-bde2-d68557b260aa','3a572c77-497d-4b82-bb0a-29b05d24b74f'],size=1,snapshot_id=None,source_replicaid=,source_volid=None,status='creating',user_id='6fdb744829c24bcba8729e86abf46677',volume_type_id=7f645078-2028-4cf1-b24d-44723602f040), 'volume': Volume(_name_id=None,admin_metadata=,attach_status='detached',availability_zone='nova',bootable=False,cluster=,cluster_name=None,consistencygroup=,consistencygroup_id=None,created_at=2021-06-01T10:14:32Z,deleted=False,deleted_at=None,display_description=None,display_name='tempest-VolumesCloneTest-Volume-960180749',ec2_id=None,encryption_key_id=None,glance_metadata=,group=,group_id=None,host=None,id=1aaa70bf-79bd-46eb-a2e7-d39747b1a10c,launched_at=None,metadata={},migration_status=None,multiattach=False,previous_status=None,project_id='a96b960c07ea444ab36a0186517df393',provider_auth=None,provider_geometry=None,provider_id=None,provider_location=None,replication_driver_data=None,replication_extended_status=None,replication_status=None,scheduled_at=None,service_uuid=None,shared_targets=True,size=1,snapshot_id=None,snapshots=,source_volid=None,status='creating',terminated_at=None,updated_at=None,user_id='6fdb744829c24bcba8729e86abf46677',volume_attachment=,volume_type=VolumeType(7f645078-2028-4cf1-b24d-44723602f040),volume_type_id=7f645078-2028-4cf1-b24d-44723602f040)}' {{(pid=98717) _task_receiver /usr/local/lib/python3.8/dist-packages/taskflow/listeners/logging.py:178}}
Jun 01 10:14:32.194694 dv-cinder-784779-13-iscsi devstack@c-api.service[98717]: DEBUG cinder.volume.api [None req-9ed324f0-d658-41de-be00-305b9ae18234 tempest-VolumesCloneTest-1504100585 tempest-VolumesCloneTest-1504100585-project] Task 'cinder.volume.flows.api.create_volume.QuotaCommitTask;volume:create' (7c2759f9-9ce8-48f9-bbc3-32ab1e467642) transitioned into state 'RUNNING' from state 'PENDING' {{(pid=98717) _task_receiver /usr/local/lib/python3.8/dist-packages/taskflow/listeners/logging.py:190}}
Jun 01 10:14:32.231003 dv-cinder-784779-13-iscsi devstack@c-api.service[98717]: DEBUG cinder.volume.api [None req-9ed324f0-d658-41de-be00-305b9ae18234 tempest-VolumesCloneTest-1504100585 tempest-VolumesCloneTest-1504100585-project] Task 'cinder.volume.flows.api.create_volume.QuotaCommitTask;volume:create' (7c2759f9-9ce8-48f9-bbc3-32ab1e467642) transitioned into state 'SUCCESS' from state 'RUNNING' with result '{'volume_properties': VolumeProperties(attach_status='detached',availability_zone='nova',cgsnapshot_id=None,consistencygroup_id=None,display_description=None,display_name='tempest-VolumesCloneTest-Volume-960180749',encryption_key_id=None,group_id=None,group_type_id=,metadata={},multiattach=False,project_id='a96b960c07ea444ab36a0186517df393',qos_specs=None,replication_status=,reservations=['01af0e7f-0922-4663-9ac1-6d8b3a0c4608','8207bd01-714c-44de-93c8-ac540d8ceae5','604330a3-bae6-415b-bde2-d68557b260aa','3a572c77-497d-4b82-bb0a-29b05d24b74f'],size=1,snapshot_id=None,source_replicaid=,source_volid=None,status='creating',user_id='6fdb744829c24bcba8729e86abf46677',volume_type_id=7f645078-2028-4cf1-b24d-44723602f040)}' {{(pid=98717) _task_receiver /usr/local/lib/python3.8/dist-packages/taskflow/listeners/logging.py:178}}
Jun 01 10:14:32.233104 dv-cinder-784779-13-iscsi devstack@c-api.service[98717]: DEBUG cinder.volume.api [None req-9ed324f0-d658-41de-be00-305b9ae18234 tempest-VolumesCloneTest-1504100585 tempest-VolumesCloneTest-1504100585-project] Task 'cinder.volume.flows.api.create_volume.VolumeCastTask;volume:create' (f5c88aec-1035-4a6c-9129-66cb7d8546e5) transitioned into state 'RUNNING' from state 'PENDING' {{(pid=98717) _task_receiver /usr/local/lib/python3.8/dist-packages/taskflow/listeners/logging.py:190}}
Jun 01 10:14:32.260662 dv-cinder-784779-13-iscsi devstack@c-api.service[98717]: DEBUG cinder.volume.api [None req-9ed324f0-d658-41de-be00-305b9ae18234 tempest-VolumesCloneTest-1504100585 tempest-VolumesCloneTest-1504100585-project] Task 'cinder.volume.flows.api.create_volume.VolumeCastTask;volume:create' (f5c88aec-1035-4a6c-9129-66cb7d8546e5) transitioned into state 'SUCCESS' from state 'RUNNING' with result 'None' {{(pid=98717) _task_receiver /usr/local/lib/python3.8/dist-packages/taskflow/listeners/logging.py:178}}
Jun 01 10:14:32.264682 dv-cinder-784779-13-iscsi devstack@c-api.service[98717]: DEBUG cinder.volume.api [None req-9ed324f0-d658-41de-be00-305b9ae18234 tempest-VolumesCloneTest-1504100585 tempest-VolumesCloneTest-1504100585-project] Flow 'volume_create_api' (c2bb9ae3-6ad2-486c-b963-290b257faba9) transitioned into state 'SUCCESS' from state 'RUNNING' {{(pid=98717) _flow_receiver /usr/local/lib/python3.8/dist-packages/taskflow/listeners/logging.py:141}}
Jun 01 10:14:32.265508 dv-cinder-784779-13-iscsi devstack@c-api.service[98717]: INFO cinder.volume.api [None req-9ed324f0-d658-41de-be00-305b9ae18234 tempest-VolumesCloneTest-1504100585 tempest-VolumesCloneTest-1504100585-project] Create volume request issued successfully.
Jun 01 10:14:32.283619 dv-cinder-784779-13-iscsi devstack@c-api.service[98717]: INFO cinder.api.openstack.wsgi [None req-9ed324f0-d658-41de-be00-305b9ae18234 tempest-VolumesCloneTest-1504100585 tempest-VolumesCloneTest-1504100585-project] http://10.222.0.86/volume/v3/a96b960c07ea444ab36a0186517df393/volumes returned with HTTP 202
Jun 01 10:14:32.284374 dv-cinder-784779-13-iscsi devstack@c-api.service[98717]: [pid: 98717|app: 0|req: 154/312] 10.222.0.86 () {60 vars in 1235 bytes} [Tue Jun 1 10:14:31 2021] POST /volume/v3/a96b960c07ea444ab36a0186517df393/volumes => generated 815 bytes in 384 msecs (HTTP/1.1 202) 7 headers in 291 bytes (1 switches on core 0)
Jun 01 10:14:32.299494 dv-cinder-784779-13-iscsi devstack@c-api.service[98718]: INFO cinder.api.openstack.wsgi [None req-904074b8-fcad-48ce-8307-39a3dc13dd0a tempest-VolumesCloneTest-1504100585 tempest-VolumesCloneTest-1504100585-project] GET http://10.222.0.86/volume/v3/a96b960c07ea444ab36a0186517df393/volumes/1aaa70bf-79bd-46eb-a2e7-d39747b1a10c
Jun 01 10:14:32.302938 dv-cinder-784779-13-iscsi devstack@c-api.service[98718]: DEBUG cinder.api.openstack.wsgi [None req-904074b8-fcad-48ce-8307-39a3dc13dd0a tempest-VolumesCloneTest-1504100585 tempest-VolumesCloneTest-1504100585-project] Empty body provided in request {{(pid=98718) get_body /opt/stack/cinder/cinder/api/openstack/wsgi.py:713}}
Jun 01 10:14:32.303590 dv-cinder-784779-13-iscsi devstack@c-api.service[98718]: /usr/local/lib/python3.8/dist-packages/webob/acceptparse.py:1047: DeprecationWarning: The behavior of AcceptValidHeader.best_match is currently being maintained for backward compatibility, but it will be deprecated in the future, as it does not conform to the RFC.
Jun 01 10:14:32.303590 dv-cinder-784779-13-iscsi devstack@c-api.service[98718]: warnings.warn(
Jun 01 10:14:32.303590 dv-cinder-784779-13-iscsi devstack@c-api.service[98718]: DEBUG cinder.api.openstack.wsgi [None req-904074b8-fcad-48ce-8307-39a3dc13dd0a tempest-VolumesCloneTest-1504100585 tempest-VolumesCloneTest-1504100585-project] Calling method 'show' {{(pid=98718) _process_stack /opt/stack/cinder/cinder/api/openstack/wsgi.py:866}}
Jun 01 10:14:32.372260 dv-cinder-784779-13-iscsi devstack@c-api.service[98718]: /usr/local/lib/python3.8/dist-packages/oslo_context/context.py:105: DeprecationWarning: Policy enforcement is depending on the value of is_admin. This key is deprecated. Please update your policy file to use the standard policy values.
Jun 01 10:14:32.372260 dv-cinder-784779-13-iscsi devstack@c-api.service[98718]: warnings.warn('Policy enforcement is depending on the value of '
Jun 01 10:14:32.387115 dv-cinder-784779-13-iscsi devstack@c-api.service[98718]: INFO cinder.volume.api [None req-904074b8-fcad-48ce-8307-39a3dc13dd0a tempest-VolumesCloneTest-1504100585 tempest-VolumesCloneTest-1504100585-project] Volume info retrieved successfully.
Jun 01 10:14:32.410260 dv-cinder-784779-13-iscsi devstack@c-api.service[98718]: INFO cinder.api.openstack.wsgi [None req-904074b8-fcad-48ce-8307-39a3dc13dd0a tempest-VolumesCloneTest-1504100585 tempest-VolumesCloneTest-1504100585-project] http://10.222.0.86/volume/v3/a96b960c07ea444ab36a0186517df393/volumes/1aaa70bf-79bd-46eb-a2e7-d39747b1a10c returned with HTTP 200
Jun 01 10:14:32.419485 dv-cinder-784779-13-iscsi devstack@c-api.service[98718]: [pid: 98718|app: 0|req: 159/313] 10.222.0.86 () {58 vars in 1325 bytes} [Tue Jun 1 10:14:32 2021] GET /volume/v3/a96b960c07ea444ab36a0186517df393/volumes/1aaa70bf-79bd-46eb-a2e7-d39747b1a10c => generated 883 bytes in 126 msecs (HTTP/1.1 200) 7 headers in 285 bytes (1 switches on core 0)
Jun 01 10:14:32.584194 dv-cinder-784779-13-iscsi devstack@c-api.service[98717]: INFO cinder.api.openstack.wsgi [None req-bafb5771-0365-4b59-9fb1-12fb363180e7 tempest-VolumesTestJSON-1449592765 tempest-VolumesTestJSON-1449592765-project] GET http://10.222.0.86/volume/v3/566b06e076f5429d885fca98f46000f7/volumes/d411eff5-d891-4962-99cc-a6e86b00bce0
Jun 01 10:14:32.584656 dv-cinder-784779-13-iscsi devstack@c-api.service[98717]: DEBUG cinder.api.openstack.wsgi [None req-bafb5771-0365-4b59-9fb1-12fb363180e7 tempest-VolumesTestJSON-1449592765 tempest-VolumesTestJSON-1449592765-project] Empty body provided in request {{(pid=98717) get_body /opt/stack/cinder/cinder/api/openstack/wsgi.py:713}}
Jun 01 10:14:32.584832 dv-cinder-784779-13-iscsi devstack@c-api.service[98717]: /usr/local/lib/python3.8/dist-packages/webob/acceptparse.py:1047: DeprecationWarning: The behavior of AcceptValidHeader.best_match is currently being maintained for backward compatibility, but it will be deprecated in the future, as it does not conform to the RFC.
Jun 01 10:14:32.584832 dv-cinder-784779-13-iscsi devstack@c-api.service[98717]: warnings.warn(
Jun 01 10:14:32.585185 dv-cinder-784779-13-iscsi devstack@c-api.service[98717]: DEBUG cinder.api.openstack.wsgi [None req-bafb5771-0365-4b59-9fb1-12fb363180e7 tempest-VolumesTestJSON-1449592765 tempest-VolumesTestJSON-1449592765-project] Calling method 'show' {{(pid=98717) _process_stack /opt/stack/cinder/cinder/api/openstack/wsgi.py:866}}
Jun 01 10:14:32.631031 dv-cinder-784779-13-iscsi devstack@c-api.service[98717]: /usr/local/lib/python3.8/dist-packages/oslo_context/context.py:105: DeprecationWarning: Policy enforcement is depending on the value of is_admin. This key is deprecated. Please update your policy file to use the standard policy values.
Jun 01 10:14:32.631031 dv-cinder-784779-13-iscsi devstack@c-api.service[98717]: warnings.warn('Policy enforcement is depending on the value of '
Jun 01 10:14:32.638562 dv-cinder-784779-13-iscsi devstack@c-api.service[98717]: INFO cinder.volume.api [None req-bafb5771-0365-4b59-9fb1-12fb363180e7 tempest-VolumesTestJSON-1449592765 tempest-VolumesTestJSON-1449592765-project] Volume info retrieved successfully.
Jun 01 10:14:32.659009 dv-cinder-784779-13-iscsi devstack@c-api.service[98717]: INFO cinder.api.openstack.wsgi [None req-bafb5771-0365-4b59-9fb1-12fb363180e7 tempest-VolumesTestJSON-1449592765 tempest-VolumesTestJSON-1449592765-project] http://10.222.0.86/volume/v3/566b06e076f5429d885fca98f46000f7/volumes/d411eff5-d891-4962-99cc-a6e86b00bce0 returned with HTTP 200
Jun 01 10:14:32.669084 dv-cinder-784779-13-iscsi devstack@c-api.service[98717]: [pid: 98717|app: 0|req: 155/314] 10.222.0.86 () {58 vars in 1325 bytes} [Tue Jun 1 10:14:32 2021] GET /volume/v3/566b06e076f5429d885fca98f46000f7/volumes/d411eff5-d891-4962-99cc-a6e86b00bce0 => generated 921 bytes in 80 msecs (HTTP/1.1 200) 7 headers in 285 bytes (1 switches on core 0)
Jun 01 10:14:32.688941 dv-cinder-784779-13-iscsi devstack@c-api.service[98718]: INFO cinder.api.openstack.wsgi [req-fdada7f5-3733-4c4a-bbe2-1f862f136693 req-eb30fbfa-5624-4ae9-b94a-2513f54a45c7 tempest-VolumesTestJSON-1449592765 tempest-VolumesTestJSON-1449592765-project] GET http://10.222.0.86/volume/v3/566b06e076f5429d885fca98f46000f7/volumes/d411eff5-d891-4962-99cc-a6e86b00bce0
Jun 01 10:14:32.689488 dv-cinder-784779-13-iscsi devstack@c-api.service[98718]: DEBUG cinder.api.openstack.wsgi [req-fdada7f5-3733-4c4a-bbe2-1f862f136693 req-eb30fbfa-5624-4ae9-b94a-2513f54a45c7 tempest-VolumesTestJSON-1449592765 tempest-VolumesTestJSON-1449592765-project] Empty body provided in request {{(pid=98718) get_body /opt/stack/cinder/cinder/api/openstack/wsgi.py:713}}
Jun 01 10:14:32.689769 dv-cinder-784779-13-iscsi devstack@c-api.service[98718]: /usr/local/lib/python3.8/dist-packages/webob/acceptparse.py:1047: DeprecationWarning: The behavior of AcceptValidHeader.best_match is currently being maintained for backward compatibility, but it will be deprecated in the future, as it does not conform to the RFC.
Jun 01 10:14:32.689769 dv-cinder-784779-13-iscsi devstack@c-api.service[98718]: warnings.warn(
Jun 01 10:14:32.690210 dv-cinder-784779-13-iscsi devstack@c-api.service[98718]: DEBUG cinder.api.openstack.wsgi [req-fdada7f5-3733-4c4a-bbe2-1f862f136693 req-eb30fbfa-5624-4ae9-b94a-2513f54a45c7 tempest-VolumesTestJSON-1449592765 tempest-VolumesTestJSON-1449592765-project] Calling method 'show' {{(pid=98718) _process_stack /opt/stack/cinder/cinder/api/openstack/wsgi.py:866}}
Jun 01 10:14:32.736262 dv-cinder-784779-13-iscsi devstack@c-api.service[98718]: /usr/local/lib/python3.8/dist-packages/oslo_context/context.py:105: DeprecationWarning: Policy enforcement is depending on the value of is_admin. This key is deprecated. Please update your policy file to use the standard policy values.
Jun 01 10:14:32.736262 dv-cinder-784779-13-iscsi devstack@c-api.service[98718]: warnings.warn('Policy enforcement is depending on the value of '
Jun 01 10:14:32.744834 dv-cinder-784779-13-iscsi devstack@c-api.service[98718]: INFO cinder.volume.api [req-fdada7f5-3733-4c4a-bbe2-1f862f136693 req-eb30fbfa-5624-4ae9-b94a-2513f54a45c7 tempest-VolumesTestJSON-1449592765 tempest-VolumesTestJSON-1449592765-project] Volume info retrieved successfully.
Jun 01 10:14:32.764781 dv-cinder-784779-13-iscsi devstack@c-api.service[98718]: INFO cinder.api.openstack.wsgi [req-fdada7f5-3733-4c4a-bbe2-1f862f136693 req-eb30fbfa-5624-4ae9-b94a-2513f54a45c7 tempest-VolumesTestJSON-1449592765 tempest-VolumesTestJSON-1449592765-project] http://10.222.0.86/volume/v3/566b06e076f5429d885fca98f46000f7/volumes/d411eff5-d891-4962-99cc-a6e86b00bce0 returned with HTTP 200
Jun 01 10:14:32.765833 dv-cinder-784779-13-iscsi devstack@c-api.service[98718]: [pid: 98718|app: 0|req: 160/315] 10.222.0.86 () {60 vars in 1579 bytes} [Tue Jun 1 10:14:32 2021] GET /volume/v3/566b06e076f5429d885fca98f46000f7/volumes/d411eff5-d891-4962-99cc-a6e86b00bce0 => generated 921 bytes in 81 msecs (HTTP/1.1 200) 7 headers in 285 bytes (1 switches on core 0)
Jun 01 10:14:32.779205 dv-cinder-784779-13-iscsi devstack@c-api.service[98717]: INFO cinder.api.openstack.wsgi [None req-240107c8-c996-492a-b8de-561671559b15 tempest-VolumesTestJSON-1449592765 tempest-VolumesTestJSON-1449592765-project] POST http://10.222.0.86/volume/v3/566b06e076f5429d885fca98f46000f7/volumes
Jun 01 10:14:32.779691 dv-cinder-784779-13-iscsi devstack@c-api.service[98717]: /usr/local/lib/python3.8/dist-packages/webob/acceptparse.py:1047: DeprecationWarning: The behavior of AcceptValidHeader.best_match is currently being maintained for backward compatibility, but it will be deprecated in the future, as it does not conform to the RFC.
Jun 01 10:14:32.779691 dv-cinder-784779-13-iscsi devstack@c-api.service[98717]: warnings.warn(
Jun 01 10:14:32.779958 dv-cinder-784779-13-iscsi devstack@c-api.service[98717]: DEBUG cinder.api.openstack.wsgi [None req-240107c8-c996-492a-b8de-561671559b15 tempest-VolumesTestJSON-1449592765 tempest-VolumesTestJSON-1449592765-project] Action: 'create', calling method: create, body: {"volume": {"metadata": {"Type": "work"}, "size": 1, "display_name": "tempest-VolumesTestJSON-volume-1739087191"}} {{(pid=98717) _process_stack /opt/stack/cinder/cinder/api/openstack/wsgi.py:864}}
Jun 01 10:14:32.780990 dv-cinder-784779-13-iscsi devstack@c-api.service[98717]: DEBUG cinder.api.v3.volumes [None req-240107c8-c996-492a-b8de-561671559b15 tempest-VolumesTestJSON-1449592765 tempest-VolumesTestJSON-1449592765-project] Create volume request body: {'volume': {'metadata': {'Type': 'work'}, 'size': 1, 'display_name': 'tempest-VolumesTestJSON-volume-1739087191'}} {{(pid=98717) create /opt/stack/cinder/cinder/api/v3/volumes.py:289}}
