May 11 13:43:15.125056 dv-cinder-784779-11-smb neutron-server[78836]: DEBUG neutron_lib.callbacks.manager [None req-ee62ec00-31a5-472c-b38a-77c2346c2474 admin admin] Notify callbacks ['neutron.plugins.ml2.plugin.Ml2Plugin._subnet_delete_after_delete_handler-2042555', 'neutron.plugins.ml2.ovo_rpc._ObjectChangeHandler.handle_event-119514', 'neutron.api.rpc.agentnotifiers.dhcp_rpc_agent_api.DhcpAgentNotifyAPI._native_event_send_dhcp_notification-533128'] for subnet, after_delete {{(pid=78836) _notify_loop /usr/local/lib/python3.8/dist-packages/neutron_lib/callbacks/manager.py:192}}
May 11 13:43:15.141436 dv-cinder-784779-11-smb neutron-server[78836]: DEBUG oslo_concurrency.lockutils [None req-7823664d-aaa0-47fa-bbad-9b79c31837ae admin admin] Lock "event-dispatch" acquired by "neutron.plugins.ml2.ovo_rpc._ObjectChangeHandler.dispatch_events" :: waited 0.000s {{(pid=78836) inner /usr/local/lib/python3.8/dist-packages/oslo_concurrency/lockutils.py:355}}
May 11 13:43:15.181485 dv-cinder-784779-11-smb neutron-server[78838]: DEBUG neutron.db.provisioning_blocks [None req-0efa0245-99ec-4344-8161-4b02748aead4 None None] Provisioning complete for port 0d3226f2-c3ce-4f5f-9ebd-793a65edeabd triggered by entity L2. {{(pid=78838) provisioning_complete /opt/stack/neutron/neutron/db/provisioning_blocks.py:139}}
May 11 13:43:15.181968 dv-cinder-784779-11-smb neutron-server[78838]: DEBUG neutron_lib.callbacks.manager [None req-0efa0245-99ec-4344-8161-4b02748aead4 None None] Notify callbacks ['neutron.plugins.ml2.plugin.Ml2Plugin._port_provisioned-2038726'] for port, provisioning_complete {{(pid=78838) _notify_loop /usr/local/lib/python3.8/dist-packages/neutron_lib/callbacks/manager.py:192}}
May 11 13:43:15.296738 dv-cinder-784779-11-smb neutron-server[78836]: DEBUG neutron_lib.callbacks.manager [None req-ee62ec00-31a5-472c-b38a-77c2346c2474 admin admin] Notify callbacks ['neutron.api.rpc.agentnotifiers.dhcp_rpc_agent_api.DhcpAgentNotifyAPI._send_dhcp_notification-533158'] for subnet, before_response {{(pid=78836) _notify_loop /usr/local/lib/python3.8/dist-packages/neutron_lib/callbacks/manager.py:192}}
May 11 13:43:15.301303 dv-cinder-784779-11-smb neutron-server[78836]: DEBUG neutron.api.rpc.handlers.resources_rpc [None req-ee62ec00-31a5-472c-b38a-77c2346c2474 admin admin] Pushing event deleted for resources: {'Subnet': ['ID=941f0f48-905f-4f03-9d5a-db8442697f35,revision_number=None']} {{(pid=78836) push /opt/stack/neutron/neutron/api/rpc/handlers/resources_rpc.py:237}}
May 11 13:43:15.319248 dv-cinder-784779-11-smb neutron-server[78836]: DEBUG oslo_concurrency.lockutils [None req-ee62ec00-31a5-472c-b38a-77c2346c2474 admin admin] Lock "event-dispatch" released by "neutron.plugins.ml2.ovo_rpc._ObjectChangeHandler.dispatch_events" :: held 0.178s {{(pid=78836) inner /usr/local/lib/python3.8/dist-packages/oslo_concurrency/lockutils.py:367}}
May 11 13:43:15.332081 dv-cinder-784779-11-smb neutron-server[78836]: INFO neutron.wsgi [None req-ee62ec00-31a5-472c-b38a-77c2346c2474 admin admin] 10.222.0.30 "DELETE /v2.0/subnets/941f0f48-905f-4f03-9d5a-db8442697f35 HTTP/1.1" status: 204 len: 168 time: 1.5122256
May 11 13:43:15.340420 dv-cinder-784779-11-smb neutron-server[78836]: DEBUG neutron.wsgi [-] (78836) accepted ('10.222.0.30', 36878) {{(pid=78836) server /usr/local/lib/python3.8/dist-packages/eventlet/wsgi.py:992}}
May 11 13:43:15.389696 dv-cinder-784779-11-smb neutron-server[78838]: DEBUG neutron.plugins.ml2.rpc [None req-4eabb1a3-baf4-49a6-b366-77d3088d488b None None] Device de8c7397-90a3-47b8-bd34-408e4437f186 up at agent hyperv_hv-cinder-78477 {{(pid=78838) update_device_up /opt/stack/neutron/neutron/plugins/ml2/rpc.py:278}}
May 11 13:43:15.479806 dv-cinder-784779-11-smb neutron-server[78837]: DEBUG neutron.pecan_wsgi.hooks.policy_enforcement [req-07770763-f01d-405a-8720-3b9e7a4e93ae req-395380a8-08c8-436a-94da-c5d2c00acf32 tempest-AttachVolumeTestJSON-948822390 tempest-AttachVolumeTestJSON-948822390-project] Attributes excluded by policy engine: ['standard_attr_id', 'vlan_transparent', 'provider:network_type', 'provider:physical_network', 'provider:segmentation_id'] {{(pid=78837) _exclude_attributes_by_policy /opt/stack/neutron/neutron/pecan_wsgi/hooks/policy_enforcement.py:255}}
May 11 13:43:15.483602 dv-cinder-784779-11-smb neutron-server[78837]: DEBUG neutron.quota.resource [req-07770763-f01d-405a-8720-3b9e7a4e93ae req-395380a8-08c8-436a-94da-c5d2c00acf32 tempest-AttachVolumeTestJSON-948822390 tempest-AttachVolumeTestJSON-948822390-project] Synchronizing usage tracker for tenant:e57ae9b36f7545079c80f5d9e5c1c7c6 on resource:network {{(pid=78837) resync /opt/stack/neutron/neutron/quota/resource.py:241}}
May 11 13:43:15.656733 dv-cinder-784779-11-smb neutron-server[78838]: DEBUG neutron.db.provisioning_blocks [None req-4eabb1a3-baf4-49a6-b366-77d3088d488b None None] Provisioning for port de8c7397-90a3-47b8-bd34-408e4437f186 completed by entity L2. {{(pid=78838) provisioning_complete /opt/stack/neutron/neutron/db/provisioning_blocks.py:133}}
May 11 13:43:15.667204 dv-cinder-784779-11-smb neutron-server[78838]: DEBUG neutron.db.provisioning_blocks [None req-4eabb1a3-baf4-49a6-b366-77d3088d488b None None] Provisioning complete for port de8c7397-90a3-47b8-bd34-408e4437f186 triggered by entity L2. {{(pid=78838) provisioning_complete /opt/stack/neutron/neutron/db/provisioning_blocks.py:139}}
May 11 13:43:15.667831 dv-cinder-784779-11-smb neutron-server[78838]: DEBUG neutron_lib.callbacks.manager [None req-4eabb1a3-baf4-49a6-b366-77d3088d488b None None] Notify callbacks ['neutron.plugins.ml2.plugin.Ml2Plugin._port_provisioned-2038726'] for port, provisioning_complete {{(pid=78838) _notify_loop /usr/local/lib/python3.8/dist-packages/neutron_lib/callbacks/manager.py:192}}
May 11 13:43:15.702496 dv-cinder-784779-11-smb neutron-server[78837]: DEBUG neutron.quota.resource [req-07770763-f01d-405a-8720-3b9e7a4e93ae req-395380a8-08c8-436a-94da-c5d2c00acf32 tempest-AttachVolumeTestJSON-948822390 tempest-AttachVolumeTestJSON-948822390-project] Unset dirty status for tenant:e57ae9b36f7545079c80f5d9e5c1c7c6 on resource:network {{(pid=78837) _resync /opt/stack/neutron/neutron/quota/resource.py:233}}
May 11 13:43:15.705162 dv-cinder-784779-11-smb neutron-server[78837]: INFO neutron.wsgi [req-07770763-f01d-405a-8720-3b9e7a4e93ae req-395380a8-08c8-436a-94da-c5d2c00acf32 tempest-AttachVolumeTestJSON-948822390 tempest-AttachVolumeTestJSON-948822390-project] 10.222.0.30 "GET /v2.0/networks?id=3f78548c-1497-4a11-acbd-00382a724758 HTTP/1.1" status: 200 len: 811 time: 1.2493725
May 11 13:43:15.712430 dv-cinder-784779-11-smb neutron-server[78836]: DEBUG neutron_lib.callbacks.manager [None req-cc29838c-8d05-48e9-936b-d861a52bb268 admin admin] Notify callbacks ['neutron.plugins.ml2.plugin.External_net_db_mixin._before_network_delete_handler-1659828'] for network, before_delete {{(pid=78836) _notify_loop /usr/local/lib/python3.8/dist-packages/neutron_lib/callbacks/manager.py:192}}
May 11 13:43:15.750029 dv-cinder-784779-11-smb neutron-server[78837]: INFO neutron.wsgi [req-07770763-f01d-405a-8720-3b9e7a4e93ae req-448c4809-cbbc-4b45-94a4-9bd4d34d627a tempest-AttachVolumeTestJSON-948822390 tempest-AttachVolumeTestJSON-948822390-project] 10.222.0.30 "GET /v2.0/quotas/e57ae9b36f7545079c80f5d9e5c1c7c6 HTTP/1.1" status: 200 len: 375 time: 0.0287051
May 11 13:43:15.760723 dv-cinder-784779-11-smb neutron-server[78837]: DEBUG neutron.pecan_wsgi.hooks.policy_enforcement [req-0fe02d06-cd96-43a7-95d5-12d172955fc0 req-170a17b0-0485-4a1a-81c3-fe9098181ea6 service neutron] Attributes excluded by policy engine: ['standard_attr_id', 'vlan_transparent'] {{(pid=78837) _exclude_attributes_by_policy /opt/stack/neutron/neutron/pecan_wsgi/hooks/policy_enforcement.py:255}}
May 11 13:43:15.764236 dv-cinder-784779-11-smb neutron-server[78837]: INFO neutron.wsgi [req-0fe02d06-cd96-43a7-95d5-12d172955fc0 req-170a17b0-0485-4a1a-81c3-fe9098181ea6 service neutron] 10.222.0.43 "GET /v2.0/networks?id=ff1c09ff-c76f-4241-87fc-56e29166ac05 HTTP/1.1" status: 200 len: 919 time: 0.7916389
May 11 13:43:15.879434 dv-cinder-784779-11-smb neutron-server[78838]: DEBUG neutron_lib.callbacks.manager [None req-4eabb1a3-baf4-49a6-b366-77d3088d488b None None] Notify callbacks ['neutron.plugins.ml2.plugin.SecurityGroupDbMixin._ensure_default_security_group_handler-1627985'] for port, before_update {{(pid=78838) _notify_loop /usr/local/lib/python3.8/dist-packages/neutron_lib/callbacks/manager.py:192}}
May 11 13:43:15.927712 dv-cinder-784779-11-smb neutron-server[78838]: DEBUG neutron.plugins.ml2.db [None req-4eabb1a3-baf4-49a6-b366-77d3088d488b None None] For port de8c7397-90a3-47b8-bd34-408e4437f186, host hv-cinder-78477, got binding levels [PortBindingLevel(driver='hyperv',host='hv-cinder-78477',level=0,port_id=de8c7397-90a3-47b8-bd34-408e4437f186,segment=NetworkSegment(a72df2de-a169-43ec-ae33-e8af6067f946),segment_id=a72df2de-a169-43ec-ae33-e8af6067f946)] {{(pid=78838) get_binding_level_objs /opt/stack/neutron/neutron/plugins/ml2/db.py:75}}
May 11 13:43:15.928868 dv-cinder-784779-11-smb neutron-server[78838]: DEBUG neutron.notifiers.nova [-] Sending events: [{'server_uuid': '14bd2fad-c39d-4dba-a71a-cf11cf36be8a', 'name': 'network-vif-plugged', 'status': 'completed', 'tag': 'de8c7397-90a3-47b8-bd34-408e4437f186'}] {{(pid=78838) send_events /opt/stack/neutron/neutron/notifiers/nova.py:262}}
May 11 13:43:15.937826 dv-cinder-784779-11-smb neutron-server[78838]: DEBUG neutron_lib.callbacks.manager [None req-4eabb1a3-baf4-49a6-b366-77d3088d488b None None] Notify callbacks ['neutron.plugins.ml2.plugin.SecurityGroupServerNotifierRpcMixin.notify_sg_on_port_change-1627922', 'neutron.plugins.ml2.ovo_rpc._ObjectChangeHandler.handle_event-356237', 'neutron.api.rpc.agentnotifiers.dhcp_rpc_agent_api.DhcpAgentNotifyAPI._native_event_send_dhcp_notification-533128', 'neutron.db.l3_db.L3RpcNotifierMixin._notify_gateway_port_ip_changed-8730301985895', 'neutron.db.l3_dvrscheduler_db._notify_l3_agent_port_update-8730301564438', 'neutron.db.l3_hascheduler_db._notify_l3_agent_ha_port_update-8730301564483'] for port, after_update {{(pid=78838) _notify_loop /usr/local/lib/python3.8/dist-packages/neutron_lib/callbacks/manager.py:192}}
May 11 13:43:15.941185 dv-cinder-784779-11-smb neutron-server[78838]: DEBUG oslo_concurrency.lockutils [None req-05b8897b-e254-49e3-9889-8150d5578e9f None None] Lock "event-dispatch" acquired by "neutron.plugins.ml2.ovo_rpc._ObjectChangeHandler.dispatch_events" :: waited 0.000s {{(pid=78838) inner /usr/local/lib/python3.8/dist-packages/oslo_concurrency/lockutils.py:355}}
May 11 13:43:16.011818 dv-cinder-784779-11-smb neutron-server[78836]: DEBUG neutron_lib.callbacks.manager [None req-cc29838c-8d05-48e9-936b-d861a52bb268 admin admin] Notify callbacks ['neutron.plugins.ml2.plugin.Ml2Plugin._network_delete_precommit_handler-2040655', 'neutron.services.segments.db._delete_segments_for_network-8730301992349'] for network, precommit_delete {{(pid=78836) _notify_loop /usr/local/lib/python3.8/dist-packages/neutron_lib/callbacks/manager.py:192}}
May 11 13:43:16.059160 dv-cinder-784779-11-smb neutron-server[78836]: DEBUG neutron_lib.callbacks.manager [None req-cc29838c-8d05-48e9-936b-d861a52bb268 admin admin] Subscribe: > segment before_delete 55550000 {{(pid=78836) subscribe /usr/local/lib/python3.8/dist-packages/neutron_lib/callbacks/manager.py:45}}
May 11 13:43:16.060041 dv-cinder-784779-11-smb neutron-server[78836]: DEBUG neutron_lib.callbacks.manager [None req-cc29838c-8d05-48e9-936b-d861a52bb268 admin admin] Subscribe: > subnet precommit_delete_associations 55550000 {{(pid=78836) subscribe /usr/local/lib/python3.8/dist-packages/neutron_lib/callbacks/manager.py:45}}
May 11 13:43:16.061100 dv-cinder-784779-11-smb neutron-server[78836]: DEBUG neutron_lib.callbacks.manager [None req-cc29838c-8d05-48e9-936b-d861a52bb268 admin admin] Subscribe: > segment_host_mapping after_create 55550000 {{(pid=78836) subscribe /usr/local/lib/python3.8/dist-packages/neutron_lib/callbacks/manager.py:45}}
May 11 13:43:16.061437 dv-cinder-784779-11-smb neutron-server[78836]: DEBUG neutron_lib.callbacks.manager [None req-cc29838c-8d05-48e9-936b-d861a52bb268 admin admin] Subscribe: > port after_create 55550000 {{(pid=78836) subscribe /usr/local/lib/python3.8/dist-packages/neutron_lib/callbacks/manager.py:45}}
May 11 13:43:16.061867 dv-cinder-784779-11-smb neutron-server[78836]: DEBUG neutron_lib.callbacks.manager [None req-cc29838c-8d05-48e9-936b-d861a52bb268 admin admin] Subscribe: > port after_delete 55550000 {{(pid=78836) subscribe /usr/local/lib/python3.8/dist-packages/neutron_lib/callbacks/manager.py:45}}
May 11 13:43:16.070361 dv-cinder-784779-11-smb neutron-server[78836]: DEBUG neutron_lib.callbacks.manager [None req-cc29838c-8d05-48e9-936b-d861a52bb268 admin admin] Subscribe: > port after_update 55550000 {{(pid=78836) subscribe /usr/local/lib/python3.8/dist-packages/neutron_lib/callbacks/manager.py:45}}
May 11 13:43:16.072636 dv-cinder-784779-11-smb neutron-server[78836]: DEBUG neutron_lib.callbacks.manager [None req-cc29838c-8d05-48e9-936b-d861a52bb268 admin admin] Subscribe: > segment after_delete 55550000 {{(pid=78836) subscribe /usr/local/lib/python3.8/dist-packages/neutron_lib/callbacks/manager.py:45}}
May 11 13:43:16.074270 dv-cinder-784779-11-smb neutron-server[78836]: DEBUG neutron_lib.callbacks.manager [None req-cc29838c-8d05-48e9-936b-d861a52bb268 admin admin] Subscribe: > subnet after_create 55550000 {{(pid=78836) subscribe /usr/local/lib/python3.8/dist-packages/neutron_lib/callbacks/manager.py:45}}
May 11 13:43:16.078956 dv-cinder-784779-11-smb neutron-server[78836]: DEBUG neutron_lib.callbacks.manager [None req-cc29838c-8d05-48e9-936b-d861a52bb268 admin admin] Subscribe: > subnet after_delete 55550000 {{(pid=78836) subscribe /usr/local/lib/python3.8/dist-packages/neutron_lib/callbacks/manager.py:45}}
May 11 13:43:16.079881 dv-cinder-784779-11-smb neutron-server[78836]: DEBUG neutron_lib.callbacks.manager [None req-cc29838c-8d05-48e9-936b-d861a52bb268 admin admin] Subscribe: > subnet after_update 55550000 {{(pid=78836) subscribe /usr/local/lib/python3.8/dist-packages/neutron_lib/callbacks/manager.py:45}}
May 11 13:43:16.083484 dv-cinder-784779-11-smb neutron-server[78838]: DEBUG neutron.api.rpc.handlers.resources_rpc [None req-4eabb1a3-baf4-49a6-b366-77d3088d488b None None] Pushing event updated for resources: {'Port': ['ID=de8c7397-90a3-47b8-bd34-408e4437f186,revision_number=5']} {{(pid=78838) push /opt/stack/neutron/neutron/api/rpc/handlers/resources_rpc.py:237}}
May 11 13:43:16.089445 dv-cinder-784779-11-smb neutron-server[78838]: DEBUG oslo_concurrency.lockutils [None req-4eabb1a3-baf4-49a6-b366-77d3088d488b None None] Lock "event-dispatch" released by "neutron.plugins.ml2.ovo_rpc._ObjectChangeHandler.dispatch_events" :: held 0.148s {{(pid=78838) inner /usr/local/lib/python3.8/dist-packages/oslo_concurrency/lockutils.py:367}}
May 11 13:43:16.101849 dv-cinder-784779-11-smb neutron-server[78837]: INFO neutron.wsgi [req-0fe02d06-cd96-43a7-95d5-12d172955fc0 req-8601df12-28a9-4f67-b3ff-fcda404f125c service neutron] 10.222.0.43 "GET /v2.0/floatingips?fixed_ip_address=172.20.0.6&port_id=c37fe951-6258-45c3-ba01-35bcb722d8ee HTTP/1.1" status: 200 len: 217 time: 0.1804395
May 11 13:43:16.180408 dv-cinder-784779-11-smb neutron-server[78837]: DEBUG neutron.pecan_wsgi.hooks.policy_enforcement [req-c95b2c3c-06f8-49bf-8f88-9dc91b46f6a6 req-bbd688c1-d7be-42d5-a353-d823d2327a95 tempest-DeleteServersTestJSON-168984232 tempest-DeleteServersTestJSON-168984232-project] Attributes excluded by policy engine: ['standard_attr_id', 'binding:profile', 'binding:host_id', 'binding:vif_type', 'binding:vif_details'] {{(pid=78837) _exclude_attributes_by_policy /opt/stack/neutron/neutron/pecan_wsgi/hooks/policy_enforcement.py:255}}
May 11 13:43:16.181994 dv-cinder-784779-11-smb neutron-server[78837]: INFO neutron.wsgi [req-c95b2c3c-06f8-49bf-8f88-9dc91b46f6a6 req-bbd688c1-d7be-42d5-a353-d823d2327a95 tempest-DeleteServersTestJSON-168984232 tempest-DeleteServersTestJSON-168984232-project] 10.222.0.30 "GET /v2.0/ports?device_id=f96abc53-74ad-4bb1-a109-aa9f6aa7eaf9 HTTP/1.1" status: 200 len: 946 time: 0.8840778
May 11 13:43:16.230450 dv-cinder-784779-11-smb neutron-server[78838]: DEBUG neutron_lib.callbacks.manager [None req-0886d8e9-4ca1-4d11-9ba5-1429f6fdd573 None None] Notify callbacks ['neutron.services.segments.db._update_segment_host_mapping_for_agent-8730301992358', 'neutron.plugins.ml2.plugin.Ml2Plugin._retry_binding_revived_agents-2038645'] for agent, after_update {{(pid=78838) _notify_loop /usr/local/lib/python3.8/dist-packages/neutron_lib/callbacks/manager.py:192}}
May 11 13:43:16.253059 dv-cinder-784779-11-smb neutron-server[78837]: DEBUG neutron.pecan_wsgi.hooks.policy_enforcement [req-0fe02d06-cd96-43a7-95d5-12d172955fc0 req-df3d737e-60b8-4ebd-99ed-b1bd9a35ed80 service neutron] Attributes excluded by policy engine: ['standard_attr_id', 'shared'] {{(pid=78837) _exclude_attributes_by_policy /opt/stack/neutron/neutron/pecan_wsgi/hooks/policy_enforcement.py:255}}
May 11 13:43:16.254510 dv-cinder-784779-11-smb neutron-server[78837]: INFO neutron.wsgi [req-0fe02d06-cd96-43a7-95d5-12d172955fc0 req-df3d737e-60b8-4ebd-99ed-b1bd9a35ed80 service neutron] 10.222.0.43 "GET /v2.0/subnets?id=7f33c61b-9e35-4c48-8d8c-edf7a89347ef HTTP/1.1" status: 200 len: 858 time: 0.1376605
May 11 13:43:16.267378 dv-cinder-784779-11-smb neutron-server[78837]: DEBUG neutron.quota.resource [req-07770763-f01d-405a-8720-3b9e7a4e93ae req-e72bfc87-c66f-4960-baf2-6b9d25da87f4 tempest-AttachVolumeTestJSON-948822390 tempest-AttachVolumeTestJSON-948822390-project] Synchronizing usage tracker for tenant:e57ae9b36f7545079c80f5d9e5c1c7c6 on resource:port {{(pid=78837) resync /opt/stack/neutron/neutron/quota/resource.py:241}}
May 11 13:43:16.268114 dv-cinder-784779-11-smb neutron-server[78836]: DEBUG neutron_lib.callbacks.manager [None req-cc29838c-8d05-48e9-936b-d861a52bb268 admin admin] Subscribe: > subnet after_create 55550000 {{(pid=78836) subscribe /usr/local/lib/python3.8/dist-packages/neutron_lib/callbacks/manager.py:45}}
May 11 13:43:16.268874 dv-cinder-784779-11-smb neutron-server[78836]: DEBUG neutron_lib.callbacks.manager [None req-cc29838c-8d05-48e9-936b-d861a52bb268 admin admin] Subscribe: > subnet after_delete 55550000 {{(pid=78836) subscribe /usr/local/lib/python3.8/dist-packages/neutron_lib/callbacks/manager.py:45}}
May 11 13:43:16.268874 dv-cinder-784779-11-smb neutron-server[78836]: DEBUG neutron_lib.callbacks.manager [None req-cc29838c-8d05-48e9-936b-d861a52bb268 admin admin] Subscribe: > subnet before_create 55550000 {{(pid=78836) subscribe /usr/local/lib/python3.8/dist-packages/neutron_lib/callbacks/manager.py:45}}
May 11 13:43:16.269151 dv-cinder-784779-11-smb neutron-server[78836]: DEBUG neutron_lib.callbacks.manager [None req-cc29838c-8d05-48e9-936b-d861a52bb268 admin admin] Subscribe: > subnet before_update 55550000 {{(pid=78836) subscribe /usr/local/lib/python3.8/dist-packages/neutron_lib/callbacks/manager.py:45}}
May 11 13:43:16.269735 dv-cinder-784779-11-smb neutron-server[78836]: DEBUG neutron.services.segments.db [None req-cc29838c-8d05-48e9-936b-d861a52bb268 admin admin] neutron.services.segments.plugin.Plugin method get_segments called with arguments (,) {'filters': {'network_id': ['75758a16-b28b-412d-997e-ca1e447ee492']}} {{(pid=78836) wrapper /usr/local/lib/python3.8/dist-packages/oslo_log/helpers.py:65}}
May 11 13:43:16.286141 dv-cinder-784779-11-smb neutron-server[78836]: DEBUG neutron.services.segments.db [None req-cc29838c-8d05-48e9-936b-d861a52bb268 admin admin] neutron.services.segments.plugin.Plugin method delete_segment called with arguments (, '8cdcfce0-31e1-4667-a568-fbfc0aa881ba') {'for_net_delete': True} {{(pid=78836) wrapper /usr/local/lib/python3.8/dist-packages/oslo_log/helpers.py:65}}
May 11 13:43:16.286478 dv-cinder-784779-11-smb neutron-server[78836]: DEBUG neutron.services.segments.db [None req-cc29838c-8d05-48e9-936b-d861a52bb268 admin admin] neutron.services.segments.plugin.Plugin method get_segment called with arguments (, '8cdcfce0-31e1-4667-a568-fbfc0aa881ba') {} {{(pid=78836) wrapper /usr/local/lib/python3.8/dist-packages/oslo_log/helpers.py:65}}
May 11 13:43:16.300779 dv-cinder-784779-11-smb neutron-server[78836]: DEBUG neutron_lib.callbacks.manager [None req-cc29838c-8d05-48e9-936b-d861a52bb268 admin admin] Notify callbacks ['neutron.plugins.ml2.db._prevent_segment_delete_with_port_bound-8730302004327', 'neutron.services.segments.plugin.Plugin._prevent_segment_delete_with_subnet_associated-15097262'] for segment, before_delete {{(pid=78836) _notify_loop /usr/local/lib/python3.8/dist-packages/neutron_lib/callbacks/manager.py:192}}
May 11 13:43:16.313248 dv-cinder-784779-11-smb neutron-server[78837]: INFO neutron.wsgi [req-c95b2c3c-06f8-49bf-8f88-9dc91b46f6a6 req-ec5c31f3-92bf-42a2-8b8c-1368652e4d22 tempest-DeleteServersTestJSON-168984232 tempest-DeleteServersTestJSON-168984232-project] 10.222.0.30 "GET /v2.0/security-groups?id=f73596b7-7ece-41ae-9f55-d3b5fc2559f3&fields=id&fields=name HTTP/1.1" status: 200 len: 286 time: 0.1186512
May 11 13:43:16.321662 dv-cinder-784779-11-smb neutron-server[78837]: INFO neutron.wsgi [req-0fe02d06-cd96-43a7-95d5-12d172955fc0 req-cd25254f-ddea-425a-ae5d-998bd623e341 service neutron] 10.222.0.43 "GET /v2.0/ports?network_id=ff1c09ff-c76f-4241-87fc-56e29166ac05&device_owner=network%3Adhcp HTTP/1.1" status: 200 len: 210 time: 0.0488675
May 11 13:43:16.345588 dv-cinder-784779-11-smb neutron-server[78836]: DEBUG neutron_lib.callbacks.manager [None req-cc29838c-8d05-48e9-936b-d861a52bb268 admin admin] Notify callbacks ['neutron.plugins.ml2.plugin.Ml2Plugin._handle_segment_change-2047367'] for segment, precommit_delete {{(pid=78836) _notify_loop /usr/local/lib/python3.8/dist-packages/neutron_lib/callbacks/manager.py:192}}
May 11 13:43:16.360247 dv-cinder-784779-11-smb neutron-server[78836]: DEBUG neutron.plugins.ml2.drivers.type_vlan [None req-cc29838c-8d05-48e9-936b-d861a52bb268 admin admin] Releasing vlan 426 on physical network physnet1 to pool {{(pid=78836) release_segment /opt/stack/neutron/neutron/plugins/ml2/drivers/type_vlan.py:304}}
May 11 13:43:16.361031 dv-cinder-784779-11-smb neutron-server[78836]: DEBUG neutron_lib.callbacks.manager [None req-cc29838c-8d05-48e9-936b-d861a52bb268 admin admin] Notify callbacks ['neutron.plugins.ml2.plugin.Ml2Plugin._handle_segment_change-2047367', 'neutron.services.segments.plugin.NovaSegmentNotifier._notify_segment_deleted-14751634'] for segment, after_delete {{(pid=78836) _notify_loop /usr/local/lib/python3.8/dist-packages/neutron_lib/callbacks/manager.py:192}}
May 11 13:43:16.373508 dv-cinder-784779-11-smb neutron-server[78838]: DEBUG neutron_lib.callbacks.manager [None req-0efa0245-99ec-4344-8161-4b02748aead4 None None] Notify callbacks ['neutron.services.segments.db._update_segment_host_mapping_for_agent-8730301992358', 'neutron.plugins.ml2.plugin.Ml2Plugin._retry_binding_revived_agents-2038645'] for agent, after_update {{(pid=78838) _notify_loop /usr/local/lib/python3.8/dist-packages/neutron_lib/callbacks/manager.py:192}}
May 11 13:43:16.397415 dv-cinder-784779-11-smb neutron-server[78836]: /usr/lib/python3/dist-packages/secretstorage/dhcrypto.py:15: CryptographyDeprecationWarning: int_from_bytes is deprecated, use int.from_bytes instead
May 11 13:43:16.397415 dv-cinder-784779-11-smb neutron-server[78836]: from cryptography.utils import int_from_bytes
May 11 13:43:16.397415 dv-cinder-784779-11-smb neutron-server[78836]: /usr/lib/python3/dist-packages/secretstorage/util.py:19: CryptographyDeprecationWarning: int_from_bytes is deprecated, use int.from_bytes instead
May 11 13:43:16.397415 dv-cinder-784779-11-smb neutron-server[78836]: from cryptography.utils import int_from_bytes
May 11 13:43:16.397415 dv-cinder-784779-11-smb neutron-server[78836]: Traceback (most recent call last):
May 11 13:43:16.397415 dv-cinder-784779-11-smb neutron-server[78836]: File "/usr/local/lib/python3.8/dist-packages/eventlet/hubs/hub.py", line 476, in fire_timers
May 11 13:43:16.397415 dv-cinder-784779-11-smb neutron-server[78836]: timer()
May 11 13:43:16.397415 dv-cinder-784779-11-smb neutron-server[78836]: File "/usr/local/lib/python3.8/dist-packages/eventlet/hubs/timer.py", line 59, in __call__
May 11 13:43:16.397415 dv-cinder-784779-11-smb neutron-server[78836]: cb(*args, **kw)
May 11 13:43:16.397415 dv-cinder-784779-11-smb neutron-server[78836]: File "/opt/stack/neutron/neutron/common/utils.py", line 905, in wrapper
May 11 13:43:16.397415 dv-cinder-784779-11-smb neutron-server[78836]: return func(*args, **kwargs)
May 11 13:43:16.397415 dv-cinder-784779-11-smb neutron-server[78836]: File "/opt/stack/neutron/neutron/notifiers/batch_notifier.py", line 58, in synced_send
May 11 13:43:16.397415 dv-cinder-784779-11-smb neutron-server[78836]: self._notify()
May 11 13:43:16.397415 dv-cinder-784779-11-smb neutron-server[78836]: File "/opt/stack/neutron/neutron/notifiers/batch_notifier.py", line 69, in _notify
May 11 13:43:16.397415 dv-cinder-784779-11-smb neutron-server[78836]: self.callback(batched_events)
May 11 13:43:16.397415 dv-cinder-784779-11-smb neutron-server[78836]: File "/opt/stack/neutron/neutron/services/segments/plugin.py", line 211, in _send_notifications
May 11 13:43:16.397415 dv-cinder-784779-11-smb neutron-server[78836]: event.method(event)
May 11 13:43:16.397415 dv-cinder-784779-11-smb neutron-server[78836]: File "/opt/stack/neutron/neutron/services/segments/plugin.py", line 379, in _delete_nova_inventory
May 11 13:43:16.397415 dv-cinder-784779-11-smb neutron-server[78836]: aggregate_id = self._get_aggregate_id(event.segment_id)
May 11 13:43:16.397415 dv-cinder-784779-11-smb neutron-server[78836]: File "/opt/stack/neutron/neutron/services/segments/plugin.py", line 366, in _get_aggregate_id
May 11 13:43:16.397415 dv-cinder-784779-11-smb neutron-server[78836]: aggregate_uuid = self.p_client.list_aggregates(
May 11 13:43:16.397415 dv-cinder-784779-11-smb neutron-server[78836]: File "/usr/local/lib/python3.8/dist-packages/neutron_lib/placement/client.py", line 57, in wrapper
May 11 13:43:16.397415 dv-cinder-784779-11-smb neutron-server[78836]: return f(self, *a, **k)
May 11 13:43:16.397415 dv-cinder-784779-11-smb neutron-server[78836]: File "/usr/local/lib/python3.8/dist-packages/neutron_lib/placement/client.py", line 553, in list_aggregates
May 11 13:43:16.397415 dv-cinder-784779-11-smb neutron-server[78836]: return self._get(url).json()
May 11 13:43:16.397415 dv-cinder-784779-11-smb neutron-server[78836]: File "/usr/local/lib/python3.8/dist-packages/neutron_lib/placement/client.py", line 189, in _get
May 11 13:43:16.397415 dv-cinder-784779-11-smb neutron-server[78836]: return self._client.get(url, endpoint_filter=self._ks_filter,
May 11 13:43:16.397415 dv-cinder-784779-11-smb neutron-server[78836]: File "/usr/local/lib/python3.8/dist-packages/keystoneauth1/session.py", line 1141, in get
May 11 13:43:16.397415 dv-cinder-784779-11-smb neutron-server[78836]: return self.request(url, 'GET', **kwargs)
May 11 13:43:16.397415 dv-cinder-784779-11-smb neutron-server[78836]: File "/usr/local/lib/python3.8/dist-packages/keystoneauth1/session.py", line 811, in request
May 11 13:43:16.397415 dv-cinder-784779-11-smb neutron-server[78836]: base_url = self.get_endpoint(auth, allow=allow,
May 11 13:43:16.397415 dv-cinder-784779-11-smb neutron-server[78836]: File "/usr/local/lib/python3.8/dist-packages/keystoneauth1/session.py", line 1241, in get_endpoint
May 11 13:43:16.397415 dv-cinder-784779-11-smb neutron-server[78836]: auth = self._auth_required(auth, 'determine endpoint URL')
May 11 13:43:16.397415 dv-cinder-784779-11-smb neutron-server[78836]: File "/usr/local/lib/python3.8/dist-packages/keystoneauth1/session.py", line 1181, in _auth_required
May 11 13:43:16.397415 dv-cinder-784779-11-smb neutron-server[78836]: raise exceptions.MissingAuthPlugin(msg_fmt % msg)
May 11 13:43:16.397415 dv-cinder-784779-11-smb neutron-server[78836]: keystoneauth1.exceptions.auth_plugins.MissingAuthPlugin: An auth plugin is required to determine endpoint URL
May 11 13:43:16.404515 dv-cinder-784779-11-smb neutron-server[78837]: DEBUG neutron.quota.resource [req-07770763-f01d-405a-8720-3b9e7a4e93ae req-e72bfc87-c66f-4960-baf2-6b9d25da87f4 tempest-AttachVolumeTestJSON-948822390 tempest-AttachVolumeTestJSON-948822390-project] Unset dirty status for tenant:e57ae9b36f7545079c80f5d9e5c1c7c6 on resource:port {{(pid=78837) _resync /opt/stack/neutron/neutron/quota/resource.py:233}}
May 11 13:43:16.406045 dv-cinder-784779-11-smb neutron-server[78837]: INFO neutron.wsgi [req-07770763-f01d-405a-8720-3b9e7a4e93ae req-e72bfc87-c66f-4960-baf2-6b9d25da87f4 tempest-AttachVolumeTestJSON-948822390 tempest-AttachVolumeTestJSON-948822390-project] 10.222.0.30 "GET /v2.0/ports?tenant_id=e57ae9b36f7545079c80f5d9e5c1c7c6&fields=id HTTP/1.1" status: 200 len: 348 time: 0.6488068
May 11 13:43:16.566937 dv-cinder-784779-11-smb neutron-server[78836]: DEBUG neutron_lib.callbacks.manager [None req-cc29838c-8d05-48e9-936b-d861a52bb268 admin admin] Notify callbacks ['neutron.plugins.ml2.plugin.Ml2Plugin._network_delete_after_delete_handler-2040630', 'neutron.plugins.ml2.ovo_rpc._ObjectChangeHandler.handle_event-859814', 'neutron.api.rpc.agentnotifiers.dhcp_rpc_agent_api.DhcpAgentNotifyAPI._native_event_send_dhcp_notification-533128', 'neutron.services.l3_router.l3_router_plugin.DVRResourceOperationHandler.delete_fip_namespaces_for_ext_net-670586'] for network, after_delete {{(pid=78836) _notify_loop /usr/local/lib/python3.8/dist-packages/neutron_lib/callbacks/manager.py:192}}
May 11 13:43:16.576548 dv-cinder-784779-11-smb neutron-server[78836]: DEBUG neutron_lib.callbacks.manager [None req-cc29838c-8d05-48e9-936b-d861a52bb268 admin admin] Notify callbacks ['neutron.api.rpc.agentnotifiers.dhcp_rpc_agent_api.DhcpAgentNotifyAPI._send_dhcp_notification-533158'] for network, before_response {{(pid=78836) _notify_loop /usr/local/lib/python3.8/dist-packages/neutron_lib/callbacks/manager.py:192}}
May 11 13:43:16.584124 dv-cinder-784779-11-smb neutron-server[78836]: DEBUG oslo_concurrency.lockutils [None req-97f2af62-c73b-4eb7-958d-488040b77875 admin admin] Lock "event-dispatch" acquired by "neutron.plugins.ml2.ovo_rpc._ObjectChangeHandler.dispatch_events" :: waited 0.000s {{(pid=78836) inner /usr/local/lib/python3.8/dist-packages/oslo_concurrency/lockutils.py:355}}
May 11 13:43:16.601921 dv-cinder-784779-11-smb neutron-server[78836]: INFO neutron.wsgi [None req-cc29838c-8d05-48e9-936b-d861a52bb268 admin admin] 10.222.0.30 "DELETE /v2.0/networks/75758a16-b28b-412d-997e-ca1e447ee492 HTTP/1.1" status: 204 len: 168 time: 1.2597651
May 11 13:43:16.607186 dv-cinder-784779-11-smb neutron-server[78836]: DEBUG neutron.wsgi [-] (78836) accepted ('10.222.0.30', 36922) {{(pid=78836) server /usr/local/lib/python3.8/dist-packages/eventlet/wsgi.py:992}}
May 11 13:43:16.653328 dv-cinder-784779-11-smb neutron-server[78836]: DEBUG neutron.api.rpc.handlers.resources_rpc [None req-cc29838c-8d05-48e9-936b-d861a52bb268 admin admin] Pushing event deleted for resources: {'Network': ['ID=75758a16-b28b-412d-997e-ca1e447ee492,revision_number=None']} {{(pid=78836) push /opt/stack/neutron/neutron/api/rpc/handlers/resources_rpc.py:237}}
May 11 13:43:16.668132 dv-cinder-784779-11-smb neutron-server[78836]: DEBUG oslo_concurrency.lockutils [None req-cc29838c-8d05-48e9-936b-d861a52bb268 admin admin] Lock "event-dispatch" released by "neutron.plugins.ml2.ovo_rpc._ObjectChangeHandler.dispatch_events" :: held 0.083s {{(pid=78836) inner /usr/local/lib/python3.8/dist-packages/oslo_concurrency/lockutils.py:367}}
May 11 13:43:16.705793 dv-cinder-784779-11-smb neutron-server[78836]: DEBUG neutron.db.db_base_plugin_v2 [None req-1be40f2c-b5f0-4577-88a8-fa52540f917c admin admin] Deleting subnet 30aeb0c9-2628-465a-a066-a4b0ab8af6a1 {{(pid=78836) delete_subnet /opt/stack/neutron/neutron/db/db_base_plugin_v2.py:1041}}
May 11 13:43:16.709764 dv-cinder-784779-11-smb neutron-server[78836]: DEBUG neutron_lib.callbacks.manager [None req-1be40f2c-b5f0-4577-88a8-fa52540f917c admin admin] Notify callbacks [] for subnet, before_delete {{(pid=78836) _notify_loop /usr/local/lib/python3.8/dist-packages/neutron_lib/callbacks/manager.py:192}}
May 11 13:43:16.772062 dv-cinder-784779-11-smb neutron-server[78837]: INFO neutron.wsgi [req-0fe02d06-cd96-43a7-95d5-12d172955fc0 req-88dd3b1d-0366-4923-b158-5eef399a54c6 service neutron] 10.222.0.43 "GET /v2.0/networks/ff1c09ff-c76f-4241-87fc-56e29166ac05?fields=segments HTTP/1.1" status: 200 len: 212 time: 0.4411123
May 11 13:43:16.786411 dv-cinder-784779-11-smb neutron-server[78836]: DEBUG neutron_lib.callbacks.manager [None req-1be40f2c-b5f0-4577-88a8-fa52540f917c admin admin] Notify callbacks ['neutron.services.segments.plugin.Plugin._validate_auto_address_subnet_delete-15097265'] for subnet, precommit_delete_associations {{(pid=78836) _notify_loop /usr/local/lib/python3.8/dist-packages/neutron_lib/callbacks/manager.py:192}}
May 11 13:43:16.871577 dv-cinder-784779-11-smb neutron-server[78836]: DEBUG neutron_lib.callbacks.manager [None req-1be40f2c-b5f0-4577-88a8-fa52540f917c admin admin] Notify callbacks ['neutron.plugins.ml2.plugin.Ml2Plugin._subnet_delete_precommit_handler-2042548'] for subnet, precommit_delete {{(pid=78836) _notify_loop /usr/local/lib/python3.8/dist-packages/neutron_lib/callbacks/manager.py:192}}
May 11 13:43:16.951237 dv-cinder-784779-11-smb neutron-server[78837]: INFO neutron.wsgi [req-0fe02d06-cd96-43a7-95d5-12d172955fc0 req-ed8a6565-d7bd-430a-8209-004cf6481f1d service neutron] 10.222.0.43 "GET /v2.0/networks/ff1c09ff-c76f-4241-87fc-56e29166ac05?fields=provider%3Aphysical_network&fields=provider%3Anetwork_type HTTP/1.1" status: 200 len: 281 time: 0.1528628
May 11 13:43:16.971789 dv-cinder-784779-11-smb neutron-server[78837]: INFO neutron.wsgi [req-07770763-f01d-405a-8720-3b9e7a4e93ae req-014215f8-7092-42b2-a7d8-cfb37861e566 service neutron] 10.222.0.30 "GET /v2.0/networks/3f78548c-1497-4a11-acbd-00382a724758?fields=segments HTTP/1.1" status: 200 len: 212 time: 0.5401943
May 11 13:43:16.985152 dv-cinder-784779-11-smb neutron-server[78837]: DEBUG neutron.pecan_wsgi.hooks.policy_enforcement [req-486585ce-f31e-4c15-b8ec-bbe9dd1df8ce req-1a2dd714-275e-4475-8d5d-452b7c9cd943 tempest-AttachVolumeNegativeTest-472336508 tempest-AttachVolumeNegativeTest-472336508-project] Attributes excluded by policy engine: ['standard_attr_id', 'binding:profile', 'binding:host_id', 'binding:vif_type', 'binding:vif_details'] {{(pid=78837) _exclude_attributes_by_policy /opt/stack/neutron/neutron/pecan_wsgi/hooks/policy_enforcement.py:255}}
May 11 13:43:16.999855 dv-cinder-784779-11-smb neutron-server[78837]: INFO neutron.wsgi [req-486585ce-f31e-4c15-b8ec-bbe9dd1df8ce req-1a2dd714-275e-4475-8d5d-452b7c9cd943 tempest-AttachVolumeNegativeTest-472336508 tempest-AttachVolumeNegativeTest-472336508-project] 10.222.0.30 "GET /v2.0/ports?device_id=056b742f-e6e6-4d34-8d23-a7f8dcbf5860 HTTP/1.1" status: 200 len: 945 time: 0.3434730
May 11 13:43:17.172304 dv-cinder-784779-11-smb neutron-server[78837]: INFO neutron.wsgi [req-486585ce-f31e-4c15-b8ec-bbe9dd1df8ce req-56e7f6db-b00d-4680-a99f-92026f1001d1 tempest-AttachVolumeNegativeTest-472336508 tempest-AttachVolumeNegativeTest-472336508-project] 10.222.0.30 "GET /v2.0/security-groups?id=71381349-bec8-4e10-8b18-20d351f3685a&fields=id&fields=name HTTP/1.1" status: 200 len: 286 time: 0.1715858
May 11 13:43:17.293035 dv-cinder-784779-11-smb neutron-server[78837]: INFO neutron.wsgi [req-07770763-f01d-405a-8720-3b9e7a4e93ae req-642cc27e-aafb-47fa-9d77-86fabbb0ac33 service neutron] 10.222.0.30 "GET /v2.0/networks/3f78548c-1497-4a11-acbd-00382a724758?fields=provider%3Aphysical_network&fields=provider%3Anetwork_type HTTP/1.1" status: 200 len: 281 time: 0.2764504
May 11 13:43:17.352324 dv-cinder-784779-11-smb neutron-server[78838]: DEBUG neutron.plugins.ml2.rpc [None req-4eabb1a3-baf4-49a6-b366-77d3088d488b None None] Device c37fe951-6258-45c3-ba01-35bcb722d8ee details requested by agent hyperv_hv-cinder-78477 with host hv-cinder-78477 {{(pid=78838) get_device_details /opt/stack/neutron/neutron/plugins/ml2/rpc.py:88}}
May 11 13:43:17.463740 dv-cinder-784779-11-smb neutron-server[78836]: DEBUG neutron_lib.callbacks.manager [None req-1be40f2c-b5f0-4577-88a8-fa52540f917c admin admin] Notify callbacks ['neutron.plugins.ml2.plugin.Ml2Plugin._subnet_delete_after_delete_handler-2042555', 'neutron.plugins.ml2.ovo_rpc._ObjectChangeHandler.handle_event-119514', 'neutron.api.rpc.agentnotifiers.dhcp_rpc_agent_api.DhcpAgentNotifyAPI._native_event_send_dhcp_notification-533128', 'neutron.services.segments.plugin.NovaSegmentNotifier._notify_subnet_deleted-14751732', 'neutron.services.segments.plugin.SegmentHostRoutes.host_routes_after_delete-15256084'] for subnet, after_delete {{(pid=78836) _notify_loop /usr/local/lib/python3.8/dist-packages/neutron_lib/callbacks/manager.py:192}}
May 11 13:43:17.470906 dv-cinder-784779-11-smb neutron-server[78836]: DEBUG oslo_concurrency.lockutils [None req-71b4e830-5155-4717-b15f-be0550918e08 admin admin] Lock "event-dispatch" acquired by "neutron.plugins.ml2.ovo_rpc._ObjectChangeHandler.dispatch_events" :: waited 0.000s {{(pid=78836) inner /usr/local/lib/python3.8/dist-packages/oslo_concurrency/lockutils.py:355}}
May 11 13:43:17.521299 dv-cinder-784779-11-smb neutron-server[78836]: DEBUG neutron.api.rpc.handlers.resources_rpc [None req-1be40f2c-b5f0-4577-88a8-fa52540f917c admin admin] Pushing event deleted for resources: {'Subnet': ['ID=30aeb0c9-2628-465a-a066-a4b0ab8af6a1,revision_number=None']} {{(pid=78836) push /opt/stack/neutron/neutron/api/rpc/handlers/resources_rpc.py:237}}
May 11 13:43:17.523843 dv-cinder-784779-11-smb neutron-server[78836]: DEBUG neutron_lib.callbacks.manager [None req-1be40f2c-b5f0-4577-88a8-fa52540f917c admin admin] Notify callbacks ['neutron.api.rpc.agentnotifiers.dhcp_rpc_agent_api.DhcpAgentNotifyAPI._send_dhcp_notification-533158'] for subnet, before_response {{(pid=78836) _notify_loop /usr/local/lib/python3.8/dist-packages/neutron_lib/callbacks/manager.py:192}}
May 11 13:43:17.527780 dv-cinder-784779-11-smb neutron-server[78836]: DEBUG oslo_concurrency.lockutils [None req-1be40f2c-b5f0-4577-88a8-fa52540f917c admin admin] Lock "event-dispatch" released by "neutron.plugins.ml2.ovo_rpc._ObjectChangeHandler.dispatch_events" :: held 0.056s {{(pid=78836) inner /usr/local/lib/python3.8/dist-packages/oslo_concurrency/lockutils.py:367}}
May 11 13:43:17.533858 dv-cinder-784779-11-smb neutron-server[78836]: INFO neutron.wsgi [None req-1be40f2c-b5f0-4577-88a8-fa52540f917c admin admin] 10.222.0.30 "DELETE /v2.0/subnets/30aeb0c9-2628-465a-a066-a4b0ab8af6a1 HTTP/1.1" status: 204 len: 168 time: 0.9252176
May 11 13:43:17.536639 dv-cinder-784779-11-smb neutron-server[78836]: DEBUG neutron.wsgi [-] (78836) accepted ('10.222.0.30', 36956) {{(pid=78836) server /usr/local/lib/python3.8/dist-packages/eventlet/wsgi.py:992}}
May 11 13:43:17.661894 dv-cinder-784779-11-smb neutron-server[78837]: DEBUG neutron.pecan_wsgi.hooks.policy_enforcement [req-cc66ae1d-17d3-4969-b87a-5194abcf9834 req-0d940dc1-dcdc-461f-a35f-076523dc3e13 tempest-ServerRescueNegativeTestJSON-371045691 tempest-ServerRescueNegativeTestJSON-371045691-project] Attributes excluded by policy engine: ['standard_attr_id', 'binding:profile', 'binding:host_id', 'binding:vif_type', 'binding:vif_details'] {{(pid=78837) _exclude_attributes_by_policy /opt/stack/neutron/neutron/pecan_wsgi/hooks/policy_enforcement.py:255}}
May 11 13:43:17.666191 dv-cinder-784779-11-smb neutron-server[78838]: DEBUG neutron.plugins.ml2.db [None req-4eabb1a3-baf4-49a6-b366-77d3088d488b None None] For port c37fe951-6258-45c3-ba01-35bcb722d8ee, host hv-cinder-78477, got binding levels [PortBindingLevel(driver='hyperv',host='hv-cinder-78477',level=0,port_id=c37fe951-6258-45c3-ba01-35bcb722d8ee,segment=NetworkSegment(a72df2de-a169-43ec-ae33-e8af6067f946),segment_id=a72df2de-a169-43ec-ae33-e8af6067f946)] {{(pid=78838) get_binding_level_objs /opt/stack/neutron/neutron/plugins/ml2/db.py:75}}
May 11 13:43:17.683861 dv-cinder-784779-11-smb neutron-server[78837]: INFO neutron.wsgi [req-cc66ae1d-17d3-4969-b87a-5194abcf9834 req-0d940dc1-dcdc-461f-a35f-076523dc3e13 tempest-ServerRescueNegativeTestJSON-371045691 tempest-ServerRescueNegativeTestJSON-371045691-project] 10.222.0.30 "GET /v2.0/ports?device_id=587066ef-30a8-4c22-84ae-f278d4c1a077 HTTP/1.1" status: 200 len: 943 time: 0.2450273
May 11 13:43:17.711709 dv-cinder-784779-11-smb neutron-server[78838]: DEBUG neutron.plugins.ml2.rpc [None req-4eabb1a3-baf4-49a6-b366-77d3088d488b None None] Returning: {'device': 'c37fe951-6258-45c3-ba01-35bcb722d8ee', 'network_id': 'ff1c09ff-c76f-4241-87fc-56e29166ac05', 'port_id': 'c37fe951-6258-45c3-ba01-35bcb722d8ee', 'mac_address': 'fa:16:3e:2b:e1:a5', 'admin_state_up': True, 'network_type': 'vlan', 'segmentation_id': 423, 'physical_network': 'physnet1', 'mtu': 1500, 'fixed_ips': [{'subnet_id': '7f33c61b-9e35-4c48-8d8c-edf7a89347ef', 'ip_address': '172.20.0.6'}], 'device_owner': 'compute:nova', 'allowed_address_pairs': [], 'port_security_enabled': True, 'qos_policy_id': None, 'network_qos_policy_id': None, 'profile': {}, 'propagate_uplink_status': False} {{(pid=78838) _get_device_details /opt/stack/neutron/neutron/plugins/ml2/rpc.py:168}}
May 11 13:43:17.796428 dv-cinder-784779-11-smb neutron-server[78838]: INFO neutron.notifiers.nova [-] Nova event response: {'server_uuid': '14bd2fad-c39d-4dba-a71a-cf11cf36be8a', 'name': 'network-vif-plugged', 'status': 'completed', 'tag': 'de8c7397-90a3-47b8-bd34-408e4437f186', 'code': 200}
May 11 13:43:17.797131 dv-cinder-784779-11-smb neutron-server[78837]: INFO neutron.wsgi [req-cc66ae1d-17d3-4969-b87a-5194abcf9834 req-1bc7ab04-6e59-4471-aeae-bfc46f46aebb tempest-ServerRescueNegativeTestJSON-371045691 tempest-ServerRescueNegativeTestJSON-371045691-project] 10.222.0.30 "GET /v2.0/security-groups?id=6b4edc75-feba-42a7-84fd-fec0d2ca09bc&fields=id&fields=name HTTP/1.1" status: 200 len: 286 time: 0.1075130
May 11 13:43:17.829036 dv-cinder-784779-11-smb neutron-server[78837]: DEBUG neutron.wsgi [-] (78837) accepted ('10.222.0.30', 36964) {{(pid=78837) server /usr/local/lib/python3.8/dist-packages/eventlet/wsgi.py:992}}
May 11 13:43:17.853385 dv-cinder-784779-11-smb neutron-server[78836]: DEBUG neutron_lib.callbacks.manager [None req-5cd1fb18-69ea-492e-aa46-653a07de3744 admin admin] Notify callbacks ['neutron.plugins.ml2.plugin.External_net_db_mixin._before_network_delete_handler-1659828'] for network, before_delete {{(pid=78836) _notify_loop /usr/local/lib/python3.8/dist-packages/neutron_lib/callbacks/manager.py:192}}
May 11 13:43:17.950423 dv-cinder-784779-11-smb neutron-server[78838]: DEBUG neutron_lib.callbacks.manager [None req-4eabb1a3-baf4-49a6-b366-77d3088d488b None None] Notify callbacks ['neutron.plugins.ml2.plugin.SecurityGroupDbMixin._ensure_default_security_group_handler-1627985'] for port, before_update {{(pid=78838) _notify_loop /usr/local/lib/python3.8/dist-packages/neutron_lib/callbacks/manager.py:192}}
May 11 13:43:18.004008 dv-cinder-784779-11-smb neutron-server[78838]: DEBUG neutron.notifiers.nova [None req-4eabb1a3-baf4-49a6-b366-77d3088d488b None None] Ignoring state change previous_port_status: DOWN current_port_status: BUILD port_id c37fe951-6258-45c3-ba01-35bcb722d8ee {{(pid=78838) record_port_status_changed /opt/stack/neutron/neutron/notifiers/nova.py:224}}
May 11 13:43:18.048981 dv-cinder-784779-11-smb neutron-server[78837]: INFO neutron.wsgi [req-a4adcaeb-3e03-4cb5-a990-dcbc71d66180 req-79417f03-2f5c-45bd-be29-3c829eb828e4 tempest-AttachVolumeTestJSON-948822390 tempest-AttachVolumeTestJSON-948822390-project] 10.222.0.30 "GET /v2.0/ports?device_id=5684c91a-71ee-4233-a314-38bbe424aa01 HTTP/1.1" status: 200 len: 210 time: 0.1255751
May 11 13:43:18.081205 dv-cinder-784779-11-smb neutron-server[78838]: DEBUG neutron_lib.callbacks.manager [None req-3405464f-2a53-4310-8ec1-1402cc0730f3 None None] Notify callbacks ['neutron.services.segments.db._update_segment_host_mapping_for_agent-8730301992358', 'neutron.plugins.ml2.plugin.Ml2Plugin._retry_binding_revived_agents-2038645'] for agent, after_update {{(pid=78838) _notify_loop /usr/local/lib/python3.8/dist-packages/neutron_lib/callbacks/manager.py:192}}
May 11 13:43:18.104358 dv-cinder-784779-11-smb neutron-server[78838]: DEBUG neutron.plugins.ml2.db [None req-4eabb1a3-baf4-49a6-b366-77d3088d488b None None] For port c37fe951-6258-45c3-ba01-35bcb722d8ee, host hv-cinder-78477, got binding levels [PortBindingLevel(driver='hyperv',host='hv-cinder-78477',level=0,port_id=c37fe951-6258-45c3-ba01-35bcb722d8ee,segment=NetworkSegment(a72df2de-a169-43ec-ae33-e8af6067f946),segment_id=a72df2de-a169-43ec-ae33-e8af6067f946)] {{(pid=78838) get_binding_level_objs /opt/stack/neutron/neutron/plugins/ml2/db.py:75}}
May 11 13:43:18.125409 dv-cinder-784779-11-smb neutron-server[78838]: DEBUG neutron_lib.callbacks.manager [None req-4eabb1a3-baf4-49a6-b366-77d3088d488b None None] Notify callbacks ['neutron.plugins.ml2.plugin.SecurityGroupServerNotifierRpcMixin.notify_sg_on_port_change-1627922', 'neutron.plugins.ml2.ovo_rpc._ObjectChangeHandler.handle_event-356237', 'neutron.api.rpc.agentnotifiers.dhcp_rpc_agent_api.DhcpAgentNotifyAPI._native_event_send_dhcp_notification-533128', 'neutron.db.l3_db.L3RpcNotifierMixin._notify_gateway_port_ip_changed-8730301985895', 'neutron.db.l3_dvrscheduler_db._notify_l3_agent_port_update-8730301564438', 'neutron.db.l3_hascheduler_db._notify_l3_agent_ha_port_update-8730301564483'] for port, after_update {{(pid=78838) _notify_loop /usr/local/lib/python3.8/dist-packages/neutron_lib/callbacks/manager.py:192}}
May 11 13:43:18.133523 dv-cinder-784779-11-smb neutron-server[78838]: DEBUG oslo_concurrency.lockutils [None req-0efa0245-99ec-4344-8161-4b02748aead4 None None] Lock "event-dispatch" acquired by "neutron.plugins.ml2.ovo_rpc._ObjectChangeHandler.dispatch_events" :: waited 0.000s {{(pid=78838) inner /usr/local/lib/python3.8/dist-packages/oslo_concurrency/lockutils.py:355}}
May 11 13:43:18.146605 dv-cinder-784779-11-smb neutron-server[78836]: DEBUG neutron_lib.callbacks.manager [None req-5cd1fb18-69ea-492e-aa46-653a07de3744 admin admin] Notify callbacks ['neutron.plugins.ml2.plugin.Ml2Plugin._network_delete_precommit_handler-2040655', 'neutron.services.segments.db._delete_segments_for_network-8730301992349'] for network, precommit_delete {{(pid=78836) _notify_loop /usr/local/lib/python3.8/dist-packages/neutron_lib/callbacks/manager.py:192}}
May 11 13:43:18.180931 dv-cinder-784779-11-smb neutron-server[78836]: DEBUG neutron.services.segments.db [None req-5cd1fb18-69ea-492e-aa46-653a07de3744 admin admin] neutron.services.segments.plugin.Plugin method get_segments called with arguments (,) {'filters': {'network_id': ['7e355e92-0982-4fa5-81d5-7f143c0bf1f3']}} {{(pid=78836) wrapper /usr/local/lib/python3.8/dist-packages/oslo_log/helpers.py:65}}
May 11 13:43:18.222925 dv-cinder-784779-11-smb neutron-server[78836]: DEBUG neutron.services.segments.db [None req-5cd1fb18-69ea-492e-aa46-653a07de3744 admin admin] neutron.services.segments.plugin.Plugin method delete_segment called with arguments (, 'a945efc2-4a99-40fa-9218-5c5491e3e73f') {'for_net_delete': True} {{(pid=78836) wrapper /usr/local/lib/python3.8/dist-packages/oslo_log/helpers.py:65}}
May 11 13:43:18.224730 dv-cinder-784779-11-smb neutron-server[78836]: DEBUG neutron.services.segments.db [None req-5cd1fb18-69ea-492e-aa46-653a07de3744 admin admin] neutron.services.segments.plugin.Plugin method get_segment called with arguments (, 'a945efc2-4a99-40fa-9218-5c5491e3e73f') {} {{(pid=78836) wrapper /usr/local/lib/python3.8/dist-packages/oslo_log/helpers.py:65}}
May 11 13:43:18.264262 dv-cinder-784779-11-smb neutron-server[78836]: DEBUG neutron_lib.callbacks.manager [None req-5cd1fb18-69ea-492e-aa46-653a07de3744 admin admin] Notify callbacks ['neutron.plugins.ml2.db._prevent_segment_delete_with_port_bound-8730302004327', 'neutron.services.segments.plugin.Plugin._prevent_segment_delete_with_subnet_associated-15097262'] for segment, before_delete {{(pid=78836) _notify_loop /usr/local/lib/python3.8/dist-packages/neutron_lib/callbacks/manager.py:192}}
May 11 13:43:18.303614 dv-cinder-784779-11-smb neutron-server[78836]: DEBUG neutron_lib.callbacks.manager [None req-5cd1fb18-69ea-492e-aa46-653a07de3744 admin admin] Notify callbacks ['neutron.plugins.ml2.plugin.Ml2Plugin._handle_segment_change-2047367'] for segment, precommit_delete {{(pid=78836) _notify_loop /usr/local/lib/python3.8/dist-packages/neutron_lib/callbacks/manager.py:192}}
May 11 13:43:18.316077 dv-cinder-784779-11-smb neutron-server[78836]: DEBUG neutron.plugins.ml2.drivers.type_vlan [None req-5cd1fb18-69ea-492e-aa46-653a07de3744 admin admin] Releasing vlan 446 on physical network physnet1 to pool {{(pid=78836) release_segment /opt/stack/neutron/neutron/plugins/ml2/drivers/type_vlan.py:304}}
May 11 13:43:18.316962 dv-cinder-784779-11-smb neutron-server[78836]: DEBUG neutron_lib.callbacks.manager [None req-5cd1fb18-69ea-492e-aa46-653a07de3744 admin admin] Notify callbacks ['neutron.plugins.ml2.plugin.Ml2Plugin._handle_segment_change-2047367', 'neutron.services.segments.plugin.NovaSegmentNotifier._notify_segment_deleted-14751634'] for segment, after_delete {{(pid=78836) _notify_loop /usr/local/lib/python3.8/dist-packages/neutron_lib/callbacks/manager.py:192}}
May 11 13:43:18.360676 dv-cinder-784779-11-smb neutron-server[78838]: DEBUG neutron_lib.callbacks.manager [None req-4eabb1a3-baf4-49a6-b366-77d3088d488b None None] Notify callbacks ['neutron.services.segments.db._update_segment_host_mapping_for_agent-8730301992358', 'neutron.plugins.ml2.plugin.Ml2Plugin._retry_binding_revived_agents-2038645'] for agent, after_update {{(pid=78838) _notify_loop /usr/local/lib/python3.8/dist-packages/neutron_lib/callbacks/manager.py:192}}
