May 11 13:43:13.792001 dv-cinder-784779-11-smb devstack@c-api.service[85635]: INFO cinder.api.openstack.wsgi [None req-1418f5dc-93aa-4a1e-a06c-d89ab9783017 tempest-GroupsTest-323436788 tempest-GroupsTest-323436788-project] http://10.222.0.30/volume/v3/02f133d4741b4f6394c8da82fa6c0160/groups/b5369204-3d06-40bd-ae0e-c936644178fb returned with HTTP 200
May 11 13:43:13.805472 dv-cinder-784779-11-smb devstack@c-api.service[85635]: [pid: 85635|app: 0|req: 50/93] 10.222.0.30 () {60 vars in 1363 bytes} [Tue May 11 13:43:13 2021] GET /volume/v3/02f133d4741b4f6394c8da82fa6c0160/groups/b5369204-3d06-40bd-ae0e-c936644178fb => generated 323 bytes in 157 msecs (HTTP/1.1 200) 7 headers in 286 bytes (1 switches on core 0)
May 11 13:43:13.813783 dv-cinder-784779-11-smb devstack@c-api.service[85634]: INFO cinder.api.openstack.wsgi [None req-969946af-0e97-48e9-b15a-ea5eadd29ea3 tempest-GroupsTest-323436788 tempest-GroupsTest-323436788-project] GET http://10.222.0.30/volume/v3/02f133d4741b4f6394c8da82fa6c0160/groups/detail
May 11 13:43:13.814656 dv-cinder-784779-11-smb devstack@c-api.service[85634]: DEBUG cinder.api.openstack.wsgi [None req-969946af-0e97-48e9-b15a-ea5eadd29ea3 tempest-GroupsTest-323436788 tempest-GroupsTest-323436788-project] Empty body provided in request {{(pid=85634) get_body /opt/stack/cinder/cinder/api/openstack/wsgi.py:713}}
May 11 13:43:13.815059 dv-cinder-784779-11-smb devstack@c-api.service[85634]: /usr/local/lib/python3.8/dist-packages/webob/acceptparse.py:1047: DeprecationWarning: The behavior of AcceptValidHeader.best_match is currently being maintained for backward compatibility, but it will be deprecated in the future, as it does not conform to the RFC.
May 11 13:43:13.815059 dv-cinder-784779-11-smb devstack@c-api.service[85634]: warnings.warn(
May 11 13:43:13.815801 dv-cinder-784779-11-smb devstack@c-api.service[85634]: DEBUG cinder.api.openstack.wsgi [None req-969946af-0e97-48e9-b15a-ea5eadd29ea3 tempest-GroupsTest-323436788 tempest-GroupsTest-323436788-project] Calling method 'version_select' {{(pid=85634) _process_stack /opt/stack/cinder/cinder/api/openstack/wsgi.py:866}}
May 11 13:43:13.817212 dv-cinder-784779-11-smb devstack@c-api.service[85634]: /usr/local/lib/python3.8/dist-packages/oslo_context/context.py:105: DeprecationWarning: Policy enforcement is depending on the value of is_admin. This key is deprecated. Please update your policy file to use the standard policy values.
May 11 13:43:13.817212 dv-cinder-784779-11-smb devstack@c-api.service[85634]: warnings.warn('Policy enforcement is depending on the value of '
May 11 13:43:14.002521 dv-cinder-784779-11-smb devstack@c-api.service[85634]: INFO cinder.api.openstack.wsgi [None req-969946af-0e97-48e9-b15a-ea5eadd29ea3 tempest-GroupsTest-323436788 tempest-GroupsTest-323436788-project] http://10.222.0.30/volume/v3/02f133d4741b4f6394c8da82fa6c0160/groups/detail returned with HTTP 200
May 11 13:43:14.004548 dv-cinder-784779-11-smb devstack@c-api.service[85634]: [pid: 85634|app: 0|req: 44/94] 10.222.0.30 () {60 vars in 1273 bytes} [Tue May 11 13:43:13 2021] GET /volume/v3/02f133d4741b4f6394c8da82fa6c0160/groups/detail => generated 640 bytes in 195 msecs (HTTP/1.1 200) 7 headers in 286 bytes (2 switches on core 0)
May 11 13:43:14.020352 dv-cinder-784779-11-smb devstack@c-api.service[85635]: INFO cinder.api.openstack.wsgi [None req-aed6e12a-3e37-40c2-bfa1-6e310771478f tempest-GroupsTest-323436788 tempest-GroupsTest-323436788-project] GET http://10.222.0.30/volume/v3/02f133d4741b4f6394c8da82fa6c0160/volumes/detail
May 11 13:43:14.021335 dv-cinder-784779-11-smb devstack@c-api.service[85635]: DEBUG cinder.api.openstack.wsgi [None req-aed6e12a-3e37-40c2-bfa1-6e310771478f tempest-GroupsTest-323436788 tempest-GroupsTest-323436788-project] Empty body provided in request {{(pid=85635) get_body /opt/stack/cinder/cinder/api/openstack/wsgi.py:713}}
May 11 13:43:14.021606 dv-cinder-784779-11-smb devstack@c-api.service[85635]: /usr/local/lib/python3.8/dist-packages/webob/acceptparse.py:1047: DeprecationWarning: The behavior of AcceptValidHeader.best_match is currently being maintained for backward compatibility, but it will be deprecated in the future, as it does not conform to the RFC.
May 11 13:43:14.021606 dv-cinder-784779-11-smb devstack@c-api.service[85635]: warnings.warn(
May 11 13:43:14.022163 dv-cinder-784779-11-smb devstack@c-api.service[85635]: DEBUG cinder.api.openstack.wsgi [None req-aed6e12a-3e37-40c2-bfa1-6e310771478f tempest-GroupsTest-323436788 tempest-GroupsTest-323436788-project] Calling method 'detail' {{(pid=85635) _process_stack /opt/stack/cinder/cinder/api/openstack/wsgi.py:866}}
May 11 13:43:14.023344 dv-cinder-784779-11-smb devstack@c-api.service[85635]: DEBUG cinder.api.api_utils [None req-aed6e12a-3e37-40c2-bfa1-6e310771478f tempest-GroupsTest-323436788 tempest-GroupsTest-323436788-project] Removing options '' from query. {{(pid=85635) remove_invalid_filter_options /opt/stack/cinder/cinder/api/api_utils.py:63}}
May 11 13:43:14.024880 dv-cinder-784779-11-smb devstack@c-api.service[85635]: /usr/local/lib/python3.8/dist-packages/oslo_context/context.py:105: DeprecationWarning: Policy enforcement is depending on the value of is_admin. This key is deprecated. Please update your policy file to use the standard policy values.
May 11 13:43:14.024880 dv-cinder-784779-11-smb devstack@c-api.service[85635]: warnings.warn('Policy enforcement is depending on the value of '
May 11 13:43:14.027113 dv-cinder-784779-11-smb devstack@c-api.service[85635]: DEBUG cinder.volume.api [None req-aed6e12a-3e37-40c2-bfa1-6e310771478f tempest-GroupsTest-323436788 tempest-GroupsTest-323436788-project] Searching by: MultiDict([('no_migration_targets', True)]). {{(pid=85635) get_all /opt/stack/cinder/cinder/volume/api.py:617}}
May 11 13:43:14.035582 dv-cinder-784779-11-smb devstack@c-api.service[85634]: INFO cinder.api.openstack.wsgi [None req-2c2eb8a6-e2a2-4e1c-a749-181db6777ce6 tempest-VolumesListAdminTestJSON-947970626 tempest-VolumesListAdminTestJSON-947970626-project] GET http://10.222.0.30/volume/v3/a8b22a8617614092b1500f79b0cf6e50/volumes/86c5e290-de3d-414a-b1dd-6fbd09cf9c47
May 11 13:43:14.036401 dv-cinder-784779-11-smb devstack@c-api.service[85634]: DEBUG cinder.api.openstack.wsgi [None req-2c2eb8a6-e2a2-4e1c-a749-181db6777ce6 tempest-VolumesListAdminTestJSON-947970626 tempest-VolumesListAdminTestJSON-947970626-project] Empty body provided in request {{(pid=85634) get_body /opt/stack/cinder/cinder/api/openstack/wsgi.py:713}}
May 11 13:43:14.036711 dv-cinder-784779-11-smb devstack@c-api.service[85634]: /usr/local/lib/python3.8/dist-packages/webob/acceptparse.py:1047: DeprecationWarning: The behavior of AcceptValidHeader.best_match is currently being maintained for backward compatibility, but it will be deprecated in the future, as it does not conform to the RFC.
May 11 13:43:14.036711 dv-cinder-784779-11-smb devstack@c-api.service[85634]: warnings.warn(
May 11 13:43:14.037271 dv-cinder-784779-11-smb devstack@c-api.service[85634]: DEBUG cinder.api.openstack.wsgi [None req-2c2eb8a6-e2a2-4e1c-a749-181db6777ce6 tempest-VolumesListAdminTestJSON-947970626 tempest-VolumesListAdminTestJSON-947970626-project] Calling method 'show' {{(pid=85634) _process_stack /opt/stack/cinder/cinder/api/openstack/wsgi.py:866}}
May 11 13:43:14.173777 dv-cinder-784779-11-smb devstack@c-api.service[85634]: /usr/local/lib/python3.8/dist-packages/oslo_context/context.py:105: DeprecationWarning: Policy enforcement is depending on the value of is_admin. This key is deprecated. Please update your policy file to use the standard policy values.
May 11 13:43:14.173777 dv-cinder-784779-11-smb devstack@c-api.service[85634]: warnings.warn('Policy enforcement is depending on the value of '
May 11 13:43:14.195329 dv-cinder-784779-11-smb devstack@c-api.service[85634]: INFO cinder.volume.api [None req-2c2eb8a6-e2a2-4e1c-a749-181db6777ce6 tempest-VolumesListAdminTestJSON-947970626 tempest-VolumesListAdminTestJSON-947970626-project] Volume info retrieved successfully.
May 11 13:43:14.202131 dv-cinder-784779-11-smb devstack@c-api.service[85635]: INFO cinder.volume.api [None req-aed6e12a-3e37-40c2-bfa1-6e310771478f tempest-GroupsTest-323436788 tempest-GroupsTest-323436788-project] Get all volumes completed successfully.
May 11 13:43:14.205210 dv-cinder-784779-11-smb devstack@c-api.service[85635]: WARNING stevedore.named [None req-aed6e12a-3e37-40c2-bfa1-6e310771478f tempest-GroupsTest-323436788 tempest-GroupsTest-323436788-project] Could not load cinder.keymgr.conf_key_mgr.ConfKeyManager
May 11 13:43:14.205885 dv-cinder-784779-11-smb devstack@c-api.service[85635]: WARNING castellan.key_manager [None req-aed6e12a-3e37-40c2-bfa1-6e310771478f tempest-GroupsTest-323436788 tempest-GroupsTest-323436788-project] Deprecation Warning : cinder.keymgr.conf_key_mgr.ConfKeyManager is not a stevedore based driver, trying to load it as a class: stevedore.exception.NoMatches: No 'castellan.drivers' driver found, looking for 'cinder.keymgr.conf_key_mgr.ConfKeyManager'
May 11 13:43:14.223979 dv-cinder-784779-11-smb devstack@c-api.service[85634]: INFO cinder.api.openstack.wsgi [None req-2c2eb8a6-e2a2-4e1c-a749-181db6777ce6 tempest-VolumesListAdminTestJSON-947970626 tempest-VolumesListAdminTestJSON-947970626-project] http://10.222.0.30/volume/v3/a8b22a8617614092b1500f79b0cf6e50/volumes/86c5e290-de3d-414a-b1dd-6fbd09cf9c47 returned with HTTP 200
May 11 13:43:14.229207 dv-cinder-784779-11-smb devstack@c-api.service[85635]: DEBUG oslo_db.sqlalchemy.engines [None req-aed6e12a-3e37-40c2-bfa1-6e310771478f tempest-GroupsTest-323436788 tempest-GroupsTest-323436788-project] MySQL server mode set to STRICT_TRANS_TABLES,STRICT_ALL_TABLES,NO_ZERO_IN_DATE,NO_ZERO_DATE,ERROR_FOR_DIVISION_BY_ZERO,TRADITIONAL,NO_ENGINE_SUBSTITUTION {{(pid=85635) _check_effective_sql_mode /usr/local/lib/python3.8/dist-packages/oslo_db/sqlalchemy/engines.py:314}}
May 11 13:43:14.235679 dv-cinder-784779-11-smb devstack@c-api.service[85634]: [pid: 85634|app: 0|req: 45/95] 10.222.0.30 () {58 vars in 1325 bytes} [Tue May 11 13:43:14 2021] GET /volume/v3/a8b22a8617614092b1500f79b0cf6e50/volumes/86c5e290-de3d-414a-b1dd-6fbd09cf9c47 => generated 916 bytes in 207 msecs (HTTP/1.1 200) 7 headers in 285 bytes (2 switches on core 0)
May 11 13:43:14.240884 dv-cinder-784779-11-smb devstack@c-api.service[85634]: INFO cinder.api.openstack.wsgi [None req-b816254b-cc84-4486-a856-38a4d1972825 tempest-VolumesListAdminTestJSON-947970626 tempest-VolumesListAdminTestJSON-947970626-project] GET http://10.222.0.30/volume/v3/a8b22a8617614092b1500f79b0cf6e50/volumes/86c5e290-de3d-414a-b1dd-6fbd09cf9c47
May 11 13:43:14.241972 dv-cinder-784779-11-smb devstack@c-api.service[85634]: DEBUG cinder.api.openstack.wsgi [None req-b816254b-cc84-4486-a856-38a4d1972825 tempest-VolumesListAdminTestJSON-947970626 tempest-VolumesListAdminTestJSON-947970626-project] Empty body provided in request {{(pid=85634) get_body /opt/stack/cinder/cinder/api/openstack/wsgi.py:713}}
May 11 13:43:14.242224 dv-cinder-784779-11-smb devstack@c-api.service[85634]: /usr/local/lib/python3.8/dist-packages/webob/acceptparse.py:1047: DeprecationWarning: The behavior of AcceptValidHeader.best_match is currently being maintained for backward compatibility, but it will be deprecated in the future, as it does not conform to the RFC.
May 11 13:43:14.242224 dv-cinder-784779-11-smb devstack@c-api.service[85634]: warnings.warn(
May 11 13:43:14.242662 dv-cinder-784779-11-smb devstack@c-api.service[85634]: DEBUG cinder.api.openstack.wsgi [None req-b816254b-cc84-4486-a856-38a4d1972825 tempest-VolumesListAdminTestJSON-947970626 tempest-VolumesListAdminTestJSON-947970626-project] Calling method 'show' {{(pid=85634) _process_stack /opt/stack/cinder/cinder/api/openstack/wsgi.py:866}}
May 11 13:43:14.242908 dv-cinder-784779-11-smb devstack@c-api.service[85635]: /usr/local/lib/python3.8/dist-packages/oslo_context/context.py:105: DeprecationWarning: Policy enforcement is depending on the value of is_admin. This key is deprecated. Please update your policy file to use the standard policy values.
May 11 13:43:14.242908 dv-cinder-784779-11-smb devstack@c-api.service[85635]: warnings.warn('Policy enforcement is depending on the value of '
May 11 13:43:14.288047 dv-cinder-784779-11-smb devstack@c-api.service[85635]: INFO cinder.api.openstack.wsgi [None req-aed6e12a-3e37-40c2-bfa1-6e310771478f tempest-GroupsTest-323436788 tempest-GroupsTest-323436788-project] http://10.222.0.30/volume/v3/02f133d4741b4f6394c8da82fa6c0160/volumes/detail returned with HTTP 200
May 11 13:43:14.290567 dv-cinder-784779-11-smb devstack@c-api.service[85635]: [pid: 85635|app: 0|req: 51/96] 10.222.0.30 () {60 vars in 1276 bytes} [Tue May 11 13:43:14 2021] GET /volume/v3/02f133d4741b4f6394c8da82fa6c0160/volumes/detail => generated 975 bytes in 276 msecs (HTTP/1.1 200) 7 headers in 286 bytes (1 switches on core 0)
May 11 13:43:14.297271 dv-cinder-784779-11-smb devstack@c-api.service[85634]: /usr/local/lib/python3.8/dist-packages/oslo_context/context.py:105: DeprecationWarning: Policy enforcement is depending on the value of is_admin. This key is deprecated. Please update your policy file to use the standard policy values.
May 11 13:43:14.297271 dv-cinder-784779-11-smb devstack@c-api.service[85634]: warnings.warn('Policy enforcement is depending on the value of '
May 11 13:43:14.307855 dv-cinder-784779-11-smb devstack@c-api.service[85634]: INFO cinder.volume.api [None req-b816254b-cc84-4486-a856-38a4d1972825 tempest-VolumesListAdminTestJSON-947970626 tempest-VolumesListAdminTestJSON-947970626-project] Volume info retrieved successfully.
May 11 13:43:14.314855 dv-cinder-784779-11-smb devstack@c-api.service[85635]: INFO cinder.api.openstack.wsgi [None req-95caeb5a-920e-4a90-ae37-271b8c34d6ab tempest-GroupsTest-323436788 tempest-GroupsTest-323436788-project] GET http://10.222.0.30/volume/v3/02f133d4741b4f6394c8da82fa6c0160/volumes/detail
May 11 13:43:14.315971 dv-cinder-784779-11-smb devstack@c-api.service[85635]: DEBUG cinder.api.openstack.wsgi [None req-95caeb5a-920e-4a90-ae37-271b8c34d6ab tempest-GroupsTest-323436788 tempest-GroupsTest-323436788-project] Empty body provided in request {{(pid=85635) get_body /opt/stack/cinder/cinder/api/openstack/wsgi.py:713}}
May 11 13:43:14.316303 dv-cinder-784779-11-smb devstack@c-api.service[85635]: /usr/local/lib/python3.8/dist-packages/webob/acceptparse.py:1047: DeprecationWarning: The behavior of AcceptValidHeader.best_match is currently being maintained for backward compatibility, but it will be deprecated in the future, as it does not conform to the RFC.
May 11 13:43:14.316303 dv-cinder-784779-11-smb devstack@c-api.service[85635]: warnings.warn(
May 11 13:43:14.316947 dv-cinder-784779-11-smb devstack@c-api.service[85635]: DEBUG cinder.api.openstack.wsgi [None req-95caeb5a-920e-4a90-ae37-271b8c34d6ab tempest-GroupsTest-323436788 tempest-GroupsTest-323436788-project] Calling method 'detail' {{(pid=85635) _process_stack /opt/stack/cinder/cinder/api/openstack/wsgi.py:866}}
May 11 13:43:14.317903 dv-cinder-784779-11-smb devstack@c-api.service[85635]: DEBUG cinder.api.api_utils [None req-95caeb5a-920e-4a90-ae37-271b8c34d6ab tempest-GroupsTest-323436788 tempest-GroupsTest-323436788-project] Removing options '' from query. {{(pid=85635) remove_invalid_filter_options /opt/stack/cinder/cinder/api/api_utils.py:63}}
May 11 13:43:14.321357 dv-cinder-784779-11-smb devstack@c-api.service[85635]: DEBUG cinder.volume.api [None req-95caeb5a-920e-4a90-ae37-271b8c34d6ab tempest-GroupsTest-323436788 tempest-GroupsTest-323436788-project] Searching by: MultiDict([('no_migration_targets', True)]). {{(pid=85635) get_all /opt/stack/cinder/cinder/volume/api.py:617}}
May 11 13:43:14.332508 dv-cinder-784779-11-smb devstack@c-api.service[85634]: INFO cinder.api.openstack.wsgi [None req-b816254b-cc84-4486-a856-38a4d1972825 tempest-VolumesListAdminTestJSON-947970626 tempest-VolumesListAdminTestJSON-947970626-project] http://10.222.0.30/volume/v3/a8b22a8617614092b1500f79b0cf6e50/volumes/86c5e290-de3d-414a-b1dd-6fbd09cf9c47 returned with HTTP 200
May 11 13:43:14.343568 dv-cinder-784779-11-smb devstack@c-api.service[85634]: [pid: 85634|app: 0|req: 46/97] 10.222.0.30 () {58 vars in 1325 bytes} [Tue May 11 13:43:14 2021] GET /volume/v3/a8b22a8617614092b1500f79b0cf6e50/volumes/86c5e290-de3d-414a-b1dd-6fbd09cf9c47 => generated 916 bytes in 107 msecs (HTTP/1.1 200) 7 headers in 285 bytes (1 switches on core 0)
May 11 13:43:14.348196 dv-cinder-784779-11-smb devstack@c-api.service[85634]: INFO cinder.api.openstack.wsgi [None req-088085fa-e057-4a92-8bf3-d68cffca37b7 tempest-VolumesListAdminTestJSON-947970626 tempest-VolumesListAdminTestJSON-947970626-project] POST http://10.222.0.30/volume/v3/a8b22a8617614092b1500f79b0cf6e50/volumes
May 11 13:43:14.348658 dv-cinder-784779-11-smb devstack@c-api.service[85634]: /usr/local/lib/python3.8/dist-packages/webob/acceptparse.py:1047: DeprecationWarning: The behavior of AcceptValidHeader.best_match is currently being maintained for backward compatibility, but it will be deprecated in the future, as it does not conform to the RFC.
May 11 13:43:14.348658 dv-cinder-784779-11-smb devstack@c-api.service[85634]: warnings.warn(
May 11 13:43:14.349031 dv-cinder-784779-11-smb devstack@c-api.service[85634]: DEBUG cinder.api.openstack.wsgi [None req-088085fa-e057-4a92-8bf3-d68cffca37b7 tempest-VolumesListAdminTestJSON-947970626 tempest-VolumesListAdminTestJSON-947970626-project] Action: 'create', calling method: create, body: {"volume": {"size": 1, "name": "tempest-VolumesListAdminTestJSON-Volume-1402992442"}} {{(pid=85634) _process_stack /opt/stack/cinder/cinder/api/openstack/wsgi.py:864}}
May 11 13:43:14.350010 dv-cinder-784779-11-smb devstack@c-api.service[85634]: DEBUG cinder.api.v3.volumes [None req-088085fa-e057-4a92-8bf3-d68cffca37b7 tempest-VolumesListAdminTestJSON-947970626 tempest-VolumesListAdminTestJSON-947970626-project] Create volume request body: {'volume': {'size': 1, 'name': 'tempest-VolumesListAdminTestJSON-Volume-1402992442'}} {{(pid=85634) create /opt/stack/cinder/cinder/api/v3/volumes.py:289}}
May 11 13:43:14.350328 dv-cinder-784779-11-smb devstack@c-api.service[85634]: INFO cinder.api.v3.volumes [None req-088085fa-e057-4a92-8bf3-d68cffca37b7 tempest-VolumesListAdminTestJSON-947970626 tempest-VolumesListAdminTestJSON-947970626-project] Create volume of 1 GB
May 11 13:43:14.363746 dv-cinder-784779-11-smb devstack@c-api.service[85634]: INFO cinder.volume.api [None req-088085fa-e057-4a92-8bf3-d68cffca37b7 tempest-VolumesListAdminTestJSON-947970626 tempest-VolumesListAdminTestJSON-947970626-project] Availability Zones retrieved successfully.
May 11 13:43:14.381227 dv-cinder-784779-11-smb devstack@c-api.service[85634]: DEBUG cinder.volume.api [None req-088085fa-e057-4a92-8bf3-d68cffca37b7 tempest-VolumesListAdminTestJSON-947970626 tempest-VolumesListAdminTestJSON-947970626-project] Flow 'volume_create_api' (8006a6e5-be57-4988-820c-12b3bf7c57d4) transitioned into state 'RUNNING' from state 'PENDING' {{(pid=85634) _flow_receiver /usr/local/lib/python3.8/dist-packages/taskflow/listeners/logging.py:141}}
May 11 13:43:14.384240 dv-cinder-784779-11-smb devstack@c-api.service[85634]: DEBUG cinder.volume.api [None req-088085fa-e057-4a92-8bf3-d68cffca37b7 tempest-VolumesListAdminTestJSON-947970626 tempest-VolumesListAdminTestJSON-947970626-project] Task 'cinder.volume.flows.api.create_volume.ExtractVolumeRequestTask;volume:create' (6221a82b-45aa-41ed-99b8-47944c3598c5) transitioned into state 'RUNNING' from state 'PENDING' {{(pid=85634) _task_receiver /usr/local/lib/python3.8/dist-packages/taskflow/listeners/logging.py:190}}
May 11 13:43:14.386607 dv-cinder-784779-11-smb devstack@c-api.service[85634]: DEBUG cinder.volume.flows.api.create_volume [None req-088085fa-e057-4a92-8bf3-d68cffca37b7 tempest-VolumesListAdminTestJSON-947970626 tempest-VolumesListAdminTestJSON-947970626-project] Validating volume size '1' using validate_int {{(pid=85634) _extract_size /opt/stack/cinder/cinder/volume/flows/api/create_volume.py:201}}
May 11 13:43:14.467017 dv-cinder-784779-11-smb devstack@c-api.service[85635]: INFO cinder.volume.api [None req-95caeb5a-920e-4a90-ae37-271b8c34d6ab tempest-GroupsTest-323436788 tempest-GroupsTest-323436788-project] Get all volumes completed successfully.
May 11 13:43:14.470008 dv-cinder-784779-11-smb devstack@c-api.service[85635]: WARNING stevedore.named [None req-95caeb5a-920e-4a90-ae37-271b8c34d6ab tempest-GroupsTest-323436788 tempest-GroupsTest-323436788-project] Could not load cinder.keymgr.conf_key_mgr.ConfKeyManager
May 11 13:43:14.470689 dv-cinder-784779-11-smb devstack@c-api.service[85635]: WARNING castellan.key_manager [None req-95caeb5a-920e-4a90-ae37-271b8c34d6ab tempest-GroupsTest-323436788 tempest-GroupsTest-323436788-project] Deprecation Warning : cinder.keymgr.conf_key_mgr.ConfKeyManager is not a stevedore based driver, trying to load it as a class: stevedore.exception.NoMatches: No 'castellan.drivers' driver found, looking for 'cinder.keymgr.conf_key_mgr.ConfKeyManager'
May 11 13:43:14.485667 dv-cinder-784779-11-smb devstack@c-api.service[85635]: DEBUG oslo_db.sqlalchemy.engines [None req-95caeb5a-920e-4a90-ae37-271b8c34d6ab tempest-GroupsTest-323436788 tempest-GroupsTest-323436788-project] MySQL server mode set to STRICT_TRANS_TABLES,STRICT_ALL_TABLES,NO_ZERO_IN_DATE,NO_ZERO_DATE,ERROR_FOR_DIVISION_BY_ZERO,TRADITIONAL,NO_ENGINE_SUBSTITUTION {{(pid=85635) _check_effective_sql_mode /usr/local/lib/python3.8/dist-packages/oslo_db/sqlalchemy/engines.py:314}}
May 11 13:43:14.504611 dv-cinder-784779-11-smb devstack@c-api.service[85635]: /usr/local/lib/python3.8/dist-packages/oslo_context/context.py:105: DeprecationWarning: Policy enforcement is depending on the value of is_admin. This key is deprecated. Please update your policy file to use the standard policy values.
May 11 13:43:14.504611 dv-cinder-784779-11-smb devstack@c-api.service[85635]: warnings.warn('Policy enforcement is depending on the value of '
May 11 13:43:14.548426 dv-cinder-784779-11-smb devstack@c-api.service[85634]: DEBUG cinder.volume.api [None req-088085fa-e057-4a92-8bf3-d68cffca37b7 tempest-VolumesListAdminTestJSON-947970626 tempest-VolumesListAdminTestJSON-947970626-project] Task 'cinder.volume.flows.api.create_volume.ExtractVolumeRequestTask;volume:create' (6221a82b-45aa-41ed-99b8-47944c3598c5) transitioned into state 'SUCCESS' from state 'RUNNING' with result '{'size': 1, 'snapshot_id': None, 'source_volid': None, 'volume_type': VolumeType(created_at=2021-05-11T13:33:13Z,deleted=False,deleted_at=None,description='Default Volume Type',extra_specs={},id=c61fd8bb-bb5d-4557-aca8-579de2ce20ec,is_public=True,name='__DEFAULT__',projects=[],qos_specs=,qos_specs_id=None,updated_at=2021-05-11T13:33:13Z), 'volume_type_id': 'c61fd8bb-bb5d-4557-aca8-579de2ce20ec', 'encryption_key_id': None, 'qos_specs': None, 'consistencygroup_id': None, 'cgsnapshot_id': None, 'group_id': None, 'replication_status': 'disabled', 'refresh_az': False, 'backup_id': None, 'multiattach': False, 'availability_zones': ['nova']}' {{(pid=85634) _task_receiver /usr/local/lib/python3.8/dist-packages/taskflow/listeners/logging.py:178}}
May 11 13:43:14.551803 dv-cinder-784779-11-smb devstack@c-api.service[85634]: DEBUG cinder.volume.api [None req-088085fa-e057-4a92-8bf3-d68cffca37b7 tempest-VolumesListAdminTestJSON-947970626 tempest-VolumesListAdminTestJSON-947970626-project] Task 'cinder.volume.flows.api.create_volume.QuotaReserveTask;volume:create' (698419ff-29ad-4beb-b648-bf9a58d3e764) transitioned into state 'RUNNING' from state 'PENDING' {{(pid=85634) _task_receiver /usr/local/lib/python3.8/dist-packages/taskflow/listeners/logging.py:190}}
May 11 13:43:14.568380 dv-cinder-784779-11-smb devstack@c-api.service[85635]: INFO cinder.api.openstack.wsgi [None req-95caeb5a-920e-4a90-ae37-271b8c34d6ab tempest-GroupsTest-323436788 tempest-GroupsTest-323436788-project] http://10.222.0.30/volume/v3/02f133d4741b4f6394c8da82fa6c0160/volumes/detail returned with HTTP 200
May 11 13:43:14.585921 dv-cinder-784779-11-smb devstack@c-api.service[85635]: [pid: 85635|app: 0|req: 52/98] 10.222.0.30 () {60 vars in 1276 bytes} [Tue May 11 13:43:14 2021] GET /volume/v3/02f133d4741b4f6394c8da82fa6c0160/volumes/detail => generated 975 bytes in 279 msecs (HTTP/1.1 200) 7 headers in 286 bytes (2 switches on core 0)
May 11 13:43:14.599926 dv-cinder-784779-11-smb devstack@c-api.service[85635]: INFO cinder.api.openstack.wsgi [None req-77444662-d005-4cdc-b7ae-0119c089f8f6 tempest-GroupsTest-323436788 tempest-GroupsTest-323436788-project] POST http://10.222.0.30/volume/v3/02f133d4741b4f6394c8da82fa6c0160/groups/98c12b24-f359-4ae7-a8ab-833a11764b76/action
May 11 13:43:14.600747 dv-cinder-784779-11-smb devstack@c-api.service[85635]: /usr/local/lib/python3.8/dist-packages/webob/acceptparse.py:1047: DeprecationWarning: The behavior of AcceptValidHeader.best_match is currently being maintained for backward compatibility, but it will be deprecated in the future, as it does not conform to the RFC.
May 11 13:43:14.600747 dv-cinder-784779-11-smb devstack@c-api.service[85635]: warnings.warn(
May 11 13:43:14.602584 dv-cinder-784779-11-smb devstack@c-api.service[85635]: DEBUG cinder.api.openstack.wsgi [None req-77444662-d005-4cdc-b7ae-0119c089f8f6 tempest-GroupsTest-323436788 tempest-GroupsTest-323436788-project] Action body: b'{"delete": {"delete-volumes": true}}' {{(pid=85635) get_method /opt/stack/cinder/cinder/api/openstack/wsgi.py:981}}
May 11 13:43:14.603041 dv-cinder-784779-11-smb devstack@c-api.service[85635]: DEBUG cinder.api.openstack.wsgi [None req-77444662-d005-4cdc-b7ae-0119c089f8f6 tempest-GroupsTest-323436788 tempest-GroupsTest-323436788-project] Action: 'action', calling method: version_select, body: {"delete": {"delete-volumes": true}} {{(pid=85635) _process_stack /opt/stack/cinder/cinder/api/openstack/wsgi.py:864}}
May 11 13:43:14.610797 dv-cinder-784779-11-smb devstack@c-api.service[85635]: DEBUG cinder.api.v3.groups [None req-77444662-d005-4cdc-b7ae-0119c089f8f6 tempest-GroupsTest-323436788 tempest-GroupsTest-323436788-project] delete called for group 98c12b24-f359-4ae7-a8ab-833a11764b76 {{(pid=85635) _delete /opt/stack/cinder/cinder/api/v3/groups.py:117}}
May 11 13:43:14.611336 dv-cinder-784779-11-smb devstack@c-api.service[85635]: INFO cinder.api.v3.groups [None req-77444662-d005-4cdc-b7ae-0119c089f8f6 tempest-GroupsTest-323436788 tempest-GroupsTest-323436788-project] Delete group with id: 98c12b24-f359-4ae7-a8ab-833a11764b76
May 11 13:43:14.627798 dv-cinder-784779-11-smb devstack@c-api.service[85635]: /usr/local/lib/python3.8/dist-packages/oslo_context/context.py:105: DeprecationWarning: Policy enforcement is depending on the value of is_admin. This key is deprecated. Please update your policy file to use the standard policy values.
May 11 13:43:14.627798 dv-cinder-784779-11-smb devstack@c-api.service[85635]: warnings.warn('Policy enforcement is depending on the value of '
May 11 13:43:14.645521 dv-cinder-784779-11-smb devstack@c-api.service[85634]: DEBUG cinder.quota [None req-088085fa-e057-4a92-8bf3-d68cffca37b7 tempest-VolumesListAdminTestJSON-947970626 tempest-VolumesListAdminTestJSON-947970626-project] Created reservations ['c250a41c-8692-4cd2-9c91-b2589b481512', '35db2776-113c-4055-befc-7084d67ff991', '1dbf2126-b380-4c0e-b7f1-a5acd5643caf', '8b553c9c-d419-4e4b-bbea-2eb898552957'] {{(pid=85634) reserve /opt/stack/cinder/cinder/quota.py:755}}
May 11 13:43:14.647841 dv-cinder-784779-11-smb devstack@c-api.service[85634]: DEBUG cinder.volume.api [None req-088085fa-e057-4a92-8bf3-d68cffca37b7 tempest-VolumesListAdminTestJSON-947970626 tempest-VolumesListAdminTestJSON-947970626-project] Task 'cinder.volume.flows.api.create_volume.QuotaReserveTask;volume:create' (698419ff-29ad-4beb-b648-bf9a58d3e764) transitioned into state 'SUCCESS' from state 'RUNNING' with result '{'reservations': ['c250a41c-8692-4cd2-9c91-b2589b481512', '35db2776-113c-4055-befc-7084d67ff991', '1dbf2126-b380-4c0e-b7f1-a5acd5643caf', '8b553c9c-d419-4e4b-bbea-2eb898552957']}' {{(pid=85634) _task_receiver /usr/local/lib/python3.8/dist-packages/taskflow/listeners/logging.py:178}}
May 11 13:43:14.649985 dv-cinder-784779-11-smb devstack@c-api.service[85634]: DEBUG cinder.volume.api [None req-088085fa-e057-4a92-8bf3-d68cffca37b7 tempest-VolumesListAdminTestJSON-947970626 tempest-VolumesListAdminTestJSON-947970626-project] Task 'cinder.volume.flows.api.create_volume.EntryCreateTask;volume:create' (76a3c1e8-2922-46d8-874d-4b82977a5c4f) transitioned into state 'RUNNING' from state 'PENDING' {{(pid=85634) _task_receiver /usr/local/lib/python3.8/dist-packages/taskflow/listeners/logging.py:190}}
May 11 13:43:14.872013 dv-cinder-784779-11-smb devstack@c-api.service[85635]: INFO cinder.api.openstack.wsgi [None req-77444662-d005-4cdc-b7ae-0119c089f8f6 tempest-GroupsTest-323436788 tempest-GroupsTest-323436788-project] http://10.222.0.30/volume/v3/02f133d4741b4f6394c8da82fa6c0160/groups/98c12b24-f359-4ae7-a8ab-833a11764b76/action returned with HTTP 202
May 11 13:43:14.873314 dv-cinder-784779-11-smb devstack@c-api.service[85635]: [pid: 85635|app: 0|req: 53/99] 10.222.0.30 () {62 vars in 1405 bytes} [Tue May 11 13:43:14 2021] POST /volume/v3/02f133d4741b4f6394c8da82fa6c0160/groups/98c12b24-f359-4ae7-a8ab-833a11764b76/action => generated 0 bytes in 282 msecs (HTTP/1.1 202) 6 headers in 234 bytes (2 switches on core 0)
May 11 13:43:14.882805 dv-cinder-784779-11-smb devstack@c-api.service[85635]: INFO cinder.api.openstack.wsgi [None req-9a63ff23-be65-4365-9490-79b986cf71ce tempest-GroupsTest-323436788 tempest-GroupsTest-323436788-project] GET http://10.222.0.30/volume/v3/02f133d4741b4f6394c8da82fa6c0160/volumes/477efd62-776e-4939-9ba2-24e1c153517d
May 11 13:43:14.883561 dv-cinder-784779-11-smb devstack@c-api.service[85634]: DEBUG cinder.volume.api [None req-088085fa-e057-4a92-8bf3-d68cffca37b7 tempest-VolumesListAdminTestJSON-947970626 tempest-VolumesListAdminTestJSON-947970626-project] Task 'cinder.volume.flows.api.create_volume.EntryCreateTask;volume:create' (76a3c1e8-2922-46d8-874d-4b82977a5c4f) transitioned into state 'SUCCESS' from state 'RUNNING' with result '{'volume_id': '19b6f08c-048e-44b6-948d-7e459e018d51', 'volume_properties': VolumeProperties(attach_status='detached',availability_zone='nova',cgsnapshot_id=None,consistencygroup_id=None,display_description=None,display_name='tempest-VolumesListAdminTestJSON-Volume-1402992442',encryption_key_id=None,group_id=None,group_type_id=,metadata={},multiattach=False,project_id='a8b22a8617614092b1500f79b0cf6e50',qos_specs=None,replication_status=,reservations=['c250a41c-8692-4cd2-9c91-b2589b481512','35db2776-113c-4055-befc-7084d67ff991','1dbf2126-b380-4c0e-b7f1-a5acd5643caf','8b553c9c-d419-4e4b-bbea-2eb898552957'],size=1,snapshot_id=None,source_replicaid=,source_volid=None,status='creating',user_id='59e48795483241448adbe8c0291b53e9',volume_type_id=c61fd8bb-bb5d-4557-aca8-579de2ce20ec), 'volume': Volume(_name_id=None,admin_metadata=,attach_status='detached',availability_zone='nova',bootable=False,cluster=,cluster_name=None,consistencygroup=,consistencygroup_id=None,created_at=2021-05-11T13:43:14Z,deleted=False,deleted_at=None,display_description=None,display_name='tempest-VolumesListAdminTestJSON-Volume-1402992442',ec2_id=None,encryption_key_id=None,glance_metadata=,group=,group_id=None,host=None,id=19b6f08c-048e-44b6-948d-7e459e018d51,launched_at=None,metadata={},migration_status=None,multiattach=False,previous_status=None,project_id='a8b22a8617614092b1500f79b0cf6e50',provider_auth=None,provider_geometry=None,provider_id=None,provider_location=None,replication_driver_data=None,replication_extended_status=None,replication_status=None,scheduled_at=None,service_uuid=None,shared_targets=True,size=1,snapshot_id=None,snapshots=,source_volid=None,status='creating',terminated_at=None,updated_at=None,user_id='59e48795483241448adbe8c0291b53e9',volume_attachment=,volume_type=VolumeType(c61fd8bb-bb5d-4557-aca8-579de2ce20ec),volume_type_id=c61fd8bb-bb5d-4557-aca8-579de2ce20ec)}' {{(pid=85634) _task_receiver /usr/local/lib/python3.8/dist-packages/taskflow/listeners/logging.py:178}}
May 11 13:43:14.883768 dv-cinder-784779-11-smb devstack@c-api.service[85635]: DEBUG cinder.api.openstack.wsgi [None req-9a63ff23-be65-4365-9490-79b986cf71ce tempest-GroupsTest-323436788 tempest-GroupsTest-323436788-project] Empty body provided in request {{(pid=85635) get_body /opt/stack/cinder/cinder/api/openstack/wsgi.py:713}}
May 11 13:43:14.884000 dv-cinder-784779-11-smb devstack@c-api.service[85635]: /usr/local/lib/python3.8/dist-packages/webob/acceptparse.py:1047: DeprecationWarning: The behavior of AcceptValidHeader.best_match is currently being maintained for backward compatibility, but it will be deprecated in the future, as it does not conform to the RFC.
May 11 13:43:14.884000 dv-cinder-784779-11-smb devstack@c-api.service[85635]: warnings.warn(
May 11 13:43:14.884566 dv-cinder-784779-11-smb devstack@c-api.service[85635]: DEBUG cinder.api.openstack.wsgi [None req-9a63ff23-be65-4365-9490-79b986cf71ce tempest-GroupsTest-323436788 tempest-GroupsTest-323436788-project] Calling method 'show' {{(pid=85635) _process_stack /opt/stack/cinder/cinder/api/openstack/wsgi.py:866}}
May 11 13:43:14.885829 dv-cinder-784779-11-smb devstack@c-api.service[85634]: DEBUG cinder.volume.api [None req-088085fa-e057-4a92-8bf3-d68cffca37b7 tempest-VolumesListAdminTestJSON-947970626 tempest-VolumesListAdminTestJSON-947970626-project] Task 'cinder.volume.flows.api.create_volume.QuotaCommitTask;volume:create' (81ffcf52-9f6e-493a-a888-40e9c896c231) transitioned into state 'RUNNING' from state 'PENDING' {{(pid=85634) _task_receiver /usr/local/lib/python3.8/dist-packages/taskflow/listeners/logging.py:190}}
May 11 13:43:14.952657 dv-cinder-784779-11-smb devstack@c-api.service[85634]: DEBUG cinder.volume.api [None req-088085fa-e057-4a92-8bf3-d68cffca37b7 tempest-VolumesListAdminTestJSON-947970626 tempest-VolumesListAdminTestJSON-947970626-project] Task 'cinder.volume.flows.api.create_volume.QuotaCommitTask;volume:create' (81ffcf52-9f6e-493a-a888-40e9c896c231) transitioned into state 'SUCCESS' from state 'RUNNING' with result '{'volume_properties': VolumeProperties(attach_status='detached',availability_zone='nova',cgsnapshot_id=None,consistencygroup_id=None,display_description=None,display_name='tempest-VolumesListAdminTestJSON-Volume-1402992442',encryption_key_id=None,group_id=None,group_type_id=,metadata={},multiattach=False,project_id='a8b22a8617614092b1500f79b0cf6e50',qos_specs=None,replication_status=,reservations=['c250a41c-8692-4cd2-9c91-b2589b481512','35db2776-113c-4055-befc-7084d67ff991','1dbf2126-b380-4c0e-b7f1-a5acd5643caf','8b553c9c-d419-4e4b-bbea-2eb898552957'],size=1,snapshot_id=None,source_replicaid=,source_volid=None,status='creating',user_id='59e48795483241448adbe8c0291b53e9',volume_type_id=c61fd8bb-bb5d-4557-aca8-579de2ce20ec)}' {{(pid=85634) _task_receiver /usr/local/lib/python3.8/dist-packages/taskflow/listeners/logging.py:178}}
May 11 13:43:14.954846 dv-cinder-784779-11-smb devstack@c-api.service[85634]: DEBUG cinder.volume.api [None req-088085fa-e057-4a92-8bf3-d68cffca37b7 tempest-VolumesListAdminTestJSON-947970626 tempest-VolumesListAdminTestJSON-947970626-project] Task 'cinder.volume.flows.api.create_volume.VolumeCastTask;volume:create' (08f13b4b-5e6c-4455-89a9-8598e0a7c25c) transitioned into state 'RUNNING' from state 'PENDING' {{(pid=85634) _task_receiver /usr/local/lib/python3.8/dist-packages/taskflow/listeners/logging.py:190}}
May 11 13:43:14.988327 dv-cinder-784779-11-smb devstack@c-api.service[85634]: DEBUG cinder.volume.api [None req-088085fa-e057-4a92-8bf3-d68cffca37b7 tempest-VolumesListAdminTestJSON-947970626 tempest-VolumesListAdminTestJSON-947970626-project] Task 'cinder.volume.flows.api.create_volume.VolumeCastTask;volume:create' (08f13b4b-5e6c-4455-89a9-8598e0a7c25c) transitioned into state 'SUCCESS' from state 'RUNNING' with result 'None' {{(pid=85634) _task_receiver /usr/local/lib/python3.8/dist-packages/taskflow/listeners/logging.py:178}}
May 11 13:43:14.990971 dv-cinder-784779-11-smb devstack@c-api.service[85634]: DEBUG cinder.volume.api [None req-088085fa-e057-4a92-8bf3-d68cffca37b7 tempest-VolumesListAdminTestJSON-947970626 tempest-VolumesListAdminTestJSON-947970626-project] Flow 'volume_create_api' (8006a6e5-be57-4988-820c-12b3bf7c57d4) transitioned into state 'SUCCESS' from state 'RUNNING' {{(pid=85634) _flow_receiver /usr/local/lib/python3.8/dist-packages/taskflow/listeners/logging.py:141}}
May 11 13:43:14.993067 dv-cinder-784779-11-smb devstack@c-api.service[85634]: INFO cinder.volume.api [None req-088085fa-e057-4a92-8bf3-d68cffca37b7 tempest-VolumesListAdminTestJSON-947970626 tempest-VolumesListAdminTestJSON-947970626-project] Create volume request issued successfully.
May 11 13:43:15.047229 dv-cinder-784779-11-smb devstack@c-api.service[85634]: INFO cinder.api.openstack.wsgi [None req-088085fa-e057-4a92-8bf3-d68cffca37b7 tempest-VolumesListAdminTestJSON-947970626 tempest-VolumesListAdminTestJSON-947970626-project] http://10.222.0.30/volume/v3/a8b22a8617614092b1500f79b0cf6e50/volumes returned with HTTP 202
May 11 13:43:15.063807 dv-cinder-784779-11-smb devstack@c-api.service[85634]: [pid: 85634|app: 0|req: 47/100] 10.222.0.30 () {60 vars in 1235 bytes} [Tue May 11 13:43:14 2021] POST /volume/v3/a8b22a8617614092b1500f79b0cf6e50/volumes => generated 824 bytes in 718 msecs (HTTP/1.1 202) 7 headers in 291 bytes (2 switches on core 0)
May 11 13:43:15.083840 dv-cinder-784779-11-smb devstack@c-api.service[85634]: INFO cinder.api.openstack.wsgi [None req-cb41b65b-d2c6-438f-aa4c-b8ce4bb830a6 tempest-VolumesListAdminTestJSON-947970626 tempest-VolumesListAdminTestJSON-947970626-project] GET http://10.222.0.30/volume/v3/a8b22a8617614092b1500f79b0cf6e50/volumes/19b6f08c-048e-44b6-948d-7e459e018d51
May 11 13:43:15.084416 dv-cinder-784779-11-smb devstack@c-api.service[85634]: DEBUG cinder.api.openstack.wsgi [None req-cb41b65b-d2c6-438f-aa4c-b8ce4bb830a6 tempest-VolumesListAdminTestJSON-947970626 tempest-VolumesListAdminTestJSON-947970626-project] Empty body provided in request {{(pid=85634) get_body /opt/stack/cinder/cinder/api/openstack/wsgi.py:713}}
May 11 13:43:15.085536 dv-cinder-784779-11-smb devstack@c-api.service[85634]: /usr/local/lib/python3.8/dist-packages/webob/acceptparse.py:1047: DeprecationWarning: The behavior of AcceptValidHeader.best_match is currently being maintained for backward compatibility, but it will be deprecated in the future, as it does not conform to the RFC.
May 11 13:43:15.085536 dv-cinder-784779-11-smb devstack@c-api.service[85634]: warnings.warn(
May 11 13:43:15.086008 dv-cinder-784779-11-smb devstack@c-api.service[85634]: DEBUG cinder.api.openstack.wsgi [None req-cb41b65b-d2c6-438f-aa4c-b8ce4bb830a6 tempest-VolumesListAdminTestJSON-947970626 tempest-VolumesListAdminTestJSON-947970626-project] Calling method 'show' {{(pid=85634) _process_stack /opt/stack/cinder/cinder/api/openstack/wsgi.py:866}}
May 11 13:43:15.271984 dv-cinder-784779-11-smb devstack@c-api.service[85635]: /usr/local/lib/python3.8/dist-packages/oslo_context/context.py:105: DeprecationWarning: Policy enforcement is depending on the value of is_admin. This key is deprecated. Please update your policy file to use the standard policy values.
May 11 13:43:15.271984 dv-cinder-784779-11-smb devstack@c-api.service[85635]: warnings.warn('Policy enforcement is depending on the value of '
May 11 13:43:15.280120 dv-cinder-784779-11-smb devstack@c-api.service[85634]: /usr/local/lib/python3.8/dist-packages/oslo_context/context.py:105: DeprecationWarning: Policy enforcement is depending on the value of is_admin. This key is deprecated. Please update your policy file to use the standard policy values.
May 11 13:43:15.280120 dv-cinder-784779-11-smb devstack@c-api.service[85634]: warnings.warn('Policy enforcement is depending on the value of '
May 11 13:43:15.285332 dv-cinder-784779-11-smb devstack@c-api.service[85635]: INFO cinder.api.openstack.wsgi [None req-9a63ff23-be65-4365-9490-79b986cf71ce tempest-GroupsTest-323436788 tempest-GroupsTest-323436788-project] http://10.222.0.30/volume/v3/02f133d4741b4f6394c8da82fa6c0160/volumes/477efd62-776e-4939-9ba2-24e1c153517d returned with HTTP 404
May 11 13:43:15.287311 dv-cinder-784779-11-smb devstack@c-api.service[85635]: [pid: 85635|app: 0|req: 54/101] 10.222.0.30 () {60 vars in 1366 bytes} [Tue May 11 13:43:14 2021] GET /volume/v3/02f133d4741b4f6394c8da82fa6c0160/volumes/477efd62-776e-4939-9ba2-24e1c153517d => generated 109 bytes in 408 msecs (HTTP/1.1 404) 7 headers in 293 bytes (1 switches on core 0)
May 11 13:43:15.305116 dv-cinder-784779-11-smb devstack@c-api.service[85635]: INFO cinder.api.openstack.wsgi [None req-d9775827-01f0-4c37-bc61-8290ef3aac17 tempest-GroupsTest-323436788 tempest-GroupsTest-323436788-project] GET http://10.222.0.30/volume/v3/02f133d4741b4f6394c8da82fa6c0160/groups/98c12b24-f359-4ae7-a8ab-833a11764b76
May 11 13:43:15.307682 dv-cinder-784779-11-smb devstack@c-api.service[85635]: DEBUG cinder.api.openstack.wsgi [None req-d9775827-01f0-4c37-bc61-8290ef3aac17 tempest-GroupsTest-323436788 tempest-GroupsTest-323436788-project] Empty body provided in request {{(pid=85635) get_body /opt/stack/cinder/cinder/api/openstack/wsgi.py:713}}
May 11 13:43:15.310004 dv-cinder-784779-11-smb devstack@c-api.service[85635]: /usr/local/lib/python3.8/dist-packages/webob/acceptparse.py:1047: DeprecationWarning: The behavior of AcceptValidHeader.best_match is currently being maintained for backward compatibility, but it will be deprecated in the future, as it does not conform to the RFC.
May 11 13:43:15.310004 dv-cinder-784779-11-smb devstack@c-api.service[85635]: warnings.warn(
May 11 13:43:15.310610 dv-cinder-784779-11-smb devstack@c-api.service[85635]: DEBUG cinder.api.openstack.wsgi [None req-d9775827-01f0-4c37-bc61-8290ef3aac17 tempest-GroupsTest-323436788 tempest-GroupsTest-323436788-project] Calling method 'version_select' {{(pid=85635) _process_stack /opt/stack/cinder/cinder/api/openstack/wsgi.py:866}}
May 11 13:43:15.311155 dv-cinder-784779-11-smb devstack@c-api.service[85635]: DEBUG cinder.api.v3.groups [None req-d9775827-01f0-4c37-bc61-8290ef3aac17 tempest-GroupsTest-323436788 tempest-GroupsTest-323436788-project] show called for member 98c12b24-f359-4ae7-a8ab-833a11764b76 {{(pid=85635) show /opt/stack/cinder/cinder/api/v3/groups.py:58}}
May 11 13:43:15.316369 dv-cinder-784779-11-smb devstack@c-api.service[85634]: INFO cinder.volume.api [None req-cb41b65b-d2c6-438f-aa4c-b8ce4bb830a6 tempest-VolumesListAdminTestJSON-947970626 tempest-VolumesListAdminTestJSON-947970626-project] Volume info retrieved successfully.
May 11 13:43:15.332336 dv-cinder-784779-11-smb devstack@c-api.service[85635]: INFO cinder.api.openstack.wsgi [None req-d9775827-01f0-4c37-bc61-8290ef3aac17 tempest-GroupsTest-323436788 tempest-GroupsTest-323436788-project] http://10.222.0.30/volume/v3/02f133d4741b4f6394c8da82fa6c0160/groups/98c12b24-f359-4ae7-a8ab-833a11764b76 returned with HTTP 404
May 11 13:43:15.333922 dv-cinder-784779-11-smb devstack@c-api.service[85635]: [pid: 85635|app: 0|req: 55/102] 10.222.0.30 () {60 vars in 1363 bytes} [Tue May 11 13:43:15 2021] GET /volume/v3/02f133d4741b4f6394c8da82fa6c0160/groups/98c12b24-f359-4ae7-a8ab-833a11764b76 => generated 108 bytes in 42 msecs (HTTP/1.1 404) 7 headers in 293 bytes (2 switches on core 0)
May 11 13:43:15.351466 dv-cinder-784779-11-smb devstack@c-api.service[85635]: INFO cinder.api.openstack.wsgi [None req-3823a399-f2ad-4f00-8806-3ba2e28fb1e0 tempest-GroupsTest-323436788 tempest-GroupsTest-323436788-project] POST http://10.222.0.30/volume/v3/02f133d4741b4f6394c8da82fa6c0160/groups/b5369204-3d06-40bd-ae0e-c936644178fb/action
May 11 13:43:15.355473 dv-cinder-784779-11-smb devstack@c-api.service[85635]: DEBUG cinder.api.openstack.wsgi [None req-3823a399-f2ad-4f00-8806-3ba2e28fb1e0 tempest-GroupsTest-323436788 tempest-GroupsTest-323436788-project] Action body: b'{"delete": {"delete-volumes": false}}' {{(pid=85635) get_method /opt/stack/cinder/cinder/api/openstack/wsgi.py:981}}
May 11 13:43:15.356434 dv-cinder-784779-11-smb devstack@c-api.service[85635]: DEBUG cinder.api.openstack.wsgi [None req-3823a399-f2ad-4f00-8806-3ba2e28fb1e0 tempest-GroupsTest-323436788 tempest-GroupsTest-323436788-project] Action: 'action', calling method: delete_group, body: {"delete": {"delete-volumes": false}} {{(pid=85635) _process_stack /opt/stack/cinder/cinder/api/openstack/wsgi.py:864}}
May 11 13:43:15.358918 dv-cinder-784779-11-smb devstack@c-api.service[85635]: DEBUG cinder.api.v3.groups [None req-3823a399-f2ad-4f00-8806-3ba2e28fb1e0 tempest-GroupsTest-323436788 tempest-GroupsTest-323436788-project] delete called for group b5369204-3d06-40bd-ae0e-c936644178fb {{(pid=85635) _delete /opt/stack/cinder/cinder/api/v3/groups.py:117}}
May 11 13:43:15.359298 dv-cinder-784779-11-smb devstack@c-api.service[85635]: INFO cinder.api.v3.groups [None req-3823a399-f2ad-4f00-8806-3ba2e28fb1e0 tempest-GroupsTest-323436788 tempest-GroupsTest-323436788-project] Delete group with id: b5369204-3d06-40bd-ae0e-c936644178fb
May 11 13:43:15.368931 dv-cinder-784779-11-smb devstack@c-api.service[85635]: /usr/local/lib/python3.8/dist-packages/oslo_context/context.py:105: DeprecationWarning: Policy enforcement is depending on the value of is_admin. This key is deprecated. Please update your policy file to use the standard policy values.
May 11 13:43:15.368931 dv-cinder-784779-11-smb devstack@c-api.service[85635]: warnings.warn('Policy enforcement is depending on the value of '
May 11 13:43:15.437932 dv-cinder-784779-11-smb devstack@c-api.service[85634]: INFO cinder.api.openstack.wsgi [None req-cb41b65b-d2c6-438f-aa4c-b8ce4bb830a6 tempest-VolumesListAdminTestJSON-947970626 tempest-VolumesListAdminTestJSON-947970626-project] http://10.222.0.30/volume/v3/a8b22a8617614092b1500f79b0cf6e50/volumes/19b6f08c-048e-44b6-948d-7e459e018d51 returned with HTTP 200
May 11 13:43:15.462060 dv-cinder-784779-11-smb devstack@c-api.service[85634]: [pid: 85634|app: 0|req: 48/103] 10.222.0.30 () {58 vars in 1325 bytes} [Tue May 11 13:43:15 2021] GET /volume/v3/a8b22a8617614092b1500f79b0cf6e50/volumes/19b6f08c-048e-44b6-948d-7e459e018d51 => generated 892 bytes in 388 msecs (HTTP/1.1 200) 7 headers in 285 bytes (2 switches on core 0)
May 11 13:43:15.467870 dv-cinder-784779-11-smb devstack@c-api.service[85635]: INFO cinder.api.openstack.wsgi [None req-3823a399-f2ad-4f00-8806-3ba2e28fb1e0 tempest-GroupsTest-323436788 tempest-GroupsTest-323436788-project] http://10.222.0.30/volume/v3/02f133d4741b4f6394c8da82fa6c0160/groups/b5369204-3d06-40bd-ae0e-c936644178fb/action returned with HTTP 202
May 11 13:43:15.469599 dv-cinder-784779-11-smb devstack@c-api.service[85635]: [pid: 85635|app: 0|req: 56/104] 10.222.0.30 () {62 vars in 1405 bytes} [Tue May 11 13:43:15 2021] POST /volume/v3/02f133d4741b4f6394c8da82fa6c0160/groups/b5369204-3d06-40bd-ae0e-c936644178fb/action => generated 0 bytes in 129 msecs (HTTP/1.1 202) 6 headers in 234 bytes (2 switches on core 0)
May 11 13:43:15.480678 dv-cinder-784779-11-smb devstack@c-api.service[85634]: INFO cinder.api.openstack.wsgi [None req-039d6e0d-bb11-4fb3-8804-a95fe267b6d7 tempest-GroupsTest-323436788 tempest-GroupsTest-323436788-project] GET http://10.222.0.30/volume/v3/02f133d4741b4f6394c8da82fa6c0160/groups/b5369204-3d06-40bd-ae0e-c936644178fb
May 11 13:43:15.481159 dv-cinder-784779-11-smb devstack@c-api.service[85634]: DEBUG cinder.api.openstack.wsgi [None req-039d6e0d-bb11-4fb3-8804-a95fe267b6d7 tempest-GroupsTest-323436788 tempest-GroupsTest-323436788-project] Empty body provided in request {{(pid=85634) get_body /opt/stack/cinder/cinder/api/openstack/wsgi.py:713}}
May 11 13:43:15.481428 dv-cinder-784779-11-smb devstack@c-api.service[85634]: /usr/local/lib/python3.8/dist-packages/webob/acceptparse.py:1047: DeprecationWarning: The behavior of AcceptValidHeader.best_match is currently being maintained for backward compatibility, but it will be deprecated in the future, as it does not conform to the RFC.
May 11 13:43:15.481428 dv-cinder-784779-11-smb devstack@c-api.service[85634]: warnings.warn(
May 11 13:43:15.481944 dv-cinder-784779-11-smb devstack@c-api.service[85634]: DEBUG cinder.api.openstack.wsgi [None req-039d6e0d-bb11-4fb3-8804-a95fe267b6d7 tempest-GroupsTest-323436788 tempest-GroupsTest-323436788-project] Calling method 'version_select' {{(pid=85634) _process_stack /opt/stack/cinder/cinder/api/openstack/wsgi.py:866}}
May 11 13:43:15.482503 dv-cinder-784779-11-smb devstack@c-api.service[85634]: DEBUG cinder.api.v3.groups [None req-039d6e0d-bb11-4fb3-8804-a95fe267b6d7 tempest-GroupsTest-323436788 tempest-GroupsTest-323436788-project] show called for member b5369204-3d06-40bd-ae0e-c936644178fb {{(pid=85634) show /opt/stack/cinder/cinder/api/v3/groups.py:58}}
May 11 13:43:15.511476 dv-cinder-784779-11-smb devstack@c-api.service[85634]: /usr/local/lib/python3.8/dist-packages/oslo_context/context.py:105: DeprecationWarning: Policy enforcement is depending on the value of is_admin. This key is deprecated. Please update your policy file to use the standard policy values.
May 11 13:43:15.511476 dv-cinder-784779-11-smb devstack@c-api.service[85634]: warnings.warn('Policy enforcement is depending on the value of '
May 11 13:43:15.603283 dv-cinder-784779-11-smb devstack@c-api.service[85634]: INFO cinder.api.openstack.wsgi [None req-039d6e0d-bb11-4fb3-8804-a95fe267b6d7 tempest-GroupsTest-323436788 tempest-GroupsTest-323436788-project] http://10.222.0.30/volume/v3/02f133d4741b4f6394c8da82fa6c0160/groups/b5369204-3d06-40bd-ae0e-c936644178fb returned with HTTP 200
