May 11 13:43:53.638554 dv-cinder-784779-11-smb devstack@c-api.service[85635]: INFO cinder.api.openstack.wsgi [None req-c26486b4-8cf6-4d90-9274-b9d5b8b5e4a1 tempest-VolumeTypesTest-729040245 tempest-VolumeTypesTest-729040245-project-admin] http://10.222.0.30/volume/v3/866a395bcef94680a4b2f875b68f4fa9/types returned with HTTP 200
May 11 13:43:53.639537 dv-cinder-784779-11-smb devstack@c-api.service[85635]: [pid: 85635|app: 0|req: 160/309] 10.222.0.30 () {60 vars in 1230 bytes} [Tue May 11 13:43:53 2021] POST /volume/v3/866a395bcef94680a4b2f875b68f4fa9/types => generated 316 bytes in 55 msecs (HTTP/1.1 200) 7 headers in 285 bytes (1 switches on core 0)
May 11 13:43:53.643297 dv-cinder-784779-11-smb devstack@c-api.service[85635]: INFO cinder.api.openstack.wsgi [None req-4212650a-2bc5-4004-9f30-bf0fe5e57ec5 tempest-QosSpecsTestJSON-820491995 tempest-QosSpecsTestJSON-820491995-project-admin] POST http://10.222.0.30/volume/v3/32b40301a5ce4019952014c92f32a28c/types
May 11 13:43:53.643991 dv-cinder-784779-11-smb devstack@c-api.service[85635]: DEBUG cinder.api.openstack.wsgi [None req-4212650a-2bc5-4004-9f30-bf0fe5e57ec5 tempest-QosSpecsTestJSON-820491995 tempest-QosSpecsTestJSON-820491995-project-admin] Action: 'create', calling method: _create, body: {"volume_type": {"name": "tempest-QosSpecsTestJSON-volume-type-471473396"}} {{(pid=85635) _process_stack /opt/stack/cinder/cinder/api/openstack/wsgi.py:864}}
May 11 13:43:53.666119 dv-cinder-784779-11-smb devstack@c-api.service[85634]: INFO cinder.api.openstack.wsgi [None req-080366e1-a837-431b-9c6a-68b773497429 tempest-GroupSnapshotsTest-99339334 tempest-GroupSnapshotsTest-99339334-project] http://10.222.0.30/volume/v3/9530911e846d4cb7baf945a562221da2/volumes/4beed65c-b553-422c-b419-dc4e80c64297 returned with HTTP 200
May 11 13:43:53.672519 dv-cinder-784779-11-smb devstack@c-api.service[85634]: [pid: 85634|app: 0|req: 150/310] 10.222.0.30 () {60 vars in 1366 bytes} [Tue May 11 13:43:53 2021] GET /volume/v3/9530911e846d4cb7baf945a562221da2/volumes/4beed65c-b553-422c-b419-dc4e80c64297 => generated 1000 bytes in 204 msecs (HTTP/1.1 200) 7 headers in 287 bytes (1 switches on core 0)
May 11 13:43:53.675785 dv-cinder-784779-11-smb devstack@c-api.service[85634]: INFO cinder.api.openstack.wsgi [None req-0af893a6-073f-485e-affd-269be49b6c83 tempest-VolumeTypesTest-729040245 tempest-VolumeTypesTest-729040245-project-admin] GET http://10.222.0.30/volume/v3/866a395bcef94680a4b2f875b68f4fa9/types/c73f7f24-be1f-4abd-8b3f-5727503e5628
May 11 13:43:53.676663 dv-cinder-784779-11-smb devstack@c-api.service[85634]: DEBUG cinder.api.openstack.wsgi [None req-0af893a6-073f-485e-affd-269be49b6c83 tempest-VolumeTypesTest-729040245 tempest-VolumeTypesTest-729040245-project-admin] Empty body provided in request {{(pid=85634) get_body /opt/stack/cinder/cinder/api/openstack/wsgi.py:713}}
May 11 13:43:53.677075 dv-cinder-784779-11-smb devstack@c-api.service[85634]: /usr/local/lib/python3.8/dist-packages/webob/acceptparse.py:1047: DeprecationWarning: The behavior of AcceptValidHeader.best_match is currently being maintained for backward compatibility, but it will be deprecated in the future, as it does not conform to the RFC.
May 11 13:43:53.677075 dv-cinder-784779-11-smb devstack@c-api.service[85634]: warnings.warn(
May 11 13:43:53.677924 dv-cinder-784779-11-smb devstack@c-api.service[85634]: DEBUG cinder.api.openstack.wsgi [None req-0af893a6-073f-485e-affd-269be49b6c83 tempest-VolumeTypesTest-729040245 tempest-VolumeTypesTest-729040245-project-admin] Calling method 'show' {{(pid=85634) _process_stack /opt/stack/cinder/cinder/api/openstack/wsgi.py:866}}
May 11 13:43:53.700906 dv-cinder-784779-11-smb devstack@c-api.service[85635]: INFO cinder.api.openstack.wsgi [None req-4212650a-2bc5-4004-9f30-bf0fe5e57ec5 tempest-QosSpecsTestJSON-820491995 tempest-QosSpecsTestJSON-820491995-project-admin] http://10.222.0.30/volume/v3/32b40301a5ce4019952014c92f32a28c/types returned with HTTP 200
May 11 13:43:53.701884 dv-cinder-784779-11-smb devstack@c-api.service[85635]: [pid: 85635|app: 0|req: 161/311] 10.222.0.30 () {60 vars in 1229 bytes} [Tue May 11 13:43:53 2021] POST /volume/v3/32b40301a5ce4019952014c92f32a28c/types => generated 221 bytes in 62 msecs (HTTP/1.1 200) 7 headers in 285 bytes (1 switches on core 0)
May 11 13:43:53.709045 dv-cinder-784779-11-smb devstack@c-api.service[85634]: INFO cinder.api.openstack.wsgi [None req-0af893a6-073f-485e-affd-269be49b6c83 tempest-VolumeTypesTest-729040245 tempest-VolumeTypesTest-729040245-project-admin] http://10.222.0.30/volume/v3/866a395bcef94680a4b2f875b68f4fa9/types/c73f7f24-be1f-4abd-8b3f-5727503e5628 returned with HTTP 200
May 11 13:43:53.712916 dv-cinder-784779-11-smb devstack@c-api.service[85634]: [pid: 85634|app: 0|req: 151/312] 10.222.0.30 () {58 vars in 1319 bytes} [Tue May 11 13:43:53 2021] GET /volume/v3/866a395bcef94680a4b2f875b68f4fa9/types/c73f7f24-be1f-4abd-8b3f-5727503e5628 => generated 338 bytes in 43 msecs (HTTP/1.1 200) 7 headers in 285 bytes (1 switches on core 0)
May 11 13:43:53.714409 dv-cinder-784779-11-smb devstack@c-api.service[85635]: INFO cinder.api.openstack.wsgi [None req-50b44eaf-0ba8-4e8d-b6e3-9fd009dcb82c tempest-QosSpecsTestJSON-820491995 tempest-QosSpecsTestJSON-820491995-project-admin] POST http://10.222.0.30/volume/v3/32b40301a5ce4019952014c92f32a28c/types
May 11 13:43:53.715262 dv-cinder-784779-11-smb devstack@c-api.service[85635]: DEBUG cinder.api.openstack.wsgi [None req-50b44eaf-0ba8-4e8d-b6e3-9fd009dcb82c tempest-QosSpecsTestJSON-820491995 tempest-QosSpecsTestJSON-820491995-project-admin] Action: 'create', calling method: _create, body: {"volume_type": {"name": "tempest-QosSpecsTestJSON-volume-type-1776495068"}} {{(pid=85635) _process_stack /opt/stack/cinder/cinder/api/openstack/wsgi.py:864}}
May 11 13:43:53.727961 dv-cinder-784779-11-smb devstack@c-api.service[85634]: INFO cinder.api.openstack.wsgi [None req-f25d582d-e107-40b9-a14e-88add35ed537 tempest-VolumeTypesTest-729040245 tempest-VolumeTypesTest-729040245-project-admin] POST http://10.222.0.30/volume/v3/866a395bcef94680a4b2f875b68f4fa9/types
May 11 13:43:53.732947 dv-cinder-784779-11-smb devstack@c-api.service[85634]: DEBUG cinder.api.openstack.wsgi [None req-f25d582d-e107-40b9-a14e-88add35ed537 tempest-VolumeTypesTest-729040245 tempest-VolumeTypesTest-729040245-project-admin] Action: 'create', calling method: _create, body: {"volume_type": {"name": "tempest-VolumeTypesTest-volume-type-278762547"}} {{(pid=85634) _process_stack /opt/stack/cinder/cinder/api/openstack/wsgi.py:864}}
May 11 13:43:53.762923 dv-cinder-784779-11-smb devstack@c-api.service[85635]: INFO cinder.api.openstack.wsgi [None req-50b44eaf-0ba8-4e8d-b6e3-9fd009dcb82c tempest-QosSpecsTestJSON-820491995 tempest-QosSpecsTestJSON-820491995-project-admin] http://10.222.0.30/volume/v3/32b40301a5ce4019952014c92f32a28c/types returned with HTTP 200
May 11 13:43:53.763870 dv-cinder-784779-11-smb devstack@c-api.service[85635]: [pid: 85635|app: 0|req: 162/313] 10.222.0.30 () {60 vars in 1229 bytes} [Tue May 11 13:43:53 2021] POST /volume/v3/32b40301a5ce4019952014c92f32a28c/types => generated 222 bytes in 53 msecs (HTTP/1.1 200) 7 headers in 285 bytes (2 switches on core 0)
May 11 13:43:53.788080 dv-cinder-784779-11-smb devstack@c-api.service[85635]: INFO cinder.api.openstack.wsgi [None req-225667a5-f887-4715-88a0-ff52d6e084f1 tempest-QosSpecsTestJSON-820491995 tempest-QosSpecsTestJSON-820491995-project-admin] GET http://10.222.0.30/volume/v3/32b40301a5ce4019952014c92f32a28c/qos-specs/76ad52fa-a934-4194-8a70-4785735e760e/associate?vol_type_id=b17b6747-5506-4f6c-b38b-487aba66fce2
May 11 13:43:53.789045 dv-cinder-784779-11-smb devstack@c-api.service[85635]: DEBUG cinder.api.openstack.wsgi [None req-225667a5-f887-4715-88a0-ff52d6e084f1 tempest-QosSpecsTestJSON-820491995 tempest-QosSpecsTestJSON-820491995-project-admin] Empty body provided in request {{(pid=85635) get_body /opt/stack/cinder/cinder/api/openstack/wsgi.py:713}}
May 11 13:43:53.790168 dv-cinder-784779-11-smb devstack@c-api.service[85635]: DEBUG cinder.api.openstack.wsgi [None req-225667a5-f887-4715-88a0-ff52d6e084f1 tempest-QosSpecsTestJSON-820491995 tempest-QosSpecsTestJSON-820491995-project-admin] Calling method 'associate' {{(pid=85635) _process_stack /opt/stack/cinder/cinder/api/openstack/wsgi.py:866}}
May 11 13:43:53.793137 dv-cinder-784779-11-smb devstack@c-api.service[85635]: DEBUG cinder.api.contrib.qos_specs_manage [None req-225667a5-f887-4715-88a0-ff52d6e084f1 tempest-QosSpecsTestJSON-820491995 tempest-QosSpecsTestJSON-820491995-project-admin] Associate qos_spec: 76ad52fa-a934-4194-8a70-4785735e760e with type: b17b6747-5506-4f6c-b38b-487aba66fce2 {{(pid=85635) associate /opt/stack/cinder/cinder/api/contrib/qos_specs_manage.py:275}}
May 11 13:43:53.806140 dv-cinder-784779-11-smb devstack@c-api.service[85634]: INFO cinder.api.openstack.wsgi [None req-f25d582d-e107-40b9-a14e-88add35ed537 tempest-VolumeTypesTest-729040245 tempest-VolumeTypesTest-729040245-project-admin] http://10.222.0.30/volume/v3/866a395bcef94680a4b2f875b68f4fa9/types returned with HTTP 200
May 11 13:43:53.807086 dv-cinder-784779-11-smb devstack@c-api.service[85634]: [pid: 85634|app: 0|req: 152/314] 10.222.0.30 () {60 vars in 1229 bytes} [Tue May 11 13:43:53 2021] POST /volume/v3/866a395bcef94680a4b2f875b68f4fa9/types => generated 220 bytes in 85 msecs (HTTP/1.1 200) 7 headers in 285 bytes (2 switches on core 0)
May 11 13:43:53.828801 dv-cinder-784779-11-smb devstack@c-api.service[85634]: INFO cinder.api.openstack.wsgi [None req-d107b262-fcb8-482b-b009-271f9c23d665 tempest-VolumeTypesTest-729040245 tempest-VolumeTypesTest-729040245-project-admin] POST http://10.222.0.30/volume/v3/866a395bcef94680a4b2f875b68f4fa9/types/0834d33d-3cd7-49b9-a80e-5421bf224495/encryption
May 11 13:43:53.829917 dv-cinder-784779-11-smb devstack@c-api.service[85634]: DEBUG cinder.api.openstack.wsgi [None req-d107b262-fcb8-482b-b009-271f9c23d665 tempest-VolumeTypesTest-729040245 tempest-VolumeTypesTest-729040245-project-admin] Action: 'create', calling method: create, body: {"encryption": {"provider": "LuksEncryptor", "control_location": "front-end"}} {{(pid=85634) _process_stack /opt/stack/cinder/cinder/api/openstack/wsgi.py:864}}
May 11 13:43:53.876167 dv-cinder-784779-11-smb devstack@c-api.service[85635]: INFO cinder.api.openstack.wsgi [None req-225667a5-f887-4715-88a0-ff52d6e084f1 tempest-QosSpecsTestJSON-820491995 tempest-QosSpecsTestJSON-820491995-project-admin] http://10.222.0.30/volume/v3/32b40301a5ce4019952014c92f32a28c/qos-specs/76ad52fa-a934-4194-8a70-4785735e760e/associate?vol_type_id=b17b6747-5506-4f6c-b38b-487aba66fce2 returned with HTTP 202
May 11 13:43:53.877784 dv-cinder-784779-11-smb devstack@c-api.service[85635]: [pid: 85635|app: 0|req: 163/315] 10.222.0.30 () {58 vars in 1458 bytes} [Tue May 11 13:43:53 2021] GET /volume/v3/32b40301a5ce4019952014c92f32a28c/qos-specs/76ad52fa-a934-4194-8a70-4785735e760e/associate?vol_type_id=b17b6747-5506-4f6c-b38b-487aba66fce2 => generated 0 bytes in 101 msecs (HTTP/1.1 202) 6 headers in 233 bytes (1 switches on core 0)
May 11 13:43:53.892853 dv-cinder-784779-11-smb devstack@c-api.service[85635]: INFO cinder.api.openstack.wsgi [None req-99ead099-9fd5-431d-9c00-ef1f1ea62be1 tempest-QosSpecsTestJSON-820491995 tempest-QosSpecsTestJSON-820491995-project-admin] GET http://10.222.0.30/volume/v3/32b40301a5ce4019952014c92f32a28c/qos-specs/76ad52fa-a934-4194-8a70-4785735e760e/associate?vol_type_id=51c43ad3-5c1c-496b-a1ad-0fc80d36e497
May 11 13:43:53.893833 dv-cinder-784779-11-smb devstack@c-api.service[85635]: DEBUG cinder.api.openstack.wsgi [None req-99ead099-9fd5-431d-9c00-ef1f1ea62be1 tempest-QosSpecsTestJSON-820491995 tempest-QosSpecsTestJSON-820491995-project-admin] Empty body provided in request {{(pid=85635) get_body /opt/stack/cinder/cinder/api/openstack/wsgi.py:713}}
May 11 13:43:53.894198 dv-cinder-784779-11-smb devstack@c-api.service[85635]: /usr/local/lib/python3.8/dist-packages/webob/acceptparse.py:1047: DeprecationWarning: The behavior of AcceptValidHeader.best_match is currently being maintained for backward compatibility, but it will be deprecated in the future, as it does not conform to the RFC.
May 11 13:43:53.894198 dv-cinder-784779-11-smb devstack@c-api.service[85635]: warnings.warn(
May 11 13:43:53.895222 dv-cinder-784779-11-smb devstack@c-api.service[85635]: DEBUG cinder.api.openstack.wsgi [None req-99ead099-9fd5-431d-9c00-ef1f1ea62be1 tempest-QosSpecsTestJSON-820491995 tempest-QosSpecsTestJSON-820491995-project-admin] Calling method 'associate' {{(pid=85635) _process_stack /opt/stack/cinder/cinder/api/openstack/wsgi.py:866}}
May 11 13:43:53.896787 dv-cinder-784779-11-smb devstack@c-api.service[85635]: /usr/local/lib/python3.8/dist-packages/oslo_context/context.py:105: DeprecationWarning: Policy enforcement is depending on the value of is_admin. This key is deprecated. Please update your policy file to use the standard policy values.
May 11 13:43:53.896787 dv-cinder-784779-11-smb devstack@c-api.service[85635]: warnings.warn('Policy enforcement is depending on the value of '
May 11 13:43:53.898160 dv-cinder-784779-11-smb devstack@c-api.service[85635]: DEBUG cinder.api.contrib.qos_specs_manage [None req-99ead099-9fd5-431d-9c00-ef1f1ea62be1 tempest-QosSpecsTestJSON-820491995 tempest-QosSpecsTestJSON-820491995-project-admin] Associate qos_spec: 76ad52fa-a934-4194-8a70-4785735e760e with type: 51c43ad3-5c1c-496b-a1ad-0fc80d36e497 {{(pid=85635) associate /opt/stack/cinder/cinder/api/contrib/qos_specs_manage.py:275}}
May 11 13:43:53.904646 dv-cinder-784779-11-smb devstack@c-api.service[85634]: INFO cinder.api.openstack.wsgi [None req-d107b262-fcb8-482b-b009-271f9c23d665 tempest-VolumeTypesTest-729040245 tempest-VolumeTypesTest-729040245-project-admin] http://10.222.0.30/volume/v3/866a395bcef94680a4b2f875b68f4fa9/types/0834d33d-3cd7-49b9-a80e-5421bf224495/encryption returned with HTTP 200
May 11 13:43:53.905865 dv-cinder-784779-11-smb devstack@c-api.service[85634]: [pid: 85634|app: 0|req: 153/316] 10.222.0.30 () {60 vars in 1373 bytes} [Tue May 11 13:43:53 2021] POST /volume/v3/866a395bcef94680a4b2f875b68f4fa9/types/0834d33d-3cd7-49b9-a80e-5421bf224495/encryption => generated 193 bytes in 90 msecs (HTTP/1.1 200) 7 headers in 285 bytes (1 switches on core 0)
May 11 13:43:53.916655 dv-cinder-784779-11-smb devstack@c-api.service[85634]: INFO cinder.api.openstack.wsgi [None req-b3313f9c-54b0-4173-8a56-c07680b8420f tempest-VolumeTypesTest-729040245 tempest-VolumeTypesTest-729040245-project-admin] GET http://10.222.0.30/volume/v3/866a395bcef94680a4b2f875b68f4fa9/types/0834d33d-3cd7-49b9-a80e-5421bf224495/encryption
May 11 13:43:53.917126 dv-cinder-784779-11-smb devstack@c-api.service[85634]: DEBUG cinder.api.openstack.wsgi [None req-b3313f9c-54b0-4173-8a56-c07680b8420f tempest-VolumeTypesTest-729040245 tempest-VolumeTypesTest-729040245-project-admin] Empty body provided in request {{(pid=85634) get_body /opt/stack/cinder/cinder/api/openstack/wsgi.py:713}}
May 11 13:43:53.917647 dv-cinder-784779-11-smb devstack@c-api.service[85634]: DEBUG cinder.api.openstack.wsgi [None req-b3313f9c-54b0-4173-8a56-c07680b8420f tempest-VolumeTypesTest-729040245 tempest-VolumeTypesTest-729040245-project-admin] Calling method 'index' {{(pid=85634) _process_stack /opt/stack/cinder/cinder/api/openstack/wsgi.py:866}}
May 11 13:43:53.942517 dv-cinder-784779-11-smb devstack@c-api.service[85634]: INFO cinder.api.openstack.wsgi [None req-b3313f9c-54b0-4173-8a56-c07680b8420f tempest-VolumeTypesTest-729040245 tempest-VolumeTypesTest-729040245-project-admin] http://10.222.0.30/volume/v3/866a395bcef94680a4b2f875b68f4fa9/types/0834d33d-3cd7-49b9-a80e-5421bf224495/encryption returned with HTTP 200
May 11 13:43:53.943317 dv-cinder-784779-11-smb devstack@c-api.service[85634]: [pid: 85634|app: 0|req: 154/317] 10.222.0.30 () {58 vars in 1352 bytes} [Tue May 11 13:43:53 2021] GET /volume/v3/866a395bcef94680a4b2f875b68f4fa9/types/0834d33d-3cd7-49b9-a80e-5421bf224495/encryption => generated 313 bytes in 32 msecs (HTTP/1.1 200) 7 headers in 285 bytes (2 switches on core 0)
May 11 13:43:53.954842 dv-cinder-784779-11-smb devstack@c-api.service[85634]: INFO cinder.api.openstack.wsgi [None req-cefe73b5-c45d-46a4-b0d3-d6051e751a41 tempest-VolumeTypesTest-729040245 tempest-VolumeTypesTest-729040245-project-admin] PUT http://10.222.0.30/volume/v3/866a395bcef94680a4b2f875b68f4fa9/types/0834d33d-3cd7-49b9-a80e-5421bf224495/encryption/provider
May 11 13:43:53.955669 dv-cinder-784779-11-smb devstack@c-api.service[85634]: DEBUG cinder.api.openstack.wsgi [None req-cefe73b5-c45d-46a4-b0d3-d6051e751a41 tempest-VolumeTypesTest-729040245 tempest-VolumeTypesTest-729040245-project-admin] Action: 'update', calling method: update, body: {"encryption": {"key_size": 128, "provider": "SomeProvider", "cipher": "aes-xts-plain64", "control_location": "back-end"}} {{(pid=85634) _process_stack /opt/stack/cinder/cinder/api/openstack/wsgi.py:864}}
May 11 13:43:54.013684 dv-cinder-784779-11-smb devstack@c-api.service[85634]: INFO cinder.api.openstack.wsgi [None req-cefe73b5-c45d-46a4-b0d3-d6051e751a41 tempest-VolumeTypesTest-729040245 tempest-VolumeTypesTest-729040245-project-admin] http://10.222.0.30/volume/v3/866a395bcef94680a4b2f875b68f4fa9/types/0834d33d-3cd7-49b9-a80e-5421bf224495/encryption/provider returned with HTTP 200
May 11 13:43:54.014009 dv-cinder-784779-11-smb devstack@c-api.service[85635]: INFO cinder.api.openstack.wsgi [None req-99ead099-9fd5-431d-9c00-ef1f1ea62be1 tempest-QosSpecsTestJSON-820491995 tempest-QosSpecsTestJSON-820491995-project-admin] http://10.222.0.30/volume/v3/32b40301a5ce4019952014c92f32a28c/qos-specs/76ad52fa-a934-4194-8a70-4785735e760e/associate?vol_type_id=51c43ad3-5c1c-496b-a1ad-0fc80d36e497 returned with HTTP 202
May 11 13:43:54.014910 dv-cinder-784779-11-smb devstack@c-api.service[85635]: [pid: 85635|app: 0|req: 164/318] 10.222.0.30 () {58 vars in 1458 bytes} [Tue May 11 13:43:53 2021] GET /volume/v3/32b40301a5ce4019952014c92f32a28c/qos-specs/76ad52fa-a934-4194-8a70-4785735e760e/associate?vol_type_id=51c43ad3-5c1c-496b-a1ad-0fc80d36e497 => generated 0 bytes in 132 msecs (HTTP/1.1 202) 6 headers in 233 bytes (1 switches on core 0)
May 11 13:43:54.015147 dv-cinder-784779-11-smb devstack@c-api.service[85634]: [pid: 85634|app: 0|req: 155/319] 10.222.0.30 () {60 vars in 1400 bytes} [Tue May 11 13:43:53 2021] PUT /volume/v3/866a395bcef94680a4b2f875b68f4fa9/types/0834d33d-3cd7-49b9-a80e-5421bf224495/encryption/provider => generated 122 bytes in 65 msecs (HTTP/1.1 200) 7 headers in 285 bytes (2 switches on core 0)
May 11 13:43:54.028492 dv-cinder-784779-11-smb devstack@c-api.service[85635]: INFO cinder.api.openstack.wsgi [None req-b68b32f1-18b8-41d3-ae43-583c72fdf052 tempest-QosSpecsTestJSON-820491995 tempest-QosSpecsTestJSON-820491995-project-admin] GET http://10.222.0.30/volume/v3/32b40301a5ce4019952014c92f32a28c/qos-specs/76ad52fa-a934-4194-8a70-4785735e760e/associate?vol_type_id=9d91adea-96a9-452d-a600-1e1b370e5808
May 11 13:43:54.029111 dv-cinder-784779-11-smb devstack@c-api.service[85635]: DEBUG cinder.api.openstack.wsgi [None req-b68b32f1-18b8-41d3-ae43-583c72fdf052 tempest-QosSpecsTestJSON-820491995 tempest-QosSpecsTestJSON-820491995-project-admin] Empty body provided in request {{(pid=85635) get_body /opt/stack/cinder/cinder/api/openstack/wsgi.py:713}}
May 11 13:43:54.029368 dv-cinder-784779-11-smb devstack@c-api.service[85635]: /usr/local/lib/python3.8/dist-packages/webob/acceptparse.py:1047: DeprecationWarning: The behavior of AcceptValidHeader.best_match is currently being maintained for backward compatibility, but it will be deprecated in the future, as it does not conform to the RFC.
May 11 13:43:54.029368 dv-cinder-784779-11-smb devstack@c-api.service[85635]: warnings.warn(
May 11 13:43:54.029849 dv-cinder-784779-11-smb devstack@c-api.service[85635]: DEBUG cinder.api.openstack.wsgi [None req-b68b32f1-18b8-41d3-ae43-583c72fdf052 tempest-QosSpecsTestJSON-820491995 tempest-QosSpecsTestJSON-820491995-project-admin] Calling method 'associate' {{(pid=85635) _process_stack /opt/stack/cinder/cinder/api/openstack/wsgi.py:866}}
May 11 13:43:54.030609 dv-cinder-784779-11-smb devstack@c-api.service[85635]: /usr/local/lib/python3.8/dist-packages/oslo_context/context.py:105: DeprecationWarning: Policy enforcement is depending on the value of is_admin. This key is deprecated. Please update your policy file to use the standard policy values.
May 11 13:43:54.030609 dv-cinder-784779-11-smb devstack@c-api.service[85635]: warnings.warn('Policy enforcement is depending on the value of '
May 11 13:43:54.031282 dv-cinder-784779-11-smb devstack@c-api.service[85634]: INFO cinder.api.openstack.wsgi [None req-cc5de579-17c2-47fa-b639-5077aa18940c tempest-VolumeTypesTest-729040245 tempest-VolumeTypesTest-729040245-project-admin] GET http://10.222.0.30/volume/v3/866a395bcef94680a4b2f875b68f4fa9/types/0834d33d-3cd7-49b9-a80e-5421bf224495/encryption
May 11 13:43:54.031780 dv-cinder-784779-11-smb devstack@c-api.service[85635]: DEBUG cinder.api.contrib.qos_specs_manage [None req-b68b32f1-18b8-41d3-ae43-583c72fdf052 tempest-QosSpecsTestJSON-820491995 tempest-QosSpecsTestJSON-820491995-project-admin] Associate qos_spec: 76ad52fa-a934-4194-8a70-4785735e760e with type: 9d91adea-96a9-452d-a600-1e1b370e5808 {{(pid=85635) associate /opt/stack/cinder/cinder/api/contrib/qos_specs_manage.py:275}}
May 11 13:43:54.031952 dv-cinder-784779-11-smb devstack@c-api.service[85634]: DEBUG cinder.api.openstack.wsgi [None req-cc5de579-17c2-47fa-b639-5077aa18940c tempest-VolumeTypesTest-729040245 tempest-VolumeTypesTest-729040245-project-admin] Empty body provided in request {{(pid=85634) get_body /opt/stack/cinder/cinder/api/openstack/wsgi.py:713}}
May 11 13:43:54.032683 dv-cinder-784779-11-smb devstack@c-api.service[85634]: DEBUG cinder.api.openstack.wsgi [None req-cc5de579-17c2-47fa-b639-5077aa18940c tempest-VolumeTypesTest-729040245 tempest-VolumeTypesTest-729040245-project-admin] Calling method 'index' {{(pid=85634) _process_stack /opt/stack/cinder/cinder/api/openstack/wsgi.py:866}}
May 11 13:43:54.060361 dv-cinder-784779-11-smb devstack@c-api.service[85634]: INFO cinder.api.openstack.wsgi [None req-cc5de579-17c2-47fa-b639-5077aa18940c tempest-VolumeTypesTest-729040245 tempest-VolumeTypesTest-729040245-project-admin] http://10.222.0.30/volume/v3/866a395bcef94680a4b2f875b68f4fa9/types/0834d33d-3cd7-49b9-a80e-5421bf224495/encryption returned with HTTP 200
May 11 13:43:54.062033 dv-cinder-784779-11-smb devstack@c-api.service[85634]: [pid: 85634|app: 0|req: 156/320] 10.222.0.30 () {58 vars in 1352 bytes} [Tue May 11 13:43:54 2021] GET /volume/v3/866a395bcef94680a4b2f875b68f4fa9/types/0834d33d-3cd7-49b9-a80e-5421bf224495/encryption => generated 347 bytes in 41 msecs (HTTP/1.1 200) 7 headers in 285 bytes (2 switches on core 0)
May 11 13:43:54.074777 dv-cinder-784779-11-smb devstack@c-api.service[85634]: INFO cinder.api.openstack.wsgi [None req-11925e0d-50a7-41bc-8516-6621f9452b1a tempest-VolumeTypesTest-729040245 tempest-VolumeTypesTest-729040245-project-admin] GET http://10.222.0.30/volume/v3/866a395bcef94680a4b2f875b68f4fa9/types/0834d33d-3cd7-49b9-a80e-5421bf224495/encryption/cipher
May 11 13:43:54.075389 dv-cinder-784779-11-smb devstack@c-api.service[85634]: DEBUG cinder.api.openstack.wsgi [None req-11925e0d-50a7-41bc-8516-6621f9452b1a tempest-VolumeTypesTest-729040245 tempest-VolumeTypesTest-729040245-project-admin] Empty body provided in request {{(pid=85634) get_body /opt/stack/cinder/cinder/api/openstack/wsgi.py:713}}
May 11 13:43:54.075964 dv-cinder-784779-11-smb devstack@c-api.service[85634]: DEBUG cinder.api.openstack.wsgi [None req-11925e0d-50a7-41bc-8516-6621f9452b1a tempest-VolumeTypesTest-729040245 tempest-VolumeTypesTest-729040245-project-admin] Calling method 'show' {{(pid=85634) _process_stack /opt/stack/cinder/cinder/api/openstack/wsgi.py:866}}
May 11 13:43:54.097631 dv-cinder-784779-11-smb devstack@c-api.service[85634]: INFO cinder.api.openstack.wsgi [None req-11925e0d-50a7-41bc-8516-6621f9452b1a tempest-VolumeTypesTest-729040245 tempest-VolumeTypesTest-729040245-project-admin] http://10.222.0.30/volume/v3/866a395bcef94680a4b2f875b68f4fa9/types/0834d33d-3cd7-49b9-a80e-5421bf224495/encryption/cipher returned with HTTP 200
May 11 13:43:54.101906 dv-cinder-784779-11-smb devstack@c-api.service[85634]: [pid: 85634|app: 0|req: 157/321] 10.222.0.30 () {58 vars in 1373 bytes} [Tue May 11 13:43:54 2021] GET /volume/v3/866a395bcef94680a4b2f875b68f4fa9/types/0834d33d-3cd7-49b9-a80e-5421bf224495/encryption/cipher => generated 29 bytes in 34 msecs (HTTP/1.1 200) 7 headers in 284 bytes (2 switches on core 0)
May 11 13:43:54.110212 dv-cinder-784779-11-smb devstack@c-api.service[85635]: INFO cinder.api.openstack.wsgi [None req-b68b32f1-18b8-41d3-ae43-583c72fdf052 tempest-QosSpecsTestJSON-820491995 tempest-QosSpecsTestJSON-820491995-project-admin] http://10.222.0.30/volume/v3/32b40301a5ce4019952014c92f32a28c/qos-specs/76ad52fa-a934-4194-8a70-4785735e760e/associate?vol_type_id=9d91adea-96a9-452d-a600-1e1b370e5808 returned with HTTP 202
May 11 13:43:54.112087 dv-cinder-784779-11-smb devstack@c-api.service[85635]: [pid: 85635|app: 0|req: 165/322] 10.222.0.30 () {58 vars in 1458 bytes} [Tue May 11 13:43:54 2021] GET /volume/v3/32b40301a5ce4019952014c92f32a28c/qos-specs/76ad52fa-a934-4194-8a70-4785735e760e/associate?vol_type_id=9d91adea-96a9-452d-a600-1e1b370e5808 => generated 0 bytes in 93 msecs (HTTP/1.1 202) 6 headers in 233 bytes (2 switches on core 0)
May 11 13:43:54.117085 dv-cinder-784779-11-smb devstack@c-api.service[85635]: INFO cinder.api.openstack.wsgi [None req-f2afef57-0338-4e51-b0cc-e92e81ace711 tempest-VolumesImageMetadata-142719795 tempest-VolumesImageMetadata-142719795-project] GET http://10.222.0.30/volume/v3/2d6898073c6f4574b1b685c3c4f5d89d/volumes/d2c2dc07-179a-4e67-8eea-2e29e496b645
May 11 13:43:54.117452 dv-cinder-784779-11-smb devstack@c-api.service[85634]: INFO cinder.api.openstack.wsgi [None req-21158220-e1ee-40f1-a0b6-d44a4d44f8b5 tempest-VolumeTypesTest-729040245 tempest-VolumeTypesTest-729040245-project-admin] DELETE http://10.222.0.30/volume/v3/866a395bcef94680a4b2f875b68f4fa9/types/0834d33d-3cd7-49b9-a80e-5421bf224495/encryption/provider
May 11 13:43:54.117838 dv-cinder-784779-11-smb devstack@c-api.service[85635]: DEBUG cinder.api.openstack.wsgi [None req-f2afef57-0338-4e51-b0cc-e92e81ace711 tempest-VolumesImageMetadata-142719795 tempest-VolumesImageMetadata-142719795-project] Empty body provided in request {{(pid=85635) get_body /opt/stack/cinder/cinder/api/openstack/wsgi.py:713}}
May 11 13:43:54.118051 dv-cinder-784779-11-smb devstack@c-api.service[85635]: /usr/local/lib/python3.8/dist-packages/webob/acceptparse.py:1047: DeprecationWarning: The behavior of AcceptValidHeader.best_match is currently being maintained for backward compatibility, but it will be deprecated in the future, as it does not conform to the RFC.
May 11 13:43:54.118051 dv-cinder-784779-11-smb devstack@c-api.service[85635]: warnings.warn(
May 11 13:43:54.118207 dv-cinder-784779-11-smb devstack@c-api.service[85634]: DEBUG cinder.api.openstack.wsgi [None req-21158220-e1ee-40f1-a0b6-d44a4d44f8b5 tempest-VolumeTypesTest-729040245 tempest-VolumeTypesTest-729040245-project-admin] Empty body provided in request {{(pid=85634) get_body /opt/stack/cinder/cinder/api/openstack/wsgi.py:713}}
May 11 13:43:54.118450 dv-cinder-784779-11-smb devstack@c-api.service[85635]: DEBUG cinder.api.openstack.wsgi [None req-f2afef57-0338-4e51-b0cc-e92e81ace711 tempest-VolumesImageMetadata-142719795 tempest-VolumesImageMetadata-142719795-project] Calling method 'show' {{(pid=85635) _process_stack /opt/stack/cinder/cinder/api/openstack/wsgi.py:866}}
May 11 13:43:54.118940 dv-cinder-784779-11-smb devstack@c-api.service[85634]: DEBUG cinder.api.openstack.wsgi [None req-21158220-e1ee-40f1-a0b6-d44a4d44f8b5 tempest-VolumeTypesTest-729040245 tempest-VolumeTypesTest-729040245-project-admin] Calling method 'delete' {{(pid=85634) _process_stack /opt/stack/cinder/cinder/api/openstack/wsgi.py:866}}
May 11 13:43:54.168064 dv-cinder-784779-11-smb devstack@c-api.service[85635]: /usr/local/lib/python3.8/dist-packages/oslo_context/context.py:105: DeprecationWarning: Policy enforcement is depending on the value of is_admin. This key is deprecated. Please update your policy file to use the standard policy values.
May 11 13:43:54.168064 dv-cinder-784779-11-smb devstack@c-api.service[85635]: warnings.warn('Policy enforcement is depending on the value of '
May 11 13:43:54.180899 dv-cinder-784779-11-smb devstack@c-api.service[85635]: INFO cinder.volume.api [None req-f2afef57-0338-4e51-b0cc-e92e81ace711 tempest-VolumesImageMetadata-142719795 tempest-VolumesImageMetadata-142719795-project] Volume info retrieved successfully.
May 11 13:43:54.187863 dv-cinder-784779-11-smb devstack@c-api.service[85634]: INFO cinder.api.openstack.wsgi [None req-21158220-e1ee-40f1-a0b6-d44a4d44f8b5 tempest-VolumeTypesTest-729040245 tempest-VolumeTypesTest-729040245-project-admin] http://10.222.0.30/volume/v3/866a395bcef94680a4b2f875b68f4fa9/types/0834d33d-3cd7-49b9-a80e-5421bf224495/encryption/provider returned with HTTP 202
May 11 13:43:54.189315 dv-cinder-784779-11-smb devstack@c-api.service[85634]: [pid: 85634|app: 0|req: 158/323] 10.222.0.30 () {58 vars in 1382 bytes} [Tue May 11 13:43:54 2021] DELETE /volume/v3/866a395bcef94680a4b2f875b68f4fa9/types/0834d33d-3cd7-49b9-a80e-5421bf224495/encryption/provider => generated 0 bytes in 82 msecs (HTTP/1.1 202) 6 headers in 233 bytes (1 switches on core 0)
May 11 13:43:54.196581 dv-cinder-784779-11-smb devstack@c-api.service[85634]: INFO cinder.api.openstack.wsgi [None req-3636c3db-3051-4403-8ff2-73534f40c4a7 tempest-QosSpecsTestJSON-820491995 tempest-QosSpecsTestJSON-820491995-project-admin] GET http://10.222.0.30/volume/v3/32b40301a5ce4019952014c92f32a28c/qos-specs/76ad52fa-a934-4194-8a70-4785735e760e/associations
May 11 13:43:54.197329 dv-cinder-784779-11-smb devstack@c-api.service[85634]: DEBUG cinder.api.openstack.wsgi [None req-3636c3db-3051-4403-8ff2-73534f40c4a7 tempest-QosSpecsTestJSON-820491995 tempest-QosSpecsTestJSON-820491995-project-admin] Empty body provided in request {{(pid=85634) get_body /opt/stack/cinder/cinder/api/openstack/wsgi.py:713}}
May 11 13:43:54.197903 dv-cinder-784779-11-smb devstack@c-api.service[85634]: DEBUG cinder.api.openstack.wsgi [None req-3636c3db-3051-4403-8ff2-73534f40c4a7 tempest-QosSpecsTestJSON-820491995 tempest-QosSpecsTestJSON-820491995-project-admin] Calling method 'associations' {{(pid=85634) _process_stack /opt/stack/cinder/cinder/api/openstack/wsgi.py:866}}
May 11 13:43:54.199541 dv-cinder-784779-11-smb devstack@c-api.service[85634]: DEBUG cinder.api.contrib.qos_specs_manage [None req-3636c3db-3051-4403-8ff2-73534f40c4a7 tempest-QosSpecsTestJSON-820491995 tempest-QosSpecsTestJSON-820491995-project-admin] Get associations for qos_spec id: 76ad52fa-a934-4194-8a70-4785735e760e {{(pid=85634) associations /opt/stack/cinder/cinder/api/contrib/qos_specs_manage.py:233}}
May 11 13:43:54.206599 dv-cinder-784779-11-smb devstack@c-api.service[85635]: INFO cinder.api.openstack.wsgi [None req-f2afef57-0338-4e51-b0cc-e92e81ace711 tempest-VolumesImageMetadata-142719795 tempest-VolumesImageMetadata-142719795-project] http://10.222.0.30/volume/v3/2d6898073c6f4574b1b685c3c4f5d89d/volumes/d2c2dc07-179a-4e67-8eea-2e29e496b645 returned with HTTP 200
May 11 13:43:54.215207 dv-cinder-784779-11-smb devstack@c-api.service[85635]: [pid: 85635|app: 0|req: 166/324] 10.222.0.30 () {58 vars in 1325 bytes} [Tue May 11 13:43:54 2021] GET /volume/v3/2d6898073c6f4574b1b685c3c4f5d89d/volumes/d2c2dc07-179a-4e67-8eea-2e29e496b645 => generated 912 bytes in 95 msecs (HTTP/1.1 200) 7 headers in 285 bytes (1 switches on core 0)
May 11 13:43:54.215207 dv-cinder-784779-11-smb devstack@c-api.service[85635]: INFO cinder.api.openstack.wsgi [None req-1d166e3f-2d4f-4ef5-b4bf-fd23289d15c7 tempest-VolumeTypesTest-729040245 tempest-VolumeTypesTest-729040245-project-admin] GET http://10.222.0.30/volume/v3/866a395bcef94680a4b2f875b68f4fa9/types/0834d33d-3cd7-49b9-a80e-5421bf224495/encryption
May 11 13:43:54.215207 dv-cinder-784779-11-smb devstack@c-api.service[85635]: DEBUG cinder.api.openstack.wsgi [None req-1d166e3f-2d4f-4ef5-b4bf-fd23289d15c7 tempest-VolumeTypesTest-729040245 tempest-VolumeTypesTest-729040245-project-admin] Empty body provided in request {{(pid=85635) get_body /opt/stack/cinder/cinder/api/openstack/wsgi.py:713}}
May 11 13:43:54.215207 dv-cinder-784779-11-smb devstack@c-api.service[85635]: /usr/local/lib/python3.8/dist-packages/webob/acceptparse.py:1047: DeprecationWarning: The behavior of AcceptValidHeader.best_match is currently being maintained for backward compatibility, but it will be deprecated in the future, as it does not conform to the RFC.
May 11 13:43:54.215207 dv-cinder-784779-11-smb devstack@c-api.service[85635]: warnings.warn(
May 11 13:43:54.215207 dv-cinder-784779-11-smb devstack@c-api.service[85635]: DEBUG cinder.api.openstack.wsgi [None req-1d166e3f-2d4f-4ef5-b4bf-fd23289d15c7 tempest-VolumeTypesTest-729040245 tempest-VolumeTypesTest-729040245-project-admin] Calling method 'index' {{(pid=85635) _process_stack /opt/stack/cinder/cinder/api/openstack/wsgi.py:866}}
May 11 13:43:54.231778 dv-cinder-784779-11-smb devstack@c-api.service[85635]: INFO cinder.api.openstack.wsgi [None req-1d166e3f-2d4f-4ef5-b4bf-fd23289d15c7 tempest-VolumeTypesTest-729040245 tempest-VolumeTypesTest-729040245-project-admin] http://10.222.0.30/volume/v3/866a395bcef94680a4b2f875b68f4fa9/types/0834d33d-3cd7-49b9-a80e-5421bf224495/encryption returned with HTTP 200
May 11 13:43:54.232643 dv-cinder-784779-11-smb devstack@c-api.service[85635]: [pid: 85635|app: 0|req: 167/325] 10.222.0.30 () {58 vars in 1352 bytes} [Tue May 11 13:43:54 2021] GET /volume/v3/866a395bcef94680a4b2f875b68f4fa9/types/0834d33d-3cd7-49b9-a80e-5421bf224495/encryption => generated 2 bytes in 25 msecs (HTTP/1.1 200) 7 headers in 283 bytes (1 switches on core 0)
May 11 13:43:54.243749 dv-cinder-784779-11-smb devstack@c-api.service[85635]: INFO cinder.api.openstack.wsgi [None req-d3e219a2-e593-4fca-8b14-0fc3b718ca30 tempest-VolumeTypesTest-729040245 tempest-VolumeTypesTest-729040245-project-admin] GET http://10.222.0.30/volume/v3/866a395bcef94680a4b2f875b68f4fa9/types/0834d33d-3cd7-49b9-a80e-5421bf224495/encryption
May 11 13:43:54.244208 dv-cinder-784779-11-smb devstack@c-api.service[85635]: DEBUG cinder.api.openstack.wsgi [None req-d3e219a2-e593-4fca-8b14-0fc3b718ca30 tempest-VolumeTypesTest-729040245 tempest-VolumeTypesTest-729040245-project-admin] Empty body provided in request {{(pid=85635) get_body /opt/stack/cinder/cinder/api/openstack/wsgi.py:713}}
May 11 13:43:54.244779 dv-cinder-784779-11-smb devstack@c-api.service[85635]: DEBUG cinder.api.openstack.wsgi [None req-d3e219a2-e593-4fca-8b14-0fc3b718ca30 tempest-VolumeTypesTest-729040245 tempest-VolumeTypesTest-729040245-project-admin] Calling method 'index' {{(pid=85635) _process_stack /opt/stack/cinder/cinder/api/openstack/wsgi.py:866}}
May 11 13:43:54.246485 dv-cinder-784779-11-smb devstack@c-api.service[85634]: INFO cinder.api.openstack.wsgi [None req-3636c3db-3051-4403-8ff2-73534f40c4a7 tempest-QosSpecsTestJSON-820491995 tempest-QosSpecsTestJSON-820491995-project-admin] http://10.222.0.30/volume/v3/32b40301a5ce4019952014c92f32a28c/qos-specs/76ad52fa-a934-4194-8a70-4785735e760e/associations returned with HTTP 200
May 11 13:43:54.248116 dv-cinder-784779-11-smb devstack@c-api.service[85634]: [pid: 85634|app: 0|req: 159/326] 10.222.0.30 () {58 vars in 1370 bytes} [Tue May 11 13:43:54 2021] GET /volume/v3/32b40301a5ce4019952014c92f32a28c/qos-specs/76ad52fa-a934-4194-8a70-4785735e760e/associations => generated 447 bytes in 58 msecs (HTTP/1.1 200) 7 headers in 285 bytes (1 switches on core 0)
May 11 13:43:54.261280 dv-cinder-784779-11-smb devstack@c-api.service[85635]: INFO cinder.api.openstack.wsgi [None req-d3e219a2-e593-4fca-8b14-0fc3b718ca30 tempest-VolumeTypesTest-729040245 tempest-VolumeTypesTest-729040245-project-admin] http://10.222.0.30/volume/v3/866a395bcef94680a4b2f875b68f4fa9/types/0834d33d-3cd7-49b9-a80e-5421bf224495/encryption returned with HTTP 200
May 11 13:43:54.262080 dv-cinder-784779-11-smb devstack@c-api.service[85635]: [pid: 85635|app: 0|req: 168/327] 10.222.0.30 () {58 vars in 1352 bytes} [Tue May 11 13:43:54 2021] GET /volume/v3/866a395bcef94680a4b2f875b68f4fa9/types/0834d33d-3cd7-49b9-a80e-5421bf224495/encryption => generated 2 bytes in 24 msecs (HTTP/1.1 200) 7 headers in 283 bytes (2 switches on core 0)
May 11 13:43:54.266099 dv-cinder-784779-11-smb devstack@c-api.service[85634]: INFO cinder.api.openstack.wsgi [None req-62402813-a412-4a3a-8f65-c8d92e2d7804 tempest-QosSpecsTestJSON-820491995 tempest-QosSpecsTestJSON-820491995-project-admin] GET http://10.222.0.30/volume/v3/32b40301a5ce4019952014c92f32a28c/qos-specs/76ad52fa-a934-4194-8a70-4785735e760e/disassociate?vol_type_id=b17b6747-5506-4f6c-b38b-487aba66fce2
May 11 13:43:54.266940 dv-cinder-784779-11-smb devstack@c-api.service[85634]: DEBUG cinder.api.openstack.wsgi [None req-62402813-a412-4a3a-8f65-c8d92e2d7804 tempest-QosSpecsTestJSON-820491995 tempest-QosSpecsTestJSON-820491995-project-admin] Empty body provided in request {{(pid=85634) get_body /opt/stack/cinder/cinder/api/openstack/wsgi.py:713}}
May 11 13:43:54.267221 dv-cinder-784779-11-smb devstack@c-api.service[85634]: /usr/local/lib/python3.8/dist-packages/webob/acceptparse.py:1047: DeprecationWarning: The behavior of AcceptValidHeader.best_match is currently being maintained for backward compatibility, but it will be deprecated in the future, as it does not conform to the RFC.
May 11 13:43:54.267221 dv-cinder-784779-11-smb devstack@c-api.service[85634]: warnings.warn(
May 11 13:43:54.267807 dv-cinder-784779-11-smb devstack@c-api.service[85634]: DEBUG cinder.api.openstack.wsgi [None req-62402813-a412-4a3a-8f65-c8d92e2d7804 tempest-QosSpecsTestJSON-820491995 tempest-QosSpecsTestJSON-820491995-project-admin] Calling method 'disassociate' {{(pid=85634) _process_stack /opt/stack/cinder/cinder/api/openstack/wsgi.py:866}}
May 11 13:43:54.269277 dv-cinder-784779-11-smb devstack@c-api.service[85634]: /usr/local/lib/python3.8/dist-packages/oslo_context/context.py:105: DeprecationWarning: Policy enforcement is depending on the value of is_admin. This key is deprecated. Please update your policy file to use the standard policy values.
May 11 13:43:54.269277 dv-cinder-784779-11-smb devstack@c-api.service[85634]: warnings.warn('Policy enforcement is depending on the value of '
May 11 13:43:54.270644 dv-cinder-784779-11-smb devstack@c-api.service[85634]: DEBUG cinder.api.contrib.qos_specs_manage [None req-62402813-a412-4a3a-8f65-c8d92e2d7804 tempest-QosSpecsTestJSON-820491995 tempest-QosSpecsTestJSON-820491995-project-admin] Disassociate qos_spec: 76ad52fa-a934-4194-8a70-4785735e760e from type: b17b6747-5506-4f6c-b38b-487aba66fce2 {{(pid=85634) disassociate /opt/stack/cinder/cinder/api/contrib/qos_specs_manage.py:327}}
May 11 13:43:54.274043 dv-cinder-784779-11-smb devstack@c-api.service[85635]: INFO cinder.api.openstack.wsgi [None req-3482715a-4b7a-44b9-a5af-c7ffc9f15793 tempest-VolumeTypesTest-729040245 tempest-VolumeTypesTest-729040245-project-admin] GET http://10.222.0.30/volume/v3/866a395bcef94680a4b2f875b68f4fa9/types
May 11 13:43:54.274507 dv-cinder-784779-11-smb devstack@c-api.service[85635]: DEBUG cinder.api.openstack.wsgi [None req-3482715a-4b7a-44b9-a5af-c7ffc9f15793 tempest-VolumeTypesTest-729040245 tempest-VolumeTypesTest-729040245-project-admin] Empty body provided in request {{(pid=85635) get_body /opt/stack/cinder/cinder/api/openstack/wsgi.py:713}}
May 11 13:43:54.275094 dv-cinder-784779-11-smb devstack@c-api.service[85635]: DEBUG cinder.api.openstack.wsgi [None req-3482715a-4b7a-44b9-a5af-c7ffc9f15793 tempest-VolumeTypesTest-729040245 tempest-VolumeTypesTest-729040245-project-admin] Calling method 'index' {{(pid=85635) _process_stack /opt/stack/cinder/cinder/api/openstack/wsgi.py:866}}
May 11 13:43:54.320383 dv-cinder-784779-11-smb devstack@c-api.service[85635]: INFO cinder.api.openstack.wsgi [None req-3482715a-4b7a-44b9-a5af-c7ffc9f15793 tempest-VolumeTypesTest-729040245 tempest-VolumeTypesTest-729040245-project-admin] http://10.222.0.30/volume/v3/866a395bcef94680a4b2f875b68f4fa9/types returned with HTTP 200
May 11 13:43:54.321246 dv-cinder-784779-11-smb devstack@c-api.service[85635]: [pid: 85635|app: 0|req: 169/328] 10.222.0.30 () {58 vars in 1208 bytes} [Tue May 11 13:43:54 2021] GET /volume/v3/866a395bcef94680a4b2f875b68f4fa9/types => generated 2596 bytes in 51 msecs (HTTP/1.1 200) 7 headers in 286 bytes (2 switches on core 0)
May 11 13:43:54.329852 dv-cinder-784779-11-smb devstack@c-api.service[85634]: INFO cinder.api.openstack.wsgi [None req-62402813-a412-4a3a-8f65-c8d92e2d7804 tempest-QosSpecsTestJSON-820491995 tempest-QosSpecsTestJSON-820491995-project-admin] http://10.222.0.30/volume/v3/32b40301a5ce4019952014c92f32a28c/qos-specs/76ad52fa-a934-4194-8a70-4785735e760e/disassociate?vol_type_id=b17b6747-5506-4f6c-b38b-487aba66fce2 returned with HTTP 202
May 11 13:43:54.331604 dv-cinder-784779-11-smb devstack@c-api.service[85634]: [pid: 85634|app: 0|req: 160/329] 10.222.0.30 () {58 vars in 1467 bytes} [Tue May 11 13:43:54 2021] GET /volume/v3/32b40301a5ce4019952014c92f32a28c/qos-specs/76ad52fa-a934-4194-8a70-4785735e760e/disassociate?vol_type_id=b17b6747-5506-4f6c-b38b-487aba66fce2 => generated 0 bytes in 75 msecs (HTTP/1.1 202) 6 headers in 233 bytes (1 switches on core 0)
May 11 13:43:54.334280 dv-cinder-784779-11-smb devstack@c-api.service[85635]: INFO cinder.api.openstack.wsgi [None req-8bbf5404-22ca-461e-9534-ee8f1554aa48 tempest-VolumeTypesTest-729040245 tempest-VolumeTypesTest-729040245-project-admin] POST http://10.222.0.30/volume/v3/866a395bcef94680a4b2f875b68f4fa9/types
May 11 13:43:54.335214 dv-cinder-784779-11-smb devstack@c-api.service[85635]: DEBUG cinder.api.openstack.wsgi [None req-8bbf5404-22ca-461e-9534-ee8f1554aa48 tempest-VolumeTypesTest-729040245 tempest-VolumeTypesTest-729040245-project-admin] Action: 'create', calling method: _create, body: {"volume_type": {"name": "tempest-VolumeTypesTest-volume-type-236484305"}} {{(pid=85635) _process_stack /opt/stack/cinder/cinder/api/openstack/wsgi.py:864}}
May 11 13:43:54.346911 dv-cinder-784779-11-smb devstack@c-api.service[85634]: INFO cinder.api.openstack.wsgi [None req-19be8fc6-a784-40ab-9af7-4dcdc748ad5b tempest-QosSpecsTestJSON-820491995 tempest-QosSpecsTestJSON-820491995-project-admin] GET http://10.222.0.30/volume/v3/32b40301a5ce4019952014c92f32a28c/qos-specs/76ad52fa-a934-4194-8a70-4785735e760e/associations
May 11 13:43:54.347660 dv-cinder-784779-11-smb devstack@c-api.service[85634]: DEBUG cinder.api.openstack.wsgi [None req-19be8fc6-a784-40ab-9af7-4dcdc748ad5b tempest-QosSpecsTestJSON-820491995 tempest-QosSpecsTestJSON-820491995-project-admin] Empty body provided in request {{(pid=85634) get_body /opt/stack/cinder/cinder/api/openstack/wsgi.py:713}}
May 11 13:43:54.347926 dv-cinder-784779-11-smb devstack@c-api.service[85634]: /usr/local/lib/python3.8/dist-packages/webob/acceptparse.py:1047: DeprecationWarning: The behavior of AcceptValidHeader.best_match is currently being maintained for backward compatibility, but it will be deprecated in the future, as it does not conform to the RFC.
May 11 13:43:54.347926 dv-cinder-784779-11-smb devstack@c-api.service[85634]: warnings.warn(
May 11 13:43:54.348472 dv-cinder-784779-11-smb devstack@c-api.service[85634]: DEBUG cinder.api.openstack.wsgi [None req-19be8fc6-a784-40ab-9af7-4dcdc748ad5b tempest-QosSpecsTestJSON-820491995 tempest-QosSpecsTestJSON-820491995-project-admin] Calling method 'associations' {{(pid=85634) _process_stack /opt/stack/cinder/cinder/api/openstack/wsgi.py:866}}
May 11 13:43:54.349713 dv-cinder-784779-11-smb devstack@c-api.service[85634]: /usr/local/lib/python3.8/dist-packages/oslo_context/context.py:105: DeprecationWarning: Policy enforcement is depending on the value of is_admin. This key is deprecated. Please update your policy file to use the standard policy values.
May 11 13:43:54.349713 dv-cinder-784779-11-smb devstack@c-api.service[85634]: warnings.warn('Policy enforcement is depending on the value of '
May 11 13:43:54.350955 dv-cinder-784779-11-smb devstack@c-api.service[85634]: DEBUG cinder.api.contrib.qos_specs_manage [None req-19be8fc6-a784-40ab-9af7-4dcdc748ad5b tempest-QosSpecsTestJSON-820491995 tempest-QosSpecsTestJSON-820491995-project-admin] Get associations for qos_spec id: 76ad52fa-a934-4194-8a70-4785735e760e {{(pid=85634) associations /opt/stack/cinder/cinder/api/contrib/qos_specs_manage.py:233}}
May 11 13:43:54.381672 dv-cinder-784779-11-smb devstack@c-api.service[85634]: INFO cinder.api.openstack.wsgi [None req-19be8fc6-a784-40ab-9af7-4dcdc748ad5b tempest-QosSpecsTestJSON-820491995 tempest-QosSpecsTestJSON-820491995-project-admin] http://10.222.0.30/volume/v3/32b40301a5ce4019952014c92f32a28c/qos-specs/76ad52fa-a934-4194-8a70-4785735e760e/associations returned with HTTP 200
May 11 13:43:54.382848 dv-cinder-784779-11-smb devstack@c-api.service[85634]: [pid: 85634|app: 0|req: 161/330] 10.222.0.30 () {58 vars in 1370 bytes} [Tue May 11 13:43:54 2021] GET /volume/v3/32b40301a5ce4019952014c92f32a28c/qos-specs/76ad52fa-a934-4194-8a70-4785735e760e/associations => generated 305 bytes in 46 msecs (HTTP/1.1 200) 7 headers in 285 bytes (1 switches on core 0)
May 11 13:43:54.396948 dv-cinder-784779-11-smb devstack@c-api.service[85634]: INFO cinder.api.openstack.wsgi [None req-e8db3268-c9a8-4a63-9abb-40f4d36b1cff tempest-QosSpecsTestJSON-820491995 tempest-QosSpecsTestJSON-820491995-project-admin] GET http://10.222.0.30/volume/v3/32b40301a5ce4019952014c92f32a28c/qos-specs/76ad52fa-a934-4194-8a70-4785735e760e/disassociate_all
May 11 13:43:54.397476 dv-cinder-784779-11-smb devstack@c-api.service[85634]: DEBUG cinder.api.openstack.wsgi [None req-e8db3268-c9a8-4a63-9abb-40f4d36b1cff tempest-QosSpecsTestJSON-820491995 tempest-QosSpecsTestJSON-820491995-project-admin] Empty body provided in request {{(pid=85634) get_body /opt/stack/cinder/cinder/api/openstack/wsgi.py:713}}
May 11 13:43:54.397886 dv-cinder-784779-11-smb devstack@c-api.service[85635]: INFO cinder.api.openstack.wsgi [None req-8bbf5404-22ca-461e-9534-ee8f1554aa48 tempest-VolumeTypesTest-729040245 tempest-VolumeTypesTest-729040245-project-admin] http://10.222.0.30/volume/v3/866a395bcef94680a4b2f875b68f4fa9/types returned with HTTP 200
May 11 13:43:54.398105 dv-cinder-784779-11-smb devstack@c-api.service[85634]: /usr/local/lib/python3.8/dist-packages/webob/acceptparse.py:1047: DeprecationWarning: The behavior of AcceptValidHeader.best_match is currently being maintained for backward compatibility, but it will be deprecated in the future, as it does not conform to the RFC.
May 11 13:43:54.398105 dv-cinder-784779-11-smb devstack@c-api.service[85634]: warnings.warn(
May 11 13:43:54.398504 dv-cinder-784779-11-smb devstack@c-api.service[85634]: DEBUG cinder.api.openstack.wsgi [None req-e8db3268-c9a8-4a63-9abb-40f4d36b1cff tempest-QosSpecsTestJSON-820491995 tempest-QosSpecsTestJSON-820491995-project-admin] Calling method 'disassociate_all' {{(pid=85634) _process_stack /opt/stack/cinder/cinder/api/openstack/wsgi.py:866}}
May 11 13:43:54.398924 dv-cinder-784779-11-smb devstack@c-api.service[85635]: [pid: 85635|app: 0|req: 170/331] 10.222.0.30 () {60 vars in 1229 bytes} [Tue May 11 13:43:54 2021] POST /volume/v3/866a395bcef94680a4b2f875b68f4fa9/types => generated 220 bytes in 69 msecs (HTTP/1.1 200) 7 headers in 285 bytes (2 switches on core 0)
May 11 13:43:54.399387 dv-cinder-784779-11-smb devstack@c-api.service[85634]: /usr/local/lib/python3.8/dist-packages/oslo_context/context.py:105: DeprecationWarning: Policy enforcement is depending on the value of is_admin. This key is deprecated. Please update your policy file to use the standard policy values.
May 11 13:43:54.399387 dv-cinder-784779-11-smb devstack@c-api.service[85634]: warnings.warn('Policy enforcement is depending on the value of '
May 11 13:43:54.400236 dv-cinder-784779-11-smb devstack@c-api.service[85634]: DEBUG cinder.api.contrib.qos_specs_manage [None req-e8db3268-c9a8-4a63-9abb-40f4d36b1cff tempest-QosSpecsTestJSON-820491995 tempest-QosSpecsTestJSON-820491995-project-admin] Disassociate qos_spec: 76ad52fa-a934-4194-8a70-4785735e760e from all. {{(pid=85634) disassociate_all /opt/stack/cinder/cinder/api/contrib/qos_specs_manage.py:361}}
May 11 13:43:54.411451 dv-cinder-784779-11-smb devstack@c-api.service[85635]: INFO cinder.api.openstack.wsgi [None req-f48fea2f-a3fb-4315-ab3a-b34c42b42cae tempest-VolumeTypesTest-729040245 tempest-VolumeTypesTest-729040245-project-admin] PUT http://10.222.0.30/volume/v3/866a395bcef94680a4b2f875b68f4fa9/types/10890746-4b8e-4d3f-b0c7-bd9c86bfe322
May 11 13:43:54.412369 dv-cinder-784779-11-smb devstack@c-api.service[85635]: DEBUG cinder.api.openstack.wsgi [None req-f48fea2f-a3fb-4315-ab3a-b34c42b42cae tempest-VolumeTypesTest-729040245 tempest-VolumeTypesTest-729040245-project-admin] Action: 'update', calling method: _update, body: {"volume_type": {"name": "tempest-volume-type-157791496", "description": "tempest-volume-type-description-1588717383", "is_public": false}} {{(pid=85635) _process_stack /opt/stack/cinder/cinder/api/openstack/wsgi.py:864}}
May 11 13:43:54.428046 dv-cinder-784779-11-smb devstack@c-api.service[85634]: INFO cinder.api.openstack.wsgi [None req-e8db3268-c9a8-4a63-9abb-40f4d36b1cff tempest-QosSpecsTestJSON-820491995 tempest-QosSpecsTestJSON-820491995-project-admin] http://10.222.0.30/volume/v3/32b40301a5ce4019952014c92f32a28c/qos-specs/76ad52fa-a934-4194-8a70-4785735e760e/disassociate_all returned with HTTP 202
