Apr 30 17:28:58.169517 dv-cinder-784779-10-smb devstack@n-api.service[88604]: DEBUG nova.network.neutron [None req-e5acec54-8ba0-43b3-8825-520678aa02ea tempest-AttachVolumeNegativeTest-1460053099 tempest-AttachVolumeNegativeTest-1460053099-project] validate_networks() for [('795d416a-ff8d-4a53-9908-c0009e59784a', None, None, None)] {{(pid=88604) validate_networks /opt/stack/nova/nova/network/neutron.py:2374}}
Apr 30 17:29:00.295358 dv-cinder-784779-10-smb devstack@n-api.service[88604]: DEBUG nova.virt.hardware [None req-e5acec54-8ba0-43b3-8825-520678aa02ea tempest-AttachVolumeNegativeTest-1460053099 tempest-AttachVolumeNegativeTest-1460053099-project] Flavor limits 0:0:0 {{(pid=88604) get_cpu_topology_constraints /opt/stack/nova/nova/virt/hardware.py:344}}
Apr 30 17:29:00.301865 dv-cinder-784779-10-smb devstack@n-api.service[88604]: DEBUG nova.virt.hardware [None req-e5acec54-8ba0-43b3-8825-520678aa02ea tempest-AttachVolumeNegativeTest-1460053099 tempest-AttachVolumeNegativeTest-1460053099-project] Image limits 0:0:0 {{(pid=88604) get_cpu_topology_constraints /opt/stack/nova/nova/virt/hardware.py:348}}
Apr 30 17:29:00.301865 dv-cinder-784779-10-smb devstack@n-api.service[88604]: DEBUG nova.virt.hardware [None req-e5acec54-8ba0-43b3-8825-520678aa02ea tempest-AttachVolumeNegativeTest-1460053099 tempest-AttachVolumeNegativeTest-1460053099-project] Flavor pref 0:0:0 {{(pid=88604) get_cpu_topology_constraints /opt/stack/nova/nova/virt/hardware.py:384}}
Apr 30 17:29:00.301865 dv-cinder-784779-10-smb devstack@n-api.service[88604]: DEBUG nova.virt.hardware [None req-e5acec54-8ba0-43b3-8825-520678aa02ea tempest-AttachVolumeNegativeTest-1460053099 tempest-AttachVolumeNegativeTest-1460053099-project] Image pref 0:0:0 {{(pid=88604) get_cpu_topology_constraints /opt/stack/nova/nova/virt/hardware.py:388}}
Apr 30 17:29:00.301865 dv-cinder-784779-10-smb devstack@n-api.service[88604]: DEBUG nova.virt.hardware [None req-e5acec54-8ba0-43b3-8825-520678aa02ea tempest-AttachVolumeNegativeTest-1460053099 tempest-AttachVolumeNegativeTest-1460053099-project] Chose sockets=0, cores=0, threads=0; limits were sockets=65536, cores=65536, threads=65536 {{(pid=88604) get_cpu_topology_constraints /opt/stack/nova/nova/virt/hardware.py:426}}
Apr 30 17:29:00.309489 dv-cinder-784779-10-smb devstack@n-api.service[88604]: DEBUG oslo_concurrency.lockutils [None req-e5acec54-8ba0-43b3-8825-520678aa02ea tempest-AttachVolumeNegativeTest-1460053099 tempest-AttachVolumeNegativeTest-1460053099-project] Lock "00000000-0000-0000-0000-000000000000" acquired by "nova.context.set_target_cell..get_or_set_cached_cell_and_set_connections" :: waited 0.000s {{(pid=88604) inner /usr/local/lib/python3.8/dist-packages/oslo_concurrency/lockutils.py:355}}
Apr 30 17:29:00.310050 dv-cinder-784779-10-smb devstack@n-api.service[88604]: DEBUG oslo_concurrency.lockutils [None req-e5acec54-8ba0-43b3-8825-520678aa02ea tempest-AttachVolumeNegativeTest-1460053099 tempest-AttachVolumeNegativeTest-1460053099-project] Lock "00000000-0000-0000-0000-000000000000" released by "nova.context.set_target_cell..get_or_set_cached_cell_and_set_connections" :: held 0.001s {{(pid=88604) inner /usr/local/lib/python3.8/dist-packages/oslo_concurrency/lockutils.py:367}}
Apr 30 17:29:00.310979 dv-cinder-784779-10-smb devstack@n-api.service[88604]: DEBUG oslo_concurrency.lockutils [None req-e5acec54-8ba0-43b3-8825-520678aa02ea tempest-AttachVolumeNegativeTest-1460053099 tempest-AttachVolumeNegativeTest-1460053099-project] Lock "1da6ef15-f79b-4778-9b22-b0138c06f999" acquired by "nova.context.set_target_cell..get_or_set_cached_cell_and_set_connections" :: waited 0.000s {{(pid=88604) inner /usr/local/lib/python3.8/dist-packages/oslo_concurrency/lockutils.py:355}}
Apr 30 17:29:00.311488 dv-cinder-784779-10-smb devstack@n-api.service[88604]: DEBUG oslo_concurrency.lockutils [None req-e5acec54-8ba0-43b3-8825-520678aa02ea tempest-AttachVolumeNegativeTest-1460053099 tempest-AttachVolumeNegativeTest-1460053099-project] Lock "1da6ef15-f79b-4778-9b22-b0138c06f999" released by "nova.context.set_target_cell..get_or_set_cached_cell_and_set_connections" :: held 0.000s {{(pid=88604) inner /usr/local/lib/python3.8/dist-packages/oslo_concurrency/lockutils.py:367}}
Apr 30 17:29:00.336735 dv-cinder-784779-10-smb devstack@n-api.service[88604]: DEBUG nova.quota [None req-e5acec54-8ba0-43b3-8825-520678aa02ea tempest-AttachVolumeNegativeTest-1460053099 tempest-AttachVolumeNegativeTest-1460053099-project] Getting quotas for project 27edf4bf62874f89b85fe09a8b8b4762. Resources: {'ram', 'instances', 'cores'} {{(pid=88604) _get_quotas /opt/stack/nova/nova/quota.py:387}}
Apr 30 17:29:00.342735 dv-cinder-784779-10-smb devstack@n-api.service[88604]: DEBUG nova.quota [None req-e5acec54-8ba0-43b3-8825-520678aa02ea tempest-AttachVolumeNegativeTest-1460053099 tempest-AttachVolumeNegativeTest-1460053099-project] Getting quotas for user 3010049b1d1a41999fdcd2f23c4b4079 and project 27edf4bf62874f89b85fe09a8b8b4762. Resources: {'ram', 'instances', 'cores'} {{(pid=88604) _get_quotas /opt/stack/nova/nova/quota.py:377}}
Apr 30 17:29:00.377165 dv-cinder-784779-10-smb devstack@n-api.service[88604]: DEBUG nova.compute.api [None req-e5acec54-8ba0-43b3-8825-520678aa02ea tempest-AttachVolumeNegativeTest-1460053099 tempest-AttachVolumeNegativeTest-1460053099-project] Going to run 1 instances... {{(pid=88604) _provision_instances /opt/stack/nova/nova/compute/api.py:1283}}
Apr 30 17:29:00.380135 dv-cinder-784779-10-smb devstack@n-api.service[88604]: DEBUG nova.compute.api [None req-e5acec54-8ba0-43b3-8825-520678aa02ea tempest-AttachVolumeNegativeTest-1460053099 tempest-AttachVolumeNegativeTest-1460053099-project] [instance: 3064de09-7044-4774-9065-794c60eb5d3f] block_device_mapping [BlockDeviceMapping(attachment_id=,boot_index=0,connection_info=None,created_at=,delete_on_termination=True,deleted=,deleted_at=,destination_type='local',device_name=None,device_type='disk',disk_bus=None,guest_format=None,id=,image_id='51303543-c2ad-48c2-a657-521ca538c774',instance=,instance_uuid=,no_device=False,snapshot_id=None,source_type='image',tag=None,updated_at=,uuid=,volume_id=None,volume_size=None,volume_type=None)] {{(pid=88604) _bdm_validate_set_size_and_instance /opt/stack/nova/nova/compute/api.py:1684}}
Apr 30 17:29:00.586710 dv-cinder-784779-10-smb devstack@n-api.service[88604]: INFO nova.api.openstack.requestlog [None req-e5acec54-8ba0-43b3-8825-520678aa02ea tempest-AttachVolumeNegativeTest-1460053099 tempest-AttachVolumeNegativeTest-1460053099-project] 10.222.0.32 "POST /compute/v2.1/servers" status: 202 len: 380 microversion: 2.1 time: 3.548850
Apr 30 17:29:00.598605 dv-cinder-784779-10-smb devstack@n-api.service[88604]: [pid: 88604|app: 0|req: 1/1] 10.222.0.32 () {60 vars in 1147 bytes} [Fri Apr 30 17:28:57 2021] POST /compute/v2.1/servers => generated 380 bytes in 3563 msecs (HTTP/1.1 202) 10 headers in 451 bytes (1 switches on core 0)
Apr 30 17:29:00.683455 dv-cinder-784779-10-smb devstack@n-api.service[88603]: INFO nova.api.openstack.requestlog [None req-00dbfb24-d05e-45ee-bd03-03c394412194 tempest-VolumesSnapshotsTestJSON-225153588 tempest-VolumesSnapshotsTestJSON-225153588-project] 10.222.0.32 "POST /compute/v2.1/os-volumes" status: 200 len: 345 microversion: 2.1 time: 6.742863
Apr 30 17:29:00.693457 dv-cinder-784779-10-smb devstack@n-api.service[88603]: [pid: 88603|app: 0|req: 1/2] 10.222.0.32 () {60 vars in 1155 bytes} [Fri Apr 30 17:28:53 2021] POST /compute/v2.1/os-volumes => generated 345 bytes in 6755 msecs (HTTP/1.1 200) 10 headers in 448 bytes (1 switches on core 0)
Apr 30 17:29:00.699501 dv-cinder-784779-10-smb devstack@n-api.service[88603]: DEBUG nova.api.openstack.wsgi [None req-9995b4ff-78ee-40a7-962a-b2f6cc46253d tempest-AttachVolumeNegativeTest-1460053099 tempest-AttachVolumeNegativeTest-1460053099-project] Calling method '>' {{(pid=88603) _process_stack /opt/stack/nova/nova/api/openstack/wsgi.py:513}}
Apr 30 17:29:00.701778 dv-cinder-784779-10-smb devstack@n-api.service[88603]: DEBUG nova.compute.api [None req-9995b4ff-78ee-40a7-962a-b2f6cc46253d tempest-AttachVolumeNegativeTest-1460053099 tempest-AttachVolumeNegativeTest-1460053099-project] [instance: 3064de09-7044-4774-9065-794c60eb5d3f] Fetching instance by UUID {{(pid=88603) get /opt/stack/nova/nova/compute/api.py:2815}}
Apr 30 17:29:00.726255 dv-cinder-784779-10-smb devstack@n-api.service[88604]: DEBUG nova.api.openstack.wsgi [None req-22bb0856-b2fc-4ec1-b63b-70070c834552 tempest-DeleteServersTestJSON-1190257565 tempest-DeleteServersTestJSON-1190257565-project] Action: 'create', calling method: >, body: {"server": {"name": "tempest-DeleteServersTestJSON-server-148399206", "imageRef": "51303543-c2ad-48c2-a657-521ca538c774", "flavorRef": "452", "networks": [{"uuid": "e91f97c5-a651-44fc-b2ce-8a6f4fea9795"}]}} {{(pid=88604) _process_stack /opt/stack/nova/nova/api/openstack/wsgi.py:511}}
Apr 30 17:29:00.873389 dv-cinder-784779-10-smb devstack@n-api.service[88604]: DEBUG nova.network.neutron [None req-22bb0856-b2fc-4ec1-b63b-70070c834552 tempest-DeleteServersTestJSON-1190257565 tempest-DeleteServersTestJSON-1190257565-project] validate_networks() for [('e91f97c5-a651-44fc-b2ce-8a6f4fea9795', None, None, None)] {{(pid=88604) validate_networks /opt/stack/nova/nova/network/neutron.py:2374}}
Apr 30 17:29:00.936326 dv-cinder-784779-10-smb devstack@n-api.service[88603]: DEBUG nova.policy [None req-9995b4ff-78ee-40a7-962a-b2f6cc46253d tempest-AttachVolumeNegativeTest-1460053099 tempest-AttachVolumeNegativeTest-1460053099-project] Policy check for os_compute_api:os-extended-server-attributes failed with credentials {'is_admin': False, 'user_id': '3010049b1d1a41999fdcd2f23c4b4079', 'user_domain_id': 'default', 'system_scope': None, 'domain_id': None, 'project_id': '27edf4bf62874f89b85fe09a8b8b4762', 'project_domain_id': 'default', 'roles': ['member', 'reader'], 'is_admin_project': True, 'service_user_id': None, 'service_user_domain_id': None, 'service_project_id': None, 'service_project_domain_id': None, 'service_roles': []} {{(pid=88603) authorize /opt/stack/nova/nova/policy.py:199}}
Apr 30 17:29:00.957064 dv-cinder-784779-10-smb devstack@n-api.service[88603]: INFO nova.api.openstack.requestlog [None req-9995b4ff-78ee-40a7-962a-b2f6cc46253d tempest-AttachVolumeNegativeTest-1460053099 tempest-AttachVolumeNegativeTest-1460053099-project] 10.222.0.32 "GET /compute/v2.1/servers/3064de09-7044-4774-9065-794c60eb5d3f" status: 200 len: 1218 microversion: 2.1 time: 0.261450
Apr 30 17:29:00.966521 dv-cinder-784779-10-smb devstack@n-api.service[88603]: [pid: 88603|app: 0|req: 2/3] 10.222.0.32 () {58 vars in 1236 bytes} [Fri Apr 30 17:29:00 2021] GET /compute/v2.1/servers/3064de09-7044-4774-9065-794c60eb5d3f => generated 1218 bytes in 264 msecs (HTTP/1.1 200) 9 headers in 358 bytes (1 switches on core 0)
Apr 30 17:29:00.966521 dv-cinder-784779-10-smb devstack@n-api.service[88603]: DEBUG nova.api.openstack.wsgi [None req-39b2fcbd-8fee-4edd-ac62-c0d33c5f3b05 tempest-VolumesSnapshotsTestJSON-225153588 tempest-VolumesSnapshotsTestJSON-225153588-project] Calling method '.version_select at 0x7fb7241e3670>' {{(pid=88603) _process_stack /opt/stack/nova/nova/api/openstack/wsgi.py:513}}
Apr 30 17:29:01.352955 dv-cinder-784779-10-smb devstack@n-api.service[88603]: INFO nova.api.openstack.requestlog [None req-39b2fcbd-8fee-4edd-ac62-c0d33c5f3b05 tempest-VolumesSnapshotsTestJSON-225153588 tempest-VolumesSnapshotsTestJSON-225153588-project] 10.222.0.32 "GET /compute/v2.1/os-volumes/ee3c8666-a918-4226-9703-4db1c2616835" status: 200 len: 346 microversion: 2.1 time: 0.393096
Apr 30 17:29:01.353765 dv-cinder-784779-10-smb devstack@n-api.service[88603]: [pid: 88603|app: 0|req: 3/4] 10.222.0.32 () {58 vars in 1245 bytes} [Fri Apr 30 17:29:00 2021] GET /compute/v2.1/os-volumes/ee3c8666-a918-4226-9703-4db1c2616835 => generated 346 bytes in 395 msecs (HTTP/1.1 200) 9 headers in 357 bytes (1 switches on core 0)
Apr 30 17:29:01.366625 dv-cinder-784779-10-smb devstack@n-api.service[88603]: DEBUG nova.api.openstack.wsgi [None req-9aaa1fab-f948-4c4d-a9dc-416ebbcecf12 tempest-VolumesSnapshotsTestJSON-225153588 tempest-VolumesSnapshotsTestJSON-225153588-project] Action: 'create', calling method: .version_select at 0x7fb7241aaaf0>, body: {"snapshot": {"volume_id": "ee3c8666-a918-4226-9703-4db1c2616835", "display_name": "tempest-VolumesSnapshotsTestJSON-Snapshot-347337212"}} {{(pid=88603) _process_stack /opt/stack/nova/nova/api/openstack/wsgi.py:511}}
Apr 30 17:29:02.228465 dv-cinder-784779-10-smb devstack@n-api.service[88603]: INFO nova.api.openstack.requestlog [None req-9aaa1fab-f948-4c4d-a9dc-416ebbcecf12 tempest-VolumesSnapshotsTestJSON-225153588 tempest-VolumesSnapshotsTestJSON-225153588-project] 10.222.0.32 "POST /compute/v2.1/os-snapshots" status: 200 len: 286 microversion: 2.1 time: 0.863786
Apr 30 17:29:02.228465 dv-cinder-784779-10-smb devstack@n-api.service[88603]: [pid: 88603|app: 0|req: 4/5] 10.222.0.32 () {60 vars in 1162 bytes} [Fri Apr 30 17:29:01 2021] POST /compute/v2.1/os-snapshots => generated 286 bytes in 866 msecs (HTTP/1.1 200) 9 headers in 357 bytes (1 switches on core 0)
Apr 30 17:29:02.241250 dv-cinder-784779-10-smb devstack@n-api.service[88603]: DEBUG nova.api.openstack.wsgi [None req-4ff4dc71-6f2d-47be-add3-77af252bee06 tempest-AttachVolumeNegativeTest-1460053099 tempest-AttachVolumeNegativeTest-1460053099-project] Calling method '>' {{(pid=88603) _process_stack /opt/stack/nova/nova/api/openstack/wsgi.py:513}}
Apr 30 17:29:02.254406 dv-cinder-784779-10-smb devstack@n-api.service[88603]: DEBUG nova.compute.api [None req-4ff4dc71-6f2d-47be-add3-77af252bee06 tempest-AttachVolumeNegativeTest-1460053099 tempest-AttachVolumeNegativeTest-1460053099-project] [instance: 3064de09-7044-4774-9065-794c60eb5d3f] Fetching instance by UUID {{(pid=88603) get /opt/stack/nova/nova/compute/api.py:2815}}
Apr 30 17:29:02.688900 dv-cinder-784779-10-smb devstack@n-api.service[88604]: DEBUG nova.virt.hardware [None req-22bb0856-b2fc-4ec1-b63b-70070c834552 tempest-DeleteServersTestJSON-1190257565 tempest-DeleteServersTestJSON-1190257565-project] Flavor limits 0:0:0 {{(pid=88604) get_cpu_topology_constraints /opt/stack/nova/nova/virt/hardware.py:344}}
Apr 30 17:29:02.689398 dv-cinder-784779-10-smb devstack@n-api.service[88603]: DEBUG nova.policy [None req-4ff4dc71-6f2d-47be-add3-77af252bee06 tempest-AttachVolumeNegativeTest-1460053099 tempest-AttachVolumeNegativeTest-1460053099-project] Policy check for os_compute_api:os-extended-server-attributes failed with credentials {'is_admin': False, 'user_id': '3010049b1d1a41999fdcd2f23c4b4079', 'user_domain_id': 'default', 'system_scope': None, 'domain_id': None, 'project_id': '27edf4bf62874f89b85fe09a8b8b4762', 'project_domain_id': 'default', 'roles': ['member', 'reader'], 'is_admin_project': True, 'service_user_id': None, 'service_user_domain_id': None, 'service_project_id': None, 'service_project_domain_id': None, 'service_roles': []} {{(pid=88603) authorize /opt/stack/nova/nova/policy.py:199}}
Apr 30 17:29:02.690307 dv-cinder-784779-10-smb devstack@n-api.service[88604]: DEBUG nova.virt.hardware [None req-22bb0856-b2fc-4ec1-b63b-70070c834552 tempest-DeleteServersTestJSON-1190257565 tempest-DeleteServersTestJSON-1190257565-project] Image limits 0:0:0 {{(pid=88604) get_cpu_topology_constraints /opt/stack/nova/nova/virt/hardware.py:348}}
Apr 30 17:29:02.691032 dv-cinder-784779-10-smb devstack@n-api.service[88604]: DEBUG nova.virt.hardware [None req-22bb0856-b2fc-4ec1-b63b-70070c834552 tempest-DeleteServersTestJSON-1190257565 tempest-DeleteServersTestJSON-1190257565-project] Flavor pref 0:0:0 {{(pid=88604) get_cpu_topology_constraints /opt/stack/nova/nova/virt/hardware.py:384}}
Apr 30 17:29:02.691969 dv-cinder-784779-10-smb devstack@n-api.service[88604]: DEBUG nova.virt.hardware [None req-22bb0856-b2fc-4ec1-b63b-70070c834552 tempest-DeleteServersTestJSON-1190257565 tempest-DeleteServersTestJSON-1190257565-project] Image pref 0:0:0 {{(pid=88604) get_cpu_topology_constraints /opt/stack/nova/nova/virt/hardware.py:388}}
Apr 30 17:29:02.692532 dv-cinder-784779-10-smb devstack@n-api.service[88604]: DEBUG nova.virt.hardware [None req-22bb0856-b2fc-4ec1-b63b-70070c834552 tempest-DeleteServersTestJSON-1190257565 tempest-DeleteServersTestJSON-1190257565-project] Chose sockets=0, cores=0, threads=0; limits were sockets=65536, cores=65536, threads=65536 {{(pid=88604) get_cpu_topology_constraints /opt/stack/nova/nova/virt/hardware.py:426}}
Apr 30 17:29:02.699415 dv-cinder-784779-10-smb devstack@n-api.service[88603]: INFO nova.api.openstack.requestlog [None req-4ff4dc71-6f2d-47be-add3-77af252bee06 tempest-AttachVolumeNegativeTest-1460053099 tempest-AttachVolumeNegativeTest-1460053099-project] 10.222.0.32 "GET /compute/v2.1/servers/3064de09-7044-4774-9065-794c60eb5d3f" status: 200 len: 1218 microversion: 2.1 time: 0.465534
Apr 30 17:29:02.700012 dv-cinder-784779-10-smb devstack@n-api.service[88603]: [pid: 88603|app: 0|req: 5/6] 10.222.0.32 () {58 vars in 1236 bytes} [Fri Apr 30 17:29:02 2021] GET /compute/v2.1/servers/3064de09-7044-4774-9065-794c60eb5d3f => generated 1218 bytes in 472 msecs (HTTP/1.1 200) 9 headers in 358 bytes (1 switches on core 0)
Apr 30 17:29:02.707591 dv-cinder-784779-10-smb devstack@n-api.service[88604]: DEBUG oslo_concurrency.lockutils [None req-22bb0856-b2fc-4ec1-b63b-70070c834552 tempest-DeleteServersTestJSON-1190257565 tempest-DeleteServersTestJSON-1190257565-project] Lock "00000000-0000-0000-0000-000000000000" acquired by "nova.context.set_target_cell..get_or_set_cached_cell_and_set_connections" :: waited 0.000s {{(pid=88604) inner /usr/local/lib/python3.8/dist-packages/oslo_concurrency/lockutils.py:355}}
Apr 30 17:29:02.708348 dv-cinder-784779-10-smb devstack@n-api.service[88604]: DEBUG oslo_concurrency.lockutils [None req-22bb0856-b2fc-4ec1-b63b-70070c834552 tempest-DeleteServersTestJSON-1190257565 tempest-DeleteServersTestJSON-1190257565-project] Lock "00000000-0000-0000-0000-000000000000" released by "nova.context.set_target_cell..get_or_set_cached_cell_and_set_connections" :: held 0.002s {{(pid=88604) inner /usr/local/lib/python3.8/dist-packages/oslo_concurrency/lockutils.py:367}}
Apr 30 17:29:02.709455 dv-cinder-784779-10-smb devstack@n-api.service[88604]: DEBUG oslo_concurrency.lockutils [None req-22bb0856-b2fc-4ec1-b63b-70070c834552 tempest-DeleteServersTestJSON-1190257565 tempest-DeleteServersTestJSON-1190257565-project] Lock "1da6ef15-f79b-4778-9b22-b0138c06f999" acquired by "nova.context.set_target_cell..get_or_set_cached_cell_and_set_connections" :: waited 0.000s {{(pid=88604) inner /usr/local/lib/python3.8/dist-packages/oslo_concurrency/lockutils.py:355}}
Apr 30 17:29:02.710015 dv-cinder-784779-10-smb devstack@n-api.service[88604]: DEBUG oslo_concurrency.lockutils [None req-22bb0856-b2fc-4ec1-b63b-70070c834552 tempest-DeleteServersTestJSON-1190257565 tempest-DeleteServersTestJSON-1190257565-project] Lock "1da6ef15-f79b-4778-9b22-b0138c06f999" released by "nova.context.set_target_cell..get_or_set_cached_cell_and_set_connections" :: held 0.001s {{(pid=88604) inner /usr/local/lib/python3.8/dist-packages/oslo_concurrency/lockutils.py:367}}
Apr 30 17:29:02.710776 dv-cinder-784779-10-smb devstack@n-api.service[88603]: DEBUG nova.api.openstack.wsgi [None req-097b3aae-7486-4714-82ad-afa042603434 tempest-VolumesSnapshotsTestJSON-225153588 tempest-VolumesSnapshotsTestJSON-225153588-project] Calling method '.version_select at 0x7fb7241e3d30>' {{(pid=88603) _process_stack /opt/stack/nova/nova/api/openstack/wsgi.py:513}}
Apr 30 17:29:02.739844 dv-cinder-784779-10-smb devstack@n-api.service[88604]: DEBUG nova.quota [None req-22bb0856-b2fc-4ec1-b63b-70070c834552 tempest-DeleteServersTestJSON-1190257565 tempest-DeleteServersTestJSON-1190257565-project] Getting quotas for project 261f35dcbafa4492b33783c3871f7d76. Resources: {'ram', 'instances', 'cores'} {{(pid=88604) _get_quotas /opt/stack/nova/nova/quota.py:387}}
Apr 30 17:29:02.746949 dv-cinder-784779-10-smb devstack@n-api.service[88604]: DEBUG nova.quota [None req-22bb0856-b2fc-4ec1-b63b-70070c834552 tempest-DeleteServersTestJSON-1190257565 tempest-DeleteServersTestJSON-1190257565-project] Getting quotas for user 1a11210cdb9d4230a0e858c164aa4436 and project 261f35dcbafa4492b33783c3871f7d76. Resources: {'ram', 'instances', 'cores'} {{(pid=88604) _get_quotas /opt/stack/nova/nova/quota.py:377}}
Apr 30 17:29:02.766174 dv-cinder-784779-10-smb devstack@n-api.service[88604]: DEBUG nova.compute.api [None req-22bb0856-b2fc-4ec1-b63b-70070c834552 tempest-DeleteServersTestJSON-1190257565 tempest-DeleteServersTestJSON-1190257565-project] Going to run 1 instances... {{(pid=88604) _provision_instances /opt/stack/nova/nova/compute/api.py:1283}}
Apr 30 17:29:02.773861 dv-cinder-784779-10-smb devstack@n-api.service[88604]: DEBUG nova.compute.api [None req-22bb0856-b2fc-4ec1-b63b-70070c834552 tempest-DeleteServersTestJSON-1190257565 tempest-DeleteServersTestJSON-1190257565-project] [instance: 0f6506f9-8317-4e18-aa37-53ce1d9f015a] block_device_mapping [BlockDeviceMapping(attachment_id=,boot_index=0,connection_info=None,created_at=,delete_on_termination=True,deleted=,deleted_at=,destination_type='local',device_name=None,device_type='disk',disk_bus=None,guest_format=None,id=,image_id='51303543-c2ad-48c2-a657-521ca538c774',instance=,instance_uuid=,no_device=False,snapshot_id=None,source_type='image',tag=None,updated_at=,uuid=,volume_id=None,volume_size=None,volume_type=None)] {{(pid=88604) _bdm_validate_set_size_and_instance /opt/stack/nova/nova/compute/api.py:1684}}
Apr 30 17:29:03.065228 dv-cinder-784779-10-smb devstack@n-api.service[88604]: INFO nova.api.openstack.requestlog [None req-22bb0856-b2fc-4ec1-b63b-70070c834552 tempest-DeleteServersTestJSON-1190257565 tempest-DeleteServersTestJSON-1190257565-project] 10.222.0.32 "POST /compute/v2.1/servers" status: 202 len: 380 microversion: 2.1 time: 2.464572
Apr 30 17:29:03.066195 dv-cinder-784779-10-smb devstack@n-api.service[88604]: [pid: 88604|app: 0|req: 2/7] 10.222.0.32 () {60 vars in 1147 bytes} [Fri Apr 30 17:29:00 2021] POST /compute/v2.1/servers => generated 380 bytes in 2467 msecs (HTTP/1.1 202) 10 headers in 451 bytes (1 switches on core 0)
Apr 30 17:29:03.077046 dv-cinder-784779-10-smb devstack@n-api.service[88604]: DEBUG nova.api.openstack.wsgi [None req-cef586a4-a38d-4918-8da9-c6a05548baad tempest-DeleteServersTestJSON-1190257565 tempest-DeleteServersTestJSON-1190257565-project] Calling method '>' {{(pid=88604) _process_stack /opt/stack/nova/nova/api/openstack/wsgi.py:513}}
Apr 30 17:29:03.079140 dv-cinder-784779-10-smb devstack@n-api.service[88604]: DEBUG nova.compute.api [None req-cef586a4-a38d-4918-8da9-c6a05548baad tempest-DeleteServersTestJSON-1190257565 tempest-DeleteServersTestJSON-1190257565-project] [instance: 0f6506f9-8317-4e18-aa37-53ce1d9f015a] Fetching instance by UUID {{(pid=88604) get /opt/stack/nova/nova/compute/api.py:2815}}
Apr 30 17:29:03.296744 dv-cinder-784779-10-smb devstack@n-api.service[88604]: DEBUG nova.policy [None req-cef586a4-a38d-4918-8da9-c6a05548baad tempest-DeleteServersTestJSON-1190257565 tempest-DeleteServersTestJSON-1190257565-project] Policy check for os_compute_api:os-extended-server-attributes failed with credentials {'is_admin': False, 'user_id': '1a11210cdb9d4230a0e858c164aa4436', 'user_domain_id': 'default', 'system_scope': None, 'domain_id': None, 'project_id': '261f35dcbafa4492b33783c3871f7d76', 'project_domain_id': 'default', 'roles': ['member', 'reader'], 'is_admin_project': True, 'service_user_id': None, 'service_user_domain_id': None, 'service_project_id': None, 'service_project_domain_id': None, 'service_roles': []} {{(pid=88604) authorize /opt/stack/nova/nova/policy.py:199}}
Apr 30 17:29:03.342316 dv-cinder-784779-10-smb devstack@n-api.service[88604]: INFO nova.api.openstack.requestlog [None req-cef586a4-a38d-4918-8da9-c6a05548baad tempest-DeleteServersTestJSON-1190257565 tempest-DeleteServersTestJSON-1190257565-project] 10.222.0.32 "GET /compute/v2.1/servers/0f6506f9-8317-4e18-aa37-53ce1d9f015a" status: 200 len: 1214 microversion: 2.1 time: 0.269459
Apr 30 17:29:03.342893 dv-cinder-784779-10-smb devstack@n-api.service[88604]: [pid: 88604|app: 0|req: 3/8] 10.222.0.32 () {58 vars in 1236 bytes} [Fri Apr 30 17:29:03 2021] GET /compute/v2.1/servers/0f6506f9-8317-4e18-aa37-53ce1d9f015a => generated 1214 bytes in 271 msecs (HTTP/1.1 200) 9 headers in 358 bytes (1 switches on core 0)
Apr 30 17:29:03.428368 dv-cinder-784779-10-smb devstack@n-api.service[88604]: DEBUG nova.api.openstack.wsgi [None req-243a8174-a1c3-4054-89d6-298614d33c0a tempest-AttachVolumeTestJSON-80456805 tempest-AttachVolumeTestJSON-80456805-project] Action: 'create', calling method: .version_select at 0x7fb7241f23a0>, body: {"keypair": {"name": "tempest-keypair-866048938"}} {{(pid=88604) _process_stack /opt/stack/nova/nova/api/openstack/wsgi.py:511}}
Apr 30 17:29:03.494099 dv-cinder-784779-10-smb devstack@n-api.service[88604]: DEBUG nova.quota [None req-243a8174-a1c3-4054-89d6-298614d33c0a tempest-AttachVolumeTestJSON-80456805 tempest-AttachVolumeTestJSON-80456805-project] Getting quotas for project a15e20b74f0d4d84a7a49be43fe3147d. Resources: {'key_pairs'} {{(pid=88604) _get_quotas /opt/stack/nova/nova/quota.py:387}}
Apr 30 17:29:03.511638 dv-cinder-784779-10-smb devstack@n-api.service[88604]: DEBUG nova.quota [None req-243a8174-a1c3-4054-89d6-298614d33c0a tempest-AttachVolumeTestJSON-80456805 tempest-AttachVolumeTestJSON-80456805-project] Getting quotas for user 7c5694f917af4578bfb16e293dfe8d05 and project a15e20b74f0d4d84a7a49be43fe3147d. Resources: {'key_pairs'} {{(pid=88604) _get_quotas /opt/stack/nova/nova/quota.py:377}}
Apr 30 17:29:03.739429 dv-cinder-784779-10-smb devstack@n-api.service[88603]: INFO nova.api.openstack.requestlog [None req-097b3aae-7486-4714-82ad-afa042603434 tempest-VolumesSnapshotsTestJSON-225153588 tempest-VolumesSnapshotsTestJSON-225153588-project] 10.222.0.32 "GET /compute/v2.1/os-snapshots/6fb0bc10-9833-4cf5-9c15-0cdf69cd3dab" status: 200 len: 287 microversion: 2.1 time: 1.038330
Apr 30 17:29:03.740052 dv-cinder-784779-10-smb devstack@n-api.service[88603]: [pid: 88603|app: 0|req: 6/9] 10.222.0.32 () {58 vars in 1251 bytes} [Fri Apr 30 17:29:02 2021] GET /compute/v2.1/os-snapshots/6fb0bc10-9833-4cf5-9c15-0cdf69cd3dab => generated 287 bytes in 1039 msecs (HTTP/1.1 200) 9 headers in 357 bytes (1 switches on core 0)
Apr 30 17:29:03.745682 dv-cinder-784779-10-smb devstack@n-api.service[88603]: DEBUG nova.api.openstack.wsgi [None req-4360f5d8-15a0-4464-809d-02a241ac4a7b tempest-AttachVolumeNegativeTest-1460053099 tempest-AttachVolumeNegativeTest-1460053099-project] Calling method '>' {{(pid=88603) _process_stack /opt/stack/nova/nova/api/openstack/wsgi.py:513}}
Apr 30 17:29:03.746344 dv-cinder-784779-10-smb devstack@n-api.service[88603]: DEBUG nova.compute.api [None req-4360f5d8-15a0-4464-809d-02a241ac4a7b tempest-AttachVolumeNegativeTest-1460053099 tempest-AttachVolumeNegativeTest-1460053099-project] [instance: 3064de09-7044-4774-9065-794c60eb5d3f] Fetching instance by UUID {{(pid=88603) get /opt/stack/nova/nova/compute/api.py:2815}}
Apr 30 17:29:03.769415 dv-cinder-784779-10-smb devstack@n-api.service[88603]: DEBUG oslo_concurrency.lockutils [None req-4360f5d8-15a0-4464-809d-02a241ac4a7b tempest-AttachVolumeNegativeTest-1460053099 tempest-AttachVolumeNegativeTest-1460053099-project] Lock "1da6ef15-f79b-4778-9b22-b0138c06f999" acquired by "nova.context.set_target_cell..get_or_set_cached_cell_and_set_connections" :: waited 0.001s {{(pid=88603) inner /usr/local/lib/python3.8/dist-packages/oslo_concurrency/lockutils.py:355}}
Apr 30 17:29:03.770940 dv-cinder-784779-10-smb devstack@n-api.service[88603]: DEBUG oslo_concurrency.lockutils [None req-4360f5d8-15a0-4464-809d-02a241ac4a7b tempest-AttachVolumeNegativeTest-1460053099 tempest-AttachVolumeNegativeTest-1460053099-project] Lock "1da6ef15-f79b-4778-9b22-b0138c06f999" released by "nova.context.set_target_cell..get_or_set_cached_cell_and_set_connections" :: held 0.003s {{(pid=88603) inner /usr/local/lib/python3.8/dist-packages/oslo_concurrency/lockutils.py:367}}
Apr 30 17:29:03.772824 dv-cinder-784779-10-smb devstack@n-api.service[88603]: DEBUG oslo_concurrency.lockutils [None req-4360f5d8-15a0-4464-809d-02a241ac4a7b tempest-AttachVolumeNegativeTest-1460053099 tempest-AttachVolumeNegativeTest-1460053099-project] Lock "1da6ef15-f79b-4778-9b22-b0138c06f999" acquired by "nova.context.set_target_cell..get_or_set_cached_cell_and_set_connections" :: waited 0.000s {{(pid=88603) inner /usr/local/lib/python3.8/dist-packages/oslo_concurrency/lockutils.py:355}}
Apr 30 17:29:03.775883 dv-cinder-784779-10-smb devstack@n-api.service[88603]: DEBUG oslo_concurrency.lockutils [None req-4360f5d8-15a0-4464-809d-02a241ac4a7b tempest-AttachVolumeNegativeTest-1460053099 tempest-AttachVolumeNegativeTest-1460053099-project] Lock "1da6ef15-f79b-4778-9b22-b0138c06f999" released by "nova.context.set_target_cell..get_or_set_cached_cell_and_set_connections" :: held 0.003s {{(pid=88603) inner /usr/local/lib/python3.8/dist-packages/oslo_concurrency/lockutils.py:367}}
Apr 30 17:29:04.022063 dv-cinder-784779-10-smb devstack@n-api.service[88604]: DEBUG nova.quota [None req-243a8174-a1c3-4054-89d6-298614d33c0a tempest-AttachVolumeTestJSON-80456805 tempest-AttachVolumeTestJSON-80456805-project] Getting quotas for project a15e20b74f0d4d84a7a49be43fe3147d. Resources: {'key_pairs'} {{(pid=88604) _get_quotas /opt/stack/nova/nova/quota.py:387}}
Apr 30 17:29:04.036225 dv-cinder-784779-10-smb devstack@n-api.service[88604]: DEBUG nova.quota [None req-243a8174-a1c3-4054-89d6-298614d33c0a tempest-AttachVolumeTestJSON-80456805 tempest-AttachVolumeTestJSON-80456805-project] Getting quotas for user 7c5694f917af4578bfb16e293dfe8d05 and project a15e20b74f0d4d84a7a49be43fe3147d. Resources: {'key_pairs'} {{(pid=88604) _get_quotas /opt/stack/nova/nova/quota.py:377}}
Apr 30 17:29:04.110772 dv-cinder-784779-10-smb devstack@n-api.service[88604]: INFO nova.api.openstack.requestlog [None req-243a8174-a1c3-4054-89d6-298614d33c0a tempest-AttachVolumeTestJSON-80456805 tempest-AttachVolumeTestJSON-80456805-project] 10.222.0.32 "POST /compute/v2.1/os-keypairs" status: 200 len: 2300 microversion: 2.1 time: 0.763048
Apr 30 17:29:04.112844 dv-cinder-784779-10-smb devstack@n-api.service[88604]: [pid: 88604|app: 0|req: 4/10] 10.222.0.32 () {60 vars in 1158 bytes} [Fri Apr 30 17:29:03 2021] POST /compute/v2.1/os-keypairs => generated 2300 bytes in 766 msecs (HTTP/1.1 200) 9 headers in 358 bytes (1 switches on core 0)
Apr 30 17:29:04.121518 dv-cinder-784779-10-smb devstack@n-api.service[88604]: DEBUG nova.api.openstack.wsgi [None req-c6291579-d166-49d4-a541-2e95668a26b6 tempest-VolumesSnapshotsTestJSON-225153588 tempest-VolumesSnapshotsTestJSON-225153588-project] Calling method '.version_select at 0x7fb724162280>' {{(pid=88604) _process_stack /opt/stack/nova/nova/api/openstack/wsgi.py:513}}
Apr 30 17:29:04.191169 dv-cinder-784779-10-smb devstack@n-api.service[88603]: DEBUG nova.policy [None req-4360f5d8-15a0-4464-809d-02a241ac4a7b tempest-AttachVolumeNegativeTest-1460053099 tempest-AttachVolumeNegativeTest-1460053099-project] Policy check for os_compute_api:os-extended-server-attributes failed with credentials {'is_admin': False, 'user_id': '3010049b1d1a41999fdcd2f23c4b4079', 'user_domain_id': 'default', 'system_scope': None, 'domain_id': None, 'project_id': '27edf4bf62874f89b85fe09a8b8b4762', 'project_domain_id': 'default', 'roles': ['member', 'reader'], 'is_admin_project': True, 'service_user_id': None, 'service_user_domain_id': None, 'service_project_id': None, 'service_project_domain_id': None, 'service_roles': []} {{(pid=88603) authorize /opt/stack/nova/nova/policy.py:199}}
Apr 30 17:29:04.215442 dv-cinder-784779-10-smb devstack@n-api.service[88603]: INFO nova.api.openstack.requestlog [None req-4360f5d8-15a0-4464-809d-02a241ac4a7b tempest-AttachVolumeNegativeTest-1460053099 tempest-AttachVolumeNegativeTest-1460053099-project] 10.222.0.32 "GET /compute/v2.1/servers/3064de09-7044-4774-9065-794c60eb5d3f" status: 200 len: 1222 microversion: 2.1 time: 0.474325
Apr 30 17:29:04.225414 dv-cinder-784779-10-smb devstack@n-api.service[88603]: [pid: 88603|app: 0|req: 7/11] 10.222.0.32 () {58 vars in 1236 bytes} [Fri Apr 30 17:29:03 2021] GET /compute/v2.1/servers/3064de09-7044-4774-9065-794c60eb5d3f => generated 1222 bytes in 475 msecs (HTTP/1.1 200) 9 headers in 358 bytes (1 switches on core 0)
Apr 30 17:29:04.305401 dv-cinder-784779-10-smb devstack@n-api.service[88604]: INFO nova.api.openstack.requestlog [None req-c6291579-d166-49d4-a541-2e95668a26b6 tempest-VolumesSnapshotsTestJSON-225153588 tempest-VolumesSnapshotsTestJSON-225153588-project] 10.222.0.32 "GET /compute/v2.1/os-snapshots" status: 200 len: 290 microversion: 2.1 time: 0.191072
Apr 30 17:29:04.306236 dv-cinder-784779-10-smb devstack@n-api.service[88604]: [pid: 88604|app: 0|req: 5/12] 10.222.0.32 () {58 vars in 1140 bytes} [Fri Apr 30 17:29:04 2021] GET /compute/v2.1/os-snapshots => generated 290 bytes in 193 msecs (HTTP/1.1 200) 9 headers in 357 bytes (1 switches on core 0)
Apr 30 17:29:04.318287 dv-cinder-784779-10-smb devstack@n-api.service[88603]: DEBUG nova.api.openstack.wsgi [None req-db62b91d-29c0-47b2-91c6-29a35a12d3d1 tempest-VolumesSnapshotsTestJSON-225153588 tempest-VolumesSnapshotsTestJSON-225153588-project] Calling method '.version_select at 0x7fb7240b7310>' {{(pid=88603) _process_stack /opt/stack/nova/nova/api/openstack/wsgi.py:513}}
Apr 30 17:29:04.360600 dv-cinder-784779-10-smb devstack@n-api.service[88604]: DEBUG nova.api.openstack.wsgi [None req-7360f323-7e55-4adf-8740-f05aefb71731 tempest-DeleteServersTestJSON-1190257565 tempest-DeleteServersTestJSON-1190257565-project] Calling method '>' {{(pid=88604) _process_stack /opt/stack/nova/nova/api/openstack/wsgi.py:513}}
Apr 30 17:29:04.362098 dv-cinder-784779-10-smb devstack@n-api.service[88604]: DEBUG nova.compute.api [None req-7360f323-7e55-4adf-8740-f05aefb71731 tempest-DeleteServersTestJSON-1190257565 tempest-DeleteServersTestJSON-1190257565-project] [instance: 0f6506f9-8317-4e18-aa37-53ce1d9f015a] Fetching instance by UUID {{(pid=88604) get /opt/stack/nova/nova/compute/api.py:2815}}
Apr 30 17:29:04.385562 dv-cinder-784779-10-smb devstack@n-api.service[88603]: INFO nova.api.openstack.requestlog [None req-db62b91d-29c0-47b2-91c6-29a35a12d3d1 tempest-VolumesSnapshotsTestJSON-225153588 tempest-VolumesSnapshotsTestJSON-225153588-project] 10.222.0.32 "GET /compute/v2.1/os-snapshots/6fb0bc10-9833-4cf5-9c15-0cdf69cd3dab" status: 200 len: 287 microversion: 2.1 time: 0.071063
Apr 30 17:29:04.386159 dv-cinder-784779-10-smb devstack@n-api.service[88603]: [pid: 88603|app: 0|req: 8/13] 10.222.0.32 () {58 vars in 1251 bytes} [Fri Apr 30 17:29:04 2021] GET /compute/v2.1/os-snapshots/6fb0bc10-9833-4cf5-9c15-0cdf69cd3dab => generated 287 bytes in 72 msecs (HTTP/1.1 200) 9 headers in 357 bytes (1 switches on core 0)
Apr 30 17:29:04.401556 dv-cinder-784779-10-smb devstack@n-api.service[88603]: DEBUG nova.api.openstack.wsgi [None req-c18167f2-b03b-4595-b624-105b13300a74 tempest-VolumesSnapshotsTestJSON-225153588 tempest-VolumesSnapshotsTestJSON-225153588-project] Calling method '.version_select at 0x7fb724130700>' {{(pid=88603) _process_stack /opt/stack/nova/nova/api/openstack/wsgi.py:513}}
Apr 30 17:29:04.509459 dv-cinder-784779-10-smb devstack@n-api.service[88604]: DEBUG nova.policy [None req-7360f323-7e55-4adf-8740-f05aefb71731 tempest-DeleteServersTestJSON-1190257565 tempest-DeleteServersTestJSON-1190257565-project] Policy check for os_compute_api:os-extended-server-attributes failed with credentials {'is_admin': False, 'user_id': '1a11210cdb9d4230a0e858c164aa4436', 'user_domain_id': 'default', 'system_scope': None, 'domain_id': None, 'project_id': '261f35dcbafa4492b33783c3871f7d76', 'project_domain_id': 'default', 'roles': ['member', 'reader'], 'is_admin_project': True, 'service_user_id': None, 'service_user_domain_id': None, 'service_project_id': None, 'service_project_domain_id': None, 'service_roles': []} {{(pid=88604) authorize /opt/stack/nova/nova/policy.py:199}}
Apr 30 17:29:04.520975 dv-cinder-784779-10-smb devstack@n-api.service[88604]: INFO nova.api.openstack.requestlog [None req-7360f323-7e55-4adf-8740-f05aefb71731 tempest-DeleteServersTestJSON-1190257565 tempest-DeleteServersTestJSON-1190257565-project] 10.222.0.32 "GET /compute/v2.1/servers/0f6506f9-8317-4e18-aa37-53ce1d9f015a" status: 200 len: 1214 microversion: 2.1 time: 0.164980
Apr 30 17:29:04.531390 dv-cinder-784779-10-smb devstack@n-api.service[88604]: [pid: 88604|app: 0|req: 6/14] 10.222.0.32 () {58 vars in 1236 bytes} [Fri Apr 30 17:29:04 2021] GET /compute/v2.1/servers/0f6506f9-8317-4e18-aa37-53ce1d9f015a => generated 1214 bytes in 176 msecs (HTTP/1.1 200) 9 headers in 358 bytes (1 switches on core 0)
Apr 30 17:29:04.657428 dv-cinder-784779-10-smb devstack@n-api.service[88603]: INFO nova.api.openstack.requestlog [None req-c18167f2-b03b-4595-b624-105b13300a74 tempest-VolumesSnapshotsTestJSON-225153588 tempest-VolumesSnapshotsTestJSON-225153588-project] 10.222.0.32 "DELETE /compute/v2.1/os-snapshots/6fb0bc10-9833-4cf5-9c15-0cdf69cd3dab" status: 202 len: 0 microversion: 2.1 time: 0.260514
Apr 30 17:29:04.658917 dv-cinder-784779-10-smb devstack@n-api.service[88603]: [pid: 88603|app: 0|req: 9/15] 10.222.0.32 () {58 vars in 1254 bytes} [Fri Apr 30 17:29:04 2021] DELETE /compute/v2.1/os-snapshots/6fb0bc10-9833-4cf5-9c15-0cdf69cd3dab => generated 0 bytes in 264 msecs (HTTP/1.1 202) 9 headers in 361 bytes (1 switches on core 0)
Apr 30 17:29:04.667985 dv-cinder-784779-10-smb devstack@n-api.service[88604]: DEBUG nova.api.openstack.wsgi [None req-5beca1e1-b963-4125-8e65-719c42addc13 tempest-VolumesSnapshotsTestJSON-225153588 tempest-VolumesSnapshotsTestJSON-225153588-project] Calling method '.version_select at 0x7fb72307b940>' {{(pid=88604) _process_stack /opt/stack/nova/nova/api/openstack/wsgi.py:513}}
Apr 30 17:29:04.742504 dv-cinder-784779-10-smb devstack@n-api.service[88604]: INFO nova.api.openstack.requestlog [None req-5beca1e1-b963-4125-8e65-719c42addc13 tempest-VolumesSnapshotsTestJSON-225153588 tempest-VolumesSnapshotsTestJSON-225153588-project] 10.222.0.32 "GET /compute/v2.1/os-snapshots/6fb0bc10-9833-4cf5-9c15-0cdf69cd3dab" status: 200 len: 286 microversion: 2.1 time: 0.079204
Apr 30 17:29:04.743444 dv-cinder-784779-10-smb devstack@n-api.service[88604]: [pid: 88604|app: 0|req: 7/16] 10.222.0.32 () {58 vars in 1251 bytes} [Fri Apr 30 17:29:04 2021] GET /compute/v2.1/os-snapshots/6fb0bc10-9833-4cf5-9c15-0cdf69cd3dab => generated 286 bytes in 81 msecs (HTTP/1.1 200) 9 headers in 357 bytes (1 switches on core 0)
Apr 30 17:29:05.233031 dv-cinder-784779-10-smb devstack@n-api.service[88603]: DEBUG nova.api.openstack.wsgi [None req-f7b66fcf-3240-4de9-adf7-4fea7065ba3d tempest-AttachVolumeNegativeTest-1460053099 tempest-AttachVolumeNegativeTest-1460053099-project] Calling method '>' {{(pid=88603) _process_stack /opt/stack/nova/nova/api/openstack/wsgi.py:513}}
Apr 30 17:29:05.233805 dv-cinder-784779-10-smb devstack@n-api.service[88603]: DEBUG nova.compute.api [None req-f7b66fcf-3240-4de9-adf7-4fea7065ba3d tempest-AttachVolumeNegativeTest-1460053099 tempest-AttachVolumeNegativeTest-1460053099-project] [instance: 3064de09-7044-4774-9065-794c60eb5d3f] Fetching instance by UUID {{(pid=88603) get /opt/stack/nova/nova/compute/api.py:2815}}
Apr 30 17:29:05.250390 dv-cinder-784779-10-smb devstack@n-api.service[88603]: DEBUG oslo_concurrency.lockutils [None req-f7b66fcf-3240-4de9-adf7-4fea7065ba3d tempest-AttachVolumeNegativeTest-1460053099 tempest-AttachVolumeNegativeTest-1460053099-project] Lock "1da6ef15-f79b-4778-9b22-b0138c06f999" acquired by "nova.context.set_target_cell..get_or_set_cached_cell_and_set_connections" :: waited 0.000s {{(pid=88603) inner /usr/local/lib/python3.8/dist-packages/oslo_concurrency/lockutils.py:355}}
Apr 30 17:29:05.250983 dv-cinder-784779-10-smb devstack@n-api.service[88603]: DEBUG oslo_concurrency.lockutils [None req-f7b66fcf-3240-4de9-adf7-4fea7065ba3d tempest-AttachVolumeNegativeTest-1460053099 tempest-AttachVolumeNegativeTest-1460053099-project] Lock "1da6ef15-f79b-4778-9b22-b0138c06f999" released by "nova.context.set_target_cell..get_or_set_cached_cell_and_set_connections" :: held 0.003s {{(pid=88603) inner /usr/local/lib/python3.8/dist-packages/oslo_concurrency/lockutils.py:367}}
Apr 30 17:29:05.257836 dv-cinder-784779-10-smb devstack@n-api.service[88603]: DEBUG oslo_concurrency.lockutils [None req-f7b66fcf-3240-4de9-adf7-4fea7065ba3d tempest-AttachVolumeNegativeTest-1460053099 tempest-AttachVolumeNegativeTest-1460053099-project] Lock "1da6ef15-f79b-4778-9b22-b0138c06f999" acquired by "nova.context.set_target_cell..get_or_set_cached_cell_and_set_connections" :: waited 0.000s {{(pid=88603) inner /usr/local/lib/python3.8/dist-packages/oslo_concurrency/lockutils.py:355}}
Apr 30 17:29:05.260023 dv-cinder-784779-10-smb devstack@n-api.service[88603]: DEBUG oslo_concurrency.lockutils [None req-f7b66fcf-3240-4de9-adf7-4fea7065ba3d tempest-AttachVolumeNegativeTest-1460053099 tempest-AttachVolumeNegativeTest-1460053099-project] Lock "1da6ef15-f79b-4778-9b22-b0138c06f999" released by "nova.context.set_target_cell..get_or_set_cached_cell_and_set_connections" :: held 0.001s {{(pid=88603) inner /usr/local/lib/python3.8/dist-packages/oslo_concurrency/lockutils.py:367}}
Apr 30 17:29:05.538289 dv-cinder-784779-10-smb devstack@n-api.service[88604]: DEBUG nova.api.openstack.wsgi [None req-a795410c-6e29-495e-b842-ad2c7422a0f0 tempest-DeleteServersTestJSON-1190257565 tempest-DeleteServersTestJSON-1190257565-project] Calling method '>' {{(pid=88604) _process_stack /opt/stack/nova/nova/api/openstack/wsgi.py:513}}
Apr 30 17:29:05.538919 dv-cinder-784779-10-smb devstack@n-api.service[88604]: DEBUG nova.compute.api [None req-a795410c-6e29-495e-b842-ad2c7422a0f0 tempest-DeleteServersTestJSON-1190257565 tempest-DeleteServersTestJSON-1190257565-project] [instance: 0f6506f9-8317-4e18-aa37-53ce1d9f015a] Fetching instance by UUID {{(pid=88604) get /opt/stack/nova/nova/compute/api.py:2815}}
Apr 30 17:29:05.554278 dv-cinder-784779-10-smb devstack@n-api.service[88604]: DEBUG oslo_concurrency.lockutils [None req-a795410c-6e29-495e-b842-ad2c7422a0f0 tempest-DeleteServersTestJSON-1190257565 tempest-DeleteServersTestJSON-1190257565-project] Lock "1da6ef15-f79b-4778-9b22-b0138c06f999" acquired by "nova.context.set_target_cell..get_or_set_cached_cell_and_set_connections" :: waited 0.000s {{(pid=88604) inner /usr/local/lib/python3.8/dist-packages/oslo_concurrency/lockutils.py:355}}
Apr 30 17:29:05.554740 dv-cinder-784779-10-smb devstack@n-api.service[88604]: DEBUG oslo_concurrency.lockutils [None req-a795410c-6e29-495e-b842-ad2c7422a0f0 tempest-DeleteServersTestJSON-1190257565 tempest-DeleteServersTestJSON-1190257565-project] Lock "1da6ef15-f79b-4778-9b22-b0138c06f999" released by "nova.context.set_target_cell..get_or_set_cached_cell_and_set_connections" :: held 0.001s {{(pid=88604) inner /usr/local/lib/python3.8/dist-packages/oslo_concurrency/lockutils.py:367}}
Apr 30 17:29:05.570272 dv-cinder-784779-10-smb devstack@n-api.service[88604]: DEBUG oslo_concurrency.lockutils [None req-a795410c-6e29-495e-b842-ad2c7422a0f0 tempest-DeleteServersTestJSON-1190257565 tempest-DeleteServersTestJSON-1190257565-project] Lock "1da6ef15-f79b-4778-9b22-b0138c06f999" acquired by "nova.context.set_target_cell..get_or_set_cached_cell_and_set_connections" :: waited 0.004s {{(pid=88604) inner /usr/local/lib/python3.8/dist-packages/oslo_concurrency/lockutils.py:355}}
Apr 30 17:29:05.570272 dv-cinder-784779-10-smb devstack@n-api.service[88604]: DEBUG oslo_concurrency.lockutils [None req-a795410c-6e29-495e-b842-ad2c7422a0f0 tempest-DeleteServersTestJSON-1190257565 tempest-DeleteServersTestJSON-1190257565-project] Lock "1da6ef15-f79b-4778-9b22-b0138c06f999" released by "nova.context.set_target_cell..get_or_set_cached_cell_and_set_connections" :: held 0.001s {{(pid=88604) inner /usr/local/lib/python3.8/dist-packages/oslo_concurrency/lockutils.py:367}}
Apr 30 17:29:06.050579 dv-cinder-784779-10-smb devstack@n-api.service[88603]: DEBUG nova.policy [None req-f7b66fcf-3240-4de9-adf7-4fea7065ba3d tempest-AttachVolumeNegativeTest-1460053099 tempest-AttachVolumeNegativeTest-1460053099-project] Policy check for os_compute_api:os-extended-server-attributes failed with credentials {'is_admin': False, 'user_id': '3010049b1d1a41999fdcd2f23c4b4079', 'user_domain_id': 'default', 'system_scope': None, 'domain_id': None, 'project_id': '27edf4bf62874f89b85fe09a8b8b4762', 'project_domain_id': 'default', 'roles': ['member', 'reader'], 'is_admin_project': True, 'service_user_id': None, 'service_user_domain_id': None, 'service_project_id': None, 'service_project_domain_id': None, 'service_roles': []} {{(pid=88603) authorize /opt/stack/nova/nova/policy.py:199}}
Apr 30 17:29:06.067223 dv-cinder-784779-10-smb devstack@n-api.service[88603]: INFO nova.api.openstack.requestlog [None req-f7b66fcf-3240-4de9-adf7-4fea7065ba3d tempest-AttachVolumeNegativeTest-1460053099 tempest-AttachVolumeNegativeTest-1460053099-project] 10.222.0.32 "GET /compute/v2.1/servers/3064de09-7044-4774-9065-794c60eb5d3f" status: 200 len: 1278 microversion: 2.1 time: 0.838028
Apr 30 17:29:06.067716 dv-cinder-784779-10-smb devstack@n-api.service[88603]: [pid: 88603|app: 0|req: 10/17] 10.222.0.32 () {58 vars in 1236 bytes} [Fri Apr 30 17:29:05 2021] GET /compute/v2.1/servers/3064de09-7044-4774-9065-794c60eb5d3f => generated 1278 bytes in 839 msecs (HTTP/1.1 200) 9 headers in 358 bytes (1 switches on core 0)
Apr 30 17:29:06.095959 dv-cinder-784779-10-smb devstack@n-api.service[88603]: DEBUG nova.api.openstack.wsgi [None req-2a42ffc9-e7a5-4d18-8445-82924a0ef05a tempest-VolumesSnapshotsTestJSON-225153588 tempest-VolumesSnapshotsTestJSON-225153588-project] Calling method '.version_select at 0x7fb724130ca0>' {{(pid=88603) _process_stack /opt/stack/nova/nova/api/openstack/wsgi.py:513}}
Apr 30 17:29:06.259227 dv-cinder-784779-10-smb devstack@n-api.service[88604]: DEBUG nova.policy [None req-a795410c-6e29-495e-b842-ad2c7422a0f0 tempest-DeleteServersTestJSON-1190257565 tempest-DeleteServersTestJSON-1190257565-project] Policy check for os_compute_api:os-extended-server-attributes failed with credentials {'is_admin': False, 'user_id': '1a11210cdb9d4230a0e858c164aa4436', 'user_domain_id': 'default', 'system_scope': None, 'domain_id': None, 'project_id': '261f35dcbafa4492b33783c3871f7d76', 'project_domain_id': 'default', 'roles': ['member', 'reader'], 'is_admin_project': True, 'service_user_id': None, 'service_user_domain_id': None, 'service_project_id': None, 'service_project_domain_id': None, 'service_roles': []} {{(pid=88604) authorize /opt/stack/nova/nova/policy.py:199}}
Apr 30 17:29:06.282034 dv-cinder-784779-10-smb devstack@n-api.service[88604]: INFO nova.api.openstack.requestlog [None req-a795410c-6e29-495e-b842-ad2c7422a0f0 tempest-DeleteServersTestJSON-1190257565 tempest-DeleteServersTestJSON-1190257565-project] 10.222.0.32 "GET /compute/v2.1/servers/0f6506f9-8317-4e18-aa37-53ce1d9f015a" status: 200 len: 1218 microversion: 2.1 time: 0.746490
Apr 30 17:29:06.283325 dv-cinder-784779-10-smb devstack@n-api.service[88604]: [pid: 88604|app: 0|req: 8/18] 10.222.0.32 () {58 vars in 1236 bytes} [Fri Apr 30 17:29:05 2021] GET /compute/v2.1/servers/0f6506f9-8317-4e18-aa37-53ce1d9f015a => generated 1218 bytes in 750 msecs (HTTP/1.1 200) 9 headers in 358 bytes (2 switches on core 0)
Apr 30 17:29:07.006367 dv-cinder-784779-10-smb devstack@n-api.service[88603]: INFO nova.api.openstack.wsgi [None req-2a42ffc9-e7a5-4d18-8445-82924a0ef05a tempest-VolumesSnapshotsTestJSON-225153588 tempest-VolumesSnapshotsTestJSON-225153588-project] HTTP exception thrown: Snapshot 6fb0bc10-9833-4cf5-9c15-0cdf69cd3dab could not be found.
Apr 30 17:29:07.007652 dv-cinder-784779-10-smb devstack@n-api.service[88603]: DEBUG nova.api.openstack.wsgi [None req-2a42ffc9-e7a5-4d18-8445-82924a0ef05a tempest-VolumesSnapshotsTestJSON-225153588 tempest-VolumesSnapshotsTestJSON-225153588-project] Returning 404 to user: Snapshot 6fb0bc10-9833-4cf5-9c15-0cdf69cd3dab could not be found. {{(pid=88603) __call__ /opt/stack/nova/nova/api/openstack/wsgi.py:927}}
Apr 30 17:29:07.008700 dv-cinder-784779-10-smb devstack@n-api.service[88603]: INFO nova.api.openstack.requestlog [None req-2a42ffc9-e7a5-4d18-8445-82924a0ef05a tempest-VolumesSnapshotsTestJSON-225153588 tempest-VolumesSnapshotsTestJSON-225153588-project] 10.222.0.32 "GET /compute/v2.1/os-snapshots/6fb0bc10-9833-4cf5-9c15-0cdf69cd3dab" status: 404 len: 111 microversion: 2.1 time: 0.938649
Apr 30 17:29:07.009458 dv-cinder-784779-10-smb devstack@n-api.service[88603]: [pid: 88603|app: 0|req: 11/19] 10.222.0.32 () {58 vars in 1251 bytes} [Fri Apr 30 17:29:06 2021] GET /compute/v2.1/os-snapshots/6fb0bc10-9833-4cf5-9c15-0cdf69cd3dab => generated 111 bytes in 941 msecs (HTTP/1.1 404) 9 headers in 379 bytes (1 switches on core 0)
Apr 30 17:29:07.017795 dv-cinder-784779-10-smb devstack@n-api.service[88604]: DEBUG nova.api.openstack.wsgi [None req-d4cb69c4-b88d-46e8-843c-fac34a45939f tempest-VolumesSnapshotsTestJSON-225153588 tempest-VolumesSnapshotsTestJSON-225153588-project] Calling method '.version_select at 0x7fb722ff8ca0>' {{(pid=88604) _process_stack /opt/stack/nova/nova/api/openstack/wsgi.py:513}}
Apr 30 17:29:07.085379 dv-cinder-784779-10-smb devstack@n-api.service[88603]: DEBUG nova.api.openstack.wsgi [None req-594930b9-2122-440e-99eb-ee099e1227da tempest-AttachVolumeNegativeTest-1460053099 tempest-AttachVolumeNegativeTest-1460053099-project] Calling method '>' {{(pid=88603) _process_stack /opt/stack/nova/nova/api/openstack/wsgi.py:513}}
