Jul 16 11:35:25.401539 dv-cinder-784763-6-smb neutron-server[93117]: DEBUG neutron_lib.callbacks.manager [None req-db71eaef-159a-4e03-b9fe-0ed39ab820a5 admin admin] Notify callbacks [] for security_group, before_response {{(pid=93117) _notify_loop /usr/local/lib/python3.8/dist-packages/neutron_lib/callbacks/manager.py:192}}
Jul 16 11:35:25.403226 dv-cinder-784763-6-smb neutron-server[93117]: INFO neutron.wsgi [None req-db71eaef-159a-4e03-b9fe-0ed39ab820a5 admin admin] 10.222.0.11 "DELETE /v2.0/security-groups/b22d6bde-5c12-4d5b-925d-b87108650cf1 HTTP/1.1" status: 204 len: 168 time: 0.2106390
Jul 16 11:35:25.435663 dv-cinder-784763-6-smb neutron-server[93117]: DEBUG neutron.api.rpc.handlers.resources_rpc [None req-db71eaef-159a-4e03-b9fe-0ed39ab820a5 admin admin] Pushing event deleted for resources: {'SecurityGroup': ['ID=b22d6bde-5c12-4d5b-925d-b87108650cf1,revision_number=None']} {{(pid=93117) push /opt/stack/neutron/neutron/api/rpc/handlers/resources_rpc.py:237}}
Jul 16 11:35:25.506432 dv-cinder-784763-6-smb neutron-server[93117]: DEBUG neutron.pecan_wsgi.hooks.policy_enforcement [req-71de8820-b023-4fe2-8191-cf2e2ed49cfc req-e66fc0a6-ad4c-418c-9c79-596fac63e268 tempest-AttachVolumeTestJSON-1251421090 tempest-AttachVolumeTestJSON-1251421090-project] Attributes excluded by policy engine: ['standard_attr_id', 'binding:profile', 'binding:host_id', 'binding:vif_type', 'binding:vif_details'] {{(pid=93117) _exclude_attributes_by_policy /opt/stack/neutron/neutron/pecan_wsgi/hooks/policy_enforcement.py:255}}
Jul 16 11:35:25.508131 dv-cinder-784763-6-smb neutron-server[93117]: INFO neutron.wsgi [req-71de8820-b023-4fe2-8191-cf2e2ed49cfc req-e66fc0a6-ad4c-418c-9c79-596fac63e268 tempest-AttachVolumeTestJSON-1251421090 tempest-AttachVolumeTestJSON-1251421090-project] 10.222.0.11 "GET /v2.0/ports?device_id=756067a5-94fd-4618-a03d-50419ae68085 HTTP/1.1" status: 200 len: 945 time: 0.1626604
Jul 16 11:35:25.515528 dv-cinder-784763-6-smb neutron-server[93117]: DEBUG neutron.pecan_wsgi.hooks.policy_enforcement [req-b32c6fb4-3f25-4ae6-bbab-d6e3a63db3eb req-fc525381-ab9b-4e58-8330-9236edeae53a service neutron] Attributes excluded by policy engine: ['standard_attr_id'] {{(pid=93117) _exclude_attributes_by_policy /opt/stack/neutron/neutron/pecan_wsgi/hooks/policy_enforcement.py:255}}
Jul 16 11:35:25.517079 dv-cinder-784763-6-smb neutron-server[93117]: INFO neutron.wsgi [req-b32c6fb4-3f25-4ae6-bbab-d6e3a63db3eb req-fc525381-ab9b-4e58-8330-9236edeae53a service neutron] 10.222.0.20 "GET /v2.0/ports?device_id=756067a5-94fd-4618-a03d-50419ae68085 HTTP/1.1" status: 200 len: 1098 time: 0.1374199
Jul 16 11:35:25.620300 dv-cinder-784763-6-smb neutron-server[93117]: INFO neutron.wsgi [req-71de8820-b023-4fe2-8191-cf2e2ed49cfc req-a395ef71-d5ed-4a68-af13-cc817928e4b9 tempest-AttachVolumeTestJSON-1251421090 tempest-AttachVolumeTestJSON-1251421090-project] 10.222.0.11 "GET /v2.0/security-groups?id=1db7fbc3-0eb8-4a28-879f-2295ea118335&fields=id&fields=name HTTP/1.1" status: 200 len: 312 time: 0.1021011
Jul 16 11:35:25.632888 dv-cinder-784763-6-smb neutron-server[93117]: INFO neutron.wsgi [req-b32c6fb4-3f25-4ae6-bbab-d6e3a63db3eb req-661e184f-310c-481e-9a02-2bd86ffb79eb service neutron] 10.222.0.20 "GET /v2.0/security-groups?id=1db7fbc3-0eb8-4a28-879f-2295ea118335&fields=id&fields=name HTTP/1.1" status: 200 len: 312 time: 0.1077094
Jul 16 11:35:25.703657 dv-cinder-784763-6-smb neutron-server[93117]: DEBUG neutron.pecan_wsgi.hooks.policy_enforcement [req-0f016527-15c7-4b41-99d2-fb3c342aac3f req-6388ecd4-6288-4851-ae49-dd943e3625e6 service neutron] Attributes excluded by policy engine: ['standard_attr_id'] {{(pid=93117) _exclude_attributes_by_policy /opt/stack/neutron/neutron/pecan_wsgi/hooks/policy_enforcement.py:255}}
Jul 16 11:35:25.705068 dv-cinder-784763-6-smb neutron-server[93117]: INFO neutron.wsgi [req-0f016527-15c7-4b41-99d2-fb3c342aac3f req-6388ecd4-6288-4851-ae49-dd943e3625e6 service neutron] 10.222.0.20 "GET /v2.0/ports?tenant_id=0b15642f736e40408a3148ede8d2faa8&device_id=7c42fceb-611b-4435-8aec-2375d86b3713 HTTP/1.1" status: 200 len: 1099 time: 0.0711193
Jul 16 11:35:25.767262 dv-cinder-784763-6-smb neutron-server[93118]: DEBUG neutron.pecan_wsgi.hooks.policy_enforcement [req-52ae74b1-12c3-4e4f-8220-bfae45547b33 req-345692c2-4599-44d3-b7a9-3b808ffeaf2e tempest-ServerRescueNegativeTestJSON-1033210844 tempest-ServerRescueNegativeTestJSON-1033210844-project] Attributes excluded by policy engine: ['standard_attr_id', 'binding:profile', 'binding:host_id', 'binding:vif_type', 'binding:vif_details'] {{(pid=93118) _exclude_attributes_by_policy /opt/stack/neutron/neutron/pecan_wsgi/hooks/policy_enforcement.py:255}}
Jul 16 11:35:25.768811 dv-cinder-784763-6-smb neutron-server[93118]: INFO neutron.wsgi [req-52ae74b1-12c3-4e4f-8220-bfae45547b33 req-345692c2-4599-44d3-b7a9-3b808ffeaf2e tempest-ServerRescueNegativeTestJSON-1033210844 tempest-ServerRescueNegativeTestJSON-1033210844-project] 10.222.0.11 "GET /v2.0/ports?device_id=7c42fceb-611b-4435-8aec-2375d86b3713 HTTP/1.1" status: 200 len: 946 time: 0.0791464
Jul 16 11:35:25.821122 dv-cinder-784763-6-smb neutron-server[93117]: DEBUG neutron.pecan_wsgi.hooks.policy_enforcement [req-0f016527-15c7-4b41-99d2-fb3c342aac3f req-a15f97fc-6c5b-4c77-89a4-8559a2c9df66 service neutron] Attributes excluded by policy engine: ['standard_attr_id', 'vlan_transparent'] {{(pid=93117) _exclude_attributes_by_policy /opt/stack/neutron/neutron/pecan_wsgi/hooks/policy_enforcement.py:255}}
Jul 16 11:35:25.823338 dv-cinder-784763-6-smb neutron-server[93117]: INFO neutron.wsgi [req-0f016527-15c7-4b41-99d2-fb3c342aac3f req-a15f97fc-6c5b-4c77-89a4-8559a2c9df66 service neutron] 10.222.0.20 "GET /v2.0/networks?id=8c6f1ba9-a340-408c-9c7a-3f8954911f7c HTTP/1.1" status: 200 len: 920 time: 0.1112721
Jul 16 11:35:25.825436 dv-cinder-784763-6-smb neutron-server[93118]: INFO neutron.wsgi [req-52ae74b1-12c3-4e4f-8220-bfae45547b33 req-50dcf4ff-9dc5-483e-a043-58b0bb83679b tempest-ServerRescueNegativeTestJSON-1033210844 tempest-ServerRescueNegativeTestJSON-1033210844-project] 10.222.0.11 "GET /v2.0/security-groups?id=0d7a8aa1-c5e1-4614-a082-579754d4e4e4&fields=id&fields=name HTTP/1.1" status: 200 len: 286 time: 0.0491061
Jul 16 11:35:25.871902 dv-cinder-784763-6-smb neutron-server[93117]: INFO neutron.wsgi [req-0f016527-15c7-4b41-99d2-fb3c342aac3f req-bb401145-fe9f-403a-b157-2be55e3d64c0 service neutron] 10.222.0.20 "GET /v2.0/floatingips?fixed_ip_address=172.20.0.10&port_id=4f81e0dc-77ba-4513-825d-11c71c75336f HTTP/1.1" status: 200 len: 217 time: 0.0392079
Jul 16 11:35:25.941518 dv-cinder-784763-6-smb neutron-server[93117]: DEBUG neutron.pecan_wsgi.hooks.policy_enforcement [req-0f016527-15c7-4b41-99d2-fb3c342aac3f req-3f35c6b1-6082-42cd-aefd-2418aabbd60a service neutron] Attributes excluded by policy engine: ['standard_attr_id', 'shared'] {{(pid=93117) _exclude_attributes_by_policy /opt/stack/neutron/neutron/pecan_wsgi/hooks/policy_enforcement.py:255}}
Jul 16 11:35:25.943117 dv-cinder-784763-6-smb neutron-server[93117]: INFO neutron.wsgi [req-0f016527-15c7-4b41-99d2-fb3c342aac3f req-3f35c6b1-6082-42cd-aefd-2418aabbd60a service neutron] 10.222.0.20 "GET /v2.0/subnets?id=4b6c244c-7926-49cf-8cce-0a58269957c4 HTTP/1.1" status: 200 len: 859 time: 0.0591049
Jul 16 11:35:25.979331 dv-cinder-784763-6-smb neutron-server[93117]: INFO neutron.wsgi [req-0f016527-15c7-4b41-99d2-fb3c342aac3f req-831617c0-3705-47c5-bb87-c85ac569127b service neutron] 10.222.0.20 "GET /v2.0/ports?network_id=8c6f1ba9-a340-408c-9c7a-3f8954911f7c&device_owner=network%3Adhcp HTTP/1.1" status: 200 len: 210 time: 0.0289891
Jul 16 11:35:26.106638 dv-cinder-784763-6-smb neutron-server[93117]: INFO neutron.wsgi [req-0f016527-15c7-4b41-99d2-fb3c342aac3f req-4afa601a-cd5c-4b02-a8bc-340b1e6b0880 service neutron] 10.222.0.20 "GET /v2.0/networks/8c6f1ba9-a340-408c-9c7a-3f8954911f7c?fields=segments HTTP/1.1" status: 200 len: 212 time: 0.1200767
Jul 16 11:35:26.208538 dv-cinder-784763-6-smb neutron-server[93117]: INFO neutron.wsgi [req-0f016527-15c7-4b41-99d2-fb3c342aac3f req-e1585c88-aa4d-42a3-a6cd-43d20079e837 service neutron] 10.222.0.20 "GET /v2.0/networks/8c6f1ba9-a340-408c-9c7a-3f8954911f7c?fields=provider%3Aphysical_network&fields=provider%3Anetwork_type HTTP/1.1" status: 200 len: 281 time: 0.0938418
Jul 16 11:35:26.294510 dv-cinder-784763-6-smb neutron-server[93117]: DEBUG neutron.wsgi [-] (93117) accepted ('10.222.0.11', 32842) {{(pid=93117) server /usr/local/lib/python3.8/dist-packages/eventlet/wsgi.py:982}}
Jul 16 11:35:26.402146 dv-cinder-784763-6-smb neutron-server[93117]: DEBUG neutron.api.v2.base [None req-91b1c438-7025-4c22-9ccf-cc3627141cbe admin admin] Request body: {'network': {'name': 'tempest-VolumesActionsTest-1348733702-network', 'tenant_id': 'dff78ef2073748bd8f49825cf7482de0'}} {{(pid=93117) prepare_request_body /opt/stack/neutron/neutron/api/v2/base.py:729}}
Jul 16 11:35:26.430423 dv-cinder-784763-6-smb neutron-server[93117]: DEBUG neutron.pecan_wsgi.hooks.quota_enforcement [None req-91b1c438-7025-4c22-9ccf-cc3627141cbe admin admin] Made reservation on behalf of dff78ef2073748bd8f49825cf7482de0 for: {'network': 1} {{(pid=93117) before /opt/stack/neutron/neutron/pecan_wsgi/hooks/quota_enforcement.py:53}}
Jul 16 11:35:26.435107 dv-cinder-784763-6-smb neutron-server[93117]: DEBUG neutron_lib.callbacks.manager [None req-91b1c438-7025-4c22-9ccf-cc3627141cbe admin admin] Notify callbacks ['neutron.plugins.ml2.plugin.SecurityGroupDbMixin._ensure_default_security_group_handler-1698536'] for network, before_create {{(pid=93117) _notify_loop /usr/local/lib/python3.8/dist-packages/neutron_lib/callbacks/manager.py:192}}
Jul 16 11:35:26.448042 dv-cinder-784763-6-smb neutron-server[93117]: DEBUG neutron_lib.callbacks.manager [None req-91b1c438-7025-4c22-9ccf-cc3627141cbe admin admin] Notify callbacks [] for security_group, before_create {{(pid=93117) _notify_loop /usr/local/lib/python3.8/dist-packages/neutron_lib/callbacks/manager.py:192}}
Jul 16 11:35:26.537916 dv-cinder-784763-6-smb neutron-server[93117]: DEBUG neutron_lib.callbacks.manager [None req-91b1c438-7025-4c22-9ccf-cc3627141cbe admin admin] Notify callbacks [] for security_group, precommit_create {{(pid=93117) _notify_loop /usr/local/lib/python3.8/dist-packages/neutron_lib/callbacks/manager.py:192}}
Jul 16 11:35:26.542186 dv-cinder-784763-6-smb neutron-server[93117]: DEBUG neutron_lib.callbacks.manager [None req-91b1c438-7025-4c22-9ccf-cc3627141cbe admin admin] Notify callbacks ['neutron.plugins.ml2.ovo_rpc._ObjectChangeHandler.handle_event-708282'] for security_group, after_create {{(pid=93117) _notify_loop /usr/local/lib/python3.8/dist-packages/neutron_lib/callbacks/manager.py:192}}
Jul 16 11:35:26.570010 dv-cinder-784763-6-smb neutron-server[93117]: DEBUG neutron.plugins.ml2.drivers.helpers [None req-91b1c438-7025-4c22-9ccf-cc3627141cbe admin admin] vlan segment allocate from pool success with {'vlan_id': 328, 'physical_network': 'physnet1'} {{(pid=93117) allocate_partially_specified_segment /opt/stack/neutron/neutron/plugins/ml2/drivers/helpers.py:153}}
Jul 16 11:35:26.580554 dv-cinder-784763-6-smb neutron-server[93117]: DEBUG neutron.api.rpc.handlers.resources_rpc [None req-91b1c438-7025-4c22-9ccf-cc3627141cbe admin admin] Pushing event updated for resources: {'SecurityGroup': ['ID=3166bbdf-271b-49f8-a2f1-13e2334810b3,revision_number=1']} {{(pid=93117) push /opt/stack/neutron/neutron/api/rpc/handlers/resources_rpc.py:237}}
Jul 16 11:35:26.585547 dv-cinder-784763-6-smb neutron-server[93117]: DEBUG neutron_lib.callbacks.manager [None req-91b1c438-7025-4c22-9ccf-cc3627141cbe admin admin] Notify callbacks ['neutron.plugins.ml2.plugin.Ml2Plugin._handle_segment_change-1790377'] for segment, precommit_create {{(pid=93117) _notify_loop /usr/local/lib/python3.8/dist-packages/neutron_lib/callbacks/manager.py:192}}
Jul 16 11:35:26.586060 dv-cinder-784763-6-smb neutron-server[93117]: INFO neutron.db.segments_db [None req-91b1c438-7025-4c22-9ccf-cc3627141cbe admin admin] Added segment d190aa9f-13b7-4b2d-9b30-6a4ed22aea6f of type vlan for network 6eeda6e5-511e-46c6-812b-d2125bbff6da
Jul 16 11:35:26.628003 dv-cinder-784763-6-smb neutron-server[93117]: DEBUG neutron_lib.callbacks.manager [None req-91b1c438-7025-4c22-9ccf-cc3627141cbe admin admin] Notify callbacks ['neutron.services.auto_allocate.db._ensure_external_network_default_value_callback-8778544443908'] for network, precommit_create {{(pid=93117) _notify_loop /usr/local/lib/python3.8/dist-packages/neutron_lib/callbacks/manager.py:192}}
Jul 16 11:35:26.665366 dv-cinder-784763-6-smb neutron-server[93117]: DEBUG neutron_lib.callbacks.manager [None req-91b1c438-7025-4c22-9ccf-cc3627141cbe admin admin] Notify callbacks ['neutron.plugins.ml2.ovo_rpc._ObjectChangeHandler.handle_event-708316', 'neutron.api.rpc.agentnotifiers.dhcp_rpc_agent_api.DhcpAgentNotifyAPI._native_event_send_dhcp_notification-552483'] for network, after_create {{(pid=93117) _notify_loop /usr/local/lib/python3.8/dist-packages/neutron_lib/callbacks/manager.py:192}}
Jul 16 11:35:26.667026 dv-cinder-784763-6-smb neutron-server[93117]: DEBUG neutron.pecan_wsgi.hooks.policy_enforcement [None req-91b1c438-7025-4c22-9ccf-cc3627141cbe admin admin] Attributes excluded by policy engine: ['standard_attr_id', 'vlan_transparent'] {{(pid=93117) _exclude_attributes_by_policy /opt/stack/neutron/neutron/pecan_wsgi/hooks/policy_enforcement.py:255}}
Jul 16 11:35:26.667830 dv-cinder-784763-6-smb neutron-server[93117]: DEBUG neutron_lib.callbacks.manager [None req-91b1c438-7025-4c22-9ccf-cc3627141cbe admin admin] Notify callbacks ['neutron.api.rpc.agentnotifiers.dhcp_rpc_agent_api.DhcpAgentNotifyAPI._send_dhcp_notification-552533'] for network, before_response {{(pid=93117) _notify_loop /usr/local/lib/python3.8/dist-packages/neutron_lib/callbacks/manager.py:192}}
Jul 16 11:35:26.702372 dv-cinder-784763-6-smb neutron-server[93117]: INFO neutron.wsgi [None req-91b1c438-7025-4c22-9ccf-cc3627141cbe admin admin] 10.222.0.11 "POST /v2.0/networks HTTP/1.1" status: 201 len: 882 time: 0.4067311
Jul 16 11:35:26.705482 dv-cinder-784763-6-smb neutron-server[93118]: DEBUG neutron.wsgi [-] (93118) accepted ('10.222.0.11', 32866) {{(pid=93118) server /usr/local/lib/python3.8/dist-packages/eventlet/wsgi.py:982}}
Jul 16 11:35:26.711166 dv-cinder-784763-6-smb neutron-server[93118]: DEBUG neutron.api.v2.base [None req-f97dd8c5-0ce8-4e38-b542-3936d91543a7 admin admin] Request body: {'subnet': {'network_id': '6eeda6e5-511e-46c6-812b-d2125bbff6da', 'cidr': '172.20.0.0/28', 'name': 'tempest-VolumesActionsTest-1348733702-subnet', 'tenant_id': 'dff78ef2073748bd8f49825cf7482de0', 'enable_dhcp': False, 'ip_version': 4}} {{(pid=93118) prepare_request_body /opt/stack/neutron/neutron/api/v2/base.py:729}}
Jul 16 11:35:26.732564 dv-cinder-784763-6-smb neutron-server[93117]: DEBUG neutron.api.rpc.handlers.resources_rpc [None req-91b1c438-7025-4c22-9ccf-cc3627141cbe admin admin] Pushing event updated for resources: {'Network': ['ID=6eeda6e5-511e-46c6-812b-d2125bbff6da,revision_number=1']} {{(pid=93117) push /opt/stack/neutron/neutron/api/rpc/handlers/resources_rpc.py:237}}
Jul 16 11:35:26.733847 dv-cinder-784763-6-smb neutron-server[93118]: DEBUG neutron.pecan_wsgi.hooks.quota_enforcement [None req-f97dd8c5-0ce8-4e38-b542-3936d91543a7 admin admin] Made reservation on behalf of dff78ef2073748bd8f49825cf7482de0 for: {'subnet': 1} {{(pid=93118) before /opt/stack/neutron/neutron/pecan_wsgi/hooks/quota_enforcement.py:53}}
Jul 16 11:35:26.736237 dv-cinder-784763-6-smb neutron-server[93118]: DEBUG neutron_lib.callbacks.manager [None req-f97dd8c5-0ce8-4e38-b542-3936d91543a7 admin admin] Notify callbacks [] for subnet, before_create {{(pid=93118) _notify_loop /usr/local/lib/python3.8/dist-packages/neutron_lib/callbacks/manager.py:192}}
Jul 16 11:35:26.742746 dv-cinder-784763-6-smb neutron-server[93119]: DEBUG neutron.plugins.ml2.rpc [None req-9ebd0981-f68a-4ab2-8cc1-6900aaef871b None None] Network 6eeda6e5-511e-46c6-812b-d2125bbff6da details requested by agent ovs-agent-dv-cinder-784763-6-smb with host dv-cinder-784763-6-smb {{(pid=93119) get_network_details /opt/stack/neutron/neutron/plugins/ml2/rpc.py:248}}
Jul 16 11:35:26.807260 dv-cinder-784763-6-smb neutron-server[93117]: DEBUG neutron.pecan_wsgi.hooks.policy_enforcement [req-68fb3b4c-fdfa-4b71-8ed3-f0bb49ea504d req-b5563d38-9d98-4249-b1c3-4d0523162eb2 tempest-AttachVolumeTestJSON-1251421090 tempest-AttachVolumeTestJSON-1251421090-project] Attributes excluded by policy engine: ['standard_attr_id', 'binding:profile', 'binding:host_id', 'binding:vif_type', 'binding:vif_details'] {{(pid=93117) _exclude_attributes_by_policy /opt/stack/neutron/neutron/pecan_wsgi/hooks/policy_enforcement.py:255}}
Jul 16 11:35:26.809622 dv-cinder-784763-6-smb neutron-server[93117]: INFO neutron.wsgi [req-68fb3b4c-fdfa-4b71-8ed3-f0bb49ea504d req-b5563d38-9d98-4249-b1c3-4d0523162eb2 tempest-AttachVolumeTestJSON-1251421090 tempest-AttachVolumeTestJSON-1251421090-project] 10.222.0.11 "GET /v2.0/ports?device_id=756067a5-94fd-4618-a03d-50419ae68085 HTTP/1.1" status: 200 len: 945 time: 0.0670497
Jul 16 11:35:26.855218 dv-cinder-784763-6-smb neutron-server[93117]: INFO neutron.wsgi [req-68fb3b4c-fdfa-4b71-8ed3-f0bb49ea504d req-aad98c46-a1d4-4f2a-9829-5705cb0ea651 tempest-AttachVolumeTestJSON-1251421090 tempest-AttachVolumeTestJSON-1251421090-project] 10.222.0.11 "GET /v2.0/security-groups?id=1db7fbc3-0eb8-4a28-879f-2295ea118335&fields=id&fields=name HTTP/1.1" status: 200 len: 312 time: 0.0386055
Jul 16 11:35:26.915249 dv-cinder-784763-6-smb neutron-server[93118]: DEBUG neutron_lib.callbacks.manager [None req-f97dd8c5-0ce8-4e38-b542-3936d91543a7 admin admin] Notify callbacks ['neutron.plugins.ml2.ovo_rpc._ObjectChangeHandler.handle_event-731882', 'neutron.api.rpc.agentnotifiers.dhcp_rpc_agent_api.DhcpAgentNotifyAPI._native_event_send_dhcp_notification-552483'] for subnet, after_create {{(pid=93118) _notify_loop /usr/local/lib/python3.8/dist-packages/neutron_lib/callbacks/manager.py:192}}
Jul 16 11:35:27.006865 dv-cinder-784763-6-smb neutron-server[93118]: DEBUG neutron.api.rpc.handlers.resources_rpc [None req-f97dd8c5-0ce8-4e38-b542-3936d91543a7 admin admin] Pushing event updated for resources: {'Subnet': ['ID=9b7265bb-7a96-41da-89e1-a70dd6a53205,revision_number=0']} {{(pid=93118) push /opt/stack/neutron/neutron/api/rpc/handlers/resources_rpc.py:237}}
Jul 16 11:35:27.024098 dv-cinder-784763-6-smb neutron-server[93118]: DEBUG neutron.plugins.ml2.drivers.mech_agent [None req-f97dd8c5-0ce8-4e38-b542-3936d91543a7 admin admin] Checking segment: {'id': 'd190aa9f-13b7-4b2d-9b30-6a4ed22aea6f', 'network_type': 'vlan', 'physical_network': 'physnet1', 'segmentation_id': 328, 'network_id': '6eeda6e5-511e-46c6-812b-d2125bbff6da'} for mappings: {'physnet1': 'br-data'} with network types: ['local', 'flat', 'vlan'] {{(pid=93118) check_segment_for_agent /opt/stack/neutron/neutron/plugins/ml2/drivers/mech_agent.py:341}}
Jul 16 11:35:27.024547 dv-cinder-784763-6-smb neutron-server[93118]: DEBUG neutron.scheduler.dhcp_agent_scheduler [None req-f97dd8c5-0ce8-4e38-b542-3936d91543a7 admin admin] Network hostable DHCP agents. Network: 6eeda6e5-511e-46c6-812b-d2125bbff6da, hostable agents: ['0f6014a5-0bb3-4394-ad58-49833f782d5f'], hosted agents: [] {{(pid=93118) _get_network_hostable_dhcp_agents /opt/stack/neutron/neutron/scheduler/dhcp_agent_scheduler.py:329}}
Jul 16 11:35:27.051916 dv-cinder-784763-6-smb neutron-server[93118]: DEBUG neutron.pecan_wsgi.hooks.policy_enforcement [req-1f050e50-8442-4c99-ab1e-dff388e9fad5 req-7b412a40-0e7f-4395-8295-552a1dd82ec2 tempest-ServerRescueNegativeTestJSON-1033210844 tempest-ServerRescueNegativeTestJSON-1033210844-project] Attributes excluded by policy engine: ['standard_attr_id', 'binding:profile', 'binding:host_id', 'binding:vif_type', 'binding:vif_details'] {{(pid=93118) _exclude_attributes_by_policy /opt/stack/neutron/neutron/pecan_wsgi/hooks/policy_enforcement.py:255}}
Jul 16 11:35:27.053446 dv-cinder-784763-6-smb neutron-server[93118]: INFO neutron.wsgi [req-1f050e50-8442-4c99-ab1e-dff388e9fad5 req-7b412a40-0e7f-4395-8295-552a1dd82ec2 tempest-ServerRescueNegativeTestJSON-1033210844 tempest-ServerRescueNegativeTestJSON-1033210844-project] 10.222.0.11 "GET /v2.0/ports?device_id=7c42fceb-611b-4435-8aec-2375d86b3713 HTTP/1.1" status: 200 len: 946 time: 0.1138494
Jul 16 11:35:27.067464 dv-cinder-784763-6-smb neutron-server[93118]: DEBUG neutron.scheduler.dhcp_agent_scheduler [None req-f97dd8c5-0ce8-4e38-b542-3936d91543a7 admin admin] Network 6eeda6e5-511e-46c6-812b-d2125bbff6da is scheduled to be hosted by DHCP agent 0f6014a5-0bb3-4394-ad58-49833f782d5f with binding_index 1 {{(pid=93118) bind /opt/stack/neutron/neutron/scheduler/dhcp_agent_scheduler.py:227}}
Jul 16 11:35:27.085229 dv-cinder-784763-6-smb neutron-server[93118]: DEBUG neutron.scheduler.base_scheduler [None req-f97dd8c5-0ce8-4e38-b542-3936d91543a7 admin admin] Resources bound (agent type, host, resource id): (DHCP agent, dv-cinder-784763-6-smb, 6eeda6e5-511e-46c6-812b-d2125bbff6da) {{(pid=93118) schedule /opt/stack/neutron/neutron/scheduler/base_scheduler.py:57}}
Jul 16 11:35:27.092318 dv-cinder-784763-6-smb neutron-server[93118]: DEBUG neutron.pecan_wsgi.hooks.policy_enforcement [None req-f97dd8c5-0ce8-4e38-b542-3936d91543a7 admin admin] Attributes excluded by policy engine: ['standard_attr_id', 'shared', 'network'] {{(pid=93118) _exclude_attributes_by_policy /opt/stack/neutron/neutron/pecan_wsgi/hooks/policy_enforcement.py:255}}
Jul 16 11:35:27.092903 dv-cinder-784763-6-smb neutron-server[93118]: DEBUG neutron_lib.callbacks.manager [None req-f97dd8c5-0ce8-4e38-b542-3936d91543a7 admin admin] Notify callbacks ['neutron.api.rpc.agentnotifiers.dhcp_rpc_agent_api.DhcpAgentNotifyAPI._send_dhcp_notification-552533'] for subnet, before_response {{(pid=93118) _notify_loop /usr/local/lib/python3.8/dist-packages/neutron_lib/callbacks/manager.py:192}}
Jul 16 11:35:27.100708 dv-cinder-784763-6-smb neutron-server[93119]: DEBUG neutron.api.rpc.handlers.dhcp_rpc [None req-86e87682-3a9b-42d6-827a-cd2050fde052 None None] Network 6eeda6e5-511e-46c6-812b-d2125bbff6da requested from dv-cinder-784763-6-smb {{(pid=93119) get_network_info /opt/stack/neutron/neutron/api/rpc/handlers/dhcp_rpc.py:218}}
Jul 16 11:35:27.114065 dv-cinder-784763-6-smb neutron-server[93118]: INFO neutron.wsgi [req-1f050e50-8442-4c99-ab1e-dff388e9fad5 req-a9882529-ca4e-4d87-a06f-92e1d32a54ae tempest-ServerRescueNegativeTestJSON-1033210844 tempest-ServerRescueNegativeTestJSON-1033210844-project] 10.222.0.11 "GET /v2.0/security-groups?id=0d7a8aa1-c5e1-4614-a082-579754d4e4e4&fields=id&fields=name HTTP/1.1" status: 200 len: 286 time: 0.0535157
Jul 16 11:35:27.139307 dv-cinder-784763-6-smb neutron-server[93118]: INFO neutron.wsgi [None req-f97dd8c5-0ce8-4e38-b542-3936d91543a7 admin admin] 10.222.0.11 "POST /v2.0/subnets HTTP/1.1" status: 201 len: 846 time: 0.4217732
Jul 16 11:35:27.490802 dv-cinder-784763-6-smb neutron-server[93119]: DEBUG neutron.api.rpc.handlers.dhcp_rpc [None req-1bc9db1a-af5f-4c79-be40-e804ad381400 None None] Network 6eeda6e5-511e-46c6-812b-d2125bbff6da requested from dv-cinder-784763-6-smb {{(pid=93119) get_network_info /opt/stack/neutron/neutron/api/rpc/handlers/dhcp_rpc.py:218}}
Jul 16 11:35:27.742083 dv-cinder-784763-6-smb neutron-server[93117]: DEBUG neutron.wsgi [-] (93117) accepted ('10.222.0.11', 32912) {{(pid=93117) server /usr/local/lib/python3.8/dist-packages/eventlet/wsgi.py:982}}
Jul 16 11:35:27.746971 dv-cinder-784763-6-smb neutron-server[93117]: DEBUG neutron.api.v2.base [None req-a2bf38ce-940f-4bf2-babc-753ba0dc2160 admin admin] Request body: {'network': {'name': 'tempest-VolumesActionsTest-860422669-network', 'tenant_id': 'c62b4190fecd4c188ea4e6a3d3bb5438'}} {{(pid=93117) prepare_request_body /opt/stack/neutron/neutron/api/v2/base.py:729}}
Jul 16 11:35:27.781092 dv-cinder-784763-6-smb neutron-server[93117]: DEBUG neutron.pecan_wsgi.hooks.quota_enforcement [None req-a2bf38ce-940f-4bf2-babc-753ba0dc2160 admin admin] Made reservation on behalf of c62b4190fecd4c188ea4e6a3d3bb5438 for: {'network': 1} {{(pid=93117) before /opt/stack/neutron/neutron/pecan_wsgi/hooks/quota_enforcement.py:53}}
Jul 16 11:35:27.785458 dv-cinder-784763-6-smb neutron-server[93117]: DEBUG neutron_lib.callbacks.manager [None req-a2bf38ce-940f-4bf2-babc-753ba0dc2160 admin admin] Notify callbacks ['neutron.plugins.ml2.plugin.SecurityGroupDbMixin._ensure_default_security_group_handler-1698536'] for network, before_create {{(pid=93117) _notify_loop /usr/local/lib/python3.8/dist-packages/neutron_lib/callbacks/manager.py:192}}
Jul 16 11:35:27.796480 dv-cinder-784763-6-smb neutron-server[93117]: DEBUG neutron_lib.callbacks.manager [None req-a2bf38ce-940f-4bf2-babc-753ba0dc2160 admin admin] Notify callbacks [] for security_group, before_create {{(pid=93117) _notify_loop /usr/local/lib/python3.8/dist-packages/neutron_lib/callbacks/manager.py:192}}
Jul 16 11:35:27.896086 dv-cinder-784763-6-smb neutron-server[93117]: DEBUG neutron_lib.callbacks.manager [None req-a2bf38ce-940f-4bf2-babc-753ba0dc2160 admin admin] Notify callbacks [] for security_group, precommit_create {{(pid=93117) _notify_loop /usr/local/lib/python3.8/dist-packages/neutron_lib/callbacks/manager.py:192}}
Jul 16 11:35:27.900723 dv-cinder-784763-6-smb neutron-server[93117]: DEBUG neutron_lib.callbacks.manager [None req-a2bf38ce-940f-4bf2-babc-753ba0dc2160 admin admin] Notify callbacks ['neutron.plugins.ml2.ovo_rpc._ObjectChangeHandler.handle_event-708282'] for security_group, after_create {{(pid=93117) _notify_loop /usr/local/lib/python3.8/dist-packages/neutron_lib/callbacks/manager.py:192}}
Jul 16 11:35:27.926352 dv-cinder-784763-6-smb neutron-server[93117]: DEBUG neutron.plugins.ml2.drivers.helpers [None req-a2bf38ce-940f-4bf2-babc-753ba0dc2160 admin admin] vlan segment allocate from pool success with {'vlan_id': 318, 'physical_network': 'physnet1'} {{(pid=93117) allocate_partially_specified_segment /opt/stack/neutron/neutron/plugins/ml2/drivers/helpers.py:153}}
Jul 16 11:35:27.937958 dv-cinder-784763-6-smb neutron-server[93117]: DEBUG neutron.api.rpc.handlers.resources_rpc [None req-a2bf38ce-940f-4bf2-babc-753ba0dc2160 admin admin] Pushing event updated for resources: {'SecurityGroup': ['ID=e881a190-151f-4374-b79c-982965320808,revision_number=1']} {{(pid=93117) push /opt/stack/neutron/neutron/api/rpc/handlers/resources_rpc.py:237}}
Jul 16 11:35:27.942684 dv-cinder-784763-6-smb neutron-server[93117]: DEBUG neutron_lib.callbacks.manager [None req-a2bf38ce-940f-4bf2-babc-753ba0dc2160 admin admin] Notify callbacks ['neutron.plugins.ml2.plugin.Ml2Plugin._handle_segment_change-1790377'] for segment, precommit_create {{(pid=93117) _notify_loop /usr/local/lib/python3.8/dist-packages/neutron_lib/callbacks/manager.py:192}}
Jul 16 11:35:27.943074 dv-cinder-784763-6-smb neutron-server[93117]: INFO neutron.db.segments_db [None req-a2bf38ce-940f-4bf2-babc-753ba0dc2160 admin admin] Added segment 7d929b1e-38c7-4a7d-b554-524a1a2d5f64 of type vlan for network b8accfce-665a-4a7d-9b75-c2c7e302f808
Jul 16 11:35:27.997415 dv-cinder-784763-6-smb neutron-server[93117]: DEBUG neutron_lib.callbacks.manager [None req-a2bf38ce-940f-4bf2-babc-753ba0dc2160 admin admin] Notify callbacks ['neutron.services.auto_allocate.db._ensure_external_network_default_value_callback-8778544443908'] for network, precommit_create {{(pid=93117) _notify_loop /usr/local/lib/python3.8/dist-packages/neutron_lib/callbacks/manager.py:192}}
Jul 16 11:35:28.053494 dv-cinder-784763-6-smb neutron-server[93117]: DEBUG neutron_lib.callbacks.manager [None req-a2bf38ce-940f-4bf2-babc-753ba0dc2160 admin admin] Notify callbacks ['neutron.plugins.ml2.ovo_rpc._ObjectChangeHandler.handle_event-708316', 'neutron.api.rpc.agentnotifiers.dhcp_rpc_agent_api.DhcpAgentNotifyAPI._native_event_send_dhcp_notification-552483'] for network, after_create {{(pid=93117) _notify_loop /usr/local/lib/python3.8/dist-packages/neutron_lib/callbacks/manager.py:192}}
Jul 16 11:35:28.054426 dv-cinder-784763-6-smb neutron-server[93117]: DEBUG neutron.pecan_wsgi.hooks.policy_enforcement [None req-a2bf38ce-940f-4bf2-babc-753ba0dc2160 admin admin] Attributes excluded by policy engine: ['standard_attr_id', 'vlan_transparent'] {{(pid=93117) _exclude_attributes_by_policy /opt/stack/neutron/neutron/pecan_wsgi/hooks/policy_enforcement.py:255}}
Jul 16 11:35:28.055021 dv-cinder-784763-6-smb neutron-server[93117]: DEBUG neutron_lib.callbacks.manager [None req-a2bf38ce-940f-4bf2-babc-753ba0dc2160 admin admin] Notify callbacks ['neutron.api.rpc.agentnotifiers.dhcp_rpc_agent_api.DhcpAgentNotifyAPI._send_dhcp_notification-552533'] for network, before_response {{(pid=93117) _notify_loop /usr/local/lib/python3.8/dist-packages/neutron_lib/callbacks/manager.py:192}}
Jul 16 11:35:28.097895 dv-cinder-784763-6-smb neutron-server[93117]: DEBUG neutron.pecan_wsgi.hooks.policy_enforcement [req-12fa09c0-e0e9-4ca9-8c7f-8e703e9a8ccd req-88a7ad65-b7bd-4637-88e1-d3ed4c871bae tempest-AttachVolumeTestJSON-1251421090 tempest-AttachVolumeTestJSON-1251421090-project] Attributes excluded by policy engine: ['standard_attr_id', 'binding:profile', 'binding:host_id', 'binding:vif_type', 'binding:vif_details'] {{(pid=93117) _exclude_attributes_by_policy /opt/stack/neutron/neutron/pecan_wsgi/hooks/policy_enforcement.py:255}}
Jul 16 11:35:28.099407 dv-cinder-784763-6-smb neutron-server[93117]: INFO neutron.wsgi [req-12fa09c0-e0e9-4ca9-8c7f-8e703e9a8ccd req-88a7ad65-b7bd-4637-88e1-d3ed4c871bae tempest-AttachVolumeTestJSON-1251421090 tempest-AttachVolumeTestJSON-1251421090-project] 10.222.0.11 "GET /v2.0/ports?device_id=756067a5-94fd-4618-a03d-50419ae68085 HTTP/1.1" status: 200 len: 945 time: 0.1194320
Jul 16 11:35:28.105468 dv-cinder-784763-6-smb neutron-server[93117]: INFO neutron.wsgi [None req-a2bf38ce-940f-4bf2-babc-753ba0dc2160 admin admin] 10.222.0.11 "POST /v2.0/networks HTTP/1.1" status: 201 len: 881 time: 0.3596292
Jul 16 11:35:28.106508 dv-cinder-784763-6-smb neutron-server[93118]: DEBUG neutron.wsgi [-] (93118) accepted ('10.222.0.11', 32920) {{(pid=93118) server /usr/local/lib/python3.8/dist-packages/eventlet/wsgi.py:982}}
Jul 16 11:35:28.112241 dv-cinder-784763-6-smb neutron-server[93118]: DEBUG neutron.api.v2.base [None req-c7d8c53f-9ad4-4843-a37c-bf7af7f8cf68 admin admin] Request body: {'subnet': {'network_id': 'b8accfce-665a-4a7d-9b75-c2c7e302f808', 'cidr': '172.20.0.0/28', 'name': 'tempest-VolumesActionsTest-860422669-subnet', 'tenant_id': 'c62b4190fecd4c188ea4e6a3d3bb5438', 'enable_dhcp': False, 'ip_version': 4}} {{(pid=93118) prepare_request_body /opt/stack/neutron/neutron/api/v2/base.py:729}}
Jul 16 11:35:28.133676 dv-cinder-784763-6-smb neutron-server[93118]: DEBUG neutron.pecan_wsgi.hooks.quota_enforcement [None req-c7d8c53f-9ad4-4843-a37c-bf7af7f8cf68 admin admin] Made reservation on behalf of c62b4190fecd4c188ea4e6a3d3bb5438 for: {'subnet': 1} {{(pid=93118) before /opt/stack/neutron/neutron/pecan_wsgi/hooks/quota_enforcement.py:53}}
Jul 16 11:35:28.137190 dv-cinder-784763-6-smb neutron-server[93118]: DEBUG neutron_lib.callbacks.manager [None req-c7d8c53f-9ad4-4843-a37c-bf7af7f8cf68 admin admin] Notify callbacks [] for subnet, before_create {{(pid=93118) _notify_loop /usr/local/lib/python3.8/dist-packages/neutron_lib/callbacks/manager.py:192}}
Jul 16 11:35:28.141514 dv-cinder-784763-6-smb neutron-server[93117]: DEBUG neutron.api.rpc.handlers.resources_rpc [None req-a2bf38ce-940f-4bf2-babc-753ba0dc2160 admin admin] Pushing event updated for resources: {'Network': ['ID=b8accfce-665a-4a7d-9b75-c2c7e302f808,revision_number=1']} {{(pid=93117) push /opt/stack/neutron/neutron/api/rpc/handlers/resources_rpc.py:237}}
Jul 16 11:35:28.152865 dv-cinder-784763-6-smb neutron-server[93119]: DEBUG neutron.plugins.ml2.rpc [None req-9ebd0981-f68a-4ab2-8cc1-6900aaef871b None None] Network b8accfce-665a-4a7d-9b75-c2c7e302f808 details requested by agent ovs-agent-dv-cinder-784763-6-smb with host dv-cinder-784763-6-smb {{(pid=93119) get_network_details /opt/stack/neutron/neutron/plugins/ml2/rpc.py:248}}
Jul 16 11:35:28.172107 dv-cinder-784763-6-smb neutron-server[93117]: INFO neutron.wsgi [req-12fa09c0-e0e9-4ca9-8c7f-8e703e9a8ccd req-7eea01f3-cd26-4f66-9608-4109981191c3 tempest-AttachVolumeTestJSON-1251421090 tempest-AttachVolumeTestJSON-1251421090-project] 10.222.0.11 "GET /v2.0/security-groups?id=1db7fbc3-0eb8-4a28-879f-2295ea118335&fields=id&fields=name HTTP/1.1" status: 200 len: 312 time: 0.0655303
Jul 16 11:35:28.361086 dv-cinder-784763-6-smb neutron-server[93117]: DEBUG neutron.pecan_wsgi.hooks.policy_enforcement [req-0c47d425-e591-4c34-9d15-b93d336212de req-ef26bf27-615f-4f6a-98ea-81c527ea9a5b tempest-AttachVolumeTestJSON-1251421090 tempest-AttachVolumeTestJSON-1251421090-project] Attributes excluded by policy engine: ['standard_attr_id', 'binding:profile', 'binding:host_id', 'binding:vif_type', 'binding:vif_details'] {{(pid=93117) _exclude_attributes_by_policy /opt/stack/neutron/neutron/pecan_wsgi/hooks/policy_enforcement.py:255}}
Jul 16 11:35:28.363406 dv-cinder-784763-6-smb neutron-server[93117]: INFO neutron.wsgi [req-0c47d425-e591-4c34-9d15-b93d336212de req-ef26bf27-615f-4f6a-98ea-81c527ea9a5b tempest-AttachVolumeTestJSON-1251421090 tempest-AttachVolumeTestJSON-1251421090-project] 10.222.0.11 "GET /v2.0/ports?device_id=756067a5-94fd-4618-a03d-50419ae68085 HTTP/1.1" status: 200 len: 945 time: 0.0671170
Jul 16 11:35:28.369783 dv-cinder-784763-6-smb neutron-server[93118]: DEBUG neutron_lib.callbacks.manager [None req-c7d8c53f-9ad4-4843-a37c-bf7af7f8cf68 admin admin] Notify callbacks ['neutron.plugins.ml2.ovo_rpc._ObjectChangeHandler.handle_event-731882', 'neutron.api.rpc.agentnotifiers.dhcp_rpc_agent_api.DhcpAgentNotifyAPI._native_event_send_dhcp_notification-552483'] for subnet, after_create {{(pid=93118) _notify_loop /usr/local/lib/python3.8/dist-packages/neutron_lib/callbacks/manager.py:192}}
Jul 16 11:35:28.373049 dv-cinder-784763-6-smb neutron-server[93117]: DEBUG neutron.wsgi [-] (93117) accepted ('10.222.0.11', 32932) {{(pid=93117) server /usr/local/lib/python3.8/dist-packages/eventlet/wsgi.py:982}}
Jul 16 11:35:28.378418 dv-cinder-784763-6-smb neutron-server[93117]: DEBUG neutron.api.v2.base [None req-fbaed9fa-7d71-4d31-916f-09c46738246e tempest-AttachVolumeTestJSON-1251421090 tempest-AttachVolumeTestJSON-1251421090-project] Request body: {'floatingip': {'port_id': '6686dc72-4ddd-4276-883a-9b76f06ce97a'}} {{(pid=93117) prepare_request_body /opt/stack/neutron/neutron/api/v2/base.py:729}}
Jul 16 11:35:28.467023 dv-cinder-784763-6-smb neutron-server[93118]: DEBUG neutron.pecan_wsgi.hooks.policy_enforcement [req-da2275e9-8000-4d32-8b72-8762090832df req-6b01684e-5a80-4f40-b28f-4bf36cd34010 tempest-ServerRescueNegativeTestJSON-1033210844 tempest-ServerRescueNegativeTestJSON-1033210844-project] Attributes excluded by policy engine: ['standard_attr_id', 'binding:profile', 'binding:host_id', 'binding:vif_type', 'binding:vif_details'] {{(pid=93118) _exclude_attributes_by_policy /opt/stack/neutron/neutron/pecan_wsgi/hooks/policy_enforcement.py:255}}
Jul 16 11:35:28.468558 dv-cinder-784763-6-smb neutron-server[93118]: INFO neutron.wsgi [req-da2275e9-8000-4d32-8b72-8762090832df req-6b01684e-5a80-4f40-b28f-4bf36cd34010 tempest-ServerRescueNegativeTestJSON-1033210844 tempest-ServerRescueNegativeTestJSON-1033210844-project] 10.222.0.11 "GET /v2.0/ports?device_id=7c42fceb-611b-4435-8aec-2375d86b3713 HTTP/1.1" status: 200 len: 946 time: 0.1858535
Jul 16 11:35:28.469643 dv-cinder-784763-6-smb neutron-server[93118]: DEBUG neutron.api.rpc.handlers.resources_rpc [None req-c7d8c53f-9ad4-4843-a37c-bf7af7f8cf68 admin admin] Pushing event updated for resources: {'Subnet': ['ID=58c4ba77-bc19-4001-8216-0ff87eb5d8e3,revision_number=0']} {{(pid=93118) push /opt/stack/neutron/neutron/api/rpc/handlers/resources_rpc.py:237}}
Jul 16 11:35:28.470188 dv-cinder-784763-6-smb neutron-server[93117]: DEBUG neutron_lib.callbacks.manager [None req-fbaed9fa-7d71-4d31-916f-09c46738246e tempest-AttachVolumeTestJSON-1251421090 tempest-AttachVolumeTestJSON-1251421090-project] Notify callbacks [] for floatingip, before_update {{(pid=93117) _notify_loop /usr/local/lib/python3.8/dist-packages/neutron_lib/callbacks/manager.py:192}}
Jul 16 11:35:28.478920 dv-cinder-784763-6-smb neutron-server[93118]: DEBUG neutron.plugins.ml2.drivers.mech_agent [None req-c7d8c53f-9ad4-4843-a37c-bf7af7f8cf68 admin admin] Checking segment: {'id': '7d929b1e-38c7-4a7d-b554-524a1a2d5f64', 'network_type': 'vlan', 'physical_network': 'physnet1', 'segmentation_id': 318, 'network_id': 'b8accfce-665a-4a7d-9b75-c2c7e302f808'} for mappings: {'physnet1': 'br-data'} with network types: ['local', 'flat', 'vlan'] {{(pid=93118) check_segment_for_agent /opt/stack/neutron/neutron/plugins/ml2/drivers/mech_agent.py:341}}
Jul 16 11:35:28.479301 dv-cinder-784763-6-smb neutron-server[93118]: DEBUG neutron.scheduler.dhcp_agent_scheduler [None req-c7d8c53f-9ad4-4843-a37c-bf7af7f8cf68 admin admin] Network hostable DHCP agents. Network: b8accfce-665a-4a7d-9b75-c2c7e302f808, hostable agents: ['0f6014a5-0bb3-4394-ad58-49833f782d5f'], hosted agents: [] {{(pid=93118) _get_network_hostable_dhcp_agents /opt/stack/neutron/neutron/scheduler/dhcp_agent_scheduler.py:329}}
Jul 16 11:35:28.524525 dv-cinder-784763-6-smb neutron-server[93118]: DEBUG neutron.scheduler.dhcp_agent_scheduler [None req-c7d8c53f-9ad4-4843-a37c-bf7af7f8cf68 admin admin] Network b8accfce-665a-4a7d-9b75-c2c7e302f808 is scheduled to be hosted by DHCP agent 0f6014a5-0bb3-4394-ad58-49833f782d5f with binding_index 1 {{(pid=93118) bind /opt/stack/neutron/neutron/scheduler/dhcp_agent_scheduler.py:227}}
Jul 16 11:35:28.529469 dv-cinder-784763-6-smb neutron-server[93118]: INFO neutron.wsgi [req-da2275e9-8000-4d32-8b72-8762090832df req-b077185e-6786-4c0c-93f1-bf2e36ed749f tempest-ServerRescueNegativeTestJSON-1033210844 tempest-ServerRescueNegativeTestJSON-1033210844-project] 10.222.0.11 "GET /v2.0/security-groups?id=0d7a8aa1-c5e1-4614-a082-579754d4e4e4&fields=id&fields=name HTTP/1.1" status: 200 len: 286 time: 0.0468700
Jul 16 11:35:28.541731 dv-cinder-784763-6-smb neutron-server[93118]: DEBUG neutron.scheduler.base_scheduler [None req-c7d8c53f-9ad4-4843-a37c-bf7af7f8cf68 admin admin] Resources bound (agent type, host, resource id): (DHCP agent, dv-cinder-784763-6-smb, b8accfce-665a-4a7d-9b75-c2c7e302f808) {{(pid=93118) schedule /opt/stack/neutron/neutron/scheduler/base_scheduler.py:57}}
Jul 16 11:35:28.554174 dv-cinder-784763-6-smb neutron-server[93119]: DEBUG neutron.api.rpc.handlers.dhcp_rpc [None req-f1c187b4-5be3-45a7-862d-92f4e4382a82 None None] Network b8accfce-665a-4a7d-9b75-c2c7e302f808 requested from dv-cinder-784763-6-smb {{(pid=93119) get_network_info /opt/stack/neutron/neutron/api/rpc/handlers/dhcp_rpc.py:218}}
Jul 16 11:35:28.566913 dv-cinder-784763-6-smb neutron-server[93118]: DEBUG neutron.pecan_wsgi.hooks.policy_enforcement [None req-c7d8c53f-9ad4-4843-a37c-bf7af7f8cf68 admin admin] Attributes excluded by policy engine: ['standard_attr_id', 'shared', 'network'] {{(pid=93118) _exclude_attributes_by_policy /opt/stack/neutron/neutron/pecan_wsgi/hooks/policy_enforcement.py:255}}
Jul 16 11:35:28.568138 dv-cinder-784763-6-smb neutron-server[93118]: DEBUG neutron_lib.callbacks.manager [None req-c7d8c53f-9ad4-4843-a37c-bf7af7f8cf68 admin admin] Notify callbacks ['neutron.api.rpc.agentnotifiers.dhcp_rpc_agent_api.DhcpAgentNotifyAPI._send_dhcp_notification-552533'] for subnet, before_response {{(pid=93118) _notify_loop /usr/local/lib/python3.8/dist-packages/neutron_lib/callbacks/manager.py:192}}
Jul 16 11:35:28.608367 dv-cinder-784763-6-smb neutron-server[93118]: INFO neutron.wsgi [None req-c7d8c53f-9ad4-4843-a37c-bf7af7f8cf68 admin admin] 10.222.0.11 "POST /v2.0/subnets HTTP/1.1" status: 201 len: 845 time: 0.5004773
Jul 16 11:35:28.782302 dv-cinder-784763-6-smb neutron-server[93119]: DEBUG neutron.api.rpc.handlers.dhcp_rpc [None req-5e55feff-484f-4de2-a1c2-99ffaa244692 None None] Network b8accfce-665a-4a7d-9b75-c2c7e302f808 requested from dv-cinder-784763-6-smb {{(pid=93119) get_network_info /opt/stack/neutron/neutron/api/rpc/handlers/dhcp_rpc.py:218}}
Jul 16 11:35:28.891039 dv-cinder-784763-6-smb neutron-server[93118]: DEBUG neutron.pecan_wsgi.hooks.policy_enforcement [req-b04e5156-1fa6-47f6-9a6d-184c48c5abeb req-1d656be7-5cb9-4437-add1-0616bb293eaf tempest-AttachVolumeNegativeTest-1237632027 tempest-AttachVolumeNegativeTest-1237632027-project] Attributes excluded by policy engine: ['standard_attr_id', 'vlan_transparent', 'provider:network_type', 'provider:physical_network', 'provider:segmentation_id'] {{(pid=93118) _exclude_attributes_by_policy /opt/stack/neutron/neutron/pecan_wsgi/hooks/policy_enforcement.py:255}}
Jul 16 11:35:28.898789 dv-cinder-784763-6-smb neutron-server[93118]: INFO neutron.wsgi [req-b04e5156-1fa6-47f6-9a6d-184c48c5abeb req-1d656be7-5cb9-4437-add1-0616bb293eaf tempest-AttachVolumeNegativeTest-1237632027 tempest-AttachVolumeNegativeTest-1237632027-project] 10.222.0.11 "GET /v2.0/networks?id=9da94892-0735-4fb7-818a-7548c8951460 HTTP/1.1" status: 200 len: 814 time: 0.2266536
Jul 16 11:35:28.917145 dv-cinder-784763-6-smb neutron-server[93118]: INFO neutron.wsgi [req-b04e5156-1fa6-47f6-9a6d-184c48c5abeb req-98d7a4e0-94a3-4662-a31a-a089dfab7d3e tempest-AttachVolumeNegativeTest-1237632027 tempest-AttachVolumeNegativeTest-1237632027-project] 10.222.0.11 "GET /v2.0/quotas/4caf2ebc982c42a4bb996d1b6a2fe34e HTTP/1.1" status: 200 len: 375 time: 0.0160153
Jul 16 11:35:29.052995 dv-cinder-784763-6-smb neutron-server[93118]: INFO neutron.wsgi [req-b04e5156-1fa6-47f6-9a6d-184c48c5abeb req-dd35fb1c-192e-4a12-b00b-c57e30dc8002 tempest-AttachVolumeNegativeTest-1237632027 tempest-AttachVolumeNegativeTest-1237632027-project] 10.222.0.11 "GET /v2.0/ports?tenant_id=4caf2ebc982c42a4bb996d1b6a2fe34e&fields=id HTTP/1.1" status: 200 len: 255 time: 0.1303132
Jul 16 11:35:29.068613 dv-cinder-784763-6-smb neutron-server[93117]: DEBUG neutron.pecan_wsgi.hooks.policy_enforcement [req-8f83ffa4-0f18-43db-9c94-a75a5bd92795 req-e629ca4d-ed47-426c-b37a-d7c15422a534 tempest-DeleteServersTestJSON-100031241 tempest-DeleteServersTestJSON-100031241-project] Attributes excluded by policy engine: ['standard_attr_id', 'binding:profile', 'binding:host_id', 'binding:vif_type', 'binding:vif_details'] {{(pid=93117) _exclude_attributes_by_policy /opt/stack/neutron/neutron/pecan_wsgi/hooks/policy_enforcement.py:255}}
Jul 16 11:35:29.070227 dv-cinder-784763-6-smb neutron-server[93117]: INFO neutron.wsgi [req-8f83ffa4-0f18-43db-9c94-a75a5bd92795 req-e629ca4d-ed47-426c-b37a-d7c15422a534 tempest-DeleteServersTestJSON-100031241 tempest-DeleteServersTestJSON-100031241-project] 10.222.0.11 "GET /v2.0/ports?device_id=49e4cc4b-ecf7-4134-9ac2-01fb24067634 HTTP/1.1" status: 200 len: 945 time: 0.1430306
Jul 16 11:35:29.173669 dv-cinder-784763-6-smb neutron-server[93118]: INFO neutron.wsgi [req-b04e5156-1fa6-47f6-9a6d-184c48c5abeb req-bb4915f3-f243-430f-bea0-4358cd7f1469 service neutron] 10.222.0.11 "GET /v2.0/networks/9da94892-0735-4fb7-818a-7548c8951460?fields=segments HTTP/1.1" status: 200 len: 212 time: 0.1080179
Jul 16 11:35:29.190514 dv-cinder-784763-6-smb neutron-server[93117]: INFO neutron.wsgi [req-8f83ffa4-0f18-43db-9c94-a75a5bd92795 req-21955526-2ab0-4e92-9d18-c6267d775dfb tempest-DeleteServersTestJSON-100031241 tempest-DeleteServersTestJSON-100031241-project] 10.222.0.11 "GET /v2.0/security-groups?id=7a94be10-0488-46f7-a80e-ea4896886215&fields=id&fields=name HTTP/1.1" status: 200 len: 286 time: 0.0765121
Jul 16 11:35:29.291586 dv-cinder-784763-6-smb neutron-server[93118]: DEBUG neutron.wsgi [-] (93118) accepted ('10.222.0.11', 32978) {{(pid=93118) server /usr/local/lib/python3.8/dist-packages/eventlet/wsgi.py:982}}
Jul 16 11:35:29.300504 dv-cinder-784763-6-smb neutron-server[93118]: INFO neutron.wsgi [req-b04e5156-1fa6-47f6-9a6d-184c48c5abeb req-b109d443-52e3-437c-88c4-858c76cf6179 service neutron] 10.222.0.11 "GET /v2.0/networks/9da94892-0735-4fb7-818a-7548c8951460?fields=provider%3Aphysical_network&fields=provider%3Anetwork_type HTTP/1.1" status: 200 len: 281 time: 0.1189880
Jul 16 11:35:29.405343 dv-cinder-784763-6-smb neutron-server[93118]: DEBUG neutron_lib.callbacks.manager [None req-d2b0b8aa-5076-4f93-bb68-cfd06b093919 admin admin] Notify callbacks [] for security_group, before_create {{(pid=93118) _notify_loop /usr/local/lib/python3.8/dist-packages/neutron_lib/callbacks/manager.py:192}}
Jul 16 11:35:29.569087 dv-cinder-784763-6-smb neutron-server[93118]: INFO neutron.wsgi [req-253911c5-fea8-4a08-8bbd-0d9314d267a1 req-e2647672-2bcd-4f36-a6fc-5a7e023d8439 tempest-AttachVolumeNegativeTest-1237632027 tempest-AttachVolumeNegativeTest-1237632027-project] 10.222.0.11 "GET /v2.0/ports?device_id=4c40004c-5ae7-430c-968c-2c11d499d2aa HTTP/1.1" status: 200 len: 210 time: 0.0616932
Jul 16 11:35:29.650561 dv-cinder-784763-6-smb neutron-server[93118]: DEBUG neutron_lib.callbacks.manager [None req-d2b0b8aa-5076-4f93-bb68-cfd06b093919 admin admin] Notify callbacks [] for security_group, precommit_create {{(pid=93118) _notify_loop /usr/local/lib/python3.8/dist-packages/neutron_lib/callbacks/manager.py:192}}
Jul 16 11:35:29.653631 dv-cinder-784763-6-smb neutron-server[93117]: DEBUG neutron_lib.db.resource_extend [None req-fbaed9fa-7d71-4d31-916f-09c46738246e tempest-AttachVolumeTestJSON-1251421090 tempest-AttachVolumeTestJSON-1251421090-project] It took 0.11 seconds to run function 'neutron_lib.db.resource_extend.apply_funcs' {{(pid=93117) wrapper /usr/local/lib/python3.8/dist-packages/oslo_utils/timeutils.py:386}}
Jul 16 11:35:29.658354 dv-cinder-784763-6-smb neutron-server[93118]: DEBUG neutron_lib.callbacks.manager [None req-d2b0b8aa-5076-4f93-bb68-cfd06b093919 admin admin] Notify callbacks ['neutron.plugins.ml2.ovo_rpc._ObjectChangeHandler.handle_event-708282'] for security_group, after_create {{(pid=93118) _notify_loop /usr/local/lib/python3.8/dist-packages/neutron_lib/callbacks/manager.py:192}}
Jul 16 11:35:29.740615 dv-cinder-784763-6-smb neutron-server[93118]: DEBUG neutron.api.rpc.handlers.resources_rpc [None req-d2b0b8aa-5076-4f93-bb68-cfd06b093919 admin admin] Pushing event updated for resources: {'SecurityGroup': ['ID=c0c833b7-68cc-4790-adb7-760b5f63ea3d,revision_number=1']} {{(pid=93118) push /opt/stack/neutron/neutron/api/rpc/handlers/resources_rpc.py:237}}
Jul 16 11:35:29.748837 dv-cinder-784763-6-smb neutron-server[93118]: INFO neutron.wsgi [None req-d2b0b8aa-5076-4f93-bb68-cfd06b093919 admin admin] 10.222.0.11 "GET /v2.0/security-groups?tenant_id=f98c50f6783246ffb286be6b926ff009&name=default HTTP/1.1" status: 200 len: 2979 time: 0.4550176
Jul 16 11:35:29.752926 dv-cinder-784763-6-smb neutron-server[93118]: DEBUG neutron.wsgi [-] (93118) accepted ('10.222.0.11', 33002) {{(pid=93118) server /usr/local/lib/python3.8/dist-packages/eventlet/wsgi.py:982}}
Jul 16 11:35:29.773961 dv-cinder-784763-6-smb neutron-server[93117]: DEBUG neutron_lib.callbacks.manager [None req-fbaed9fa-7d71-4d31-916f-09c46738246e tempest-AttachVolumeTestJSON-1251421090 tempest-AttachVolumeTestJSON-1251421090-project] Notify callbacks [] for floatingip, precommit_update {{(pid=93117) _notify_loop /usr/local/lib/python3.8/dist-packages/neutron_lib/callbacks/manager.py:192}}
Jul 16 11:35:29.783406 dv-cinder-784763-6-smb neutron-server[93117]: DEBUG neutron_lib.callbacks.manager [None req-fbaed9fa-7d71-4d31-916f-09c46738246e tempest-AttachVolumeTestJSON-1251421090 tempest-AttachVolumeTestJSON-1251421090-project] Notify callbacks ['neutron.services.l3_router.l3_router_plugin.DVRResourceOperationHandler._create_dvr_floating_gw_port-828858'] for floatingip, after_update {{(pid=93117) _notify_loop /usr/local/lib/python3.8/dist-packages/neutron_lib/callbacks/manager.py:192}}
Jul 16 11:35:29.820785 dv-cinder-784763-6-smb neutron-server[93118]: DEBUG neutron.pecan_wsgi.hooks.policy_enforcement [req-1a88996f-89f1-4998-b350-565c865d8b1c req-57b6f4dd-d845-4f00-a12f-e85193e500c9 tempest-ServerRescueNegativeTestJSON-1033210844 tempest-ServerRescueNegativeTestJSON-1033210844-project] Attributes excluded by policy engine: ['standard_attr_id', 'binding:profile', 'binding:host_id', 'binding:vif_type', 'binding:vif_details'] {{(pid=93118) _exclude_attributes_by_policy /opt/stack/neutron/neutron/pecan_wsgi/hooks/policy_enforcement.py:255}}
Jul 16 11:35:29.822342 dv-cinder-784763-6-smb neutron-server[93118]: INFO neutron.wsgi [req-1a88996f-89f1-4998-b350-565c865d8b1c req-57b6f4dd-d845-4f00-a12f-e85193e500c9 tempest-ServerRescueNegativeTestJSON-1033210844 tempest-ServerRescueNegativeTestJSON-1033210844-project] 10.222.0.11 "GET /v2.0/ports?device_id=7c42fceb-611b-4435-8aec-2375d86b3713 HTTP/1.1" status: 200 len: 946 time: 0.1603074
Jul 16 11:35:29.840342 dv-cinder-784763-6-smb neutron-server[93117]: DEBUG neutron.pecan_wsgi.hooks.policy_enforcement [req-480edf0c-0ac2-4f93-b8ef-f3097a89a9c6 req-b1bb1b0a-0ef7-40c9-be30-fa54fbbebbd6 tempest-VolumesActionsTest-158544423 tempest-VolumesActionsTest-158544423-project] Attributes excluded by policy engine: ['standard_attr_id', 'vlan_transparent', 'provider:network_type', 'provider:physical_network', 'provider:segmentation_id'] {{(pid=93117) _exclude_attributes_by_policy /opt/stack/neutron/neutron/pecan_wsgi/hooks/policy_enforcement.py:255}}
Jul 16 11:35:29.841841 dv-cinder-784763-6-smb neutron-server[93117]: INFO neutron.wsgi [req-480edf0c-0ac2-4f93-b8ef-f3097a89a9c6 req-b1bb1b0a-0ef7-40c9-be30-fa54fbbebbd6 tempest-VolumesActionsTest-158544423 tempest-VolumesActionsTest-158544423-project] 10.222.0.11 "GET /v2.0/networks?id=6eeda6e5-511e-46c6-812b-d2125bbff6da HTTP/1.1" status: 200 len: 809 time: 0.2407160
Jul 16 11:35:29.850611 dv-cinder-784763-6-smb neutron-server[93118]: DEBUG neutron_lib.callbacks.manager [None req-2b399d50-bcc3-4b29-91e9-ab7584e81d73 admin admin] Notify callbacks [] for security_group, before_delete {{(pid=93118) _notify_loop /usr/local/lib/python3.8/dist-packages/neutron_lib/callbacks/manager.py:192}}
