May 06 00:35:53.904281 dv-cinder-784623-8-iscsi devstack@c-api.service[80621]: INFO cinder.volume.api [None req-889a18b6-b833-40cd-bc34-7e95b82b4244 tempest-SnapshotsActionsTest-456879612 tempest-SnapshotsActionsTest-456879612-project] Volume info retrieved successfully.
May 06 00:35:53.904583 dv-cinder-784623-8-iscsi devstack@c-api.service[80621]: INFO cinder.api.v2.snapshots [None req-889a18b6-b833-40cd-bc34-7e95b82b4244 tempest-SnapshotsActionsTest-456879612 tempest-SnapshotsActionsTest-456879612-project] Create snapshot from volume 49e55b8d-3f81-4bf2-a44c-2b6f67d2dc40
May 06 00:35:53.961123 dv-cinder-784623-8-iscsi devstack@c-api.service[80621]: DEBUG cinder.quota [None req-889a18b6-b833-40cd-bc34-7e95b82b4244 tempest-SnapshotsActionsTest-456879612 tempest-SnapshotsActionsTest-456879612-project] Created reservations ['3619036d-2e3a-4b71-b033-a2cb946b7856', 'f72d95ef-9461-43b3-98a9-6818400ef267', '7bca4563-4b58-4bc6-82a7-fbf6d138a27d', 'b19fa956-daef-4f48-ba72-c97f7e7dcda7'] {{(pid=80621) reserve /opt/stack/cinder/cinder/quota.py:755}}
May 06 00:35:54.073387 dv-cinder-784623-8-iscsi devstack@c-api.service[80621]: INFO cinder.volume.api [None req-889a18b6-b833-40cd-bc34-7e95b82b4244 tempest-SnapshotsActionsTest-456879612 tempest-SnapshotsActionsTest-456879612-project] Snapshot create request issued successfully.
May 06 00:35:54.074379 dv-cinder-784623-8-iscsi devstack@c-api.service[80621]: INFO cinder.api.openstack.wsgi [None req-889a18b6-b833-40cd-bc34-7e95b82b4244 tempest-SnapshotsActionsTest-456879612 tempest-SnapshotsActionsTest-456879612-project] http://10.222.0.24/volume/v3/db1b755688314f61ad0626efd547ceff/snapshots returned with HTTP 202
May 06 00:35:54.080043 dv-cinder-784623-8-iscsi devstack@c-api.service[80621]: [pid: 80621|app: 0|req: 198/377] 10.222.0.24 () {60 vars in 1242 bytes} [Thu May 6 00:35:53 2021] POST /volume/v3/db1b755688314f61ad0626efd547ceff/snapshots => generated 306 bytes in 226 msecs (HTTP/1.1 202) 7 headers in 291 bytes (2 switches on core 0)
May 06 00:35:54.086308 dv-cinder-784623-8-iscsi devstack@c-api.service[80622]: INFO cinder.api.openstack.wsgi [None req-0ae48137-184a-4b56-b4b0-6bcd6ed8bf6c tempest-SnapshotsActionsTest-456879612 tempest-SnapshotsActionsTest-456879612-project] GET http://10.222.0.24/volume/v3/db1b755688314f61ad0626efd547ceff/snapshots/6f4cd010-5f0e-409d-a7ec-14b1d8a30111
May 06 00:35:54.086844 dv-cinder-784623-8-iscsi devstack@c-api.service[80622]: DEBUG cinder.api.openstack.wsgi [None req-0ae48137-184a-4b56-b4b0-6bcd6ed8bf6c tempest-SnapshotsActionsTest-456879612 tempest-SnapshotsActionsTest-456879612-project] Empty body provided in request {{(pid=80622) get_body /opt/stack/cinder/cinder/api/openstack/wsgi.py:713}}
May 06 00:35:54.087244 dv-cinder-784623-8-iscsi devstack@c-api.service[80622]: /usr/local/lib/python3.8/dist-packages/webob/acceptparse.py:1047: DeprecationWarning: The behavior of AcceptValidHeader.best_match is currently being maintained for backward compatibility, but it will be deprecated in the future, as it does not conform to the RFC.
May 06 00:35:54.087244 dv-cinder-784623-8-iscsi devstack@c-api.service[80622]: warnings.warn(
May 06 00:35:54.088026 dv-cinder-784623-8-iscsi devstack@c-api.service[80622]: DEBUG cinder.api.openstack.wsgi [None req-0ae48137-184a-4b56-b4b0-6bcd6ed8bf6c tempest-SnapshotsActionsTest-456879612 tempest-SnapshotsActionsTest-456879612-project] Calling method 'show' {{(pid=80622) _process_stack /opt/stack/cinder/cinder/api/openstack/wsgi.py:866}}
May 06 00:35:54.116868 dv-cinder-784623-8-iscsi devstack@c-api.service[80622]: /usr/local/lib/python3.8/dist-packages/oslo_context/context.py:105: DeprecationWarning: Policy enforcement is depending on the value of is_admin. This key is deprecated. Please update your policy file to use the standard policy values.
May 06 00:35:54.116868 dv-cinder-784623-8-iscsi devstack@c-api.service[80622]: warnings.warn('Policy enforcement is depending on the value of '
May 06 00:35:54.118118 dv-cinder-784623-8-iscsi devstack@c-api.service[80622]: INFO cinder.volume.api [None req-0ae48137-184a-4b56-b4b0-6bcd6ed8bf6c tempest-SnapshotsActionsTest-456879612 tempest-SnapshotsActionsTest-456879612-project] Snapshot retrieved successfully.
May 06 00:35:54.120310 dv-cinder-784623-8-iscsi devstack@c-api.service[80622]: INFO cinder.api.openstack.wsgi [None req-0ae48137-184a-4b56-b4b0-6bcd6ed8bf6c tempest-SnapshotsActionsTest-456879612 tempest-SnapshotsActionsTest-456879612-project] http://10.222.0.24/volume/v3/db1b755688314f61ad0626efd547ceff/snapshots/6f4cd010-5f0e-409d-a7ec-14b1d8a30111 returned with HTTP 200
May 06 00:35:54.124787 dv-cinder-784623-8-iscsi devstack@c-api.service[80622]: [pid: 80622|app: 0|req: 180/378] 10.222.0.24 () {58 vars in 1331 bytes} [Thu May 6 00:35:54 2021] GET /volume/v3/db1b755688314f61ad0626efd547ceff/snapshots/6f4cd010-5f0e-409d-a7ec-14b1d8a30111 => generated 438 bytes in 41 msecs (HTTP/1.1 200) 7 headers in 285 bytes (2 switches on core 0)
May 06 00:35:54.503233 dv-cinder-784623-8-iscsi devstack@c-api.service[80621]: INFO cinder.api.openstack.wsgi [None req-828c9dc3-f97f-4542-a2a1-9a1a9bdc05e8 tempest-GroupsV314Test-27875551 tempest-GroupsV314Test-27875551-project] GET http://10.222.0.24/volume/v3/d0f9aac578d14c51b4de15943c71c80d/volumes/c1159ef8-8c82-4f1d-bb6b-925af70a2f9c
May 06 00:35:54.504100 dv-cinder-784623-8-iscsi devstack@c-api.service[80621]: DEBUG cinder.api.openstack.wsgi [None req-828c9dc3-f97f-4542-a2a1-9a1a9bdc05e8 tempest-GroupsV314Test-27875551 tempest-GroupsV314Test-27875551-project] Empty body provided in request {{(pid=80621) get_body /opt/stack/cinder/cinder/api/openstack/wsgi.py:713}}
May 06 00:35:54.504376 dv-cinder-784623-8-iscsi devstack@c-api.service[80621]: /usr/local/lib/python3.8/dist-packages/webob/acceptparse.py:1047: DeprecationWarning: The behavior of AcceptValidHeader.best_match is currently being maintained for backward compatibility, but it will be deprecated in the future, as it does not conform to the RFC.
May 06 00:35:54.504376 dv-cinder-784623-8-iscsi devstack@c-api.service[80621]: warnings.warn(
May 06 00:35:54.505119 dv-cinder-784623-8-iscsi devstack@c-api.service[80621]: DEBUG cinder.api.openstack.wsgi [None req-828c9dc3-f97f-4542-a2a1-9a1a9bdc05e8 tempest-GroupsV314Test-27875551 tempest-GroupsV314Test-27875551-project] Calling method 'show' {{(pid=80621) _process_stack /opt/stack/cinder/cinder/api/openstack/wsgi.py:866}}
May 06 00:35:54.550859 dv-cinder-784623-8-iscsi devstack@c-api.service[80621]: INFO cinder.api.openstack.wsgi [None req-828c9dc3-f97f-4542-a2a1-9a1a9bdc05e8 tempest-GroupsV314Test-27875551 tempest-GroupsV314Test-27875551-project] http://10.222.0.24/volume/v3/d0f9aac578d14c51b4de15943c71c80d/volumes/c1159ef8-8c82-4f1d-bb6b-925af70a2f9c returned with HTTP 404
May 06 00:35:54.554926 dv-cinder-784623-8-iscsi devstack@c-api.service[80621]: [pid: 80621|app: 0|req: 199/379] 10.222.0.24 () {60 vars in 1366 bytes} [Thu May 6 00:35:54 2021] GET /volume/v3/d0f9aac578d14c51b4de15943c71c80d/volumes/c1159ef8-8c82-4f1d-bb6b-925af70a2f9c => generated 109 bytes in 53 msecs (HTTP/1.1 404) 7 headers in 293 bytes (1 switches on core 0)
May 06 00:35:54.560210 dv-cinder-784623-8-iscsi devstack@c-api.service[80622]: INFO cinder.api.openstack.wsgi [None req-b0fd9c73-eb22-4f93-9a0b-62e7062ff716 tempest-GroupsV314Test-27875551 tempest-GroupsV314Test-27875551-project] GET http://10.222.0.24/volume/v3/d0f9aac578d14c51b4de15943c71c80d/groups/ed5130ad-35bc-487b-93cb-89231ee918b8
May 06 00:35:54.560873 dv-cinder-784623-8-iscsi devstack@c-api.service[80622]: DEBUG cinder.api.openstack.wsgi [None req-b0fd9c73-eb22-4f93-9a0b-62e7062ff716 tempest-GroupsV314Test-27875551 tempest-GroupsV314Test-27875551-project] Empty body provided in request {{(pid=80622) get_body /opt/stack/cinder/cinder/api/openstack/wsgi.py:713}}
May 06 00:35:54.561050 dv-cinder-784623-8-iscsi devstack@c-api.service[80622]: /usr/local/lib/python3.8/dist-packages/webob/acceptparse.py:1047: DeprecationWarning: The behavior of AcceptValidHeader.best_match is currently being maintained for backward compatibility, but it will be deprecated in the future, as it does not conform to the RFC.
May 06 00:35:54.561050 dv-cinder-784623-8-iscsi devstack@c-api.service[80622]: warnings.warn(
May 06 00:35:54.561938 dv-cinder-784623-8-iscsi devstack@c-api.service[80622]: DEBUG cinder.api.openstack.wsgi [None req-b0fd9c73-eb22-4f93-9a0b-62e7062ff716 tempest-GroupsV314Test-27875551 tempest-GroupsV314Test-27875551-project] Calling method 'version_select' {{(pid=80622) _process_stack /opt/stack/cinder/cinder/api/openstack/wsgi.py:866}}
May 06 00:35:54.562330 dv-cinder-784623-8-iscsi devstack@c-api.service[80622]: DEBUG cinder.api.v3.groups [None req-b0fd9c73-eb22-4f93-9a0b-62e7062ff716 tempest-GroupsV314Test-27875551 tempest-GroupsV314Test-27875551-project] show called for member ed5130ad-35bc-487b-93cb-89231ee918b8 {{(pid=80622) show /opt/stack/cinder/cinder/api/v3/groups.py:58}}
May 06 00:35:54.568070 dv-cinder-784623-8-iscsi devstack@c-api.service[80622]: INFO cinder.api.openstack.wsgi [None req-b0fd9c73-eb22-4f93-9a0b-62e7062ff716 tempest-GroupsV314Test-27875551 tempest-GroupsV314Test-27875551-project] http://10.222.0.24/volume/v3/d0f9aac578d14c51b4de15943c71c80d/groups/ed5130ad-35bc-487b-93cb-89231ee918b8 returned with HTTP 404
May 06 00:35:54.572063 dv-cinder-784623-8-iscsi devstack@c-api.service[80622]: [pid: 80622|app: 0|req: 181/380] 10.222.0.24 () {60 vars in 1363 bytes} [Thu May 6 00:35:54 2021] GET /volume/v3/d0f9aac578d14c51b4de15943c71c80d/groups/ed5130ad-35bc-487b-93cb-89231ee918b8 => generated 108 bytes in 13 msecs (HTTP/1.1 404) 7 headers in 293 bytes (1 switches on core 0)
May 06 00:35:54.577584 dv-cinder-784623-8-iscsi devstack@c-api.service[80621]: INFO cinder.api.openstack.wsgi [None req-72cd9412-23bd-4ba5-b5c2-078b9d66a3e2 tempest-GroupsV314Test-194528410 tempest-GroupsV314Test-194528410-project-admin] DELETE http://10.222.0.24/volume/v3/6852de61a5174f29b5963d473d0380ad/group_types/2a16a48c-350c-4bfe-9b97-627472c5a996
May 06 00:35:54.578121 dv-cinder-784623-8-iscsi devstack@c-api.service[80621]: DEBUG cinder.api.openstack.wsgi [None req-72cd9412-23bd-4ba5-b5c2-078b9d66a3e2 tempest-GroupsV314Test-194528410 tempest-GroupsV314Test-194528410-project-admin] Empty body provided in request {{(pid=80621) get_body /opt/stack/cinder/cinder/api/openstack/wsgi.py:713}}
May 06 00:35:54.578545 dv-cinder-784623-8-iscsi devstack@c-api.service[80621]: DEBUG cinder.api.openstack.wsgi [None req-72cd9412-23bd-4ba5-b5c2-078b9d66a3e2 tempest-GroupsV314Test-194528410 tempest-GroupsV314Test-194528410-project-admin] Calling method 'version_select' {{(pid=80621) _process_stack /opt/stack/cinder/cinder/api/openstack/wsgi.py:866}}
May 06 00:35:54.579193 dv-cinder-784623-8-iscsi devstack@c-api.service[80621]: /usr/local/lib/python3.8/dist-packages/oslo_context/context.py:105: DeprecationWarning: Policy enforcement is depending on the value of is_admin. This key is deprecated. Please update your policy file to use the standard policy values.
May 06 00:35:54.579193 dv-cinder-784623-8-iscsi devstack@c-api.service[80621]: warnings.warn('Policy enforcement is depending on the value of '
May 06 00:35:54.611263 dv-cinder-784623-8-iscsi devstack@c-api.service[80621]: INFO cinder.api.openstack.wsgi [None req-72cd9412-23bd-4ba5-b5c2-078b9d66a3e2 tempest-GroupsV314Test-194528410 tempest-GroupsV314Test-194528410-project-admin] http://10.222.0.24/volume/v3/6852de61a5174f29b5963d473d0380ad/group_types/2a16a48c-350c-4bfe-9b97-627472c5a996 returned with HTTP 202
May 06 00:35:54.613271 dv-cinder-784623-8-iscsi devstack@c-api.service[80622]: INFO cinder.api.openstack.wsgi [None req-380eb500-81cb-4b35-ab14-8b205484f1f4 tempest-DeleteServersTestJSON-1871532533 tempest-DeleteServersTestJSON-1871532533-project] GET http://10.222.0.24/volume/v3/faf11a4c113f483cb10c967ec3931d1d/volumes/ea71c69f-2994-461f-a32f-52aba770dfb2
May 06 00:35:54.614021 dv-cinder-784623-8-iscsi devstack@c-api.service[80622]: DEBUG cinder.api.openstack.wsgi [None req-380eb500-81cb-4b35-ab14-8b205484f1f4 tempest-DeleteServersTestJSON-1871532533 tempest-DeleteServersTestJSON-1871532533-project] Empty body provided in request {{(pid=80622) get_body /opt/stack/cinder/cinder/api/openstack/wsgi.py:713}}
May 06 00:35:54.614850 dv-cinder-784623-8-iscsi devstack@c-api.service[80622]: DEBUG cinder.api.openstack.wsgi [None req-380eb500-81cb-4b35-ab14-8b205484f1f4 tempest-DeleteServersTestJSON-1871532533 tempest-DeleteServersTestJSON-1871532533-project] Calling method 'show' {{(pid=80622) _process_stack /opt/stack/cinder/cinder/api/openstack/wsgi.py:866}}
May 06 00:35:54.617664 dv-cinder-784623-8-iscsi devstack@c-api.service[80621]: [pid: 80621|app: 0|req: 200/381] 10.222.0.24 () {60 vars in 1381 bytes} [Thu May 6 00:35:54 2021] DELETE /volume/v3/6852de61a5174f29b5963d473d0380ad/group_types/2a16a48c-350c-4bfe-9b97-627472c5a996 => generated 0 bytes in 45 msecs (HTTP/1.1 202) 6 headers in 234 bytes (1 switches on core 0)
May 06 00:35:54.622110 dv-cinder-784623-8-iscsi devstack@c-api.service[80621]: INFO cinder.api.openstack.wsgi [None req-7ea70749-dded-481a-88f8-9aaa3ae95fe5 tempest-GroupsV314Test-27875551 tempest-GroupsV314Test-27875551-project] DELETE http://10.222.0.24/volume/v3/d0f9aac578d14c51b4de15943c71c80d/volumes/c1159ef8-8c82-4f1d-bb6b-925af70a2f9c
May 06 00:35:54.622570 dv-cinder-784623-8-iscsi devstack@c-api.service[80621]: DEBUG cinder.api.openstack.wsgi [None req-7ea70749-dded-481a-88f8-9aaa3ae95fe5 tempest-GroupsV314Test-27875551 tempest-GroupsV314Test-27875551-project] Empty body provided in request {{(pid=80621) get_body /opt/stack/cinder/cinder/api/openstack/wsgi.py:713}}
May 06 00:35:54.622991 dv-cinder-784623-8-iscsi devstack@c-api.service[80621]: DEBUG cinder.api.openstack.wsgi [None req-7ea70749-dded-481a-88f8-9aaa3ae95fe5 tempest-GroupsV314Test-27875551 tempest-GroupsV314Test-27875551-project] Calling method 'delete' {{(pid=80621) _process_stack /opt/stack/cinder/cinder/api/openstack/wsgi.py:866}}
May 06 00:35:54.623439 dv-cinder-784623-8-iscsi devstack@c-api.service[80621]: INFO cinder.api.v3.volumes [None req-7ea70749-dded-481a-88f8-9aaa3ae95fe5 tempest-GroupsV314Test-27875551 tempest-GroupsV314Test-27875551-project] Delete volume with id: c1159ef8-8c82-4f1d-bb6b-925af70a2f9c
May 06 00:35:54.671796 dv-cinder-784623-8-iscsi devstack@c-api.service[80622]: /usr/local/lib/python3.8/dist-packages/oslo_context/context.py:105: DeprecationWarning: Policy enforcement is depending on the value of is_admin. This key is deprecated. Please update your policy file to use the standard policy values.
May 06 00:35:54.671796 dv-cinder-784623-8-iscsi devstack@c-api.service[80622]: warnings.warn('Policy enforcement is depending on the value of '
May 06 00:35:54.676254 dv-cinder-784623-8-iscsi devstack@c-api.service[80621]: INFO cinder.api.openstack.wsgi [None req-7ea70749-dded-481a-88f8-9aaa3ae95fe5 tempest-GroupsV314Test-27875551 tempest-GroupsV314Test-27875551-project] http://10.222.0.24/volume/v3/d0f9aac578d14c51b4de15943c71c80d/volumes/c1159ef8-8c82-4f1d-bb6b-925af70a2f9c returned with HTTP 404
May 06 00:35:54.677353 dv-cinder-784623-8-iscsi devstack@c-api.service[80621]: [pid: 80621|app: 0|req: 201/382] 10.222.0.24 () {58 vars in 1328 bytes} [Thu May 6 00:35:54 2021] DELETE /volume/v3/d0f9aac578d14c51b4de15943c71c80d/volumes/c1159ef8-8c82-4f1d-bb6b-925af70a2f9c => generated 109 bytes in 59 msecs (HTTP/1.1 404) 7 headers in 292 bytes (1 switches on core 0)
May 06 00:35:54.682895 dv-cinder-784623-8-iscsi devstack@c-api.service[80622]: INFO cinder.volume.api [None req-380eb500-81cb-4b35-ab14-8b205484f1f4 tempest-DeleteServersTestJSON-1871532533 tempest-DeleteServersTestJSON-1871532533-project] Volume info retrieved successfully.
May 06 00:35:54.684631 dv-cinder-784623-8-iscsi devstack@c-api.service[80621]: INFO cinder.api.openstack.wsgi [None req-e86d5bea-c578-44e9-b10a-d66ed30ff1a6 tempest-GroupsV314Test-194528410 tempest-GroupsV314Test-194528410-project-admin] DELETE http://10.222.0.24/volume/v3/6852de61a5174f29b5963d473d0380ad/types/5ca48da1-85c6-4b27-a967-9f4089112bcb
May 06 00:35:54.685155 dv-cinder-784623-8-iscsi devstack@c-api.service[80621]: DEBUG cinder.api.openstack.wsgi [None req-e86d5bea-c578-44e9-b10a-d66ed30ff1a6 tempest-GroupsV314Test-194528410 tempest-GroupsV314Test-194528410-project-admin] Empty body provided in request {{(pid=80621) get_body /opt/stack/cinder/cinder/api/openstack/wsgi.py:713}}
May 06 00:35:54.685606 dv-cinder-784623-8-iscsi devstack@c-api.service[80621]: DEBUG cinder.api.openstack.wsgi [None req-e86d5bea-c578-44e9-b10a-d66ed30ff1a6 tempest-GroupsV314Test-194528410 tempest-GroupsV314Test-194528410-project-admin] Calling method '_delete' {{(pid=80621) _process_stack /opt/stack/cinder/cinder/api/openstack/wsgi.py:866}}
May 06 00:35:54.702578 dv-cinder-784623-8-iscsi devstack@c-api.service[80622]: /usr/local/lib/python3.8/dist-packages/oslo_context/context.py:105: DeprecationWarning: Policy enforcement is depending on the value of is_admin. This key is deprecated. Please update your policy file to use the standard policy values.
May 06 00:35:54.702578 dv-cinder-784623-8-iscsi devstack@c-api.service[80622]: warnings.warn('Policy enforcement is depending on the value of '
May 06 00:35:54.711278 dv-cinder-784623-8-iscsi devstack@c-api.service[80622]: INFO cinder.api.openstack.wsgi [None req-380eb500-81cb-4b35-ab14-8b205484f1f4 tempest-DeleteServersTestJSON-1871532533 tempest-DeleteServersTestJSON-1871532533-project] http://10.222.0.24/volume/v3/faf11a4c113f483cb10c967ec3931d1d/volumes/ea71c69f-2994-461f-a32f-52aba770dfb2 returned with HTTP 200
May 06 00:35:54.721016 dv-cinder-784623-8-iscsi devstack@c-api.service[80622]: [pid: 80622|app: 0|req: 182/383] 10.222.0.24 () {58 vars in 1325 bytes} [Thu May 6 00:35:54 2021] GET /volume/v3/faf11a4c113f483cb10c967ec3931d1d/volumes/ea71c69f-2994-461f-a32f-52aba770dfb2 => generated 914 bytes in 114 msecs (HTTP/1.1 200) 7 headers in 285 bytes (2 switches on core 0)
May 06 00:35:54.726085 dv-cinder-784623-8-iscsi devstack@c-api.service[80622]: INFO cinder.api.openstack.wsgi [None req-7a9e2324-ad5f-4a15-8585-7397e9d859c2 tempest-GroupSnapshotsTest-1316023708 tempest-GroupSnapshotsTest-1316023708-project] GET http://10.222.0.24/volume/v3/6cfc23c089c946c9b2d932d28a800e02/groups/50c9c80c-c748-49c8-942c-b9c052d57380
May 06 00:35:54.731433 dv-cinder-784623-8-iscsi devstack@c-api.service[80622]: DEBUG cinder.api.openstack.wsgi [None req-7a9e2324-ad5f-4a15-8585-7397e9d859c2 tempest-GroupSnapshotsTest-1316023708 tempest-GroupSnapshotsTest-1316023708-project] Empty body provided in request {{(pid=80622) get_body /opt/stack/cinder/cinder/api/openstack/wsgi.py:713}}
May 06 00:35:54.731716 dv-cinder-784623-8-iscsi devstack@c-api.service[80622]: /usr/local/lib/python3.8/dist-packages/webob/acceptparse.py:1047: DeprecationWarning: The behavior of AcceptValidHeader.best_match is currently being maintained for backward compatibility, but it will be deprecated in the future, as it does not conform to the RFC.
May 06 00:35:54.731716 dv-cinder-784623-8-iscsi devstack@c-api.service[80622]: warnings.warn(
May 06 00:35:54.732209 dv-cinder-784623-8-iscsi devstack@c-api.service[80622]: DEBUG cinder.api.openstack.wsgi [None req-7a9e2324-ad5f-4a15-8585-7397e9d859c2 tempest-GroupSnapshotsTest-1316023708 tempest-GroupSnapshotsTest-1316023708-project] Calling method 'version_select' {{(pid=80622) _process_stack /opt/stack/cinder/cinder/api/openstack/wsgi.py:866}}
May 06 00:35:54.732677 dv-cinder-784623-8-iscsi devstack@c-api.service[80622]: DEBUG cinder.api.v3.groups [None req-7a9e2324-ad5f-4a15-8585-7397e9d859c2 tempest-GroupSnapshotsTest-1316023708 tempest-GroupSnapshotsTest-1316023708-project] show called for member 50c9c80c-c748-49c8-942c-b9c052d57380 {{(pid=80622) show /opt/stack/cinder/cinder/api/v3/groups.py:58}}
May 06 00:35:54.750147 dv-cinder-784623-8-iscsi devstack@c-api.service[80622]: /usr/local/lib/python3.8/dist-packages/oslo_context/context.py:105: DeprecationWarning: Policy enforcement is depending on the value of is_admin. This key is deprecated. Please update your policy file to use the standard policy values.
May 06 00:35:54.750147 dv-cinder-784623-8-iscsi devstack@c-api.service[80622]: warnings.warn('Policy enforcement is depending on the value of '
May 06 00:35:54.763066 dv-cinder-784623-8-iscsi devstack@c-api.service[80621]: INFO cinder.api.openstack.wsgi [None req-e86d5bea-c578-44e9-b10a-d66ed30ff1a6 tempest-GroupsV314Test-194528410 tempest-GroupsV314Test-194528410-project-admin] http://10.222.0.24/volume/v3/6852de61a5174f29b5963d473d0380ad/types/5ca48da1-85c6-4b27-a967-9f4089112bcb returned with HTTP 202
May 06 00:35:54.763858 dv-cinder-784623-8-iscsi devstack@c-api.service[80621]: [pid: 80621|app: 0|req: 202/384] 10.222.0.24 () {58 vars in 1322 bytes} [Thu May 6 00:35:54 2021] DELETE /volume/v3/6852de61a5174f29b5963d473d0380ad/types/5ca48da1-85c6-4b27-a967-9f4089112bcb => generated 0 bytes in 83 msecs (HTTP/1.1 202) 6 headers in 233 bytes (2 switches on core 0)
May 06 00:35:54.776518 dv-cinder-784623-8-iscsi devstack@c-api.service[80621]: INFO cinder.api.openstack.wsgi [None req-29797b44-7749-4f20-b87c-319c104b35d3 tempest-GroupsV314Test-194528410 tempest-GroupsV314Test-194528410-project-admin] GET http://10.222.0.24/volume/v3/6852de61a5174f29b5963d473d0380ad/types/5ca48da1-85c6-4b27-a967-9f4089112bcb
May 06 00:35:54.777429 dv-cinder-784623-8-iscsi devstack@c-api.service[80621]: DEBUG cinder.api.openstack.wsgi [None req-29797b44-7749-4f20-b87c-319c104b35d3 tempest-GroupsV314Test-194528410 tempest-GroupsV314Test-194528410-project-admin] Empty body provided in request {{(pid=80621) get_body /opt/stack/cinder/cinder/api/openstack/wsgi.py:713}}
May 06 00:35:54.777866 dv-cinder-784623-8-iscsi devstack@c-api.service[80621]: DEBUG cinder.api.openstack.wsgi [None req-29797b44-7749-4f20-b87c-319c104b35d3 tempest-GroupsV314Test-194528410 tempest-GroupsV314Test-194528410-project-admin] Calling method 'show' {{(pid=80621) _process_stack /opt/stack/cinder/cinder/api/openstack/wsgi.py:866}}
May 06 00:35:54.790926 dv-cinder-784623-8-iscsi devstack@c-api.service[80621]: INFO cinder.api.openstack.wsgi [None req-29797b44-7749-4f20-b87c-319c104b35d3 tempest-GroupsV314Test-194528410 tempest-GroupsV314Test-194528410-project-admin] http://10.222.0.24/volume/v3/6852de61a5174f29b5963d473d0380ad/types/5ca48da1-85c6-4b27-a967-9f4089112bcb returned with HTTP 404
May 06 00:35:54.807134 dv-cinder-784623-8-iscsi devstack@c-api.service[80622]: INFO cinder.api.openstack.wsgi [None req-7a9e2324-ad5f-4a15-8585-7397e9d859c2 tempest-GroupSnapshotsTest-1316023708 tempest-GroupSnapshotsTest-1316023708-project] http://10.222.0.24/volume/v3/6cfc23c089c946c9b2d932d28a800e02/groups/50c9c80c-c748-49c8-942c-b9c052d57380 returned with HTTP 200
May 06 00:35:54.807938 dv-cinder-784623-8-iscsi devstack@c-api.service[80621]: [pid: 80621|app: 0|req: 203/385] 10.222.0.24 () {58 vars in 1319 bytes} [Thu May 6 00:35:54 2021] GET /volume/v3/6852de61a5174f29b5963d473d0380ad/types/5ca48da1-85c6-4b27-a967-9f4089112bcb => generated 114 bytes in 40 msecs (HTTP/1.1 404) 7 headers in 292 bytes (1 switches on core 0)
May 06 00:35:54.808454 dv-cinder-784623-8-iscsi devstack@c-api.service[80622]: [pid: 80622|app: 0|req: 183/386] 10.222.0.24 () {60 vars in 1363 bytes} [Thu May 6 00:35:54 2021] GET /volume/v3/6cfc23c089c946c9b2d932d28a800e02/groups/50c9c80c-c748-49c8-942c-b9c052d57380 => generated 392 bytes in 87 msecs (HTTP/1.1 200) 7 headers in 286 bytes (1 switches on core 0)
May 06 00:35:54.818883 dv-cinder-784623-8-iscsi devstack@c-api.service[80621]: INFO cinder.api.openstack.wsgi [None req-c50ab08d-b316-431f-b8bf-f5dda6717834 tempest-GroupSnapshotsTest-1316023708 tempest-GroupSnapshotsTest-1316023708-project] POST http://10.222.0.24/volume/v3/6cfc23c089c946c9b2d932d28a800e02/volumes
May 06 00:35:54.819711 dv-cinder-784623-8-iscsi devstack@c-api.service[80621]: DEBUG cinder.api.openstack.wsgi [None req-c50ab08d-b316-431f-b8bf-f5dda6717834 tempest-GroupSnapshotsTest-1316023708 tempest-GroupSnapshotsTest-1316023708-project] Action: 'create', calling method: create, body: {"volume": {"volume_type": "5557fd23-cf08-4b8b-98fc-40d648500e94", "group_id": "50c9c80c-c748-49c8-942c-b9c052d57380", "size": 1, "name": "tempest-GroupSnapshotsTest-Volume-509100930"}} {{(pid=80621) _process_stack /opt/stack/cinder/cinder/api/openstack/wsgi.py:864}}
May 06 00:35:54.820643 dv-cinder-784623-8-iscsi devstack@c-api.service[80621]: DEBUG cinder.api.v3.volumes [None req-c50ab08d-b316-431f-b8bf-f5dda6717834 tempest-GroupSnapshotsTest-1316023708 tempest-GroupSnapshotsTest-1316023708-project] Create volume request body: {'volume': {'volume_type': '5557fd23-cf08-4b8b-98fc-40d648500e94', 'group_id': '50c9c80c-c748-49c8-942c-b9c052d57380', 'size': 1, 'name': 'tempest-GroupSnapshotsTest-Volume-509100930'}} {{(pid=80621) create /opt/stack/cinder/cinder/api/v3/volumes.py:289}}
May 06 00:35:54.840764 dv-cinder-784623-8-iscsi devstack@c-api.service[80621]: /usr/local/lib/python3.8/dist-packages/oslo_context/context.py:105: DeprecationWarning: Policy enforcement is depending on the value of is_admin. This key is deprecated. Please update your policy file to use the standard policy values.
May 06 00:35:54.840764 dv-cinder-784623-8-iscsi devstack@c-api.service[80621]: warnings.warn('Policy enforcement is depending on the value of '
May 06 00:35:54.841799 dv-cinder-784623-8-iscsi devstack@c-api.service[80621]: INFO cinder.api.v3.volumes [None req-c50ab08d-b316-431f-b8bf-f5dda6717834 tempest-GroupSnapshotsTest-1316023708 tempest-GroupSnapshotsTest-1316023708-project] Create volume of 1 GB
May 06 00:35:54.856243 dv-cinder-784623-8-iscsi devstack@c-api.service[80621]: INFO cinder.volume.api [None req-c50ab08d-b316-431f-b8bf-f5dda6717834 tempest-GroupSnapshotsTest-1316023708 tempest-GroupSnapshotsTest-1316023708-project] Availability Zones retrieved successfully.
May 06 00:35:54.872281 dv-cinder-784623-8-iscsi devstack@c-api.service[80621]: DEBUG cinder.volume.api [None req-c50ab08d-b316-431f-b8bf-f5dda6717834 tempest-GroupSnapshotsTest-1316023708 tempest-GroupSnapshotsTest-1316023708-project] Flow 'volume_create_api' (1ba13b90-6d7d-40c5-8ca5-733e33af0a1e) transitioned into state 'RUNNING' from state 'PENDING' {{(pid=80621) _flow_receiver /usr/local/lib/python3.8/dist-packages/taskflow/listeners/logging.py:141}}
May 06 00:35:54.875195 dv-cinder-784623-8-iscsi devstack@c-api.service[80621]: DEBUG cinder.volume.api [None req-c50ab08d-b316-431f-b8bf-f5dda6717834 tempest-GroupSnapshotsTest-1316023708 tempest-GroupSnapshotsTest-1316023708-project] Task 'cinder.volume.flows.api.create_volume.ExtractVolumeRequestTask;volume:create' (c5b41453-a086-462f-a941-28ab8d65fa62) transitioned into state 'RUNNING' from state 'PENDING' {{(pid=80621) _task_receiver /usr/local/lib/python3.8/dist-packages/taskflow/listeners/logging.py:190}}
May 06 00:35:54.876786 dv-cinder-784623-8-iscsi devstack@c-api.service[80621]: /usr/local/lib/python3.8/dist-packages/oslo_context/context.py:105: DeprecationWarning: Policy enforcement is depending on the value of is_admin. This key is deprecated. Please update your policy file to use the standard policy values.
May 06 00:35:54.876786 dv-cinder-784623-8-iscsi devstack@c-api.service[80621]: warnings.warn('Policy enforcement is depending on the value of '
May 06 00:35:54.877274 dv-cinder-784623-8-iscsi devstack@c-api.service[80621]: DEBUG cinder.volume.flows.api.create_volume [None req-c50ab08d-b316-431f-b8bf-f5dda6717834 tempest-GroupSnapshotsTest-1316023708 tempest-GroupSnapshotsTest-1316023708-project] Validating volume size '1' using validate_int {{(pid=80621) _extract_size /opt/stack/cinder/cinder/volume/flows/api/create_volume.py:201}}
May 06 00:35:54.924971 dv-cinder-784623-8-iscsi devstack@c-api.service[80621]: DEBUG cinder.volume.api [None req-c50ab08d-b316-431f-b8bf-f5dda6717834 tempest-GroupSnapshotsTest-1316023708 tempest-GroupSnapshotsTest-1316023708-project] Task 'cinder.volume.flows.api.create_volume.ExtractVolumeRequestTask;volume:create' (c5b41453-a086-462f-a941-28ab8d65fa62) transitioned into state 'SUCCESS' from state 'RUNNING' with result '{'size': 1, 'snapshot_id': None, 'source_volid': None, 'volume_type': VolumeType(created_at=2021-05-06T00:35:53Z,deleted=False,deleted_at=None,description=None,extra_specs={},id=5557fd23-cf08-4b8b-98fc-40d648500e94,is_public=True,name='tempest-GroupSnapshotsTest-volume-type-143299952',projects=[],qos_specs=,qos_specs_id=None,updated_at=None), 'volume_type_id': '5557fd23-cf08-4b8b-98fc-40d648500e94', 'encryption_key_id': None, 'qos_specs': None, 'consistencygroup_id': None, 'cgsnapshot_id': None, 'group_id': '50c9c80c-c748-49c8-942c-b9c052d57380', 'replication_status': 'disabled', 'refresh_az': False, 'backup_id': None, 'multiattach': False, 'availability_zones': ['nova']}' {{(pid=80621) _task_receiver /usr/local/lib/python3.8/dist-packages/taskflow/listeners/logging.py:178}}
May 06 00:35:54.927004 dv-cinder-784623-8-iscsi devstack@c-api.service[80621]: DEBUG cinder.volume.api [None req-c50ab08d-b316-431f-b8bf-f5dda6717834 tempest-GroupSnapshotsTest-1316023708 tempest-GroupSnapshotsTest-1316023708-project] Task 'cinder.volume.flows.api.create_volume.QuotaReserveTask;volume:create' (0427c0fb-77a4-418f-a09a-1187d127578d) transitioned into state 'RUNNING' from state 'PENDING' {{(pid=80621) _task_receiver /usr/local/lib/python3.8/dist-packages/taskflow/listeners/logging.py:190}}
May 06 00:35:54.972815 dv-cinder-784623-8-iscsi devstack@c-api.service[80621]: WARNING cinder.quota [None req-c50ab08d-b316-431f-b8bf-f5dda6717834 tempest-GroupSnapshotsTest-1316023708 tempest-GroupSnapshotsTest-1316023708-project] Deprecated: Default quota for resource: volumes_tempest-GroupSnapshotsTest-volume-type-143299952 is set by the default quota flag: quota_volumes_tempest-GroupSnapshotsTest-volume-type-143299952, it is now deprecated. Please use the default quota class for default quota.
May 06 00:35:54.973625 dv-cinder-784623-8-iscsi devstack@c-api.service[80621]: WARNING cinder.quota [None req-c50ab08d-b316-431f-b8bf-f5dda6717834 tempest-GroupSnapshotsTest-1316023708 tempest-GroupSnapshotsTest-1316023708-project] Deprecated: Default quota for resource: gigabytes_tempest-GroupSnapshotsTest-volume-type-143299952 is set by the default quota flag: quota_gigabytes_tempest-GroupSnapshotsTest-volume-type-143299952, it is now deprecated. Please use the default quota class for default quota.
May 06 00:35:55.016776 dv-cinder-784623-8-iscsi devstack@c-api.service[80621]: DEBUG cinder.quota [None req-c50ab08d-b316-431f-b8bf-f5dda6717834 tempest-GroupSnapshotsTest-1316023708 tempest-GroupSnapshotsTest-1316023708-project] Created reservations ['7c2b9991-9ddf-43e3-871b-ec66004dcb5d', '5496d2e8-5588-4b43-b2b5-38cfdba0734f', '75c38694-2688-4519-b19a-b83db5c1e154', 'a48696f8-5d4e-4455-a8cd-8daf80caa324'] {{(pid=80621) reserve /opt/stack/cinder/cinder/quota.py:755}}
May 06 00:35:55.018786 dv-cinder-784623-8-iscsi devstack@c-api.service[80621]: DEBUG cinder.volume.api [None req-c50ab08d-b316-431f-b8bf-f5dda6717834 tempest-GroupSnapshotsTest-1316023708 tempest-GroupSnapshotsTest-1316023708-project] Task 'cinder.volume.flows.api.create_volume.QuotaReserveTask;volume:create' (0427c0fb-77a4-418f-a09a-1187d127578d) transitioned into state 'SUCCESS' from state 'RUNNING' with result '{'reservations': ['7c2b9991-9ddf-43e3-871b-ec66004dcb5d', '5496d2e8-5588-4b43-b2b5-38cfdba0734f', '75c38694-2688-4519-b19a-b83db5c1e154', 'a48696f8-5d4e-4455-a8cd-8daf80caa324']}' {{(pid=80621) _task_receiver /usr/local/lib/python3.8/dist-packages/taskflow/listeners/logging.py:178}}
May 06 00:35:55.020888 dv-cinder-784623-8-iscsi devstack@c-api.service[80621]: DEBUG cinder.volume.api [None req-c50ab08d-b316-431f-b8bf-f5dda6717834 tempest-GroupSnapshotsTest-1316023708 tempest-GroupSnapshotsTest-1316023708-project] Task 'cinder.volume.flows.api.create_volume.EntryCreateTask;volume:create' (8f2b3517-7266-4f18-9a5a-b9c97a24a10a) transitioned into state 'RUNNING' from state 'PENDING' {{(pid=80621) _task_receiver /usr/local/lib/python3.8/dist-packages/taskflow/listeners/logging.py:190}}
May 06 00:35:55.079939 dv-cinder-784623-8-iscsi devstack@c-api.service[80621]: DEBUG cinder.volume.api [None req-c50ab08d-b316-431f-b8bf-f5dda6717834 tempest-GroupSnapshotsTest-1316023708 tempest-GroupSnapshotsTest-1316023708-project] Task 'cinder.volume.flows.api.create_volume.EntryCreateTask;volume:create' (8f2b3517-7266-4f18-9a5a-b9c97a24a10a) transitioned into state 'SUCCESS' from state 'RUNNING' with result '{'volume_id': '3b706ae3-57d5-4129-b846-51ed4ce8008e', 'volume_properties': VolumeProperties(attach_status='detached',availability_zone='nova',cgsnapshot_id=None,consistencygroup_id=None,display_description=None,display_name='tempest-GroupSnapshotsTest-Volume-509100930',encryption_key_id=None,group_id=50c9c80c-c748-49c8-942c-b9c052d57380,group_type_id=,metadata={},multiattach=False,project_id='6cfc23c089c946c9b2d932d28a800e02',qos_specs=None,replication_status=,reservations=['7c2b9991-9ddf-43e3-871b-ec66004dcb5d','5496d2e8-5588-4b43-b2b5-38cfdba0734f','75c38694-2688-4519-b19a-b83db5c1e154','a48696f8-5d4e-4455-a8cd-8daf80caa324'],size=1,snapshot_id=None,source_replicaid=,source_volid=None,status='creating',user_id='bee3cf2b649142b0bc3f9ee8fba95009',volume_type_id=5557fd23-cf08-4b8b-98fc-40d648500e94), 'volume': Volume(_name_id=None,admin_metadata=,attach_status='detached',availability_zone='nova',bootable=False,cluster=,cluster_name=None,consistencygroup=,consistencygroup_id=None,created_at=2021-05-06T00:35:55Z,deleted=False,deleted_at=None,display_description=None,display_name='tempest-GroupSnapshotsTest-Volume-509100930',ec2_id=None,encryption_key_id=None,glance_metadata=,group=,group_id=50c9c80c-c748-49c8-942c-b9c052d57380,host=None,id=3b706ae3-57d5-4129-b846-51ed4ce8008e,launched_at=None,metadata={},migration_status=None,multiattach=False,previous_status=None,project_id='6cfc23c089c946c9b2d932d28a800e02',provider_auth=None,provider_geometry=None,provider_id=None,provider_location=None,replication_driver_data=None,replication_extended_status=None,replication_status=None,scheduled_at=None,service_uuid=None,shared_targets=True,size=1,snapshot_id=None,snapshots=,source_volid=None,status='creating',terminated_at=None,updated_at=None,user_id='bee3cf2b649142b0bc3f9ee8fba95009',volume_attachment=,volume_type=VolumeType(5557fd23-cf08-4b8b-98fc-40d648500e94),volume_type_id=5557fd23-cf08-4b8b-98fc-40d648500e94)}' {{(pid=80621) _task_receiver /usr/local/lib/python3.8/dist-packages/taskflow/listeners/logging.py:178}}
May 06 00:35:55.081939 dv-cinder-784623-8-iscsi devstack@c-api.service[80621]: DEBUG cinder.volume.api [None req-c50ab08d-b316-431f-b8bf-f5dda6717834 tempest-GroupSnapshotsTest-1316023708 tempest-GroupSnapshotsTest-1316023708-project] Task 'cinder.volume.flows.api.create_volume.QuotaCommitTask;volume:create' (61f5df3e-4c71-4987-bc00-07ff4f7049f9) transitioned into state 'RUNNING' from state 'PENDING' {{(pid=80621) _task_receiver /usr/local/lib/python3.8/dist-packages/taskflow/listeners/logging.py:190}}
May 06 00:35:55.111105 dv-cinder-784623-8-iscsi devstack@c-api.service[80621]: DEBUG cinder.volume.api [None req-c50ab08d-b316-431f-b8bf-f5dda6717834 tempest-GroupSnapshotsTest-1316023708 tempest-GroupSnapshotsTest-1316023708-project] Task 'cinder.volume.flows.api.create_volume.QuotaCommitTask;volume:create' (61f5df3e-4c71-4987-bc00-07ff4f7049f9) transitioned into state 'SUCCESS' from state 'RUNNING' with result '{'volume_properties': VolumeProperties(attach_status='detached',availability_zone='nova',cgsnapshot_id=None,consistencygroup_id=None,display_description=None,display_name='tempest-GroupSnapshotsTest-Volume-509100930',encryption_key_id=None,group_id=50c9c80c-c748-49c8-942c-b9c052d57380,group_type_id=,metadata={},multiattach=False,project_id='6cfc23c089c946c9b2d932d28a800e02',qos_specs=None,replication_status=,reservations=['7c2b9991-9ddf-43e3-871b-ec66004dcb5d','5496d2e8-5588-4b43-b2b5-38cfdba0734f','75c38694-2688-4519-b19a-b83db5c1e154','a48696f8-5d4e-4455-a8cd-8daf80caa324'],size=1,snapshot_id=None,source_replicaid=,source_volid=None,status='creating',user_id='bee3cf2b649142b0bc3f9ee8fba95009',volume_type_id=5557fd23-cf08-4b8b-98fc-40d648500e94)}' {{(pid=80621) _task_receiver /usr/local/lib/python3.8/dist-packages/taskflow/listeners/logging.py:178}}
May 06 00:35:55.113077 dv-cinder-784623-8-iscsi devstack@c-api.service[80621]: DEBUG cinder.volume.api [None req-c50ab08d-b316-431f-b8bf-f5dda6717834 tempest-GroupSnapshotsTest-1316023708 tempest-GroupSnapshotsTest-1316023708-project] Task 'cinder.volume.flows.api.create_volume.VolumeCastTask;volume:create' (fbd51549-1e16-4247-9155-69262250e8cc) transitioned into state 'RUNNING' from state 'PENDING' {{(pid=80621) _task_receiver /usr/local/lib/python3.8/dist-packages/taskflow/listeners/logging.py:190}}
May 06 00:35:55.133514 dv-cinder-784623-8-iscsi devstack@c-api.service[80622]: INFO cinder.api.openstack.wsgi [None req-091703ed-ccad-41fd-a62e-ffa33d5f9efc tempest-SnapshotsActionsTest-456879612 tempest-SnapshotsActionsTest-456879612-project] GET http://10.222.0.24/volume/v3/db1b755688314f61ad0626efd547ceff/snapshots/6f4cd010-5f0e-409d-a7ec-14b1d8a30111
May 06 00:35:55.135755 dv-cinder-784623-8-iscsi devstack@c-api.service[80622]: DEBUG cinder.api.openstack.wsgi [None req-091703ed-ccad-41fd-a62e-ffa33d5f9efc tempest-SnapshotsActionsTest-456879612 tempest-SnapshotsActionsTest-456879612-project] Empty body provided in request {{(pid=80622) get_body /opt/stack/cinder/cinder/api/openstack/wsgi.py:713}}
May 06 00:35:55.136194 dv-cinder-784623-8-iscsi devstack@c-api.service[80622]: /usr/local/lib/python3.8/dist-packages/webob/acceptparse.py:1047: DeprecationWarning: The behavior of AcceptValidHeader.best_match is currently being maintained for backward compatibility, but it will be deprecated in the future, as it does not conform to the RFC.
May 06 00:35:55.136194 dv-cinder-784623-8-iscsi devstack@c-api.service[80622]: warnings.warn(
May 06 00:35:55.137022 dv-cinder-784623-8-iscsi devstack@c-api.service[80622]: DEBUG cinder.api.openstack.wsgi [None req-091703ed-ccad-41fd-a62e-ffa33d5f9efc tempest-SnapshotsActionsTest-456879612 tempest-SnapshotsActionsTest-456879612-project] Calling method 'show' {{(pid=80622) _process_stack /opt/stack/cinder/cinder/api/openstack/wsgi.py:866}}
May 06 00:35:55.137710 dv-cinder-784623-8-iscsi devstack@c-api.service[80621]: DEBUG cinder.volume.api [None req-c50ab08d-b316-431f-b8bf-f5dda6717834 tempest-GroupSnapshotsTest-1316023708 tempest-GroupSnapshotsTest-1316023708-project] Task 'cinder.volume.flows.api.create_volume.VolumeCastTask;volume:create' (fbd51549-1e16-4247-9155-69262250e8cc) transitioned into state 'SUCCESS' from state 'RUNNING' with result 'None' {{(pid=80621) _task_receiver /usr/local/lib/python3.8/dist-packages/taskflow/listeners/logging.py:178}}
May 06 00:35:55.141158 dv-cinder-784623-8-iscsi devstack@c-api.service[80621]: DEBUG cinder.volume.api [None req-c50ab08d-b316-431f-b8bf-f5dda6717834 tempest-GroupSnapshotsTest-1316023708 tempest-GroupSnapshotsTest-1316023708-project] Flow 'volume_create_api' (1ba13b90-6d7d-40c5-8ca5-733e33af0a1e) transitioned into state 'SUCCESS' from state 'RUNNING' {{(pid=80621) _flow_receiver /usr/local/lib/python3.8/dist-packages/taskflow/listeners/logging.py:141}}
May 06 00:35:55.141873 dv-cinder-784623-8-iscsi devstack@c-api.service[80621]: INFO cinder.volume.api [None req-c50ab08d-b316-431f-b8bf-f5dda6717834 tempest-GroupSnapshotsTest-1316023708 tempest-GroupSnapshotsTest-1316023708-project] Create volume request issued successfully.
May 06 00:35:55.157575 dv-cinder-784623-8-iscsi devstack@c-api.service[80621]: WARNING stevedore.named [None req-c50ab08d-b316-431f-b8bf-f5dda6717834 tempest-GroupSnapshotsTest-1316023708 tempest-GroupSnapshotsTest-1316023708-project] Could not load cinder.keymgr.conf_key_mgr.ConfKeyManager
May 06 00:35:55.158039 dv-cinder-784623-8-iscsi devstack@c-api.service[80621]: WARNING castellan.key_manager [None req-c50ab08d-b316-431f-b8bf-f5dda6717834 tempest-GroupSnapshotsTest-1316023708 tempest-GroupSnapshotsTest-1316023708-project] Deprecation Warning : cinder.keymgr.conf_key_mgr.ConfKeyManager is not a stevedore based driver, trying to load it as a class: stevedore.exception.NoMatches: No 'castellan.drivers' driver found, looking for 'cinder.keymgr.conf_key_mgr.ConfKeyManager'
May 06 00:35:55.166197 dv-cinder-784623-8-iscsi devstack@c-api.service[80621]: DEBUG oslo_db.sqlalchemy.engines [None req-c50ab08d-b316-431f-b8bf-f5dda6717834 tempest-GroupSnapshotsTest-1316023708 tempest-GroupSnapshotsTest-1316023708-project] MySQL server mode set to STRICT_TRANS_TABLES,STRICT_ALL_TABLES,NO_ZERO_IN_DATE,NO_ZERO_DATE,ERROR_FOR_DIVISION_BY_ZERO,TRADITIONAL,NO_ENGINE_SUBSTITUTION {{(pid=80621) _check_effective_sql_mode /usr/local/lib/python3.8/dist-packages/oslo_db/sqlalchemy/engines.py:314}}
May 06 00:35:55.173546 dv-cinder-784623-8-iscsi devstack@c-api.service[80621]: /usr/local/lib/python3.8/dist-packages/oslo_context/context.py:105: DeprecationWarning: Policy enforcement is depending on the value of is_admin. This key is deprecated. Please update your policy file to use the standard policy values.
May 06 00:35:55.173546 dv-cinder-784623-8-iscsi devstack@c-api.service[80621]: warnings.warn('Policy enforcement is depending on the value of '
May 06 00:35:55.177000 dv-cinder-784623-8-iscsi devstack@c-api.service[80622]: /usr/local/lib/python3.8/dist-packages/oslo_context/context.py:105: DeprecationWarning: Policy enforcement is depending on the value of is_admin. This key is deprecated. Please update your policy file to use the standard policy values.
May 06 00:35:55.177000 dv-cinder-784623-8-iscsi devstack@c-api.service[80622]: warnings.warn('Policy enforcement is depending on the value of '
May 06 00:35:55.178464 dv-cinder-784623-8-iscsi devstack@c-api.service[80622]: INFO cinder.volume.api [None req-091703ed-ccad-41fd-a62e-ffa33d5f9efc tempest-SnapshotsActionsTest-456879612 tempest-SnapshotsActionsTest-456879612-project] Snapshot retrieved successfully.
May 06 00:35:55.181037 dv-cinder-784623-8-iscsi devstack@c-api.service[80622]: INFO cinder.api.openstack.wsgi [None req-091703ed-ccad-41fd-a62e-ffa33d5f9efc tempest-SnapshotsActionsTest-456879612 tempest-SnapshotsActionsTest-456879612-project] http://10.222.0.24/volume/v3/db1b755688314f61ad0626efd547ceff/snapshots/6f4cd010-5f0e-409d-a7ec-14b1d8a30111 returned with HTTP 200
May 06 00:35:55.184518 dv-cinder-784623-8-iscsi devstack@c-api.service[80622]: [pid: 80622|app: 0|req: 184/387] 10.222.0.24 () {58 vars in 1331 bytes} [Thu May 6 00:35:55 2021] GET /volume/v3/db1b755688314f61ad0626efd547ceff/snapshots/6f4cd010-5f0e-409d-a7ec-14b1d8a30111 => generated 438 bytes in 56 msecs (HTTP/1.1 200) 7 headers in 285 bytes (1 switches on core 0)
May 06 00:35:55.196765 dv-cinder-784623-8-iscsi devstack@c-api.service[80621]: INFO cinder.api.openstack.wsgi [None req-c50ab08d-b316-431f-b8bf-f5dda6717834 tempest-GroupSnapshotsTest-1316023708 tempest-GroupSnapshotsTest-1316023708-project] http://10.222.0.24/volume/v3/6cfc23c089c946c9b2d932d28a800e02/volumes returned with HTTP 202
May 06 00:35:55.207052 dv-cinder-784623-8-iscsi devstack@c-api.service[80621]: [pid: 80621|app: 0|req: 204/388] 10.222.0.24 () {62 vars in 1277 bytes} [Thu May 6 00:35:54 2021] POST /volume/v3/6cfc23c089c946c9b2d932d28a800e02/volumes => generated 906 bytes in 384 msecs (HTTP/1.1 202) 7 headers in 292 bytes (2 switches on core 0)
May 06 00:35:55.210676 dv-cinder-784623-8-iscsi devstack@c-api.service[80622]: INFO cinder.api.openstack.wsgi [None req-47d27da5-dd4e-4cfa-bd85-aa9339366da4 tempest-GroupSnapshotsTest-1316023708 tempest-GroupSnapshotsTest-1316023708-project] GET http://10.222.0.24/volume/v3/6cfc23c089c946c9b2d932d28a800e02/volumes/3b706ae3-57d5-4129-b846-51ed4ce8008e
May 06 00:35:55.211399 dv-cinder-784623-8-iscsi devstack@c-api.service[80622]: DEBUG cinder.api.openstack.wsgi [None req-47d27da5-dd4e-4cfa-bd85-aa9339366da4 tempest-GroupSnapshotsTest-1316023708 tempest-GroupSnapshotsTest-1316023708-project] Empty body provided in request {{(pid=80622) get_body /opt/stack/cinder/cinder/api/openstack/wsgi.py:713}}
May 06 00:35:55.211740 dv-cinder-784623-8-iscsi devstack@c-api.service[80622]: /usr/local/lib/python3.8/dist-packages/webob/acceptparse.py:1047: DeprecationWarning: The behavior of AcceptValidHeader.best_match is currently being maintained for backward compatibility, but it will be deprecated in the future, as it does not conform to the RFC.
May 06 00:35:55.211740 dv-cinder-784623-8-iscsi devstack@c-api.service[80622]: warnings.warn(
May 06 00:35:55.212291 dv-cinder-784623-8-iscsi devstack@c-api.service[80622]: DEBUG cinder.api.openstack.wsgi [None req-47d27da5-dd4e-4cfa-bd85-aa9339366da4 tempest-GroupSnapshotsTest-1316023708 tempest-GroupSnapshotsTest-1316023708-project] Calling method 'show' {{(pid=80622) _process_stack /opt/stack/cinder/cinder/api/openstack/wsgi.py:866}}
May 06 00:35:55.264345 dv-cinder-784623-8-iscsi devstack@c-api.service[80622]: /usr/local/lib/python3.8/dist-packages/oslo_context/context.py:105: DeprecationWarning: Policy enforcement is depending on the value of is_admin. This key is deprecated. Please update your policy file to use the standard policy values.
May 06 00:35:55.264345 dv-cinder-784623-8-iscsi devstack@c-api.service[80622]: warnings.warn('Policy enforcement is depending on the value of '
May 06 00:35:55.273651 dv-cinder-784623-8-iscsi devstack@c-api.service[80622]: INFO cinder.volume.api [None req-47d27da5-dd4e-4cfa-bd85-aa9339366da4 tempest-GroupSnapshotsTest-1316023708 tempest-GroupSnapshotsTest-1316023708-project] Volume info retrieved successfully.
May 06 00:35:55.294178 dv-cinder-784623-8-iscsi devstack@c-api.service[80622]: WARNING stevedore.named [None req-47d27da5-dd4e-4cfa-bd85-aa9339366da4 tempest-GroupSnapshotsTest-1316023708 tempest-GroupSnapshotsTest-1316023708-project] Could not load cinder.keymgr.conf_key_mgr.ConfKeyManager
May 06 00:35:55.294724 dv-cinder-784623-8-iscsi devstack@c-api.service[80622]: WARNING castellan.key_manager [None req-47d27da5-dd4e-4cfa-bd85-aa9339366da4 tempest-GroupSnapshotsTest-1316023708 tempest-GroupSnapshotsTest-1316023708-project] Deprecation Warning : cinder.keymgr.conf_key_mgr.ConfKeyManager is not a stevedore based driver, trying to load it as a class: stevedore.exception.NoMatches: No 'castellan.drivers' driver found, looking for 'cinder.keymgr.conf_key_mgr.ConfKeyManager'
May 06 00:35:55.303568 dv-cinder-784623-8-iscsi devstack@c-api.service[80622]: DEBUG oslo_db.sqlalchemy.engines [None req-47d27da5-dd4e-4cfa-bd85-aa9339366da4 tempest-GroupSnapshotsTest-1316023708 tempest-GroupSnapshotsTest-1316023708-project] MySQL server mode set to STRICT_TRANS_TABLES,STRICT_ALL_TABLES,NO_ZERO_IN_DATE,NO_ZERO_DATE,ERROR_FOR_DIVISION_BY_ZERO,TRADITIONAL,NO_ENGINE_SUBSTITUTION {{(pid=80622) _check_effective_sql_mode /usr/local/lib/python3.8/dist-packages/oslo_db/sqlalchemy/engines.py:314}}
May 06 00:35:55.313108 dv-cinder-784623-8-iscsi devstack@c-api.service[80622]: /usr/local/lib/python3.8/dist-packages/oslo_context/context.py:105: DeprecationWarning: Policy enforcement is depending on the value of is_admin. This key is deprecated. Please update your policy file to use the standard policy values.
May 06 00:35:55.313108 dv-cinder-784623-8-iscsi devstack@c-api.service[80622]: warnings.warn('Policy enforcement is depending on the value of '
May 06 00:35:55.335721 dv-cinder-784623-8-iscsi devstack@c-api.service[80622]: INFO cinder.api.openstack.wsgi [None req-47d27da5-dd4e-4cfa-bd85-aa9339366da4 tempest-GroupSnapshotsTest-1316023708 tempest-GroupSnapshotsTest-1316023708-project] http://10.222.0.24/volume/v3/6cfc23c089c946c9b2d932d28a800e02/volumes/3b706ae3-57d5-4129-b846-51ed4ce8008e returned with HTTP 200
May 06 00:35:55.344640 dv-cinder-784623-8-iscsi devstack@c-api.service[80622]: [pid: 80622|app: 0|req: 185/389] 10.222.0.24 () {60 vars in 1366 bytes} [Thu May 6 00:35:55 2021] GET /volume/v3/6cfc23c089c946c9b2d932d28a800e02/volumes/3b706ae3-57d5-4129-b846-51ed4ce8008e => generated 974 bytes in 129 msecs (HTTP/1.1 200) 7 headers in 286 bytes (1 switches on core 0)
May 06 00:35:55.727616 dv-cinder-784623-8-iscsi devstack@c-api.service[80621]: INFO cinder.api.openstack.wsgi [None req-9137590f-da35-41e8-8153-b242f5d94321 tempest-DeleteServersTestJSON-1871532533 tempest-DeleteServersTestJSON-1871532533-project] GET http://10.222.0.24/volume/v3/faf11a4c113f483cb10c967ec3931d1d/volumes/ea71c69f-2994-461f-a32f-52aba770dfb2
May 06 00:35:55.728480 dv-cinder-784623-8-iscsi devstack@c-api.service[80621]: DEBUG cinder.api.openstack.wsgi [None req-9137590f-da35-41e8-8153-b242f5d94321 tempest-DeleteServersTestJSON-1871532533 tempest-DeleteServersTestJSON-1871532533-project] Empty body provided in request {{(pid=80621) get_body /opt/stack/cinder/cinder/api/openstack/wsgi.py:713}}
May 06 00:35:55.728923 dv-cinder-784623-8-iscsi devstack@c-api.service[80621]: /usr/local/lib/python3.8/dist-packages/webob/acceptparse.py:1047: DeprecationWarning: The behavior of AcceptValidHeader.best_match is currently being maintained for backward compatibility, but it will be deprecated in the future, as it does not conform to the RFC.
May 06 00:35:55.728923 dv-cinder-784623-8-iscsi devstack@c-api.service[80621]: warnings.warn(
May 06 00:35:55.729404 dv-cinder-784623-8-iscsi devstack@c-api.service[80621]: DEBUG cinder.api.openstack.wsgi [None req-9137590f-da35-41e8-8153-b242f5d94321 tempest-DeleteServersTestJSON-1871532533 tempest-DeleteServersTestJSON-1871532533-project] Calling method 'show' {{(pid=80621) _process_stack /opt/stack/cinder/cinder/api/openstack/wsgi.py:866}}
