Jul 28 21:41:38.242198 dv-cinder-784623-15-iscsi neutron-server[99670]: DEBUG neutron.scheduler.base_scheduler [req-022d9710-6504-46b1-8eb0-36d21db9a238 req-f706a425-95e2-4878-9cc8-fa61599ba097 tempest-VolumesActionsTest-167932571 tempest-VolumesActionsTest-167932571-project] Resources bound (agent type, host, resource id): {{(pid=99670) schedule /opt/stack/neutron/neutron/scheduler/base_scheduler.py:57}}
Jul 28 21:41:38.254350 dv-cinder-784623-15-iscsi neutron-server[99670]: DEBUG neutron.db.l3_dvrscheduler_db [req-022d9710-6504-46b1-8eb0-36d21db9a238 req-f706a425-95e2-4878-9cc8-fa61599ba097 tempest-VolumesActionsTest-167932571 tempest-VolumesActionsTest-167932571-project] Received port after_create {{(pid=99670) _notify_l3_agent_new_port /opt/stack/neutron/neutron/db/l3_dvrscheduler_db.py:535}}
Jul 28 21:41:38.258752 dv-cinder-784623-15-iscsi neutron-server[99670]: DEBUG neutron.api.rpc.handlers.resources_rpc [None req-f706a425-95e2-4878-9cc8-fa61599ba097 tempest-VolumesActionsTest-167932571 tempest-VolumesActionsTest-167932571-project] Pushing event updated for resources: {'Port': ['ID=6c1c4543-aee9-450f-af3c-623e78f2382d,revision_number=1']} {{(pid=99670) push /opt/stack/neutron/neutron/api/rpc/handlers/resources_rpc.py:237}}
Jul 28 21:41:38.275146 dv-cinder-784623-15-iscsi neutron-server[99669]: INFO neutron.wsgi [req-62ce21d0-1c87-4a30-9c4e-f0e0018dd713 req-e3a32434-4927-47f8-9d08-b7b546502d26 tempest-VolumesActionsTest-167932571 tempest-VolumesActionsTest-167932571-project] 10.222.0.21 "GET /v2.0/security-groups?id=1913e2d3-591e-4aa2-bfd0-544b82a50d5e&fields=id&fields=name HTTP/1.1" status: 200 len: 286 time: 0.0341561
Jul 28 21:41:38.345416 dv-cinder-784623-15-iscsi neutron-server[99670]: DEBUG neutron.pecan_wsgi.hooks.policy_enforcement [req-022d9710-6504-46b1-8eb0-36d21db9a238 req-f706a425-95e2-4878-9cc8-fa61599ba097 tempest-VolumesActionsTest-167932571 tempest-VolumesActionsTest-167932571-project] Attributes excluded by policy engine: ['standard_attr_id', 'binding:profile', 'binding:host_id', 'binding:vif_type', 'binding:vif_details', 'network'] {{(pid=99670) _exclude_attributes_by_policy /opt/stack/neutron/neutron/pecan_wsgi/hooks/policy_enforcement.py:255}}
Jul 28 21:41:38.346037 dv-cinder-784623-15-iscsi neutron-server[99670]: DEBUG neutron_lib.callbacks.manager [req-022d9710-6504-46b1-8eb0-36d21db9a238 req-f706a425-95e2-4878-9cc8-fa61599ba097 tempest-VolumesActionsTest-167932571 tempest-VolumesActionsTest-167932571-project] Notify callbacks ['neutron.notifiers.nova.Notifier._send_nova_notification-125432'] for port, before_response {{(pid=99670) _notify_loop /usr/local/lib/python3.8/dist-packages/neutron_lib/callbacks/manager.py:192}}
Jul 28 21:41:38.368464 dv-cinder-784623-15-iscsi neutron-server[99670]: INFO neutron.wsgi [req-022d9710-6504-46b1-8eb0-36d21db9a238 req-f706a425-95e2-4878-9cc8-fa61599ba097 tempest-VolumesActionsTest-167932571 tempest-VolumesActionsTest-167932571-project] 10.222.0.22 "POST /v2.0/ports HTTP/1.1" status: 201 len: 933 time: 1.1714509
Jul 28 21:41:38.383825 dv-cinder-784623-15-iscsi neutron-server[99670]: DEBUG neutron.api.v2.base [req-022d9710-6504-46b1-8eb0-36d21db9a238 req-cd8b89cb-b95e-4914-a8d5-a9a934670695 service neutron] Request body: {'port': {'device_id': '4676d7ce-e759-4e7e-8b19-d9e358a88836', 'device_owner': 'compute:nova', 'binding:host_id': 'hv-cinder-78462'}} {{(pid=99670) prepare_request_body /opt/stack/neutron/neutron/api/v2/base.py:729}}
Jul 28 21:41:38.390702 dv-cinder-784623-15-iscsi neutron-server[99670]: INFO neutron.wsgi [req-84b21148-0ca5-4ef6-b2a2-01809e75cd7c req-cfb03ae4-edf7-4094-9695-cbe3e0308d21 service neutron] 10.222.0.21 "GET /v2.0/networks/654e39fe-305b-4197-a58c-5c2dfa0f3ec2?fields=provider%3Aphysical_network&fields=provider%3Anetwork_type HTTP/1.1" status: 200 len: 281 time: 0.1439836
Jul 28 21:41:38.440050 dv-cinder-784623-15-iscsi neutron-server[99670]: DEBUG neutron_lib.callbacks.manager [req-022d9710-6504-46b1-8eb0-36d21db9a238 req-cd8b89cb-b95e-4914-a8d5-a9a934670695 service neutron] Notify callbacks ['neutron.plugins.ml2.plugin.SecurityGroupDbMixin._ensure_default_security_group_handler-7860001'] for port, before_update {{(pid=99670) _notify_loop /usr/local/lib/python3.8/dist-packages/neutron_lib/callbacks/manager.py:192}}
Jul 28 21:41:38.546528 dv-cinder-784623-15-iscsi neutron-server[99669]: DEBUG neutron.pecan_wsgi.hooks.policy_enforcement [req-b22d6c27-6f43-4049-86f0-977f4af4422a req-1ba8eab0-3fce-435f-ad84-f9911eae481b tempest-ServerRescueNegativeTestJSON-970553652 tempest-ServerRescueNegativeTestJSON-970553652-project] Attributes excluded by policy engine: ['standard_attr_id', 'binding:profile', 'binding:host_id', 'binding:vif_type', 'binding:vif_details'] {{(pid=99669) _exclude_attributes_by_policy /opt/stack/neutron/neutron/pecan_wsgi/hooks/policy_enforcement.py:255}}
Jul 28 21:41:38.548134 dv-cinder-784623-15-iscsi neutron-server[99669]: INFO neutron.wsgi [req-b22d6c27-6f43-4049-86f0-977f4af4422a req-1ba8eab0-3fce-435f-ad84-f9911eae481b tempest-ServerRescueNegativeTestJSON-970553652 tempest-ServerRescueNegativeTestJSON-970553652-project] 10.222.0.21 "GET /v2.0/ports?device_id=33b1671d-3b93-460f-8a0e-e04a455de00a HTTP/1.1" status: 200 len: 945 time: 0.0617003
Jul 28 21:41:38.606862 dv-cinder-784623-15-iscsi neutron-server[99670]: INFO neutron.wsgi [req-8453cb59-521a-486b-ac27-7ea0e335203f req-09ff2b8b-e55c-49ac-9b84-7fb3166aa2b9 tempest-AttachVolumeNegativeTest-1908639304 tempest-AttachVolumeNegativeTest-1908639304-project] 10.222.0.21 "GET /v2.0/ports?device_id=e7c0ab0d-9f18-4416-80e9-761172688d3b HTTP/1.1" status: 200 len: 210 time: 0.0423276
Jul 28 21:41:38.638561 dv-cinder-784623-15-iscsi neutron-server[99669]: INFO neutron.wsgi [req-b22d6c27-6f43-4049-86f0-977f4af4422a req-cc87e5e6-47b7-4eca-8ae9-c14aea7e814c tempest-ServerRescueNegativeTestJSON-970553652 tempest-ServerRescueNegativeTestJSON-970553652-project] 10.222.0.21 "GET /v2.0/security-groups?id=6f9b294c-e4d6-4c3a-9b4c-7d46055adf53&fields=id&fields=name HTTP/1.1" status: 200 len: 286 time: 0.0826793
Jul 28 21:41:38.818217 dv-cinder-784623-15-iscsi neutron-server[99669]: DEBUG neutron.wsgi [-] (99669) accepted ('10.222.0.21', 59614) {{(pid=99669) server /usr/local/lib/python3.8/dist-packages/eventlet/wsgi.py:982}}
Jul 28 21:41:38.853030 dv-cinder-784623-15-iscsi neutron-server[99670]: DEBUG neutron.notifiers.nova [req-022d9710-6504-46b1-8eb0-36d21db9a238 req-cd8b89cb-b95e-4914-a8d5-a9a934670695 service neutron] Ignoring state change previous_port_status: DOWN current_port_status: DOWN port_id 6c1c4543-aee9-450f-af3c-623e78f2382d {{(pid=99670) record_port_status_changed /opt/stack/neutron/neutron/notifiers/nova.py:224}}
Jul 28 21:41:38.865876 dv-cinder-784623-15-iscsi neutron-server[99670]: DEBUG neutron_lib.callbacks.manager [req-022d9710-6504-46b1-8eb0-36d21db9a238 req-cd8b89cb-b95e-4914-a8d5-a9a934670695 service neutron] Notify callbacks [] for port, precommit_update {{(pid=99670) _notify_loop /usr/local/lib/python3.8/dist-packages/neutron_lib/callbacks/manager.py:192}}
Jul 28 21:41:38.895614 dv-cinder-784623-15-iscsi neutron-server[99670]: DEBUG neutron.db.provisioning_blocks [req-022d9710-6504-46b1-8eb0-36d21db9a238 req-cd8b89cb-b95e-4914-a8d5-a9a934670695 service neutron] Transition to ACTIVE for port object 6c1c4543-aee9-450f-af3c-623e78f2382d will not be triggered until provisioned by entity L2. {{(pid=99670) add_provisioning_component /opt/stack/neutron/neutron/db/provisioning_blocks.py:73}}
Jul 28 21:41:38.901320 dv-cinder-784623-15-iscsi neutron-server[99669]: DEBUG neutron.db.db_base_plugin_v2 [None req-5b6454da-7cb1-428d-9fef-e2518c841c8b admin admin] Deleting subnet 29f6eb3e-7f2d-46a6-8b5c-83f81646d3cb {{(pid=99669) delete_subnet /opt/stack/neutron/neutron/db/db_base_plugin_v2.py:1056}}
Jul 28 21:41:38.902523 dv-cinder-784623-15-iscsi neutron-server[99670]: DEBUG neutron_lib.callbacks.manager [req-022d9710-6504-46b1-8eb0-36d21db9a238 req-cd8b89cb-b95e-4914-a8d5-a9a934670695 service neutron] Notify callbacks ['neutron.plugins.ml2.plugin.SecurityGroupServerNotifierRpcMixin._notify_sg_on_port_change-7741932', 'neutron.plugins.ml2.ovo_rpc._ObjectChangeHandler.handle_event-886397', 'neutron.api.rpc.agentnotifiers.dhcp_rpc_agent_api.DhcpAgentNotifyAPI._native_event_send_dhcp_notification-1533347', 'neutron.db.l3_db.L3RpcNotifierMixin._notify_gateway_port_ip_changed-8790526496817', 'neutron.db.l3_dvrscheduler_db._notify_l3_agent_port_update-8790526107140', 'neutron.db.l3_hascheduler_db._notify_l3_agent_ha_port_update-8790526107158', 'neutron.services.segments.plugin.NovaSegmentNotifier._notify_port_updated-127466224'] for port, after_update {{(pid=99670) _notify_loop /usr/local/lib/python3.8/dist-packages/neutron_lib/callbacks/manager.py:192}}
Jul 28 21:41:38.914493 dv-cinder-784623-15-iscsi neutron-server[99669]: DEBUG neutron_lib.callbacks.manager [None req-5b6454da-7cb1-428d-9fef-e2518c841c8b admin admin] Notify callbacks [] for subnet, before_delete {{(pid=99669) _notify_loop /usr/local/lib/python3.8/dist-packages/neutron_lib/callbacks/manager.py:192}}
Jul 28 21:41:38.985849 dv-cinder-784623-15-iscsi neutron-server[99669]: DEBUG neutron_lib.callbacks.manager [None req-5b6454da-7cb1-428d-9fef-e2518c841c8b admin admin] Notify callbacks ['neutron.services.segments.plugin.Plugin._validate_auto_address_subnet_delete-126612571'] for subnet, precommit_delete_associations {{(pid=99669) _notify_loop /usr/local/lib/python3.8/dist-packages/neutron_lib/callbacks/manager.py:192}}
Jul 28 21:41:39.000549 dv-cinder-784623-15-iscsi neutron-server[99670]: DEBUG neutron.api.rpc.handlers.resources_rpc [None req-cd8b89cb-b95e-4914-a8d5-a9a934670695 service neutron] Pushing event updated for resources: {'Port': ['ID=6c1c4543-aee9-450f-af3c-623e78f2382d,revision_number=2']} {{(pid=99670) push /opt/stack/neutron/neutron/api/rpc/handlers/resources_rpc.py:237}}
Jul 28 21:41:39.032943 dv-cinder-784623-15-iscsi neutron-server[99669]: DEBUG neutron_lib.callbacks.manager [None req-5b6454da-7cb1-428d-9fef-e2518c841c8b admin admin] Notify callbacks ['neutron.plugins.ml2.plugin.Ml2Plugin._subnet_delete_precommit_handler-7700413'] for subnet, precommit_delete {{(pid=99669) _notify_loop /usr/local/lib/python3.8/dist-packages/neutron_lib/callbacks/manager.py:192}}
Jul 28 21:41:39.068229 dv-cinder-784623-15-iscsi neutron-server[99670]: DEBUG neutron.plugins.ml2.managers [req-022d9710-6504-46b1-8eb0-36d21db9a238 req-cd8b89cb-b95e-4914-a8d5-a9a934670695 service neutron] Attempting to bind port 6c1c4543-aee9-450f-af3c-623e78f2382d on host hv-cinder-78462 for vnic_type normal with profile {{(pid=99670) bind_port /opt/stack/neutron/neutron/plugins/ml2/managers.py:790}}
Jul 28 21:41:39.068827 dv-cinder-784623-15-iscsi neutron-server[99670]: DEBUG neutron.plugins.ml2.managers [req-022d9710-6504-46b1-8eb0-36d21db9a238 req-cd8b89cb-b95e-4914-a8d5-a9a934670695 service neutron] Attempting to bind port 6c1c4543-aee9-450f-af3c-623e78f2382d by drivers openvswitch,hyperv on host hv-cinder-78462 at level 0 using segments [{'id': '5aaa8f8a-56da-4d11-a5d3-5e97944d59d0', 'network_type': 'vlan', 'physical_network': 'physnet1', 'segmentation_id': 167, 'network_id': '05082fd2-e1af-4aff-be2e-7824833da36e'}] {{(pid=99670) _bind_port_level /opt/stack/neutron/neutron/plugins/ml2/managers.py:815}}
Jul 28 21:41:39.069313 dv-cinder-784623-15-iscsi neutron-server[99670]: DEBUG neutron.plugins.ml2.drivers.mech_agent [req-022d9710-6504-46b1-8eb0-36d21db9a238 req-cd8b89cb-b95e-4914-a8d5-a9a934670695 service neutron] Attempting to bind port 6c1c4543-aee9-450f-af3c-623e78f2382d on network 05082fd2-e1af-4aff-be2e-7824833da36e {{(pid=99670) bind_port /opt/stack/neutron/neutron/plugins/ml2/drivers/mech_agent.py:85}}
Jul 28 21:41:39.075213 dv-cinder-784623-15-iscsi neutron-server[99670]: DEBUG neutron.plugins.ml2.drivers.mech_agent [req-022d9710-6504-46b1-8eb0-36d21db9a238 req-cd8b89cb-b95e-4914-a8d5-a9a934670695 service neutron] Port 6c1c4543-aee9-450f-af3c-623e78f2382d on network 05082fd2-e1af-4aff-be2e-7824833da36e not bound, no agent of type Open vSwitch agent registered on host hv-cinder-78462 {{(pid=99670) bind_port /opt/stack/neutron/neutron/plugins/ml2/drivers/mech_agent.py:97}}
Jul 28 21:41:39.076024 dv-cinder-784623-15-iscsi neutron-server[99670]: DEBUG neutron.plugins.ml2.drivers.mech_agent [req-022d9710-6504-46b1-8eb0-36d21db9a238 req-cd8b89cb-b95e-4914-a8d5-a9a934670695 service neutron] Attempting to bind port 6c1c4543-aee9-450f-af3c-623e78f2382d on network 05082fd2-e1af-4aff-be2e-7824833da36e {{(pid=99670) bind_port /opt/stack/neutron/neutron/plugins/ml2/drivers/mech_agent.py:85}}
Jul 28 21:41:39.082222 dv-cinder-784623-15-iscsi neutron-server[99670]: DEBUG neutron.plugins.ml2.drivers.mech_agent [req-022d9710-6504-46b1-8eb0-36d21db9a238 req-cd8b89cb-b95e-4914-a8d5-a9a934670695 service neutron] Checking agent: {'id': '60c28171-1f7f-4f91-89d8-fb7b45e408a8', 'agent_type': 'HyperV agent', 'binary': 'neutron-hyperv-agent', 'topic': 'N/A', 'host': 'hv-cinder-78462', 'admin_state_up': True, 'created_at': datetime.datetime(2021, 7, 28, 21, 38, 43), 'started_at': datetime.datetime(2021, 7, 28, 21, 38, 43), 'heartbeat_timestamp': datetime.datetime(2021, 7, 28, 21, 41, 13), 'description': None, 'resources_synced': None, 'availability_zone': None, 'alive': True, 'configurations': {'vswitch_mappings': {'physnet1$': 'br-data'}}, 'resource_versions': {}} {{(pid=99670) bind_port /opt/stack/neutron/neutron/plugins/ml2/drivers/mech_agent.py:104}}
Jul 28 21:41:39.082772 dv-cinder-784623-15-iscsi neutron-server[99670]: DEBUG neutron.plugins.ml2.drivers.mech_agent [req-022d9710-6504-46b1-8eb0-36d21db9a238 req-cd8b89cb-b95e-4914-a8d5-a9a934670695 service neutron] Checking segment: {'id': '5aaa8f8a-56da-4d11-a5d3-5e97944d59d0', 'network_type': 'vlan', 'physical_network': 'physnet1', 'segmentation_id': 167, 'network_id': '05082fd2-e1af-4aff-be2e-7824833da36e'} for mappings: {'physnet1$': 'br-data'} with network types: ['local', 'flat', 'vlan'] {{(pid=99670) check_segment_for_agent /opt/stack/neutron/neutron/plugins/ml2/drivers/mech_agent.py:352}}
Jul 28 21:41:39.083353 dv-cinder-784623-15-iscsi neutron-server[99670]: DEBUG neutron.plugins.ml2.drivers.mech_agent [req-022d9710-6504-46b1-8eb0-36d21db9a238 req-cd8b89cb-b95e-4914-a8d5-a9a934670695 service neutron] Bound using segment: {'id': '5aaa8f8a-56da-4d11-a5d3-5e97944d59d0', 'network_type': 'vlan', 'physical_network': 'physnet1', 'segmentation_id': 167, 'network_id': '05082fd2-e1af-4aff-be2e-7824833da36e'} {{(pid=99670) bind_port /opt/stack/neutron/neutron/plugins/ml2/drivers/mech_agent.py:114}}
Jul 28 21:41:39.084030 dv-cinder-784623-15-iscsi neutron-server[99670]: DEBUG neutron.plugins.ml2.managers [req-022d9710-6504-46b1-8eb0-36d21db9a238 req-cd8b89cb-b95e-4914-a8d5-a9a934670695 service neutron] Bound port: 6c1c4543-aee9-450f-af3c-623e78f2382d, host: hv-cinder-78462, vif_type: hyperv, vif_details: {"connectivity": "legacy", "port_filter": false}, binding_levels: [{'bound_driver': 'hyperv', 'bound_segment': {'id': '5aaa8f8a-56da-4d11-a5d3-5e97944d59d0', 'network_type': 'vlan', 'physical_network': 'physnet1', 'segmentation_id': 167, 'network_id': '05082fd2-e1af-4aff-be2e-7824833da36e'}}] {{(pid=99670) _bind_port_level /opt/stack/neutron/neutron/plugins/ml2/managers.py:928}}
Jul 28 21:41:39.084587 dv-cinder-784623-15-iscsi neutron-server[99670]: DEBUG neutron_lib.callbacks.manager [req-022d9710-6504-46b1-8eb0-36d21db9a238 req-cd8b89cb-b95e-4914-a8d5-a9a934670695 service neutron] Notify callbacks ['neutron.plugins.ml2.plugin.SecurityGroupDbMixin._ensure_default_security_group_handler-7860001'] for port, before_update {{(pid=99670) _notify_loop /usr/local/lib/python3.8/dist-packages/neutron_lib/callbacks/manager.py:192}}
Jul 28 21:41:39.103563 dv-cinder-784623-15-iscsi neutron-server[99669]: DEBUG neutron_lib.callbacks.manager [None req-5b6454da-7cb1-428d-9fef-e2518c841c8b admin admin] Notify callbacks ['neutron.plugins.ml2.plugin.Ml2Plugin._subnet_delete_after_delete_handler-7700294', 'neutron.plugins.ml2.ovo_rpc._ObjectChangeHandler.handle_event-552243', 'neutron.api.rpc.agentnotifiers.dhcp_rpc_agent_api.DhcpAgentNotifyAPI._native_event_send_dhcp_notification-1533347', 'neutron.services.segments.plugin.NovaSegmentNotifier._notify_subnet_deleted-3456110', 'neutron.services.segments.plugin.SegmentHostRoutes.host_routes_after_delete-3447968'] for subnet, after_delete {{(pid=99669) _notify_loop /usr/local/lib/python3.8/dist-packages/neutron_lib/callbacks/manager.py:192}}
Jul 28 21:41:39.141152 dv-cinder-784623-15-iscsi neutron-server[99669]: DEBUG neutron.api.rpc.handlers.resources_rpc [None req-5b6454da-7cb1-428d-9fef-e2518c841c8b admin admin] Pushing event deleted for resources: {'Subnet': ['ID=29f6eb3e-7f2d-46a6-8b5c-83f81646d3cb,revision_number=None']} {{(pid=99669) push /opt/stack/neutron/neutron/api/rpc/handlers/resources_rpc.py:237}}
Jul 28 21:41:39.148752 dv-cinder-784623-15-iscsi neutron-server[99669]: DEBUG neutron_lib.callbacks.manager [None req-5b6454da-7cb1-428d-9fef-e2518c841c8b admin admin] Notify callbacks ['neutron.api.rpc.agentnotifiers.dhcp_rpc_agent_api.DhcpAgentNotifyAPI._send_dhcp_notification-1533341'] for subnet, before_response {{(pid=99669) _notify_loop /usr/local/lib/python3.8/dist-packages/neutron_lib/callbacks/manager.py:192}}
Jul 28 21:41:39.157017 dv-cinder-784623-15-iscsi neutron-server[99669]: INFO neutron.wsgi [None req-5b6454da-7cb1-428d-9fef-e2518c841c8b admin admin] 10.222.0.21 "DELETE /v2.0/subnets/29f6eb3e-7f2d-46a6-8b5c-83f81646d3cb HTTP/1.1" status: 204 len: 168 time: 0.3373389
Jul 28 21:41:39.157640 dv-cinder-784623-15-iscsi neutron-server[99669]: DEBUG neutron.wsgi [-] (99669) accepted ('10.222.0.21', 59628) {{(pid=99669) server /usr/local/lib/python3.8/dist-packages/eventlet/wsgi.py:982}}
Jul 28 21:41:39.184915 dv-cinder-784623-15-iscsi neutron-server[99670]: DEBUG neutron.plugins.ml2.db [req-022d9710-6504-46b1-8eb0-36d21db9a238 req-cd8b89cb-b95e-4914-a8d5-a9a934670695 service neutron] For port 6c1c4543-aee9-450f-af3c-623e78f2382d, host hv-cinder-78462, cleared binding levels {{(pid=99670) clear_binding_levels /opt/stack/neutron/neutron/plugins/ml2/db.py:87}}
Jul 28 21:41:39.189796 dv-cinder-784623-15-iscsi neutron-server[99670]: DEBUG neutron.plugins.ml2.db [req-022d9710-6504-46b1-8eb0-36d21db9a238 req-cd8b89cb-b95e-4914-a8d5-a9a934670695 service neutron] For port 6c1c4543-aee9-450f-af3c-623e78f2382d, host hv-cinder-78462, set binding levels [PortBindingLevel(driver='hyperv',host='hv-cinder-78462',level=0,port_id=6c1c4543-aee9-450f-af3c-623e78f2382d,segment=NetworkSegment(5aaa8f8a-56da-4d11-a5d3-5e97944d59d0),segment_id=5aaa8f8a-56da-4d11-a5d3-5e97944d59d0)] {{(pid=99670) set_binding_levels /opt/stack/neutron/neutron/plugins/ml2/db.py:59}}
Jul 28 21:41:39.196443 dv-cinder-784623-15-iscsi neutron-server[99670]: DEBUG neutron_lib.callbacks.manager [req-022d9710-6504-46b1-8eb0-36d21db9a238 req-cd8b89cb-b95e-4914-a8d5-a9a934670695 service neutron] Notify callbacks ['neutron.plugins.ml2.plugin.SecurityGroupServerNotifierRpcMixin._notify_sg_on_port_change-7741932', 'neutron.plugins.ml2.ovo_rpc._ObjectChangeHandler.handle_event-886397', 'neutron.api.rpc.agentnotifiers.dhcp_rpc_agent_api.DhcpAgentNotifyAPI._native_event_send_dhcp_notification-1533347', 'neutron.db.l3_db.L3RpcNotifierMixin._notify_gateway_port_ip_changed-8790526496817', 'neutron.db.l3_dvrscheduler_db._notify_l3_agent_port_update-8790526107140', 'neutron.db.l3_hascheduler_db._notify_l3_agent_ha_port_update-8790526107158', 'neutron.services.segments.plugin.NovaSegmentNotifier._notify_port_updated-127466224'] for port, after_update {{(pid=99670) _notify_loop /usr/local/lib/python3.8/dist-packages/neutron_lib/callbacks/manager.py:192}}
Jul 28 21:41:39.232483 dv-cinder-784623-15-iscsi neutron-server[99669]: DEBUG neutron.wsgi [-] (99669) accepted ('10.222.0.21', 59634) {{(pid=99669) server /usr/local/lib/python3.8/dist-packages/eventlet/wsgi.py:982}}
Jul 28 21:41:39.232799 dv-cinder-784623-15-iscsi neutron-server[99670]: DEBUG neutron.pecan_wsgi.hooks.policy_enforcement [req-022d9710-6504-46b1-8eb0-36d21db9a238 req-cd8b89cb-b95e-4914-a8d5-a9a934670695 service neutron] Attributes excluded by policy engine: ['standard_attr_id'] {{(pid=99670) _exclude_attributes_by_policy /opt/stack/neutron/neutron/pecan_wsgi/hooks/policy_enforcement.py:255}}
Jul 28 21:41:39.233118 dv-cinder-784623-15-iscsi neutron-server[99670]: DEBUG neutron_lib.callbacks.manager [req-022d9710-6504-46b1-8eb0-36d21db9a238 req-cd8b89cb-b95e-4914-a8d5-a9a934670695 service neutron] Notify callbacks ['neutron.notifiers.nova.Notifier._send_nova_notification-125432'] for port, before_response {{(pid=99670) _notify_loop /usr/local/lib/python3.8/dist-packages/neutron_lib/callbacks/manager.py:192}}
Jul 28 21:41:39.234533 dv-cinder-784623-15-iscsi neutron-server[99670]: INFO neutron.wsgi [req-022d9710-6504-46b1-8eb0-36d21db9a238 req-cd8b89cb-b95e-4914-a8d5-a9a934670695 service neutron] 10.222.0.22 "PUT /v2.0/ports/6c1c4543-aee9-450f-af3c-623e78f2382d HTTP/1.1" status: 200 len: 1093 time: 0.8549488
Jul 28 21:41:39.235047 dv-cinder-784623-15-iscsi neutron-server[99670]: DEBUG neutron.notifiers.nova [-] Sending events: [{'name': 'network-changed', 'server_uuid': '4676d7ce-e759-4e7e-8b19-d9e358a88836', 'tag': '6c1c4543-aee9-450f-af3c-623e78f2382d'}] {{(pid=99670) send_events /opt/stack/neutron/neutron/notifiers/nova.py:262}}
Jul 28 21:41:39.238560 dv-cinder-784623-15-iscsi neutron-server[99670]: DEBUG novaclient.v2.client [-] REQ: curl -g -i --cacert "/opt/stack/data/ca-bundle.pem" -X POST http://10.222.0.21/compute/v2.1/os-server-external-events -H "Accept: application/json" -H "Content-Type: application/json" -H "User-Agent: python-novaclient" -H "X-Auth-Token: {SHA256}cf83b62cdda4b85d673198fc374c55b000dd7330ac9e7a00a0c64bbc35fe5583" -H "X-OpenStack-Nova-API-Version: 2.1" -H "X-OpenStack-Request-ID: req-e5bb7d31-5f56-4d5a-9085-09e768a9780c" -d '{"events": [{"name": "network-changed", "server_uuid": "4676d7ce-e759-4e7e-8b19-d9e358a88836", "tag": "6c1c4543-aee9-450f-af3c-623e78f2382d"}]}' {{(pid=99670) _http_log_request /usr/local/lib/python3.8/dist-packages/keystoneauth1/session.py:519}}
Jul 28 21:41:39.287735 dv-cinder-784623-15-iscsi neutron-server[99669]: DEBUG neutron_lib.callbacks.manager [None req-20aa4a44-d648-4c20-8873-512b63bbc993 admin admin] Notify callbacks ['neutron.plugins.ml2.plugin.External_net_db_mixin._before_network_delete_handler-7826100'] for network, before_delete {{(pid=99669) _notify_loop /usr/local/lib/python3.8/dist-packages/neutron_lib/callbacks/manager.py:192}}
Jul 28 21:41:39.336008 dv-cinder-784623-15-iscsi neutron-server[99670]: DEBUG novaclient.v2.client [-] RESP: [200] Connection: close Content-Length: 179 Content-Type: application/json Date: Wed, 28 Jul 2021 21:41:39 GMT OpenStack-API-Version: compute 2.1 Server: Apache/2.4.41 (Ubuntu) Vary: OpenStack-API-Version,X-OpenStack-Nova-API-Version X-OpenStack-Nova-API-Version: 2.1 x-compute-request-id: req-ba2bdb66-af29-4753-8656-437768dbdcbe x-openstack-request-id: req-ba2bdb66-af29-4753-8656-437768dbdcbe {{(pid=99670) _http_log_response /usr/local/lib/python3.8/dist-packages/keystoneauth1/session.py:550}}
Jul 28 21:41:39.336537 dv-cinder-784623-15-iscsi neutron-server[99670]: DEBUG novaclient.v2.client [-] RESP BODY: {"events": [{"name": "network-changed", "server_uuid": "4676d7ce-e759-4e7e-8b19-d9e358a88836", "tag": "6c1c4543-aee9-450f-af3c-623e78f2382d", "status": "completed", "code": 200}]} {{(pid=99670) _http_log_response /usr/local/lib/python3.8/dist-packages/keystoneauth1/session.py:582}}
Jul 28 21:41:39.336940 dv-cinder-784623-15-iscsi neutron-server[99670]: DEBUG novaclient.v2.client [-] POST call to compute for http://10.222.0.21/compute/v2.1/os-server-external-events used request id req-ba2bdb66-af29-4753-8656-437768dbdcbe {{(pid=99670) request /usr/local/lib/python3.8/dist-packages/keystoneauth1/session.py:954}}
Jul 28 21:41:39.337477 dv-cinder-784623-15-iscsi neutron-server[99670]: INFO neutron.notifiers.nova [-] Nova event response: {'name': 'network-changed', 'server_uuid': '4676d7ce-e759-4e7e-8b19-d9e358a88836', 'tag': '6c1c4543-aee9-450f-af3c-623e78f2382d', 'status': 'completed', 'code': 200}
Jul 28 21:41:39.364970 dv-cinder-784623-15-iscsi neutron-server[99670]: DEBUG neutron.api.rpc.handlers.resources_rpc [None req-cd8b89cb-b95e-4914-a8d5-a9a934670695 service neutron] Pushing event updated for resources: {'Port': ['ID=6c1c4543-aee9-450f-af3c-623e78f2382d,revision_number=3']} {{(pid=99670) push /opt/stack/neutron/neutron/api/rpc/handlers/resources_rpc.py:237}}
Jul 28 21:41:39.398048 dv-cinder-784623-15-iscsi neutron-server[99670]: DEBUG neutron.pecan_wsgi.hooks.policy_enforcement [req-022d9710-6504-46b1-8eb0-36d21db9a238 req-8ccc6154-4469-42e1-9ad8-d53825a74ca6 service neutron] Attributes excluded by policy engine: ['standard_attr_id'] {{(pid=99670) _exclude_attributes_by_policy /opt/stack/neutron/neutron/pecan_wsgi/hooks/policy_enforcement.py:255}}
Jul 28 21:41:39.399904 dv-cinder-784623-15-iscsi neutron-server[99670]: INFO neutron.wsgi [req-022d9710-6504-46b1-8eb0-36d21db9a238 req-8ccc6154-4469-42e1-9ad8-d53825a74ca6 service neutron] 10.222.0.22 "GET /v2.0/ports?tenant_id=0dd8d90b007e406491b89089161db546&device_id=4676d7ce-e759-4e7e-8b19-d9e358a88836 HTTP/1.1" status: 200 len: 1096 time: 0.0809250
Jul 28 21:41:39.477381 dv-cinder-784623-15-iscsi neutron-server[99669]: DEBUG neutron_lib.callbacks.manager [None req-20aa4a44-d648-4c20-8873-512b63bbc993 admin admin] Notify callbacks ['neutron.plugins.ml2.plugin.Ml2Plugin._network_delete_precommit_handler-7668522', 'neutron.services.segments.db._delete_segments_for_network-8790526572081'] for network, precommit_delete {{(pid=99669) _notify_loop /usr/local/lib/python3.8/dist-packages/neutron_lib/callbacks/manager.py:192}}
Jul 28 21:41:39.484126 dv-cinder-784623-15-iscsi neutron-server[99670]: INFO neutron.wsgi [req-022d9710-6504-46b1-8eb0-36d21db9a238 req-c7b92219-c809-4cb9-a215-4e5753f328a2 service neutron] 10.222.0.22 "GET /v2.0/floatingips?fixed_ip_address=172.20.0.6&port_id=6c1c4543-aee9-450f-af3c-623e78f2382d HTTP/1.1" status: 200 len: 217 time: 0.0745382
Jul 28 21:41:39.489173 dv-cinder-784623-15-iscsi neutron-server[99669]: DEBUG neutron.services.segments.db [None req-20aa4a44-d648-4c20-8873-512b63bbc993 admin admin] neutron.services.segments.plugin.Plugin method get_segments called with arguments (,) {'filters': {'network_id': ['98a58578-e6b0-42ba-b468-c274ca93d1fb']}} {{(pid=99669) wrapper /usr/local/lib/python3.8/dist-packages/oslo_log/helpers.py:65}}
Jul 28 21:41:39.499452 dv-cinder-784623-15-iscsi neutron-server[99669]: DEBUG neutron.services.segments.db [None req-20aa4a44-d648-4c20-8873-512b63bbc993 admin admin] neutron.services.segments.plugin.Plugin method delete_segment called with arguments (, '30bdc1f6-6b8c-48f0-9e05-9cba9f498085') {'for_net_delete': True} {{(pid=99669) wrapper /usr/local/lib/python3.8/dist-packages/oslo_log/helpers.py:65}}
Jul 28 21:41:39.499979 dv-cinder-784623-15-iscsi neutron-server[99669]: DEBUG neutron.services.segments.db [None req-20aa4a44-d648-4c20-8873-512b63bbc993 admin admin] neutron.services.segments.plugin.Plugin method get_segment called with arguments (, '30bdc1f6-6b8c-48f0-9e05-9cba9f498085') {} {{(pid=99669) wrapper /usr/local/lib/python3.8/dist-packages/oslo_log/helpers.py:65}}
Jul 28 21:41:39.511133 dv-cinder-784623-15-iscsi neutron-server[99669]: DEBUG neutron_lib.callbacks.manager [None req-20aa4a44-d648-4c20-8873-512b63bbc993 admin admin] Notify callbacks ['neutron.plugins.ml2.db._prevent_segment_delete_with_port_bound-8790526573370', 'neutron.services.segments.plugin.Plugin._prevent_segment_delete_with_subnet_associated-126612560'] for segment, before_delete {{(pid=99669) _notify_loop /usr/local/lib/python3.8/dist-packages/neutron_lib/callbacks/manager.py:192}}
Jul 28 21:41:39.525312 dv-cinder-784623-15-iscsi neutron-server[99669]: DEBUG neutron_lib.callbacks.manager [None req-20aa4a44-d648-4c20-8873-512b63bbc993 admin admin] Notify callbacks ['neutron.plugins.ml2.plugin.Ml2Plugin._handle_segment_change-7668699'] for segment, precommit_delete {{(pid=99669) _notify_loop /usr/local/lib/python3.8/dist-packages/neutron_lib/callbacks/manager.py:192}}
Jul 28 21:41:39.535752 dv-cinder-784623-15-iscsi neutron-server[99670]: DEBUG neutron.wsgi [-] (99670) accepted ('10.222.0.21', 59646) {{(pid=99670) server /usr/local/lib/python3.8/dist-packages/eventlet/wsgi.py:982}}
Jul 28 21:41:39.541078 dv-cinder-784623-15-iscsi neutron-server[99669]: DEBUG neutron.plugins.ml2.drivers.type_vlan [None req-20aa4a44-d648-4c20-8873-512b63bbc993 admin admin] Releasing vlan 157 on physical network physnet1 to pool {{(pid=99669) release_segment /opt/stack/neutron/neutron/plugins/ml2/drivers/type_vlan.py:304}}
Jul 28 21:41:39.541477 dv-cinder-784623-15-iscsi neutron-server[99669]: DEBUG neutron_lib.callbacks.manager [None req-20aa4a44-d648-4c20-8873-512b63bbc993 admin admin] Notify callbacks ['neutron.plugins.ml2.plugin.Ml2Plugin._handle_segment_change-7668699', 'neutron.services.segments.plugin.NovaSegmentNotifier._notify_segment_deleted-3456432'] for segment, after_delete {{(pid=99669) _notify_loop /usr/local/lib/python3.8/dist-packages/neutron_lib/callbacks/manager.py:192}}
Jul 28 21:41:39.543090 dv-cinder-784623-15-iscsi neutron-server[99669]: Traceback (most recent call last):
Jul 28 21:41:39.543090 dv-cinder-784623-15-iscsi neutron-server[99669]: File "/usr/local/lib/python3.8/dist-packages/eventlet/hubs/hub.py", line 476, in fire_timers
Jul 28 21:41:39.543090 dv-cinder-784623-15-iscsi neutron-server[99669]: timer()
Jul 28 21:41:39.543090 dv-cinder-784623-15-iscsi neutron-server[99669]: File "/usr/local/lib/python3.8/dist-packages/eventlet/hubs/timer.py", line 59, in __call__
Jul 28 21:41:39.543090 dv-cinder-784623-15-iscsi neutron-server[99669]: cb(*args, **kw)
Jul 28 21:41:39.543090 dv-cinder-784623-15-iscsi neutron-server[99669]: File "/opt/stack/neutron/neutron/common/utils.py", line 905, in wrapper
Jul 28 21:41:39.543090 dv-cinder-784623-15-iscsi neutron-server[99669]: return func(*args, **kwargs)
Jul 28 21:41:39.543090 dv-cinder-784623-15-iscsi neutron-server[99669]: File "/opt/stack/neutron/neutron/notifiers/batch_notifier.py", line 58, in synced_send
Jul 28 21:41:39.543090 dv-cinder-784623-15-iscsi neutron-server[99669]: self._notify()
Jul 28 21:41:39.543090 dv-cinder-784623-15-iscsi neutron-server[99669]: File "/opt/stack/neutron/neutron/notifiers/batch_notifier.py", line 69, in _notify
Jul 28 21:41:39.543090 dv-cinder-784623-15-iscsi neutron-server[99669]: self.callback(batched_events)
Jul 28 21:41:39.543090 dv-cinder-784623-15-iscsi neutron-server[99669]: File "/opt/stack/neutron/neutron/services/segments/plugin.py", line 211, in _send_notifications
Jul 28 21:41:39.543090 dv-cinder-784623-15-iscsi neutron-server[99669]: event.method(event)
Jul 28 21:41:39.543090 dv-cinder-784623-15-iscsi neutron-server[99669]: File "/opt/stack/neutron/neutron/services/segments/plugin.py", line 383, in _delete_nova_inventory
Jul 28 21:41:39.543090 dv-cinder-784623-15-iscsi neutron-server[99669]: aggregate_id = self._get_aggregate_id(event.segment_id)
Jul 28 21:41:39.543090 dv-cinder-784623-15-iscsi neutron-server[99669]: File "/opt/stack/neutron/neutron/services/segments/plugin.py", line 370, in _get_aggregate_id
Jul 28 21:41:39.543090 dv-cinder-784623-15-iscsi neutron-server[99669]: aggregate_uuid = self.p_client.list_aggregates(
Jul 28 21:41:39.543090 dv-cinder-784623-15-iscsi neutron-server[99669]: File "/usr/local/lib/python3.8/dist-packages/neutron_lib/placement/client.py", line 57, in wrapper
Jul 28 21:41:39.543090 dv-cinder-784623-15-iscsi neutron-server[99669]: return f(self, *a, **k)
Jul 28 21:41:39.543090 dv-cinder-784623-15-iscsi neutron-server[99669]: File "/usr/local/lib/python3.8/dist-packages/neutron_lib/placement/client.py", line 553, in list_aggregates
Jul 28 21:41:39.543090 dv-cinder-784623-15-iscsi neutron-server[99669]: return self._get(url).json()
Jul 28 21:41:39.543090 dv-cinder-784623-15-iscsi neutron-server[99669]: File "/usr/local/lib/python3.8/dist-packages/neutron_lib/placement/client.py", line 189, in _get
Jul 28 21:41:39.543090 dv-cinder-784623-15-iscsi neutron-server[99669]: return self._client.get(url, endpoint_filter=self._ks_filter,
Jul 28 21:41:39.543090 dv-cinder-784623-15-iscsi neutron-server[99669]: File "/usr/local/lib/python3.8/dist-packages/keystoneauth1/session.py", line 1141, in get
Jul 28 21:41:39.543090 dv-cinder-784623-15-iscsi neutron-server[99669]: return self.request(url, 'GET', **kwargs)
Jul 28 21:41:39.543090 dv-cinder-784623-15-iscsi neutron-server[99669]: File "/usr/local/lib/python3.8/dist-packages/keystoneauth1/session.py", line 811, in request
Jul 28 21:41:39.543090 dv-cinder-784623-15-iscsi neutron-server[99669]: base_url = self.get_endpoint(auth, allow=allow,
Jul 28 21:41:39.543090 dv-cinder-784623-15-iscsi neutron-server[99669]: File "/usr/local/lib/python3.8/dist-packages/keystoneauth1/session.py", line 1241, in get_endpoint
Jul 28 21:41:39.543090 dv-cinder-784623-15-iscsi neutron-server[99669]: auth = self._auth_required(auth, 'determine endpoint URL')
Jul 28 21:41:39.543090 dv-cinder-784623-15-iscsi neutron-server[99669]: File "/usr/local/lib/python3.8/dist-packages/keystoneauth1/session.py", line 1181, in _auth_required
Jul 28 21:41:39.543090 dv-cinder-784623-15-iscsi neutron-server[99669]: raise exceptions.MissingAuthPlugin(msg_fmt % msg)
Jul 28 21:41:39.543090 dv-cinder-784623-15-iscsi neutron-server[99669]: keystoneauth1.exceptions.auth_plugins.MissingAuthPlugin: An auth plugin is required to determine endpoint URL
Jul 28 21:41:39.571756 dv-cinder-784623-15-iscsi neutron-server[99670]: DEBUG neutron.pecan_wsgi.hooks.policy_enforcement [req-5cdaf2f4-5817-4300-aeaf-693f5509de97 req-8329a3ad-98f2-4470-b581-d1423bec073d tempest-VolumesActionsTest-167932571 tempest-VolumesActionsTest-167932571-project] Attributes excluded by policy engine: ['standard_attr_id', 'binding:profile', 'binding:host_id', 'binding:vif_type', 'binding:vif_details'] {{(pid=99670) _exclude_attributes_by_policy /opt/stack/neutron/neutron/pecan_wsgi/hooks/policy_enforcement.py:255}}
Jul 28 21:41:39.573440 dv-cinder-784623-15-iscsi neutron-server[99670]: INFO neutron.wsgi [req-5cdaf2f4-5817-4300-aeaf-693f5509de97 req-8329a3ad-98f2-4470-b581-d1423bec073d tempest-VolumesActionsTest-167932571 tempest-VolumesActionsTest-167932571-project] 10.222.0.21 "GET /v2.0/ports?device_id=4676d7ce-e759-4e7e-8b19-d9e358a88836 HTTP/1.1" status: 200 len: 943 time: 0.1628170
Jul 28 21:41:39.575365 dv-cinder-784623-15-iscsi neutron-server[99670]: DEBUG neutron.pecan_wsgi.hooks.policy_enforcement [req-022d9710-6504-46b1-8eb0-36d21db9a238 req-77528c5a-f817-4981-a0a6-b7b5b43374bc service neutron] Attributes excluded by policy engine: ['standard_attr_id', 'shared', 'segment_id'] {{(pid=99670) _exclude_attributes_by_policy /opt/stack/neutron/neutron/pecan_wsgi/hooks/policy_enforcement.py:255}}
Jul 28 21:41:39.576870 dv-cinder-784623-15-iscsi neutron-server[99670]: INFO neutron.wsgi [req-022d9710-6504-46b1-8eb0-36d21db9a238 req-77528c5a-f817-4981-a0a6-b7b5b43374bc service neutron] 10.222.0.22 "GET /v2.0/subnets?id=e5f35001-9668-4acc-ad8f-70a84ffef5bb HTTP/1.1" status: 200 len: 848 time: 0.0770459
Jul 28 21:41:39.598940 dv-cinder-784623-15-iscsi neutron-server[99669]: DEBUG neutron_lib.callbacks.manager [None req-0ec96bc9-8b80-47e9-aeff-98832d88521e admin admin] Notify callbacks [] for security_group, before_create {{(pid=99669) _notify_loop /usr/local/lib/python3.8/dist-packages/neutron_lib/callbacks/manager.py:192}}
Jul 28 21:41:39.602968 dv-cinder-784623-15-iscsi neutron-server[99669]: INFO neutron.wsgi [req-c6c06075-70a0-43ce-b4f5-492d42637fb6 req-764f86a3-26e8-4780-ad5a-7d2703e7019e service neutron] 10.222.0.22 "GET /v2.0/ports?device_id=5bf6f64a-7681-47f4-851f-88a5294c8bc8&fields=binding%3Ahost_id&fields=binding%3Avif_type HTTP/1.1" status: 200 len: 275 time: 0.1992748
Jul 28 21:41:39.626520 dv-cinder-784623-15-iscsi neutron-server[99669]: DEBUG neutron_lib.callbacks.manager [None req-20aa4a44-d648-4c20-8873-512b63bbc993 admin admin] Notify callbacks ['neutron.plugins.ml2.plugin.Ml2Plugin._network_delete_after_delete_handler-7668531', 'neutron.plugins.ml2.ovo_rpc._ObjectChangeHandler.handle_event-525312', 'neutron.api.rpc.agentnotifiers.dhcp_rpc_agent_api.DhcpAgentNotifyAPI._native_event_send_dhcp_notification-1533347', 'neutron.services.l3_router.l3_router_plugin.DVRResourceOperationHandler.delete_fip_namespaces_for_ext_net-1733562'] for network, after_delete {{(pid=99669) _notify_loop /usr/local/lib/python3.8/dist-packages/neutron_lib/callbacks/manager.py:192}}
Jul 28 21:41:39.638576 dv-cinder-784623-15-iscsi neutron-server[99669]: DEBUG neutron_lib.callbacks.manager [None req-20aa4a44-d648-4c20-8873-512b63bbc993 admin admin] Notify callbacks ['neutron.api.rpc.agentnotifiers.dhcp_rpc_agent_api.DhcpAgentNotifyAPI._send_dhcp_notification-1533341'] for network, before_response {{(pid=99669) _notify_loop /usr/local/lib/python3.8/dist-packages/neutron_lib/callbacks/manager.py:192}}
Jul 28 21:41:39.645856 dv-cinder-784623-15-iscsi neutron-server[99669]: INFO neutron.wsgi [None req-20aa4a44-d648-4c20-8873-512b63bbc993 admin admin] 10.222.0.21 "DELETE /v2.0/networks/98a58578-e6b0-42ba-b468-c274ca93d1fb HTTP/1.1" status: 204 len: 168 time: 0.4865754
Jul 28 21:41:39.650866 dv-cinder-784623-15-iscsi neutron-server[99669]: DEBUG neutron.wsgi [-] (99669) accepted ('10.222.0.21', 59654) {{(pid=99669) server /usr/local/lib/python3.8/dist-packages/eventlet/wsgi.py:982}}
Jul 28 21:41:39.681866 dv-cinder-784623-15-iscsi neutron-server[99670]: INFO neutron.wsgi [req-5cdaf2f4-5817-4300-aeaf-693f5509de97 req-9d6c9b68-0628-4e53-9bb1-0b66f9889170 tempest-VolumesActionsTest-167932571 tempest-VolumesActionsTest-167932571-project] 10.222.0.21 "GET /v2.0/security-groups?id=1913e2d3-591e-4aa2-bfd0-544b82a50d5e&fields=id&fields=name HTTP/1.1" status: 200 len: 286 time: 0.1004300
Jul 28 21:41:39.710998 dv-cinder-784623-15-iscsi neutron-server[99669]: DEBUG neutron.api.rpc.handlers.resources_rpc [None req-20aa4a44-d648-4c20-8873-512b63bbc993 admin admin] Pushing event deleted for resources: {'Network': ['ID=98a58578-e6b0-42ba-b468-c274ca93d1fb,revision_number=None']} {{(pid=99669) push /opt/stack/neutron/neutron/api/rpc/handlers/resources_rpc.py:237}}
Jul 28 21:41:39.728909 dv-cinder-784623-15-iscsi neutron-server[99670]: INFO neutron.wsgi [req-022d9710-6504-46b1-8eb0-36d21db9a238 req-7bda59e7-8214-4f6c-b767-0d17699c1ef4 service neutron] 10.222.0.22 "GET /v2.0/ports?network_id=05082fd2-e1af-4aff-be2e-7824833da36e&device_owner=network%3Adhcp HTTP/1.1" status: 200 len: 210 time: 0.1199446
Jul 28 21:41:39.748245 dv-cinder-784623-15-iscsi neutron-server[99670]: DEBUG neutron_lib.callbacks.manager [None req-6345792e-47f2-447a-9654-f1b1e37df0fb admin admin] Notify callbacks [] for security_group, before_create {{(pid=99670) _notify_loop /usr/local/lib/python3.8/dist-packages/neutron_lib/callbacks/manager.py:192}}
Jul 28 21:41:39.933807 dv-cinder-784623-15-iscsi neutron-server[99670]: DEBUG neutron.pecan_wsgi.hooks.policy_enforcement [req-3ddfec07-8f36-4bed-b9c1-d9794d782575 req-ae3e2d72-ce68-46e4-ad66-8ea36bf7e979 tempest-ServerRescueNegativeTestJSON-970553652 tempest-ServerRescueNegativeTestJSON-970553652-project] Attributes excluded by policy engine: ['standard_attr_id', 'binding:profile', 'binding:host_id', 'binding:vif_type', 'binding:vif_details'] {{(pid=99670) _exclude_attributes_by_policy /opt/stack/neutron/neutron/pecan_wsgi/hooks/policy_enforcement.py:255}}
Jul 28 21:41:39.935429 dv-cinder-784623-15-iscsi neutron-server[99670]: INFO neutron.wsgi [req-3ddfec07-8f36-4bed-b9c1-d9794d782575 req-ae3e2d72-ce68-46e4-ad66-8ea36bf7e979 tempest-ServerRescueNegativeTestJSON-970553652 tempest-ServerRescueNegativeTestJSON-970553652-project] 10.222.0.21 "GET /v2.0/ports?device_id=33b1671d-3b93-460f-8a0e-e04a455de00a HTTP/1.1" status: 200 len: 945 time: 0.1539943
Jul 28 21:41:39.961680 dv-cinder-784623-15-iscsi neutron-server[99669]: INFO neutron.wsgi [req-e2f79e7d-75b7-4a49-b7cf-44409cf21720 req-accd79dc-2db7-4fd4-b984-ee5443b6485a tempest-AttachVolumeNegativeTest-1908639304 tempest-AttachVolumeNegativeTest-1908639304-project] 10.222.0.21 "GET /v2.0/ports?device_id=e7c0ab0d-9f18-4416-80e9-761172688d3b HTTP/1.1" status: 200 len: 210 time: 0.2417548
Jul 28 21:41:39.978691 dv-cinder-784623-15-iscsi neutron-server[99669]: DEBUG neutron.db.db_base_plugin_v2 [None req-80e74c55-d5be-4424-a050-0ee05749dbdf admin admin] Deleting subnet 42790845-f0f4-487b-85d5-3492bd3bfe31 {{(pid=99669) delete_subnet /opt/stack/neutron/neutron/db/db_base_plugin_v2.py:1056}}
Jul 28 21:41:39.985639 dv-cinder-784623-15-iscsi neutron-server[99669]: DEBUG neutron_lib.callbacks.manager [None req-80e74c55-d5be-4424-a050-0ee05749dbdf admin admin] Notify callbacks [] for subnet, before_delete {{(pid=99669) _notify_loop /usr/local/lib/python3.8/dist-packages/neutron_lib/callbacks/manager.py:192}}
Jul 28 21:41:40.002851 dv-cinder-784623-15-iscsi neutron-server[99670]: INFO neutron.wsgi [req-022d9710-6504-46b1-8eb0-36d21db9a238 req-6cd4e3a8-764a-4031-bbf0-f26538f3d3e6 service neutron] 10.222.0.22 "GET /v2.0/networks/05082fd2-e1af-4aff-be2e-7824833da36e?fields=segments HTTP/1.1" status: 200 len: 212 time: 0.2398195
Jul 28 21:41:40.040414 dv-cinder-784623-15-iscsi neutron-server[99670]: INFO neutron.wsgi [req-3ddfec07-8f36-4bed-b9c1-d9794d782575 req-e2e6d5b0-1e48-4f2a-b24e-2d2669c76cb1 tempest-ServerRescueNegativeTestJSON-970553652 tempest-ServerRescueNegativeTestJSON-970553652-project] 10.222.0.21 "GET /v2.0/security-groups?id=6f9b294c-e4d6-4c3a-9b4c-7d46055adf53&fields=id&fields=name HTTP/1.1" status: 200 len: 286 time: 0.0952015
Jul 28 21:41:40.045373 dv-cinder-784623-15-iscsi neutron-server[99669]: DEBUG neutron.pecan_wsgi.hooks.policy_enforcement [req-c6c06075-70a0-43ce-b4f5-492d42637fb6 req-7ad751ed-8d19-4542-a235-77861511fea1 service neutron] Attributes excluded by policy engine: ['standard_attr_id'] {{(pid=99669) _exclude_attributes_by_policy /opt/stack/neutron/neutron/pecan_wsgi/hooks/policy_enforcement.py:255}}
Jul 28 21:41:40.047296 dv-cinder-784623-15-iscsi neutron-server[99669]: INFO neutron.wsgi [req-c6c06075-70a0-43ce-b4f5-492d42637fb6 req-7ad751ed-8d19-4542-a235-77861511fea1 service neutron] 10.222.0.22 "GET /v2.0/ports?tenant_id=c0113109182e4b4aa2484b639c0d834b&device_id=5bf6f64a-7681-47f4-851f-88a5294c8bc8 HTTP/1.1" status: 200 len: 1098 time: 0.3710368
Jul 28 21:41:40.048009 dv-cinder-784623-15-iscsi neutron-server[99670]: DEBUG neutron.pecan_wsgi.hooks.policy_enforcement [req-84b21148-0ca5-4ef6-b2a2-01809e75cd7c req-a0a0065f-d3a3-48bf-b8b2-30f99afa0e8f tempest-AttachVolumeNegativeTest-1908639304 tempest-AttachVolumeNegativeTest-1908639304-project] Attributes excluded by policy engine: ['standard_attr_id', 'vlan_transparent', 'provider:network_type', 'provider:physical_network', 'provider:segmentation_id'] {{(pid=99670) _exclude_attributes_by_policy /opt/stack/neutron/neutron/pecan_wsgi/hooks/policy_enforcement.py:255}}
Jul 28 21:41:40.050065 dv-cinder-784623-15-iscsi neutron-server[99670]: INFO neutron.wsgi [req-84b21148-0ca5-4ef6-b2a2-01809e75cd7c req-a0a0065f-d3a3-48bf-b8b2-30f99afa0e8f tempest-AttachVolumeNegativeTest-1908639304 tempest-AttachVolumeNegativeTest-1908639304-project] 10.222.0.22 "GET /v2.0/networks?id=654e39fe-305b-4197-a58c-5c2dfa0f3ec2 HTTP/1.1" status: 200 len: 815 time: 0.2069323
Jul 28 21:41:40.076822 dv-cinder-784623-15-iscsi neutron-server[99669]: DEBUG neutron_lib.callbacks.manager [None req-80e74c55-d5be-4424-a050-0ee05749dbdf admin admin] Notify callbacks ['neutron.services.segments.plugin.Plugin._validate_auto_address_subnet_delete-126612571'] for subnet, precommit_delete_associations {{(pid=99669) _notify_loop /usr/local/lib/python3.8/dist-packages/neutron_lib/callbacks/manager.py:192}}
Jul 28 21:41:40.098271 dv-cinder-784623-15-iscsi neutron-server[99670]: DEBUG neutron.api.v2.base [req-84b21148-0ca5-4ef6-b2a2-01809e75cd7c req-f2311106-1f66-4d39-9f3f-9cd06e76e926 tempest-AttachVolumeNegativeTest-1908639304 tempest-AttachVolumeNegativeTest-1908639304-project] Request body: {'port': {'device_id': 'e7c0ab0d-9f18-4416-80e9-761172688d3b', 'network_id': '654e39fe-305b-4197-a58c-5c2dfa0f3ec2', 'admin_state_up': True, 'tenant_id': 'c0113109182e4b4aa2484b639c0d834b'}} {{(pid=99670) prepare_request_body /opt/stack/neutron/neutron/api/v2/base.py:729}}
Jul 28 21:41:40.114291 dv-cinder-784623-15-iscsi neutron-server[99669]: DEBUG neutron_lib.callbacks.manager [None req-0ec96bc9-8b80-47e9-aeff-98832d88521e admin admin] Notify callbacks [] for security_group, precommit_create {{(pid=99669) _notify_loop /usr/local/lib/python3.8/dist-packages/neutron_lib/callbacks/manager.py:192}}
Jul 28 21:41:40.154677 dv-cinder-784623-15-iscsi neutron-server[99669]: DEBUG neutron_lib.callbacks.manager [None req-0ec96bc9-8b80-47e9-aeff-98832d88521e admin admin] Notify callbacks ['neutron.plugins.ml2.ovo_rpc._ObjectChangeHandler.handle_event-525521'] for security_group, after_create {{(pid=99669) _notify_loop /usr/local/lib/python3.8/dist-packages/neutron_lib/callbacks/manager.py:192}}
Jul 28 21:41:40.222293 dv-cinder-784623-15-iscsi neutron-server[99669]: INFO neutron.wsgi [None req-0ec96bc9-8b80-47e9-aeff-98832d88521e admin admin] 10.222.0.21 "GET /v2.0/security-groups?tenant_id=be7b92d89eae4187a5090c8ea8ce4fd0&name=default HTTP/1.1" status: 200 len: 2979 time: 0.9886615
Jul 28 21:41:40.229009 dv-cinder-784623-15-iscsi neutron-server[99669]: DEBUG neutron_lib.callbacks.manager [None req-80e74c55-d5be-4424-a050-0ee05749dbdf admin admin] Notify callbacks ['neutron.plugins.ml2.plugin.Ml2Plugin._subnet_delete_precommit_handler-7700413'] for subnet, precommit_delete {{(pid=99669) _notify_loop /usr/local/lib/python3.8/dist-packages/neutron_lib/callbacks/manager.py:192}}
Jul 28 21:41:40.229430 dv-cinder-784623-15-iscsi neutron-server[99670]: DEBUG neutron.wsgi [-] (99670) accepted ('10.222.0.21', 59664) {{(pid=99670) server /usr/local/lib/python3.8/dist-packages/eventlet/wsgi.py:982}}
Jul 28 21:41:40.232590 dv-cinder-784623-15-iscsi neutron-server[99669]: DEBUG neutron.api.rpc.handlers.resources_rpc [None req-0ec96bc9-8b80-47e9-aeff-98832d88521e admin admin] Pushing event updated for resources: {'SecurityGroup': ['ID=e189ec95-a8e4-44de-a0d7-847ba3c935bb,revision_number=1']} {{(pid=99669) push /opt/stack/neutron/neutron/api/rpc/handlers/resources_rpc.py:237}}
Jul 28 21:41:40.265174 dv-cinder-784623-15-iscsi neutron-server[99670]: INFO neutron.wsgi [req-022d9710-6504-46b1-8eb0-36d21db9a238 req-55ec024c-8a14-40a2-8c5b-8d61e3a51d6a service neutron] 10.222.0.22 "GET /v2.0/networks/05082fd2-e1af-4aff-be2e-7824833da36e?fields=provider%3Aphysical_network&fields=provider%3Anetwork_type HTTP/1.1" status: 200 len: 281 time: 0.2393034
Jul 28 21:41:40.273352 dv-cinder-784623-15-iscsi neutron-server[99669]: DEBUG neutron.pecan_wsgi.hooks.policy_enforcement [req-c6c06075-70a0-43ce-b4f5-492d42637fb6 req-b0ce8864-52ef-498e-97c2-2a4f3d69a892 service neutron] Attributes excluded by policy engine: ['standard_attr_id', 'vlan_transparent'] {{(pid=99669) _exclude_attributes_by_policy /opt/stack/neutron/neutron/pecan_wsgi/hooks/policy_enforcement.py:255}}
Jul 28 21:41:40.274922 dv-cinder-784623-15-iscsi neutron-server[99669]: INFO neutron.wsgi [req-c6c06075-70a0-43ce-b4f5-492d42637fb6 req-b0ce8864-52ef-498e-97c2-2a4f3d69a892 service neutron] 10.222.0.22 "GET /v2.0/networks?id=654e39fe-305b-4197-a58c-5c2dfa0f3ec2 HTTP/1.1" status: 200 len: 916 time: 0.1763806
Jul 28 21:41:40.325242 dv-cinder-784623-15-iscsi neutron-server[99670]: DEBUG neutron_lib.callbacks.manager [None req-d244dbcf-f9bc-447e-a863-36ae0de6b4cc admin admin] Notify callbacks [] for security_group, before_delete {{(pid=99670) _notify_loop /usr/local/lib/python3.8/dist-packages/neutron_lib/callbacks/manager.py:192}}
Jul 28 21:41:40.329380 dv-cinder-784623-15-iscsi neutron-server[99669]: INFO neutron.wsgi [req-c6c06075-70a0-43ce-b4f5-492d42637fb6 req-00444bff-cff0-4f51-ab66-175b794e3932 service neutron] 10.222.0.22 "GET /v2.0/floatingips?fixed_ip_address=172.20.0.4&port_id=d06667b7-fdd6-4e54-af1e-16f70ef7426c HTTP/1.1" status: 200 len: 217 time: 0.0431044
Jul 28 21:41:40.365368 dv-cinder-784623-15-iscsi neutron-server[99669]: DEBUG neutron_lib.callbacks.manager [None req-80e74c55-d5be-4424-a050-0ee05749dbdf admin admin] Notify callbacks ['neutron.plugins.ml2.plugin.Ml2Plugin._subnet_delete_after_delete_handler-7700294', 'neutron.plugins.ml2.ovo_rpc._ObjectChangeHandler.handle_event-552243', 'neutron.api.rpc.agentnotifiers.dhcp_rpc_agent_api.DhcpAgentNotifyAPI._native_event_send_dhcp_notification-1533347', 'neutron.services.segments.plugin.NovaSegmentNotifier._notify_subnet_deleted-3456110', 'neutron.services.segments.plugin.SegmentHostRoutes.host_routes_after_delete-3447968'] for subnet, after_delete {{(pid=99669) _notify_loop /usr/local/lib/python3.8/dist-packages/neutron_lib/callbacks/manager.py:192}}
Jul 28 21:41:40.389295 dv-cinder-784623-15-iscsi neutron-server[99670]: DEBUG neutron_lib.callbacks.manager [None req-d244dbcf-f9bc-447e-a863-36ae0de6b4cc admin admin] Notify callbacks [] for security_group, precommit_delete {{(pid=99670) _notify_loop /usr/local/lib/python3.8/dist-packages/neutron_lib/callbacks/manager.py:192}}
Jul 28 21:41:40.395497 dv-cinder-784623-15-iscsi neutron-server[99669]: DEBUG neutron.api.rpc.handlers.resources_rpc [None req-80e74c55-d5be-4424-a050-0ee05749dbdf admin admin] Pushing event deleted for resources: {'Subnet': ['ID=42790845-f0f4-487b-85d5-3492bd3bfe31,revision_number=None']} {{(pid=99669) push /opt/stack/neutron/neutron/api/rpc/handlers/resources_rpc.py:237}}
