Jul 28 18:25:31.184681 dv-cinder-784623-14-smb devstack@c-api.service[99898]: [pid: 99898|app: 0|req: 100/200] 10.222.0.32 () {60 vars in 1579 bytes} [Wed Jul 28 18:25:31 2021] GET /volume/v3/2ff46add639043f1bd2d836deacdd115/volumes/77a6413c-96cd-4216-81fd-878add50ba2f => generated 913 bytes in 55 msecs (HTTP/1.1 200) 7 headers in 285 bytes (1 switches on core 0)
Jul 28 18:25:31.324217 dv-cinder-784623-14-smb devstack@c-api.service[99897]: INFO cinder.api.openstack.wsgi [None req-f9372dce-c8bd-47ed-9a0e-58570ff8f4ab tempest-VolumeTypesTest-136798141 tempest-VolumeTypesTest-136798141-project] GET http://10.222.0.32/volume//
Jul 28 18:25:31.324638 dv-cinder-784623-14-smb devstack@c-api.service[99897]: DEBUG cinder.api.openstack.wsgi [None req-f9372dce-c8bd-47ed-9a0e-58570ff8f4ab tempest-VolumeTypesTest-136798141 tempest-VolumeTypesTest-136798141-project] Empty body provided in request {{(pid=99897) get_body /opt/stack/cinder/cinder/api/openstack/wsgi.py:703}}
Jul 28 18:25:31.324790 dv-cinder-784623-14-smb devstack@c-api.service[99897]: /usr/local/lib/python3.8/dist-packages/webob/acceptparse.py:1047: DeprecationWarning: The behavior of AcceptValidHeader.best_match is currently being maintained for backward compatibility, but it will be deprecated in the future, as it does not conform to the RFC.
Jul 28 18:25:31.324790 dv-cinder-784623-14-smb devstack@c-api.service[99897]: warnings.warn(
Jul 28 18:25:31.325111 dv-cinder-784623-14-smb devstack@c-api.service[99897]: DEBUG cinder.api.openstack.wsgi [None req-f9372dce-c8bd-47ed-9a0e-58570ff8f4ab tempest-VolumeTypesTest-136798141 tempest-VolumeTypesTest-136798141-project] Calling method 'all' {{(pid=99897) _process_stack /opt/stack/cinder/cinder/api/openstack/wsgi.py:856}}
Jul 28 18:25:31.326196 dv-cinder-784623-14-smb devstack@c-api.service[99897]: INFO cinder.api.openstack.wsgi [None req-f9372dce-c8bd-47ed-9a0e-58570ff8f4ab tempest-VolumeTypesTest-136798141 tempest-VolumeTypesTest-136798141-project] http://10.222.0.32/volume// returned with HTTP 300
Jul 28 18:25:31.326711 dv-cinder-784623-14-smb devstack@c-api.service[99897]: [pid: 99897|app: 0|req: 101/201] 10.222.0.32 () {58 vars in 1300 bytes} [Wed Jul 28 18:25:31 2021] GET /volume/ => generated 386 bytes in 4 msecs (HTTP/1.1 300) 5 headers in 169 bytes (1 switches on core 0)
Jul 28 18:25:31.339601 dv-cinder-784623-14-smb devstack@c-api.service[99898]: INFO cinder.api.openstack.wsgi [req-2640d8a5-60f4-4e22-9d64-73eec55e39c6 req-157fefca-1c93-4fe6-9afe-781ac024f0af tempest-DeleteServersTestJSON-727221159 tempest-DeleteServersTestJSON-727221159-project] POST http://10.222.0.32/volume/v3/2ff46add639043f1bd2d836deacdd115/attachments
Jul 28 18:25:31.340075 dv-cinder-784623-14-smb devstack@c-api.service[99898]: /usr/local/lib/python3.8/dist-packages/webob/acceptparse.py:1047: DeprecationWarning: The behavior of AcceptValidHeader.best_match is currently being maintained for backward compatibility, but it will be deprecated in the future, as it does not conform to the RFC.
Jul 28 18:25:31.340075 dv-cinder-784623-14-smb devstack@c-api.service[99898]: warnings.warn(
Jul 28 18:25:31.340443 dv-cinder-784623-14-smb devstack@c-api.service[99898]: DEBUG cinder.api.openstack.wsgi [req-2640d8a5-60f4-4e22-9d64-73eec55e39c6 req-157fefca-1c93-4fe6-9afe-781ac024f0af tempest-DeleteServersTestJSON-727221159 tempest-DeleteServersTestJSON-727221159-project] Action: 'create', calling method: version_select, body: {"attachment": {"volume_uuid": "77a6413c-96cd-4216-81fd-878add50ba2f", "connector": null, "instance_uuid": "dea2d052-eb74-46a4-b105-8630b247a634"}} {{(pid=99898) _process_stack /opt/stack/cinder/cinder/api/openstack/wsgi.py:854}}
Jul 28 18:25:31.356295 dv-cinder-784623-14-smb devstack@c-api.service[99898]: /usr/local/lib/python3.8/dist-packages/oslo_context/context.py:105: DeprecationWarning: Policy enforcement is depending on the value of is_admin. This key is deprecated. Please update your policy file to use the standard policy values.
Jul 28 18:25:31.356295 dv-cinder-784623-14-smb devstack@c-api.service[99898]: warnings.warn('Policy enforcement is depending on the value of '
Jul 28 18:25:31.425583 dv-cinder-784623-14-smb devstack@c-api.service[99898]: INFO cinder.api.openstack.wsgi [req-2640d8a5-60f4-4e22-9d64-73eec55e39c6 req-157fefca-1c93-4fe6-9afe-781ac024f0af tempest-DeleteServersTestJSON-727221159 tempest-DeleteServersTestJSON-727221159-project] http://10.222.0.32/volume/v3/2ff46add639043f1bd2d836deacdd115/attachments returned with HTTP 200
Jul 28 18:25:31.427164 dv-cinder-784623-14-smb devstack@c-api.service[99898]: [pid: 99898|app: 0|req: 101/202] 10.222.0.32 () {66 vars in 1575 bytes} [Wed Jul 28 18:25:31 2021] POST /volume/v3/2ff46add639043f1bd2d836deacdd115/attachments => generated 273 bytes in 93 msecs (HTTP/1.1 200) 7 headers in 286 bytes (1 switches on core 0)
Jul 28 18:25:31.480414 dv-cinder-784623-14-smb devstack@c-api.service[99897]: INFO cinder.api.openstack.wsgi [None req-95ac32f9-4492-4e5a-9a9b-66ecc06e1228 tempest-DeleteServersTestJSON-727221159 tempest-DeleteServersTestJSON-727221159-project] GET http://10.222.0.32/volume/v3/2ff46add639043f1bd2d836deacdd115/volumes/77a6413c-96cd-4216-81fd-878add50ba2f
Jul 28 18:25:31.480996 dv-cinder-784623-14-smb devstack@c-api.service[99897]: DEBUG cinder.api.openstack.wsgi [None req-95ac32f9-4492-4e5a-9a9b-66ecc06e1228 tempest-DeleteServersTestJSON-727221159 tempest-DeleteServersTestJSON-727221159-project] Empty body provided in request {{(pid=99897) get_body /opt/stack/cinder/cinder/api/openstack/wsgi.py:703}}
Jul 28 18:25:31.481507 dv-cinder-784623-14-smb devstack@c-api.service[99897]: DEBUG cinder.api.openstack.wsgi [None req-95ac32f9-4492-4e5a-9a9b-66ecc06e1228 tempest-DeleteServersTestJSON-727221159 tempest-DeleteServersTestJSON-727221159-project] Calling method 'show' {{(pid=99897) _process_stack /opt/stack/cinder/cinder/api/openstack/wsgi.py:856}}
Jul 28 18:25:31.498689 dv-cinder-784623-14-smb devstack@c-api.service[99897]: /usr/local/lib/python3.8/dist-packages/oslo_context/context.py:105: DeprecationWarning: Policy enforcement is depending on the value of is_admin. This key is deprecated. Please update your policy file to use the standard policy values.
Jul 28 18:25:31.498689 dv-cinder-784623-14-smb devstack@c-api.service[99897]: warnings.warn('Policy enforcement is depending on the value of '
Jul 28 18:25:31.506804 dv-cinder-784623-14-smb devstack@c-api.service[99897]: INFO cinder.volume.api [None req-95ac32f9-4492-4e5a-9a9b-66ecc06e1228 tempest-DeleteServersTestJSON-727221159 tempest-DeleteServersTestJSON-727221159-project] Volume info retrieved successfully.
Jul 28 18:25:31.518295 dv-cinder-784623-14-smb devstack@c-api.service[99898]: INFO cinder.api.openstack.wsgi [req-2640d8a5-60f4-4e22-9d64-73eec55e39c6 req-157fefca-1c93-4fe6-9afe-781ac024f0af tempest-DeleteServersTestJSON-727221159 tempest-DeleteServersTestJSON-727221159-project] GET http://10.222.0.32/volume//
Jul 28 18:25:31.520138 dv-cinder-784623-14-smb devstack@c-api.service[99898]: DEBUG cinder.api.openstack.wsgi [req-2640d8a5-60f4-4e22-9d64-73eec55e39c6 req-157fefca-1c93-4fe6-9afe-781ac024f0af tempest-DeleteServersTestJSON-727221159 tempest-DeleteServersTestJSON-727221159-project] Empty body provided in request {{(pid=99898) get_body /opt/stack/cinder/cinder/api/openstack/wsgi.py:703}}
Jul 28 18:25:31.520138 dv-cinder-784623-14-smb devstack@c-api.service[99898]: /usr/local/lib/python3.8/dist-packages/webob/acceptparse.py:1047: DeprecationWarning: The behavior of AcceptValidHeader.best_match is currently being maintained for backward compatibility, but it will be deprecated in the future, as it does not conform to the RFC.
Jul 28 18:25:31.520138 dv-cinder-784623-14-smb devstack@c-api.service[99898]: warnings.warn(
Jul 28 18:25:31.520387 dv-cinder-784623-14-smb devstack@c-api.service[99898]: DEBUG cinder.api.openstack.wsgi [req-2640d8a5-60f4-4e22-9d64-73eec55e39c6 req-157fefca-1c93-4fe6-9afe-781ac024f0af tempest-DeleteServersTestJSON-727221159 tempest-DeleteServersTestJSON-727221159-project] Calling method 'all' {{(pid=99898) _process_stack /opt/stack/cinder/cinder/api/openstack/wsgi.py:856}}
Jul 28 18:25:31.521355 dv-cinder-784623-14-smb devstack@c-api.service[99898]: INFO cinder.api.openstack.wsgi [req-2640d8a5-60f4-4e22-9d64-73eec55e39c6 req-157fefca-1c93-4fe6-9afe-781ac024f0af tempest-DeleteServersTestJSON-727221159 tempest-DeleteServersTestJSON-727221159-project] http://10.222.0.32/volume// returned with HTTP 300
Jul 28 18:25:31.522190 dv-cinder-784623-14-smb devstack@c-api.service[99898]: [pid: 99898|app: 0|req: 102/203] 10.222.0.39 () {56 vars in 1099 bytes} [Wed Jul 28 18:25:31 2021] GET /volume/ => generated 386 bytes in 5 msecs (HTTP/1.1 300) 5 headers in 169 bytes (1 switches on core 0)
Jul 28 18:25:31.528382 dv-cinder-784623-14-smb devstack@c-api.service[99897]: /usr/local/lib/python3.8/dist-packages/oslo_context/context.py:105: DeprecationWarning: Policy enforcement is depending on the value of is_admin. This key is deprecated. Please update your policy file to use the standard policy values.
Jul 28 18:25:31.528382 dv-cinder-784623-14-smb devstack@c-api.service[99897]: warnings.warn('Policy enforcement is depending on the value of '
Jul 28 18:25:31.536855 dv-cinder-784623-14-smb devstack@c-api.service[99897]: INFO cinder.api.openstack.wsgi [None req-95ac32f9-4492-4e5a-9a9b-66ecc06e1228 tempest-DeleteServersTestJSON-727221159 tempest-DeleteServersTestJSON-727221159-project] http://10.222.0.32/volume/v3/2ff46add639043f1bd2d836deacdd115/volumes/77a6413c-96cd-4216-81fd-878add50ba2f returned with HTTP 200
Jul 28 18:25:31.537857 dv-cinder-784623-14-smb devstack@c-api.service[99897]: [pid: 99897|app: 0|req: 102/204] 10.222.0.32 () {58 vars in 1325 bytes} [Wed Jul 28 18:25:31 2021] GET /volume/v3/2ff46add639043f1bd2d836deacdd115/volumes/77a6413c-96cd-4216-81fd-878add50ba2f => generated 912 bytes in 69 msecs (HTTP/1.1 200) 7 headers in 285 bytes (1 switches on core 0)
Jul 28 18:25:31.561979 dv-cinder-784623-14-smb devstack@c-api.service[99898]: INFO cinder.api.openstack.wsgi [req-2640d8a5-60f4-4e22-9d64-73eec55e39c6 req-de50001c-2d2c-47a6-acc0-acfb015d8303 tempest-DeleteServersTestJSON-727221159 tempest-DeleteServersTestJSON-727221159-project] GET http://10.222.0.32/volume/v3/2ff46add639043f1bd2d836deacdd115/volumes/77a6413c-96cd-4216-81fd-878add50ba2f
Jul 28 18:25:31.562533 dv-cinder-784623-14-smb devstack@c-api.service[99898]: DEBUG cinder.api.openstack.wsgi [req-2640d8a5-60f4-4e22-9d64-73eec55e39c6 req-de50001c-2d2c-47a6-acc0-acfb015d8303 tempest-DeleteServersTestJSON-727221159 tempest-DeleteServersTestJSON-727221159-project] Empty body provided in request {{(pid=99898) get_body /opt/stack/cinder/cinder/api/openstack/wsgi.py:703}}
Jul 28 18:25:31.563175 dv-cinder-784623-14-smb devstack@c-api.service[99898]: DEBUG cinder.api.openstack.wsgi [req-2640d8a5-60f4-4e22-9d64-73eec55e39c6 req-de50001c-2d2c-47a6-acc0-acfb015d8303 tempest-DeleteServersTestJSON-727221159 tempest-DeleteServersTestJSON-727221159-project] Calling method 'show' {{(pid=99898) _process_stack /opt/stack/cinder/cinder/api/openstack/wsgi.py:856}}
Jul 28 18:25:31.573133 dv-cinder-784623-14-smb devstack@c-api.service[99897]: INFO cinder.api.openstack.wsgi [None req-6cfdfad6-8947-480c-b433-48287cfe36b9 tempest-VolumesCloneTest-1988584715 tempest-VolumesCloneTest-1988584715-project] GET http://10.222.0.32/volume/v3/b2669ad00d5c4f93b4a563713ec108b0/volumes/0007cc97-8381-4994-82a3-8b07c4d06cd2
Jul 28 18:25:31.573845 dv-cinder-784623-14-smb devstack@c-api.service[99897]: DEBUG cinder.api.openstack.wsgi [None req-6cfdfad6-8947-480c-b433-48287cfe36b9 tempest-VolumesCloneTest-1988584715 tempest-VolumesCloneTest-1988584715-project] Empty body provided in request {{(pid=99897) get_body /opt/stack/cinder/cinder/api/openstack/wsgi.py:703}}
Jul 28 18:25:31.574116 dv-cinder-784623-14-smb devstack@c-api.service[99897]: /usr/local/lib/python3.8/dist-packages/webob/acceptparse.py:1047: DeprecationWarning: The behavior of AcceptValidHeader.best_match is currently being maintained for backward compatibility, but it will be deprecated in the future, as it does not conform to the RFC.
Jul 28 18:25:31.574116 dv-cinder-784623-14-smb devstack@c-api.service[99897]: warnings.warn(
Jul 28 18:25:31.574644 dv-cinder-784623-14-smb devstack@c-api.service[99897]: DEBUG cinder.api.openstack.wsgi [None req-6cfdfad6-8947-480c-b433-48287cfe36b9 tempest-VolumesCloneTest-1988584715 tempest-VolumesCloneTest-1988584715-project] Calling method 'show' {{(pid=99897) _process_stack /opt/stack/cinder/cinder/api/openstack/wsgi.py:856}}
Jul 28 18:25:31.581324 dv-cinder-784623-14-smb devstack@c-api.service[99898]: /usr/local/lib/python3.8/dist-packages/oslo_context/context.py:105: DeprecationWarning: Policy enforcement is depending on the value of is_admin. This key is deprecated. Please update your policy file to use the standard policy values.
Jul 28 18:25:31.581324 dv-cinder-784623-14-smb devstack@c-api.service[99898]: warnings.warn('Policy enforcement is depending on the value of '
Jul 28 18:25:31.589707 dv-cinder-784623-14-smb devstack@c-api.service[99898]: INFO cinder.volume.api [req-2640d8a5-60f4-4e22-9d64-73eec55e39c6 req-de50001c-2d2c-47a6-acc0-acfb015d8303 tempest-DeleteServersTestJSON-727221159 tempest-DeleteServersTestJSON-727221159-project] Volume info retrieved successfully.
Jul 28 18:25:31.590074 dv-cinder-784623-14-smb devstack@c-api.service[99897]: /usr/local/lib/python3.8/dist-packages/oslo_context/context.py:105: DeprecationWarning: Policy enforcement is depending on the value of is_admin. This key is deprecated. Please update your policy file to use the standard policy values.
Jul 28 18:25:31.590074 dv-cinder-784623-14-smb devstack@c-api.service[99897]: warnings.warn('Policy enforcement is depending on the value of '
Jul 28 18:25:31.601405 dv-cinder-784623-14-smb devstack@c-api.service[99898]: /usr/local/lib/python3.8/dist-packages/oslo_context/context.py:105: DeprecationWarning: Policy enforcement is depending on the value of is_admin. This key is deprecated. Please update your policy file to use the standard policy values.
Jul 28 18:25:31.601405 dv-cinder-784623-14-smb devstack@c-api.service[99898]: warnings.warn('Policy enforcement is depending on the value of '
Jul 28 18:25:31.605174 dv-cinder-784623-14-smb devstack@c-api.service[99897]: INFO cinder.volume.api [None req-6cfdfad6-8947-480c-b433-48287cfe36b9 tempest-VolumesCloneTest-1988584715 tempest-VolumesCloneTest-1988584715-project] Volume info retrieved successfully.
Jul 28 18:25:31.609584 dv-cinder-784623-14-smb devstack@c-api.service[99898]: INFO cinder.api.openstack.wsgi [req-2640d8a5-60f4-4e22-9d64-73eec55e39c6 req-de50001c-2d2c-47a6-acc0-acfb015d8303 tempest-DeleteServersTestJSON-727221159 tempest-DeleteServersTestJSON-727221159-project] http://10.222.0.32/volume/v3/2ff46add639043f1bd2d836deacdd115/volumes/77a6413c-96cd-4216-81fd-878add50ba2f returned with HTTP 200
Jul 28 18:25:31.610561 dv-cinder-784623-14-smb devstack@c-api.service[99898]: [pid: 99898|app: 0|req: 103/205] 10.222.0.39 () {60 vars in 1413 bytes} [Wed Jul 28 18:25:31 2021] GET /volume/v3/2ff46add639043f1bd2d836deacdd115/volumes/77a6413c-96cd-4216-81fd-878add50ba2f => generated 1011 bytes in 53 msecs (HTTP/1.1 200) 7 headers in 287 bytes (1 switches on core 0)
Jul 28 18:25:31.627737 dv-cinder-784623-14-smb devstack@c-api.service[99897]: INFO cinder.api.openstack.wsgi [None req-6cfdfad6-8947-480c-b433-48287cfe36b9 tempest-VolumesCloneTest-1988584715 tempest-VolumesCloneTest-1988584715-project] http://10.222.0.32/volume/v3/b2669ad00d5c4f93b4a563713ec108b0/volumes/0007cc97-8381-4994-82a3-8b07c4d06cd2 returned with HTTP 200
Jul 28 18:25:31.628896 dv-cinder-784623-14-smb devstack@c-api.service[99897]: [pid: 99897|app: 0|req: 103/206] 10.222.0.32 () {58 vars in 1325 bytes} [Wed Jul 28 18:25:31 2021] GET /volume/v3/b2669ad00d5c4f93b4a563713ec108b0/volumes/0007cc97-8381-4994-82a3-8b07c4d06cd2 => generated 908 bytes in 60 msecs (HTTP/1.1 200) 7 headers in 285 bytes (1 switches on core 0)
Jul 28 18:25:31.708781 dv-cinder-784623-14-smb devstack@c-api.service[99898]: INFO cinder.api.openstack.wsgi [req-2640d8a5-60f4-4e22-9d64-73eec55e39c6 req-b60fe45a-9657-4681-95fb-b90093abc683 tempest-DeleteServersTestJSON-727221159 tempest-DeleteServersTestJSON-727221159-project] PUT http://10.222.0.32/volume/v3/2ff46add639043f1bd2d836deacdd115/attachments/a3d7f599-f38d-4f51-b258-fb04bc0c4398
Jul 28 18:25:31.709205 dv-cinder-784623-14-smb devstack@c-api.service[99898]: /usr/local/lib/python3.8/dist-packages/webob/acceptparse.py:1047: DeprecationWarning: The behavior of AcceptValidHeader.best_match is currently being maintained for backward compatibility, but it will be deprecated in the future, as it does not conform to the RFC.
Jul 28 18:25:31.709205 dv-cinder-784623-14-smb devstack@c-api.service[99898]: warnings.warn(
Jul 28 18:25:31.709570 dv-cinder-784623-14-smb devstack@c-api.service[99898]: DEBUG cinder.api.openstack.wsgi [req-2640d8a5-60f4-4e22-9d64-73eec55e39c6 req-b60fe45a-9657-4681-95fb-b90093abc683 tempest-DeleteServersTestJSON-727221159 tempest-DeleteServersTestJSON-727221159-project] Action: 'update', calling method: version_select, body: {"attachment": {"connector": {"platform": "AMD64", "os_type": "win32", "ip": "10.222.0.39", "host": "hv-cinder-78462", "multipath": false, "initiator": "iqn.1991-05.com.microsoft:hv-cinder-78462", "mountpoint": "/dev/sdb"}}} {{(pid=99898) _process_stack /opt/stack/cinder/cinder/api/openstack/wsgi.py:854}}
Jul 28 18:25:31.732482 dv-cinder-784623-14-smb devstack@c-api.service[99898]: /usr/local/lib/python3.8/dist-packages/tenacity/__init__.py:333: DeprecationWarning: "retry" function must accept single "retry_state" parameter, please update tooz._retry.retry..
Jul 28 18:25:31.732482 dv-cinder-784623-14-smb devstack@c-api.service[99898]: return self(f, *args, **kw)
Jul 28 18:25:31.732956 dv-cinder-784623-14-smb devstack@c-api.service[99898]: DEBUG cinder.coordination [req-2640d8a5-60f4-4e22-9d64-73eec55e39c6 req-b60fe45a-9657-4681-95fb-b90093abc683 tempest-DeleteServersTestJSON-727221159 tempest-DeleteServersTestJSON-727221159-project] Lock "b'cinder-attachment_update-77a6413c-96cd-4216-81fd-878add50ba2f-hv-cinder-78462'" acquired by "attachment_update" :: waited 0.012s {{(pid=99898) _synchronized /opt/stack/cinder/cinder/coordination.py:146}}
Jul 28 18:25:31.734967 dv-cinder-784623-14-smb devstack@c-api.service[99898]: /usr/local/lib/python3.8/dist-packages/oslo_context/context.py:105: DeprecationWarning: Policy enforcement is depending on the value of is_admin. This key is deprecated. Please update your policy file to use the standard policy values.
Jul 28 18:25:31.734967 dv-cinder-784623-14-smb devstack@c-api.service[99898]: warnings.warn('Policy enforcement is depending on the value of '
Jul 28 18:25:31.881468 dv-cinder-784623-14-smb devstack@c-api.service[99897]: INFO cinder.api.openstack.wsgi [None req-263ba960-6fcc-4872-9f42-18a04005607a tempest-GroupSnapshotsTest-1517253235 tempest-GroupSnapshotsTest-1517253235-project] GET http://10.222.0.32/volume/v3/efa451afd901464fba35d634d2811e7d/groups/0d169024-7542-461a-a17e-5ea590f9d687
Jul 28 18:25:31.881962 dv-cinder-784623-14-smb devstack@c-api.service[99897]: DEBUG cinder.api.openstack.wsgi [None req-263ba960-6fcc-4872-9f42-18a04005607a tempest-GroupSnapshotsTest-1517253235 tempest-GroupSnapshotsTest-1517253235-project] Empty body provided in request {{(pid=99897) get_body /opt/stack/cinder/cinder/api/openstack/wsgi.py:703}}
Jul 28 18:25:31.882132 dv-cinder-784623-14-smb devstack@c-api.service[99897]: /usr/local/lib/python3.8/dist-packages/webob/acceptparse.py:1047: DeprecationWarning: The behavior of AcceptValidHeader.best_match is currently being maintained for backward compatibility, but it will be deprecated in the future, as it does not conform to the RFC.
Jul 28 18:25:31.882132 dv-cinder-784623-14-smb devstack@c-api.service[99897]: warnings.warn(
Jul 28 18:25:31.882771 dv-cinder-784623-14-smb devstack@c-api.service[99897]: DEBUG cinder.api.openstack.wsgi [None req-263ba960-6fcc-4872-9f42-18a04005607a tempest-GroupSnapshotsTest-1517253235 tempest-GroupSnapshotsTest-1517253235-project] Calling method 'version_select' {{(pid=99897) _process_stack /opt/stack/cinder/cinder/api/openstack/wsgi.py:856}}
Jul 28 18:25:31.883182 dv-cinder-784623-14-smb devstack@c-api.service[99897]: DEBUG cinder.api.v3.groups [None req-263ba960-6fcc-4872-9f42-18a04005607a tempest-GroupSnapshotsTest-1517253235 tempest-GroupSnapshotsTest-1517253235-project] show called for member 0d169024-7542-461a-a17e-5ea590f9d687 {{(pid=99897) show /opt/stack/cinder/cinder/api/v3/groups.py:58}}
Jul 28 18:25:31.890025 dv-cinder-784623-14-smb devstack@c-api.service[99897]: /usr/local/lib/python3.8/dist-packages/oslo_context/context.py:105: DeprecationWarning: Policy enforcement is depending on the value of is_admin. This key is deprecated. Please update your policy file to use the standard policy values.
Jul 28 18:25:31.890025 dv-cinder-784623-14-smb devstack@c-api.service[99897]: warnings.warn('Policy enforcement is depending on the value of '
Jul 28 18:25:31.908860 dv-cinder-784623-14-smb devstack@c-api.service[99897]: INFO cinder.api.openstack.wsgi [None req-263ba960-6fcc-4872-9f42-18a04005607a tempest-GroupSnapshotsTest-1517253235 tempest-GroupSnapshotsTest-1517253235-project] http://10.222.0.32/volume/v3/efa451afd901464fba35d634d2811e7d/groups/0d169024-7542-461a-a17e-5ea590f9d687 returned with HTTP 200
Jul 28 18:25:31.911124 dv-cinder-784623-14-smb devstack@c-api.service[99897]: [pid: 99897|app: 0|req: 104/207] 10.222.0.32 () {60 vars in 1363 bytes} [Wed Jul 28 18:25:31 2021] GET /volume/v3/efa451afd901464fba35d634d2811e7d/groups/0d169024-7542-461a-a17e-5ea590f9d687 => generated 391 bytes in 34 msecs (HTTP/1.1 200) 7 headers in 286 bytes (2 switches on core 0)
Jul 28 18:25:31.921178 dv-cinder-784623-14-smb devstack@c-api.service[99897]: INFO cinder.api.openstack.wsgi [None req-34ee34c0-a44e-4090-9c25-118530523b4a tempest-GroupSnapshotsTest-1517253235 tempest-GroupSnapshotsTest-1517253235-project] POST http://10.222.0.32/volume/v3/efa451afd901464fba35d634d2811e7d/volumes
Jul 28 18:25:31.921636 dv-cinder-784623-14-smb devstack@c-api.service[99897]: /usr/local/lib/python3.8/dist-packages/webob/acceptparse.py:1047: DeprecationWarning: The behavior of AcceptValidHeader.best_match is currently being maintained for backward compatibility, but it will be deprecated in the future, as it does not conform to the RFC.
Jul 28 18:25:31.921636 dv-cinder-784623-14-smb devstack@c-api.service[99897]: warnings.warn(
Jul 28 18:25:31.922001 dv-cinder-784623-14-smb devstack@c-api.service[99897]: DEBUG cinder.api.openstack.wsgi [None req-34ee34c0-a44e-4090-9c25-118530523b4a tempest-GroupSnapshotsTest-1517253235 tempest-GroupSnapshotsTest-1517253235-project] Action: 'create', calling method: create, body: {"volume": {"volume_type": "331485b0-486c-417c-b8be-b99dfab4f966", "group_id": "0d169024-7542-461a-a17e-5ea590f9d687", "size": 1, "name": "tempest-GroupSnapshotsTest-Volume-548915542"}} {{(pid=99897) _process_stack /opt/stack/cinder/cinder/api/openstack/wsgi.py:854}}
Jul 28 18:25:31.923149 dv-cinder-784623-14-smb devstack@c-api.service[99897]: DEBUG cinder.api.v3.volumes [None req-34ee34c0-a44e-4090-9c25-118530523b4a tempest-GroupSnapshotsTest-1517253235 tempest-GroupSnapshotsTest-1517253235-project] Create volume request body: {'volume': {'volume_type': '331485b0-486c-417c-b8be-b99dfab4f966', 'group_id': '0d169024-7542-461a-a17e-5ea590f9d687', 'size': 1, 'name': 'tempest-GroupSnapshotsTest-Volume-548915542'}} {{(pid=99897) create /opt/stack/cinder/cinder/api/v3/volumes.py:290}}
Jul 28 18:25:31.941844 dv-cinder-784623-14-smb devstack@c-api.service[99897]: /usr/local/lib/python3.8/dist-packages/oslo_context/context.py:105: DeprecationWarning: Policy enforcement is depending on the value of is_admin. This key is deprecated. Please update your policy file to use the standard policy values.
Jul 28 18:25:31.941844 dv-cinder-784623-14-smb devstack@c-api.service[99897]: warnings.warn('Policy enforcement is depending on the value of '
Jul 28 18:25:31.943489 dv-cinder-784623-14-smb devstack@c-api.service[99897]: INFO cinder.api.v3.volumes [None req-34ee34c0-a44e-4090-9c25-118530523b4a tempest-GroupSnapshotsTest-1517253235 tempest-GroupSnapshotsTest-1517253235-project] Create volume of 1 GB
Jul 28 18:25:31.956315 dv-cinder-784623-14-smb devstack@c-api.service[99897]: INFO cinder.volume.api [None req-34ee34c0-a44e-4090-9c25-118530523b4a tempest-GroupSnapshotsTest-1517253235 tempest-GroupSnapshotsTest-1517253235-project] Availability Zones retrieved successfully.
Jul 28 18:25:31.970799 dv-cinder-784623-14-smb devstack@c-api.service[99898]: DEBUG cinder.coordination [req-2640d8a5-60f4-4e22-9d64-73eec55e39c6 req-b60fe45a-9657-4681-95fb-b90093abc683 tempest-DeleteServersTestJSON-727221159 tempest-DeleteServersTestJSON-727221159-project] Lock "b'cinder-attachment_update-77a6413c-96cd-4216-81fd-878add50ba2f-hv-cinder-78462'" released by "attachment_update" :: held 0.238s {{(pid=99898) _synchronized /opt/stack/cinder/cinder/coordination.py:158}}
Jul 28 18:25:31.972206 dv-cinder-784623-14-smb devstack@c-api.service[99898]: INFO cinder.api.openstack.wsgi [req-2640d8a5-60f4-4e22-9d64-73eec55e39c6 req-b60fe45a-9657-4681-95fb-b90093abc683 tempest-DeleteServersTestJSON-727221159 tempest-DeleteServersTestJSON-727221159-project] http://10.222.0.32/volume/v3/2ff46add639043f1bd2d836deacdd115/attachments/a3d7f599-f38d-4f51-b258-fb04bc0c4398 returned with HTTP 200
Jul 28 18:25:31.973665 dv-cinder-784623-14-smb devstack@c-api.service[99898]: [pid: 99898|app: 0|req: 104/208] 10.222.0.39 () {64 vars in 1478 bytes} [Wed Jul 28 18:25:31 2021] PUT /volume/v3/2ff46add639043f1bd2d836deacdd115/attachments/a3d7f599-f38d-4f51-b258-fb04bc0c4398 => generated 652 bytes in 269 msecs (HTTP/1.1 200) 7 headers in 286 bytes (1 switches on core 0)
Jul 28 18:25:31.975156 dv-cinder-784623-14-smb devstack@c-api.service[99897]: DEBUG cinder.volume.api [None req-34ee34c0-a44e-4090-9c25-118530523b4a tempest-GroupSnapshotsTest-1517253235 tempest-GroupSnapshotsTest-1517253235-project] Flow 'volume_create_api' (7b32a037-f24e-435d-b5f5-0d99386c0a9f) transitioned into state 'RUNNING' from state 'PENDING' {{(pid=99897) _flow_receiver /usr/local/lib/python3.8/dist-packages/taskflow/listeners/logging.py:141}}
Jul 28 18:25:31.977354 dv-cinder-784623-14-smb devstack@c-api.service[99897]: DEBUG cinder.volume.api [None req-34ee34c0-a44e-4090-9c25-118530523b4a tempest-GroupSnapshotsTest-1517253235 tempest-GroupSnapshotsTest-1517253235-project] Task 'cinder.volume.flows.api.create_volume.ExtractVolumeRequestTask;volume:create' (be0fc875-dd44-4092-9305-37b94c4f8888) transitioned into state 'RUNNING' from state 'PENDING' {{(pid=99897) _task_receiver /usr/local/lib/python3.8/dist-packages/taskflow/listeners/logging.py:190}}
Jul 28 18:25:31.978924 dv-cinder-784623-14-smb devstack@c-api.service[99897]: /usr/local/lib/python3.8/dist-packages/oslo_context/context.py:105: DeprecationWarning: Policy enforcement is depending on the value of is_admin. This key is deprecated. Please update your policy file to use the standard policy values.
Jul 28 18:25:31.978924 dv-cinder-784623-14-smb devstack@c-api.service[99897]: warnings.warn('Policy enforcement is depending on the value of '
Jul 28 18:25:31.979403 dv-cinder-784623-14-smb devstack@c-api.service[99897]: DEBUG cinder.volume.flows.api.create_volume [None req-34ee34c0-a44e-4090-9c25-118530523b4a tempest-GroupSnapshotsTest-1517253235 tempest-GroupSnapshotsTest-1517253235-project] Validating volume size '1' using validate_int {{(pid=99897) _extract_size /opt/stack/cinder/cinder/volume/flows/api/create_volume.py:201}}
Jul 28 18:25:32.008585 dv-cinder-784623-14-smb devstack@c-api.service[99897]: DEBUG cinder.volume.api [None req-34ee34c0-a44e-4090-9c25-118530523b4a tempest-GroupSnapshotsTest-1517253235 tempest-GroupSnapshotsTest-1517253235-project] Task 'cinder.volume.flows.api.create_volume.ExtractVolumeRequestTask;volume:create' (be0fc875-dd44-4092-9305-37b94c4f8888) transitioned into state 'SUCCESS' from state 'RUNNING' with result '{'size': 1, 'snapshot_id': None, 'source_volid': None, 'volume_type': VolumeType(created_at=2021-07-28T18:25:31Z,deleted=False,deleted_at=None,description=None,extra_specs={},id=331485b0-486c-417c-b8be-b99dfab4f966,is_public=True,name='tempest-GroupSnapshotsTest-volume-type-472472287',projects=[],qos_specs=,qos_specs_id=None,updated_at=None), 'volume_type_id': '331485b0-486c-417c-b8be-b99dfab4f966', 'encryption_key_id': None, 'qos_specs': None, 'consistencygroup_id': None, 'cgsnapshot_id': None, 'group_id': '0d169024-7542-461a-a17e-5ea590f9d687', 'replication_status': 'disabled', 'refresh_az': False, 'backup_id': None, 'multiattach': False, 'availability_zones': ['nova']}' {{(pid=99897) _task_receiver /usr/local/lib/python3.8/dist-packages/taskflow/listeners/logging.py:178}}
Jul 28 18:25:32.011501 dv-cinder-784623-14-smb devstack@c-api.service[99897]: DEBUG cinder.volume.api [None req-34ee34c0-a44e-4090-9c25-118530523b4a tempest-GroupSnapshotsTest-1517253235 tempest-GroupSnapshotsTest-1517253235-project] Task 'cinder.volume.flows.api.create_volume.QuotaReserveTask;volume:create' (b366fb35-65fe-4bdb-8d0e-419f8faac5db) transitioned into state 'RUNNING' from state 'PENDING' {{(pid=99897) _task_receiver /usr/local/lib/python3.8/dist-packages/taskflow/listeners/logging.py:190}}
Jul 28 18:25:32.047887 dv-cinder-784623-14-smb devstack@c-api.service[99897]: WARNING cinder.quota [None req-34ee34c0-a44e-4090-9c25-118530523b4a tempest-GroupSnapshotsTest-1517253235 tempest-GroupSnapshotsTest-1517253235-project] Deprecated: Default quota for resource: volumes_tempest-GroupSnapshotsTest-volume-type-472472287 is set by the default quota flag: quota_volumes_tempest-GroupSnapshotsTest-volume-type-472472287, it is now deprecated. Please use the default quota class for default quota.
Jul 28 18:25:32.048917 dv-cinder-784623-14-smb devstack@c-api.service[99897]: WARNING cinder.quota [None req-34ee34c0-a44e-4090-9c25-118530523b4a tempest-GroupSnapshotsTest-1517253235 tempest-GroupSnapshotsTest-1517253235-project] Deprecated: Default quota for resource: gigabytes_tempest-GroupSnapshotsTest-volume-type-472472287 is set by the default quota flag: quota_gigabytes_tempest-GroupSnapshotsTest-volume-type-472472287, it is now deprecated. Please use the default quota class for default quota.
Jul 28 18:25:32.101384 dv-cinder-784623-14-smb devstack@c-api.service[99897]: DEBUG cinder.quota [None req-34ee34c0-a44e-4090-9c25-118530523b4a tempest-GroupSnapshotsTest-1517253235 tempest-GroupSnapshotsTest-1517253235-project] Created reservations ['8dfd62cd-1047-435f-a53b-a961b94a73c1', 'f915f178-1c13-4820-abf0-fde4d01c1f1b', '0fa4510f-80e6-4242-b98b-ba7b663c1d5b', '088014b9-13b0-495e-b5d8-f0154e8d647b'] {{(pid=99897) reserve /opt/stack/cinder/cinder/quota.py:755}}
Jul 28 18:25:32.103844 dv-cinder-784623-14-smb devstack@c-api.service[99897]: DEBUG cinder.volume.api [None req-34ee34c0-a44e-4090-9c25-118530523b4a tempest-GroupSnapshotsTest-1517253235 tempest-GroupSnapshotsTest-1517253235-project] Task 'cinder.volume.flows.api.create_volume.QuotaReserveTask;volume:create' (b366fb35-65fe-4bdb-8d0e-419f8faac5db) transitioned into state 'SUCCESS' from state 'RUNNING' with result '{'reservations': ['8dfd62cd-1047-435f-a53b-a961b94a73c1', 'f915f178-1c13-4820-abf0-fde4d01c1f1b', '0fa4510f-80e6-4242-b98b-ba7b663c1d5b', '088014b9-13b0-495e-b5d8-f0154e8d647b']}' {{(pid=99897) _task_receiver /usr/local/lib/python3.8/dist-packages/taskflow/listeners/logging.py:178}}
Jul 28 18:25:32.105937 dv-cinder-784623-14-smb devstack@c-api.service[99897]: DEBUG cinder.volume.api [None req-34ee34c0-a44e-4090-9c25-118530523b4a tempest-GroupSnapshotsTest-1517253235 tempest-GroupSnapshotsTest-1517253235-project] Task 'cinder.volume.flows.api.create_volume.EntryCreateTask;volume:create' (7bc535b7-657c-4a6b-ae13-6a2123978ba5) transitioned into state 'RUNNING' from state 'PENDING' {{(pid=99897) _task_receiver /usr/local/lib/python3.8/dist-packages/taskflow/listeners/logging.py:190}}
Jul 28 18:25:32.133403 dv-cinder-784623-14-smb devstack@c-api.service[99897]: DEBUG cinder.volume.api [None req-34ee34c0-a44e-4090-9c25-118530523b4a tempest-GroupSnapshotsTest-1517253235 tempest-GroupSnapshotsTest-1517253235-project] Task 'cinder.volume.flows.api.create_volume.EntryCreateTask;volume:create' (7bc535b7-657c-4a6b-ae13-6a2123978ba5) transitioned into state 'SUCCESS' from state 'RUNNING' with result '{'volume_id': 'd891c680-1442-46ec-9d4b-282f8271e634', 'volume_properties': VolumeProperties(attach_status='detached',availability_zone='nova',cgsnapshot_id=None,consistencygroup_id=None,display_description=None,display_name='tempest-GroupSnapshotsTest-Volume-548915542',encryption_key_id=None,group_id=0d169024-7542-461a-a17e-5ea590f9d687,group_type_id=,metadata={},multiattach=False,project_id='efa451afd901464fba35d634d2811e7d',qos_specs=None,replication_status=,reservations=['8dfd62cd-1047-435f-a53b-a961b94a73c1','f915f178-1c13-4820-abf0-fde4d01c1f1b','0fa4510f-80e6-4242-b98b-ba7b663c1d5b','088014b9-13b0-495e-b5d8-f0154e8d647b'],size=1,snapshot_id=None,source_replicaid=,source_volid=None,status='creating',user_id='cced8207d33344da905a02698f6927de',volume_type_id=331485b0-486c-417c-b8be-b99dfab4f966), 'volume': Volume(_name_id=None,admin_metadata=,attach_status='detached',availability_zone='nova',bootable=False,cluster=,cluster_name=None,consistencygroup=,consistencygroup_id=None,created_at=2021-07-28T18:25:32Z,deleted=False,deleted_at=None,display_description=None,display_name='tempest-GroupSnapshotsTest-Volume-548915542',ec2_id=None,encryption_key_id=None,glance_metadata=,group=,group_id=0d169024-7542-461a-a17e-5ea590f9d687,host=None,id=d891c680-1442-46ec-9d4b-282f8271e634,launched_at=None,metadata={},migration_status=None,multiattach=False,previous_status=None,project_id='efa451afd901464fba35d634d2811e7d',provider_auth=None,provider_geometry=None,provider_id=None,provider_location=None,replication_driver_data=None,replication_extended_status=None,replication_status=None,scheduled_at=None,service_uuid=None,shared_targets=True,size=1,snapshot_id=None,snapshots=,source_volid=None,status='creating',terminated_at=None,updated_at=None,user_id='cced8207d33344da905a02698f6927de',volume_attachment=,volume_type=VolumeType(331485b0-486c-417c-b8be-b99dfab4f966),volume_type_id=331485b0-486c-417c-b8be-b99dfab4f966)}' {{(pid=99897) _task_receiver /usr/local/lib/python3.8/dist-packages/taskflow/listeners/logging.py:178}}
Jul 28 18:25:32.135306 dv-cinder-784623-14-smb devstack@c-api.service[99897]: DEBUG cinder.volume.api [None req-34ee34c0-a44e-4090-9c25-118530523b4a tempest-GroupSnapshotsTest-1517253235 tempest-GroupSnapshotsTest-1517253235-project] Task 'cinder.volume.flows.api.create_volume.QuotaCommitTask;volume:create' (13cfb4f8-616a-4aa3-8dae-6baa20a1fe7f) transitioned into state 'RUNNING' from state 'PENDING' {{(pid=99897) _task_receiver /usr/local/lib/python3.8/dist-packages/taskflow/listeners/logging.py:190}}
Jul 28 18:25:32.163340 dv-cinder-784623-14-smb devstack@c-api.service[99897]: DEBUG cinder.volume.api [None req-34ee34c0-a44e-4090-9c25-118530523b4a tempest-GroupSnapshotsTest-1517253235 tempest-GroupSnapshotsTest-1517253235-project] Task 'cinder.volume.flows.api.create_volume.QuotaCommitTask;volume:create' (13cfb4f8-616a-4aa3-8dae-6baa20a1fe7f) transitioned into state 'SUCCESS' from state 'RUNNING' with result '{'volume_properties': VolumeProperties(attach_status='detached',availability_zone='nova',cgsnapshot_id=None,consistencygroup_id=None,display_description=None,display_name='tempest-GroupSnapshotsTest-Volume-548915542',encryption_key_id=None,group_id=0d169024-7542-461a-a17e-5ea590f9d687,group_type_id=,metadata={},multiattach=False,project_id='efa451afd901464fba35d634d2811e7d',qos_specs=None,replication_status=,reservations=['8dfd62cd-1047-435f-a53b-a961b94a73c1','f915f178-1c13-4820-abf0-fde4d01c1f1b','0fa4510f-80e6-4242-b98b-ba7b663c1d5b','088014b9-13b0-495e-b5d8-f0154e8d647b'],size=1,snapshot_id=None,source_replicaid=,source_volid=None,status='creating',user_id='cced8207d33344da905a02698f6927de',volume_type_id=331485b0-486c-417c-b8be-b99dfab4f966)}' {{(pid=99897) _task_receiver /usr/local/lib/python3.8/dist-packages/taskflow/listeners/logging.py:178}}
Jul 28 18:25:32.166523 dv-cinder-784623-14-smb devstack@c-api.service[99897]: DEBUG cinder.volume.api [None req-34ee34c0-a44e-4090-9c25-118530523b4a tempest-GroupSnapshotsTest-1517253235 tempest-GroupSnapshotsTest-1517253235-project] Task 'cinder.volume.flows.api.create_volume.VolumeCastTask;volume:create' (4cbb63bd-6b56-4556-9d50-f12737528a5c) transitioned into state 'RUNNING' from state 'PENDING' {{(pid=99897) _task_receiver /usr/local/lib/python3.8/dist-packages/taskflow/listeners/logging.py:190}}
Jul 28 18:25:32.172611 dv-cinder-784623-14-smb devstack@c-api.service[99898]: INFO cinder.api.openstack.wsgi [None req-302be701-4dae-4f19-8f20-f951f4371ed6 tempest-VolumeTypesTest-136798141 tempest-VolumeTypesTest-136798141-project] GET http://10.222.0.32/volume/v3/648b9e43bfcc4e069156629553c5c450/volumes/62712eb0-6bd0-4395-8149-a13157b4d806
Jul 28 18:25:32.173302 dv-cinder-784623-14-smb devstack@c-api.service[99898]: DEBUG cinder.api.openstack.wsgi [None req-302be701-4dae-4f19-8f20-f951f4371ed6 tempest-VolumeTypesTest-136798141 tempest-VolumeTypesTest-136798141-project] Empty body provided in request {{(pid=99898) get_body /opt/stack/cinder/cinder/api/openstack/wsgi.py:703}}
Jul 28 18:25:32.173529 dv-cinder-784623-14-smb devstack@c-api.service[99898]: /usr/local/lib/python3.8/dist-packages/webob/acceptparse.py:1047: DeprecationWarning: The behavior of AcceptValidHeader.best_match is currently being maintained for backward compatibility, but it will be deprecated in the future, as it does not conform to the RFC.
Jul 28 18:25:32.173529 dv-cinder-784623-14-smb devstack@c-api.service[99898]: warnings.warn(
Jul 28 18:25:32.173922 dv-cinder-784623-14-smb devstack@c-api.service[99898]: DEBUG cinder.api.openstack.wsgi [None req-302be701-4dae-4f19-8f20-f951f4371ed6 tempest-VolumeTypesTest-136798141 tempest-VolumeTypesTest-136798141-project] Calling method 'show' {{(pid=99898) _process_stack /opt/stack/cinder/cinder/api/openstack/wsgi.py:856}}
Jul 28 18:25:32.187213 dv-cinder-784623-14-smb devstack@c-api.service[99898]: INFO cinder.api.openstack.wsgi [None req-302be701-4dae-4f19-8f20-f951f4371ed6 tempest-VolumeTypesTest-136798141 tempest-VolumeTypesTest-136798141-project] http://10.222.0.32/volume/v3/648b9e43bfcc4e069156629553c5c450/volumes/62712eb0-6bd0-4395-8149-a13157b4d806 returned with HTTP 404
Jul 28 18:25:32.189093 dv-cinder-784623-14-smb devstack@c-api.service[99898]: [pid: 99898|app: 0|req: 105/209] 10.222.0.32 () {58 vars in 1325 bytes} [Wed Jul 28 18:25:32 2021] GET /volume/v3/648b9e43bfcc4e069156629553c5c450/volumes/62712eb0-6bd0-4395-8149-a13157b4d806 => generated 109 bytes in 20 msecs (HTTP/1.1 404) 7 headers in 292 bytes (1 switches on core 0)
Jul 28 18:25:32.194504 dv-cinder-784623-14-smb devstack@c-api.service[99897]: DEBUG cinder.volume.api [None req-34ee34c0-a44e-4090-9c25-118530523b4a tempest-GroupSnapshotsTest-1517253235 tempest-GroupSnapshotsTest-1517253235-project] Task 'cinder.volume.flows.api.create_volume.VolumeCastTask;volume:create' (4cbb63bd-6b56-4556-9d50-f12737528a5c) transitioned into state 'SUCCESS' from state 'RUNNING' with result 'None' {{(pid=99897) _task_receiver /usr/local/lib/python3.8/dist-packages/taskflow/listeners/logging.py:178}}
Jul 28 18:25:32.196597 dv-cinder-784623-14-smb devstack@c-api.service[99897]: DEBUG cinder.volume.api [None req-34ee34c0-a44e-4090-9c25-118530523b4a tempest-GroupSnapshotsTest-1517253235 tempest-GroupSnapshotsTest-1517253235-project] Flow 'volume_create_api' (7b32a037-f24e-435d-b5f5-0d99386c0a9f) transitioned into state 'SUCCESS' from state 'RUNNING' {{(pid=99897) _flow_receiver /usr/local/lib/python3.8/dist-packages/taskflow/listeners/logging.py:141}}
Jul 28 18:25:32.200056 dv-cinder-784623-14-smb devstack@c-api.service[99897]: INFO cinder.volume.api [None req-34ee34c0-a44e-4090-9c25-118530523b4a tempest-GroupSnapshotsTest-1517253235 tempest-GroupSnapshotsTest-1517253235-project] Create volume request issued successfully.
Jul 28 18:25:32.205585 dv-cinder-784623-14-smb devstack@c-api.service[99898]: INFO cinder.api.openstack.wsgi [None req-8839983b-62dd-48c6-9d7c-9244b58aff20 tempest-VolumeTypesTest-570181737 tempest-VolumeTypesTest-570181737-project-admin] DELETE http://10.222.0.32/volume/v3/f3acf561c23f4b3d865d32126ca2729f/types/d9c77129-c195-43f4-a1c2-5613739aa048
Jul 28 18:25:32.208153 dv-cinder-784623-14-smb devstack@c-api.service[99898]: DEBUG cinder.api.openstack.wsgi [None req-8839983b-62dd-48c6-9d7c-9244b58aff20 tempest-VolumeTypesTest-570181737 tempest-VolumeTypesTest-570181737-project-admin] Empty body provided in request {{(pid=99898) get_body /opt/stack/cinder/cinder/api/openstack/wsgi.py:703}}
Jul 28 18:25:32.208741 dv-cinder-784623-14-smb devstack@c-api.service[99897]: WARNING stevedore.named [None req-34ee34c0-a44e-4090-9c25-118530523b4a tempest-GroupSnapshotsTest-1517253235 tempest-GroupSnapshotsTest-1517253235-project] Could not load cinder.keymgr.conf_key_mgr.ConfKeyManager
Jul 28 18:25:32.209349 dv-cinder-784623-14-smb devstack@c-api.service[99898]: DEBUG cinder.api.openstack.wsgi [None req-8839983b-62dd-48c6-9d7c-9244b58aff20 tempest-VolumeTypesTest-570181737 tempest-VolumeTypesTest-570181737-project-admin] Calling method '_delete' {{(pid=99898) _process_stack /opt/stack/cinder/cinder/api/openstack/wsgi.py:856}}
Jul 28 18:25:32.209438 dv-cinder-784623-14-smb devstack@c-api.service[99897]: WARNING castellan.key_manager [None req-34ee34c0-a44e-4090-9c25-118530523b4a tempest-GroupSnapshotsTest-1517253235 tempest-GroupSnapshotsTest-1517253235-project] Deprecation Warning : cinder.keymgr.conf_key_mgr.ConfKeyManager is not a stevedore based driver, trying to load it as a class: stevedore.exception.NoMatches: No 'castellan.drivers' driver found, looking for 'cinder.keymgr.conf_key_mgr.ConfKeyManager'
Jul 28 18:25:32.209979 dv-cinder-784623-14-smb devstack@c-api.service[99898]: /usr/local/lib/python3.8/dist-packages/oslo_context/context.py:105: DeprecationWarning: Policy enforcement is depending on the value of is_admin. This key is deprecated. Please update your policy file to use the standard policy values.
Jul 28 18:25:32.209979 dv-cinder-784623-14-smb devstack@c-api.service[99898]: warnings.warn('Policy enforcement is depending on the value of '
Jul 28 18:25:32.220468 dv-cinder-784623-14-smb devstack@c-api.service[99897]: DEBUG oslo_db.sqlalchemy.engines [None req-34ee34c0-a44e-4090-9c25-118530523b4a tempest-GroupSnapshotsTest-1517253235 tempest-GroupSnapshotsTest-1517253235-project] MySQL server mode set to STRICT_TRANS_TABLES,STRICT_ALL_TABLES,NO_ZERO_IN_DATE,NO_ZERO_DATE,ERROR_FOR_DIVISION_BY_ZERO,TRADITIONAL,NO_ENGINE_SUBSTITUTION {{(pid=99897) _check_effective_sql_mode /usr/local/lib/python3.8/dist-packages/oslo_db/sqlalchemy/engines.py:314}}
Jul 28 18:25:32.227016 dv-cinder-784623-14-smb devstack@c-api.service[99897]: /usr/local/lib/python3.8/dist-packages/oslo_context/context.py:105: DeprecationWarning: Policy enforcement is depending on the value of is_admin. This key is deprecated. Please update your policy file to use the standard policy values.
Jul 28 18:25:32.227016 dv-cinder-784623-14-smb devstack@c-api.service[99897]: warnings.warn('Policy enforcement is depending on the value of '
Jul 28 18:25:32.235524 dv-cinder-784623-14-smb devstack@c-api.service[99897]: INFO cinder.api.openstack.wsgi [None req-34ee34c0-a44e-4090-9c25-118530523b4a tempest-GroupSnapshotsTest-1517253235 tempest-GroupSnapshotsTest-1517253235-project] http://10.222.0.32/volume/v3/efa451afd901464fba35d634d2811e7d/volumes returned with HTTP 202
Jul 28 18:25:32.260116 dv-cinder-784623-14-smb devstack@c-api.service[99897]: [pid: 99897|app: 0|req: 105/210] 10.222.0.32 () {62 vars in 1277 bytes} [Wed Jul 28 18:25:31 2021] POST /volume/v3/efa451afd901464fba35d634d2811e7d/volumes => generated 906 bytes in 332 msecs (HTTP/1.1 202) 7 headers in 292 bytes (2 switches on core 0)
Jul 28 18:25:32.265961 dv-cinder-784623-14-smb devstack@c-api.service[99897]: INFO cinder.api.openstack.wsgi [None req-700ac691-9175-4650-a40d-84d2261ac13c tempest-GroupSnapshotsTest-1517253235 tempest-GroupSnapshotsTest-1517253235-project] GET http://10.222.0.32/volume/v3/efa451afd901464fba35d634d2811e7d/volumes/d891c680-1442-46ec-9d4b-282f8271e634
Jul 28 18:25:32.269401 dv-cinder-784623-14-smb devstack@c-api.service[99897]: DEBUG cinder.api.openstack.wsgi [None req-700ac691-9175-4650-a40d-84d2261ac13c tempest-GroupSnapshotsTest-1517253235 tempest-GroupSnapshotsTest-1517253235-project] Empty body provided in request {{(pid=99897) get_body /opt/stack/cinder/cinder/api/openstack/wsgi.py:703}}
Jul 28 18:25:32.269579 dv-cinder-784623-14-smb devstack@c-api.service[99897]: /usr/local/lib/python3.8/dist-packages/webob/acceptparse.py:1047: DeprecationWarning: The behavior of AcceptValidHeader.best_match is currently being maintained for backward compatibility, but it will be deprecated in the future, as it does not conform to the RFC.
Jul 28 18:25:32.269579 dv-cinder-784623-14-smb devstack@c-api.service[99897]: warnings.warn(
Jul 28 18:25:32.270005 dv-cinder-784623-14-smb devstack@c-api.service[99897]: DEBUG cinder.api.openstack.wsgi [None req-700ac691-9175-4650-a40d-84d2261ac13c tempest-GroupSnapshotsTest-1517253235 tempest-GroupSnapshotsTest-1517253235-project] Calling method 'show' {{(pid=99897) _process_stack /opt/stack/cinder/cinder/api/openstack/wsgi.py:856}}
Jul 28 18:25:32.311790 dv-cinder-784623-14-smb devstack@c-api.service[99897]: /usr/local/lib/python3.8/dist-packages/oslo_context/context.py:105: DeprecationWarning: Policy enforcement is depending on the value of is_admin. This key is deprecated. Please update your policy file to use the standard policy values.
Jul 28 18:25:32.311790 dv-cinder-784623-14-smb devstack@c-api.service[99897]: warnings.warn('Policy enforcement is depending on the value of '
Jul 28 18:25:32.349612 dv-cinder-784623-14-smb devstack@c-api.service[99897]: INFO cinder.volume.api [None req-700ac691-9175-4650-a40d-84d2261ac13c tempest-GroupSnapshotsTest-1517253235 tempest-GroupSnapshotsTest-1517253235-project] Volume info retrieved successfully.
Jul 28 18:25:32.357648 dv-cinder-784623-14-smb devstack@c-api.service[99898]: INFO cinder.api.openstack.wsgi [None req-8839983b-62dd-48c6-9d7c-9244b58aff20 tempest-VolumeTypesTest-570181737 tempest-VolumeTypesTest-570181737-project-admin] http://10.222.0.32/volume/v3/f3acf561c23f4b3d865d32126ca2729f/types/d9c77129-c195-43f4-a1c2-5613739aa048 returned with HTTP 202
Jul 28 18:25:32.360207 dv-cinder-784623-14-smb devstack@c-api.service[99898]: [pid: 99898|app: 0|req: 106/211] 10.222.0.32 () {58 vars in 1322 bytes} [Wed Jul 28 18:25:32 2021] DELETE /volume/v3/f3acf561c23f4b3d865d32126ca2729f/types/d9c77129-c195-43f4-a1c2-5613739aa048 => generated 0 bytes in 168 msecs (HTTP/1.1 202) 6 headers in 233 bytes (2 switches on core 0)
Jul 28 18:25:32.364631 dv-cinder-784623-14-smb devstack@c-api.service[99897]: WARNING stevedore.named [None req-700ac691-9175-4650-a40d-84d2261ac13c tempest-GroupSnapshotsTest-1517253235 tempest-GroupSnapshotsTest-1517253235-project] Could not load cinder.keymgr.conf_key_mgr.ConfKeyManager
Jul 28 18:25:32.365302 dv-cinder-784623-14-smb devstack@c-api.service[99897]: WARNING castellan.key_manager [None req-700ac691-9175-4650-a40d-84d2261ac13c tempest-GroupSnapshotsTest-1517253235 tempest-GroupSnapshotsTest-1517253235-project] Deprecation Warning : cinder.keymgr.conf_key_mgr.ConfKeyManager is not a stevedore based driver, trying to load it as a class: stevedore.exception.NoMatches: No 'castellan.drivers' driver found, looking for 'cinder.keymgr.conf_key_mgr.ConfKeyManager'
Jul 28 18:25:32.369727 dv-cinder-784623-14-smb devstack@c-api.service[99898]: INFO cinder.api.openstack.wsgi [None req-dc962b6d-e6e8-4044-9ad1-d76108745ce4 tempest-VolumeTypesTest-570181737 tempest-VolumeTypesTest-570181737-project-admin] GET http://10.222.0.32/volume/v3/f3acf561c23f4b3d865d32126ca2729f/types/d9c77129-c195-43f4-a1c2-5613739aa048
Jul 28 18:25:32.370163 dv-cinder-784623-14-smb devstack@c-api.service[99898]: DEBUG cinder.api.openstack.wsgi [None req-dc962b6d-e6e8-4044-9ad1-d76108745ce4 tempest-VolumeTypesTest-570181737 tempest-VolumeTypesTest-570181737-project-admin] Empty body provided in request {{(pid=99898) get_body /opt/stack/cinder/cinder/api/openstack/wsgi.py:703}}
Jul 28 18:25:32.372123 dv-cinder-784623-14-smb devstack@c-api.service[99898]: DEBUG cinder.api.openstack.wsgi [None req-dc962b6d-e6e8-4044-9ad1-d76108745ce4 tempest-VolumeTypesTest-570181737 tempest-VolumeTypesTest-570181737-project-admin] Calling method 'show' {{(pid=99898) _process_stack /opt/stack/cinder/cinder/api/openstack/wsgi.py:856}}
Jul 28 18:25:32.379799 dv-cinder-784623-14-smb devstack@c-api.service[99897]: DEBUG oslo_db.sqlalchemy.engines [None req-700ac691-9175-4650-a40d-84d2261ac13c tempest-GroupSnapshotsTest-1517253235 tempest-GroupSnapshotsTest-1517253235-project] MySQL server mode set to STRICT_TRANS_TABLES,STRICT_ALL_TABLES,NO_ZERO_IN_DATE,NO_ZERO_DATE,ERROR_FOR_DIVISION_BY_ZERO,TRADITIONAL,NO_ENGINE_SUBSTITUTION {{(pid=99897) _check_effective_sql_mode /usr/local/lib/python3.8/dist-packages/oslo_db/sqlalchemy/engines.py:314}}
Jul 28 18:25:32.382599 dv-cinder-784623-14-smb devstack@c-api.service[99898]: INFO cinder.api.openstack.wsgi [None req-dc962b6d-e6e8-4044-9ad1-d76108745ce4 tempest-VolumeTypesTest-570181737 tempest-VolumeTypesTest-570181737-project-admin] http://10.222.0.32/volume/v3/f3acf561c23f4b3d865d32126ca2729f/types/d9c77129-c195-43f4-a1c2-5613739aa048 returned with HTTP 404
