Jun 08 12:45:55.277203 dv-cinder-784477-4-smb devstack@n-api.service[117804]: DEBUG nova.policy [None req-883fc8a5-e869-407b-bd3e-ca4fb48d12c5 tempest-AttachVolumeShelveTestJSON-1740313168 tempest-AttachVolumeShelveTestJSON-1740313168-project] Policy check for os_compute_api:servers:show:host_status:unknown-only failed with credentials {'is_admin': False, 'user_id': '87ef59bead684622880bdc2658876f96', 'user_domain_id': 'default', 'system_scope': None, 'domain_id': None, 'project_id': 'ead0603002f94534b11a88f11c5b9230', 'project_domain_id': 'default', 'roles': ['member', 'reader'], 'is_admin_project': True, 'service_user_id': None, 'service_user_domain_id': None, 'service_project_id': None, 'service_project_domain_id': None, 'service_roles': []} {{(pid=117804) authorize /opt/stack/nova/nova/policy.py:199}}
Jun 08 12:45:55.278254 dv-cinder-784477-4-smb devstack@n-api.service[117803]: [pid: 117803|app: 0|req: 52/95] 10.222.0.55 () {58 vars in 1236 bytes} [Tue Jun 8 12:45:54 2021] GET /compute/v2.1/servers/952a4e4a-9142-42c7-9bcd-d825134e8004 => generated 1322 bytes in 886 msecs (HTTP/1.1 200) 9 headers in 358 bytes (1 switches on core 0)
Jun 08 12:45:55.286978 dv-cinder-784477-4-smb devstack@n-api.service[117803]: DEBUG nova.api.openstack.wsgi [None req-0304ef80-eb1d-475d-8c96-4e963080e1de tempest-DeleteServersTestJSON-1766864557 tempest-DeleteServersTestJSON-1766864557-project] Calling method '>' {{(pid=117803) _process_stack /opt/stack/nova/nova/api/openstack/wsgi.py:513}}
Jun 08 12:45:55.288063 dv-cinder-784477-4-smb devstack@n-api.service[117803]: DEBUG nova.compute.api [None req-0304ef80-eb1d-475d-8c96-4e963080e1de tempest-DeleteServersTestJSON-1766864557 tempest-DeleteServersTestJSON-1766864557-project] [instance: d6bcacdc-119b-45a1-8e90-915b15b8e4e2] Fetching instance by UUID {{(pid=117803) get /opt/stack/nova/nova/compute/api.py:2790}}
Jun 08 12:45:55.293877 dv-cinder-784477-4-smb devstack@n-api.service[117804]: INFO nova.api.openstack.requestlog [None req-883fc8a5-e869-407b-bd3e-ca4fb48d12c5 tempest-AttachVolumeShelveTestJSON-1740313168 tempest-AttachVolumeShelveTestJSON-1740313168-project] 10.222.0.55 "GET /compute/v2.1/servers/18d34ff3-d58f-4a98-af80-00c97fa4806d" status: 200 len: 1598 microversion: 2.20 time: 0.377061
Jun 08 12:45:55.298996 dv-cinder-784477-4-smb devstack@n-api.service[117803]: DEBUG oslo_concurrency.lockutils [None req-0304ef80-eb1d-475d-8c96-4e963080e1de tempest-DeleteServersTestJSON-1766864557 tempest-DeleteServersTestJSON-1766864557-project] Lock "d9673bba-45af-400b-ad10-a8421bdf156a" acquired by "nova.context.set_target_cell..get_or_set_cached_cell_and_set_connections" :: waited 0.000s {{(pid=117803) inner /usr/local/lib/python3.8/dist-packages/oslo_concurrency/lockutils.py:355}}
Jun 08 12:45:55.299919 dv-cinder-784477-4-smb devstack@n-api.service[117803]: DEBUG oslo_concurrency.lockutils [None req-0304ef80-eb1d-475d-8c96-4e963080e1de tempest-DeleteServersTestJSON-1766864557 tempest-DeleteServersTestJSON-1766864557-project] Lock "d9673bba-45af-400b-ad10-a8421bdf156a" released by "nova.context.set_target_cell..get_or_set_cached_cell_and_set_connections" :: held 0.001s {{(pid=117803) inner /usr/local/lib/python3.8/dist-packages/oslo_concurrency/lockutils.py:367}}
Jun 08 12:45:55.301152 dv-cinder-784477-4-smb devstack@n-api.service[117803]: DEBUG oslo_concurrency.lockutils [None req-0304ef80-eb1d-475d-8c96-4e963080e1de tempest-DeleteServersTestJSON-1766864557 tempest-DeleteServersTestJSON-1766864557-project] Lock "d9673bba-45af-400b-ad10-a8421bdf156a" acquired by "nova.context.set_target_cell..get_or_set_cached_cell_and_set_connections" :: waited 0.000s {{(pid=117803) inner /usr/local/lib/python3.8/dist-packages/oslo_concurrency/lockutils.py:355}}
Jun 08 12:45:55.301840 dv-cinder-784477-4-smb devstack@n-api.service[117803]: DEBUG oslo_concurrency.lockutils [None req-0304ef80-eb1d-475d-8c96-4e963080e1de tempest-DeleteServersTestJSON-1766864557 tempest-DeleteServersTestJSON-1766864557-project] Lock "d9673bba-45af-400b-ad10-a8421bdf156a" released by "nova.context.set_target_cell..get_or_set_cached_cell_and_set_connections" :: held 0.001s {{(pid=117803) inner /usr/local/lib/python3.8/dist-packages/oslo_concurrency/lockutils.py:367}}
Jun 08 12:45:55.308691 dv-cinder-784477-4-smb devstack@n-api.service[117804]: [pid: 117804|app: 0|req: 44/96] 10.222.0.55 () {60 vars in 1277 bytes} [Tue Jun 8 12:45:54 2021] GET /compute/v2.1/servers/18d34ff3-d58f-4a98-af80-00c97fa4806d => generated 1598 bytes in 392 msecs (HTTP/1.1 200) 9 headers in 360 bytes (1 switches on core 0)
Jun 08 12:45:55.316569 dv-cinder-784477-4-smb devstack@n-api.service[117804]: DEBUG nova.api.openstack.wsgi [None req-477c97d6-64be-4afb-aed9-787d135bf885 tempest-AttachVolumeTestJSON-659904586 tempest-AttachVolumeTestJSON-659904586-project] Action: 'action', calling method: >, body: {"os-getConsoleOutput": {}} {{(pid=117804) _process_stack /opt/stack/nova/nova/api/openstack/wsgi.py:511}}
Jun 08 12:45:55.323772 dv-cinder-784477-4-smb devstack@n-api.service[117804]: DEBUG nova.compute.api [None req-477c97d6-64be-4afb-aed9-787d135bf885 tempest-AttachVolumeTestJSON-659904586 tempest-AttachVolumeTestJSON-659904586-project] [instance: ec0912c8-8cf2-4fda-8d98-ef58042ba8f6] Fetching instance by UUID {{(pid=117804) get /opt/stack/nova/nova/compute/api.py:2790}}
Jun 08 12:45:55.340386 dv-cinder-784477-4-smb devstack@n-api.service[117804]: DEBUG oslo_concurrency.lockutils [None req-477c97d6-64be-4afb-aed9-787d135bf885 tempest-AttachVolumeTestJSON-659904586 tempest-AttachVolumeTestJSON-659904586-project] Lock "d9673bba-45af-400b-ad10-a8421bdf156a" acquired by "nova.context.set_target_cell..get_or_set_cached_cell_and_set_connections" :: waited 0.000s {{(pid=117804) inner /usr/local/lib/python3.8/dist-packages/oslo_concurrency/lockutils.py:355}}
Jun 08 12:45:55.341078 dv-cinder-784477-4-smb devstack@n-api.service[117804]: DEBUG oslo_concurrency.lockutils [None req-477c97d6-64be-4afb-aed9-787d135bf885 tempest-AttachVolumeTestJSON-659904586 tempest-AttachVolumeTestJSON-659904586-project] Lock "d9673bba-45af-400b-ad10-a8421bdf156a" released by "nova.context.set_target_cell..get_or_set_cached_cell_and_set_connections" :: held 0.001s {{(pid=117804) inner /usr/local/lib/python3.8/dist-packages/oslo_concurrency/lockutils.py:367}}
Jun 08 12:45:55.342054 dv-cinder-784477-4-smb devstack@n-api.service[117804]: DEBUG oslo_concurrency.lockutils [None req-477c97d6-64be-4afb-aed9-787d135bf885 tempest-AttachVolumeTestJSON-659904586 tempest-AttachVolumeTestJSON-659904586-project] Lock "d9673bba-45af-400b-ad10-a8421bdf156a" acquired by "nova.context.set_target_cell..get_or_set_cached_cell_and_set_connections" :: waited 0.000s {{(pid=117804) inner /usr/local/lib/python3.8/dist-packages/oslo_concurrency/lockutils.py:355}}
Jun 08 12:45:55.343283 dv-cinder-784477-4-smb devstack@n-api.service[117804]: DEBUG oslo_concurrency.lockutils [None req-477c97d6-64be-4afb-aed9-787d135bf885 tempest-AttachVolumeTestJSON-659904586 tempest-AttachVolumeTestJSON-659904586-project] Lock "d9673bba-45af-400b-ad10-a8421bdf156a" released by "nova.context.set_target_cell..get_or_set_cached_cell_and_set_connections" :: held 0.001s {{(pid=117804) inner /usr/local/lib/python3.8/dist-packages/oslo_concurrency/lockutils.py:367}}
Jun 08 12:45:55.517888 dv-cinder-784477-4-smb devstack@n-api.service[117804]: INFO nova.api.openstack.requestlog [None req-477c97d6-64be-4afb-aed9-787d135bf885 tempest-AttachVolumeTestJSON-659904586 tempest-AttachVolumeTestJSON-659904586-project] 10.222.0.55 "POST /compute/v2.1/servers/ec0912c8-8cf2-4fda-8d98-ef58042ba8f6/action" status: 200 len: 14 microversion: 2.1 time: 0.207008
Jun 08 12:45:55.518785 dv-cinder-784477-4-smb devstack@n-api.service[117804]: [pid: 117804|app: 0|req: 45/97] 10.222.0.55 () {60 vars in 1278 bytes} [Tue Jun 8 12:45:55 2021] POST /compute/v2.1/servers/ec0912c8-8cf2-4fda-8d98-ef58042ba8f6/action => generated 14 bytes in 210 msecs (HTTP/1.1 200) 9 headers in 356 bytes (1 switches on core 0)
Jun 08 12:45:55.524794 dv-cinder-784477-4-smb devstack@n-api.service[117804]: DEBUG nova.api.openstack.wsgi [req-a80bf126-bfa7-432f-bc0a-66f74cdace28 req-b5a1dc2d-7e0b-4f2c-86d2-b75e0c8527de service nova] Action: 'create', calling method: >, body: {"events": [{"name": "network-changed", "server_uuid": "ec0912c8-8cf2-4fda-8d98-ef58042ba8f6", "tag": "a3c7b044-f74a-421e-bce9-7a296dfe2cf8"}]} {{(pid=117804) _process_stack /opt/stack/nova/nova/api/openstack/wsgi.py:511}}
Jun 08 12:45:55.526597 dv-cinder-784477-4-smb devstack@n-api.service[117804]: /usr/local/lib/python3.8/dist-packages/oslo_policy/policy.py:1064: UserWarning: Policy os_compute_api:os-server-external-events:create failed scope check. The token used to make the request was project scoped but the policy requires ['system'] scope. This behavior may change in the future where using the intended scope is required
Jun 08 12:45:55.526597 dv-cinder-784477-4-smb devstack@n-api.service[117804]: warnings.warn(msg)
Jun 08 12:45:55.547503 dv-cinder-784477-4-smb devstack@n-api.service[117804]: DEBUG oslo_concurrency.lockutils [req-a80bf126-bfa7-432f-bc0a-66f74cdace28 req-b5a1dc2d-7e0b-4f2c-86d2-b75e0c8527de service nova] Lock "d9673bba-45af-400b-ad10-a8421bdf156a" acquired by "nova.context.set_target_cell..get_or_set_cached_cell_and_set_connections" :: waited 0.000s {{(pid=117804) inner /usr/local/lib/python3.8/dist-packages/oslo_concurrency/lockutils.py:355}}
Jun 08 12:45:55.549547 dv-cinder-784477-4-smb devstack@n-api.service[117804]: DEBUG oslo_concurrency.lockutils [req-a80bf126-bfa7-432f-bc0a-66f74cdace28 req-b5a1dc2d-7e0b-4f2c-86d2-b75e0c8527de service nova] Lock "d9673bba-45af-400b-ad10-a8421bdf156a" released by "nova.context.set_target_cell..get_or_set_cached_cell_and_set_connections" :: held 0.001s {{(pid=117804) inner /usr/local/lib/python3.8/dist-packages/oslo_concurrency/lockutils.py:367}}
Jun 08 12:45:55.585559 dv-cinder-784477-4-smb devstack@n-api.service[117804]: INFO nova.api.openstack.compute.server_external_events [req-a80bf126-bfa7-432f-bc0a-66f74cdace28 req-b5a1dc2d-7e0b-4f2c-86d2-b75e0c8527de service nova] Creating event network-changed:a3c7b044-f74a-421e-bce9-7a296dfe2cf8 for instance ec0912c8-8cf2-4fda-8d98-ef58042ba8f6 on hv-cinder-78447
Jun 08 12:45:55.591916 dv-cinder-784477-4-smb devstack@n-api.service[117804]: INFO nova.api.openstack.requestlog [req-a80bf126-bfa7-432f-bc0a-66f74cdace28 req-b5a1dc2d-7e0b-4f2c-86d2-b75e0c8527de service nova] 10.222.0.55 "POST /compute/v2.1/os-server-external-events" status: 200 len: 179 microversion: 2.1 time: 0.071234
Jun 08 12:45:55.593151 dv-cinder-784477-4-smb devstack@n-api.service[117804]: [pid: 117804|app: 0|req: 46/98] 10.222.0.55 () {64 vars in 1318 bytes} [Tue Jun 8 12:45:55 2021] POST /compute/v2.1/os-server-external-events => generated 179 bytes in 73 msecs (HTTP/1.1 200) 9 headers in 357 bytes (1 switches on core 0)
Jun 08 12:45:55.617169 dv-cinder-784477-4-smb devstack@n-api.service[117804]: DEBUG nova.api.openstack.wsgi [None req-7702f815-29fc-4136-84e3-ebe0eb733f43 tempest-AttachVolumeShelveTestJSON-1740313168 tempest-AttachVolumeShelveTestJSON-1740313168-project] Calling method '>' {{(pid=117804) _process_stack /opt/stack/nova/nova/api/openstack/wsgi.py:513}}
Jun 08 12:45:55.624261 dv-cinder-784477-4-smb devstack@n-api.service[117804]: DEBUG nova.compute.api [None req-7702f815-29fc-4136-84e3-ebe0eb733f43 tempest-AttachVolumeShelveTestJSON-1740313168 tempest-AttachVolumeShelveTestJSON-1740313168-project] [instance: 18d34ff3-d58f-4a98-af80-00c97fa4806d] Fetching instance by UUID {{(pid=117804) get /opt/stack/nova/nova/compute/api.py:2790}}
Jun 08 12:45:55.635500 dv-cinder-784477-4-smb devstack@n-api.service[117804]: DEBUG oslo_concurrency.lockutils [None req-7702f815-29fc-4136-84e3-ebe0eb733f43 tempest-AttachVolumeShelveTestJSON-1740313168 tempest-AttachVolumeShelveTestJSON-1740313168-project] Lock "d9673bba-45af-400b-ad10-a8421bdf156a" acquired by "nova.context.set_target_cell..get_or_set_cached_cell_and_set_connections" :: waited 0.000s {{(pid=117804) inner /usr/local/lib/python3.8/dist-packages/oslo_concurrency/lockutils.py:355}}
Jun 08 12:45:55.643303 dv-cinder-784477-4-smb devstack@n-api.service[117804]: DEBUG oslo_concurrency.lockutils [None req-7702f815-29fc-4136-84e3-ebe0eb733f43 tempest-AttachVolumeShelveTestJSON-1740313168 tempest-AttachVolumeShelveTestJSON-1740313168-project] Lock "d9673bba-45af-400b-ad10-a8421bdf156a" released by "nova.context.set_target_cell..get_or_set_cached_cell_and_set_connections" :: held 0.001s {{(pid=117804) inner /usr/local/lib/python3.8/dist-packages/oslo_concurrency/lockutils.py:367}}
Jun 08 12:45:55.644391 dv-cinder-784477-4-smb devstack@n-api.service[117804]: DEBUG oslo_concurrency.lockutils [None req-7702f815-29fc-4136-84e3-ebe0eb733f43 tempest-AttachVolumeShelveTestJSON-1740313168 tempest-AttachVolumeShelveTestJSON-1740313168-project] Lock "d9673bba-45af-400b-ad10-a8421bdf156a" acquired by "nova.context.set_target_cell..get_or_set_cached_cell_and_set_connections" :: waited 0.000s {{(pid=117804) inner /usr/local/lib/python3.8/dist-packages/oslo_concurrency/lockutils.py:355}}
Jun 08 12:45:55.644859 dv-cinder-784477-4-smb devstack@n-api.service[117804]: DEBUG oslo_concurrency.lockutils [None req-7702f815-29fc-4136-84e3-ebe0eb733f43 tempest-AttachVolumeShelveTestJSON-1740313168 tempest-AttachVolumeShelveTestJSON-1740313168-project] Lock "d9673bba-45af-400b-ad10-a8421bdf156a" released by "nova.context.set_target_cell..get_or_set_cached_cell_and_set_connections" :: held 0.001s {{(pid=117804) inner /usr/local/lib/python3.8/dist-packages/oslo_concurrency/lockutils.py:367}}
Jun 08 12:45:56.086281 dv-cinder-784477-4-smb devstack@n-api.service[117804]: INFO nova.api.openstack.requestlog [None req-7702f815-29fc-4136-84e3-ebe0eb733f43 tempest-AttachVolumeShelveTestJSON-1740313168 tempest-AttachVolumeShelveTestJSON-1740313168-project] 10.222.0.55 "GET /compute/v2.1/servers/18d34ff3-d58f-4a98-af80-00c97fa4806d/os-interface" status: 200 len: 285 microversion: 2.20 time: 0.491859
Jun 08 12:45:56.093742 dv-cinder-784477-4-smb devstack@n-api.service[117804]: [pid: 117804|app: 0|req: 47/99] 10.222.0.55 () {60 vars in 1316 bytes} [Tue Jun 8 12:45:55 2021] GET /compute/v2.1/servers/18d34ff3-d58f-4a98-af80-00c97fa4806d/os-interface => generated 285 bytes in 500 msecs (HTTP/1.1 200) 9 headers in 359 bytes (1 switches on core 0)
Jun 08 12:45:56.288449 dv-cinder-784477-4-smb devstack@n-api.service[117803]: DEBUG nova.policy [None req-0304ef80-eb1d-475d-8c96-4e963080e1de tempest-DeleteServersTestJSON-1766864557 tempest-DeleteServersTestJSON-1766864557-project] Policy check for os_compute_api:os-extended-server-attributes failed with credentials {'is_admin': False, 'user_id': 'd671ea53c88a4ab88680fcfdd4ec0fb1', 'user_domain_id': 'default', 'system_scope': None, 'domain_id': None, 'project_id': '29f2f495e1134799851b2a1e0c4fc266', 'project_domain_id': 'default', 'roles': ['member', 'reader'], 'is_admin_project': True, 'service_user_id': None, 'service_user_domain_id': None, 'service_project_id': None, 'service_project_domain_id': None, 'service_roles': []} {{(pid=117803) authorize /opt/stack/nova/nova/policy.py:199}}
Jun 08 12:45:56.293654 dv-cinder-784477-4-smb devstack@n-api.service[117804]: DEBUG nova.api.openstack.wsgi [None req-fb90e588-34e7-4f4f-b351-026b1280ffdb tempest-ServerRescueNegativeTestJSON-1056570391 tempest-ServerRescueNegativeTestJSON-1056570391-project] Calling method '>' {{(pid=117804) _process_stack /opt/stack/nova/nova/api/openstack/wsgi.py:513}}
Jun 08 12:45:56.294337 dv-cinder-784477-4-smb devstack@n-api.service[117804]: DEBUG nova.compute.api [None req-fb90e588-34e7-4f4f-b351-026b1280ffdb tempest-ServerRescueNegativeTestJSON-1056570391 tempest-ServerRescueNegativeTestJSON-1056570391-project] [instance: 952a4e4a-9142-42c7-9bcd-d825134e8004] Fetching instance by UUID {{(pid=117804) get /opt/stack/nova/nova/compute/api.py:2790}}
Jun 08 12:45:56.307225 dv-cinder-784477-4-smb devstack@n-api.service[117803]: INFO nova.api.openstack.requestlog [None req-0304ef80-eb1d-475d-8c96-4e963080e1de tempest-DeleteServersTestJSON-1766864557 tempest-DeleteServersTestJSON-1766864557-project] 10.222.0.55 "GET /compute/v2.1/servers/d6bcacdc-119b-45a1-8e90-915b15b8e4e2" status: 200 len: 1553 microversion: 2.1 time: 1.027263
Jun 08 12:45:56.308440 dv-cinder-784477-4-smb devstack@n-api.service[117804]: DEBUG oslo_concurrency.lockutils [None req-fb90e588-34e7-4f4f-b351-026b1280ffdb tempest-ServerRescueNegativeTestJSON-1056570391 tempest-ServerRescueNegativeTestJSON-1056570391-project] Lock "d9673bba-45af-400b-ad10-a8421bdf156a" acquired by "nova.context.set_target_cell..get_or_set_cached_cell_and_set_connections" :: waited 0.000s {{(pid=117804) inner /usr/local/lib/python3.8/dist-packages/oslo_concurrency/lockutils.py:355}}
Jun 08 12:45:56.308905 dv-cinder-784477-4-smb devstack@n-api.service[117804]: DEBUG oslo_concurrency.lockutils [None req-fb90e588-34e7-4f4f-b351-026b1280ffdb tempest-ServerRescueNegativeTestJSON-1056570391 tempest-ServerRescueNegativeTestJSON-1056570391-project] Lock "d9673bba-45af-400b-ad10-a8421bdf156a" released by "nova.context.set_target_cell..get_or_set_cached_cell_and_set_connections" :: held 0.001s {{(pid=117804) inner /usr/local/lib/python3.8/dist-packages/oslo_concurrency/lockutils.py:367}}
Jun 08 12:45:56.309725 dv-cinder-784477-4-smb devstack@n-api.service[117804]: DEBUG oslo_concurrency.lockutils [None req-fb90e588-34e7-4f4f-b351-026b1280ffdb tempest-ServerRescueNegativeTestJSON-1056570391 tempest-ServerRescueNegativeTestJSON-1056570391-project] Lock "d9673bba-45af-400b-ad10-a8421bdf156a" acquired by "nova.context.set_target_cell..get_or_set_cached_cell_and_set_connections" :: waited 0.000s {{(pid=117804) inner /usr/local/lib/python3.8/dist-packages/oslo_concurrency/lockutils.py:355}}
Jun 08 12:45:56.310171 dv-cinder-784477-4-smb devstack@n-api.service[117804]: DEBUG oslo_concurrency.lockutils [None req-fb90e588-34e7-4f4f-b351-026b1280ffdb tempest-ServerRescueNegativeTestJSON-1056570391 tempest-ServerRescueNegativeTestJSON-1056570391-project] Lock "d9673bba-45af-400b-ad10-a8421bdf156a" released by "nova.context.set_target_cell..get_or_set_cached_cell_and_set_connections" :: held 0.000s {{(pid=117804) inner /usr/local/lib/python3.8/dist-packages/oslo_concurrency/lockutils.py:367}}
Jun 08 12:45:56.325296 dv-cinder-784477-4-smb devstack@n-api.service[117803]: [pid: 117803|app: 0|req: 53/100] 10.222.0.55 () {58 vars in 1236 bytes} [Tue Jun 8 12:45:55 2021] GET /compute/v2.1/servers/d6bcacdc-119b-45a1-8e90-915b15b8e4e2 => generated 1553 bytes in 1046 msecs (HTTP/1.1 200) 9 headers in 358 bytes (1 switches on core 0)
Jun 08 12:45:56.532924 dv-cinder-784477-4-smb devstack@n-api.service[117803]: DEBUG nova.api.openstack.wsgi [None req-063279b6-7eeb-489c-a134-3cb40231b46a tempest-AttachVolumeTestJSON-659904586 tempest-AttachVolumeTestJSON-659904586-project] Action: 'action', calling method: >, body: {"os-getConsoleOutput": {}} {{(pid=117803) _process_stack /opt/stack/nova/nova/api/openstack/wsgi.py:511}}
Jun 08 12:45:56.534097 dv-cinder-784477-4-smb devstack@n-api.service[117803]: DEBUG nova.compute.api [None req-063279b6-7eeb-489c-a134-3cb40231b46a tempest-AttachVolumeTestJSON-659904586 tempest-AttachVolumeTestJSON-659904586-project] [instance: ec0912c8-8cf2-4fda-8d98-ef58042ba8f6] Fetching instance by UUID {{(pid=117803) get /opt/stack/nova/nova/compute/api.py:2790}}
Jun 08 12:45:56.571475 dv-cinder-784477-4-smb devstack@n-api.service[117803]: DEBUG oslo_concurrency.lockutils [None req-063279b6-7eeb-489c-a134-3cb40231b46a tempest-AttachVolumeTestJSON-659904586 tempest-AttachVolumeTestJSON-659904586-project] Lock "d9673bba-45af-400b-ad10-a8421bdf156a" acquired by "nova.context.set_target_cell..get_or_set_cached_cell_and_set_connections" :: waited 0.000s {{(pid=117803) inner /usr/local/lib/python3.8/dist-packages/oslo_concurrency/lockutils.py:355}}
Jun 08 12:45:56.575681 dv-cinder-784477-4-smb devstack@n-api.service[117803]: DEBUG oslo_concurrency.lockutils [None req-063279b6-7eeb-489c-a134-3cb40231b46a tempest-AttachVolumeTestJSON-659904586 tempest-AttachVolumeTestJSON-659904586-project] Lock "d9673bba-45af-400b-ad10-a8421bdf156a" released by "nova.context.set_target_cell..get_or_set_cached_cell_and_set_connections" :: held 0.001s {{(pid=117803) inner /usr/local/lib/python3.8/dist-packages/oslo_concurrency/lockutils.py:367}}
Jun 08 12:45:56.576727 dv-cinder-784477-4-smb devstack@n-api.service[117803]: DEBUG oslo_concurrency.lockutils [None req-063279b6-7eeb-489c-a134-3cb40231b46a tempest-AttachVolumeTestJSON-659904586 tempest-AttachVolumeTestJSON-659904586-project] Lock "d9673bba-45af-400b-ad10-a8421bdf156a" acquired by "nova.context.set_target_cell..get_or_set_cached_cell_and_set_connections" :: waited 0.000s {{(pid=117803) inner /usr/local/lib/python3.8/dist-packages/oslo_concurrency/lockutils.py:355}}
Jun 08 12:45:56.577285 dv-cinder-784477-4-smb devstack@n-api.service[117803]: DEBUG oslo_concurrency.lockutils [None req-063279b6-7eeb-489c-a134-3cb40231b46a tempest-AttachVolumeTestJSON-659904586 tempest-AttachVolumeTestJSON-659904586-project] Lock "d9673bba-45af-400b-ad10-a8421bdf156a" released by "nova.context.set_target_cell..get_or_set_cached_cell_and_set_connections" :: held 0.001s {{(pid=117803) inner /usr/local/lib/python3.8/dist-packages/oslo_concurrency/lockutils.py:367}}
Jun 08 12:45:56.877119 dv-cinder-784477-4-smb devstack@n-api.service[117803]: INFO nova.api.openstack.requestlog [None req-063279b6-7eeb-489c-a134-3cb40231b46a tempest-AttachVolumeTestJSON-659904586 tempest-AttachVolumeTestJSON-659904586-project] 10.222.0.55 "POST /compute/v2.1/servers/ec0912c8-8cf2-4fda-8d98-ef58042ba8f6/action" status: 200 len: 14 microversion: 2.1 time: 0.350301
Jun 08 12:45:56.879452 dv-cinder-784477-4-smb devstack@n-api.service[117803]: [pid: 117803|app: 0|req: 54/101] 10.222.0.55 () {60 vars in 1278 bytes} [Tue Jun 8 12:45:56 2021] POST /compute/v2.1/servers/ec0912c8-8cf2-4fda-8d98-ef58042ba8f6/action => generated 14 bytes in 355 msecs (HTTP/1.1 200) 9 headers in 356 bytes (2 switches on core 0)
Jun 08 12:45:57.188479 dv-cinder-784477-4-smb devstack@n-api.service[117804]: DEBUG nova.policy [None req-fb90e588-34e7-4f4f-b351-026b1280ffdb tempest-ServerRescueNegativeTestJSON-1056570391 tempest-ServerRescueNegativeTestJSON-1056570391-project] Policy check for os_compute_api:os-extended-server-attributes failed with credentials {'is_admin': False, 'user_id': '838654024d1b403db23b30a4e825f87a', 'user_domain_id': 'default', 'system_scope': None, 'domain_id': None, 'project_id': '00aaa373b9b24005b86a227449da0870', 'project_domain_id': 'default', 'roles': ['member', 'reader'], 'is_admin_project': True, 'service_user_id': None, 'service_user_domain_id': None, 'service_project_id': None, 'service_project_domain_id': None, 'service_roles': []} {{(pid=117804) authorize /opt/stack/nova/nova/policy.py:199}}
Jun 08 12:45:57.215770 dv-cinder-784477-4-smb devstack@n-api.service[117804]: INFO nova.api.openstack.requestlog [None req-fb90e588-34e7-4f4f-b351-026b1280ffdb tempest-ServerRescueNegativeTestJSON-1056570391 tempest-ServerRescueNegativeTestJSON-1056570391-project] 10.222.0.55 "GET /compute/v2.1/servers/952a4e4a-9142-42c7-9bcd-d825134e8004" status: 200 len: 1322 microversion: 2.1 time: 0.924383
Jun 08 12:45:57.221002 dv-cinder-784477-4-smb devstack@n-api.service[117804]: [pid: 117804|app: 0|req: 48/102] 10.222.0.55 () {58 vars in 1236 bytes} [Tue Jun 8 12:45:56 2021] GET /compute/v2.1/servers/952a4e4a-9142-42c7-9bcd-d825134e8004 => generated 1322 bytes in 932 msecs (HTTP/1.1 200) 9 headers in 358 bytes (1 switches on core 0)
Jun 08 12:45:57.331296 dv-cinder-784477-4-smb devstack@n-api.service[117803]: DEBUG nova.api.openstack.wsgi [None req-dcc4fcc5-bc2d-4059-a684-0b9d5ea88608 tempest-DeleteServersTestJSON-1766864557 tempest-DeleteServersTestJSON-1766864557-project] Calling method '>' {{(pid=117803) _process_stack /opt/stack/nova/nova/api/openstack/wsgi.py:513}}
Jun 08 12:45:57.332691 dv-cinder-784477-4-smb devstack@n-api.service[117803]: DEBUG nova.compute.api [None req-dcc4fcc5-bc2d-4059-a684-0b9d5ea88608 tempest-DeleteServersTestJSON-1766864557 tempest-DeleteServersTestJSON-1766864557-project] [instance: d6bcacdc-119b-45a1-8e90-915b15b8e4e2] Fetching instance by UUID {{(pid=117803) get /opt/stack/nova/nova/compute/api.py:2790}}
Jun 08 12:45:57.356608 dv-cinder-784477-4-smb devstack@n-api.service[117803]: DEBUG oslo_concurrency.lockutils [None req-dcc4fcc5-bc2d-4059-a684-0b9d5ea88608 tempest-DeleteServersTestJSON-1766864557 tempest-DeleteServersTestJSON-1766864557-project] Lock "d9673bba-45af-400b-ad10-a8421bdf156a" acquired by "nova.context.set_target_cell..get_or_set_cached_cell_and_set_connections" :: waited 0.000s {{(pid=117803) inner /usr/local/lib/python3.8/dist-packages/oslo_concurrency/lockutils.py:355}}
Jun 08 12:45:57.358495 dv-cinder-784477-4-smb devstack@n-api.service[117803]: DEBUG oslo_concurrency.lockutils [None req-dcc4fcc5-bc2d-4059-a684-0b9d5ea88608 tempest-DeleteServersTestJSON-1766864557 tempest-DeleteServersTestJSON-1766864557-project] Lock "d9673bba-45af-400b-ad10-a8421bdf156a" released by "nova.context.set_target_cell..get_or_set_cached_cell_and_set_connections" :: held 0.004s {{(pid=117803) inner /usr/local/lib/python3.8/dist-packages/oslo_concurrency/lockutils.py:367}}
Jun 08 12:45:57.361566 dv-cinder-784477-4-smb devstack@n-api.service[117803]: DEBUG oslo_concurrency.lockutils [None req-dcc4fcc5-bc2d-4059-a684-0b9d5ea88608 tempest-DeleteServersTestJSON-1766864557 tempest-DeleteServersTestJSON-1766864557-project] Lock "d9673bba-45af-400b-ad10-a8421bdf156a" acquired by "nova.context.set_target_cell..get_or_set_cached_cell_and_set_connections" :: waited 0.000s {{(pid=117803) inner /usr/local/lib/python3.8/dist-packages/oslo_concurrency/lockutils.py:355}}
Jun 08 12:45:57.365021 dv-cinder-784477-4-smb devstack@n-api.service[117803]: DEBUG oslo_concurrency.lockutils [None req-dcc4fcc5-bc2d-4059-a684-0b9d5ea88608 tempest-DeleteServersTestJSON-1766864557 tempest-DeleteServersTestJSON-1766864557-project] Lock "d9673bba-45af-400b-ad10-a8421bdf156a" released by "nova.context.set_target_cell..get_or_set_cached_cell_and_set_connections" :: held 0.003s {{(pid=117803) inner /usr/local/lib/python3.8/dist-packages/oslo_concurrency/lockutils.py:367}}
Jun 08 12:45:57.602451 dv-cinder-784477-4-smb devstack@n-api.service[117803]: DEBUG oslo_concurrency.lockutils [None req-dcc4fcc5-bc2d-4059-a684-0b9d5ea88608 tempest-DeleteServersTestJSON-1766864557 tempest-DeleteServersTestJSON-1766864557-project] Lock "d9673bba-45af-400b-ad10-a8421bdf156a" acquired by "nova.context.set_target_cell..get_or_set_cached_cell_and_set_connections" :: waited 0.000s {{(pid=117803) inner /usr/local/lib/python3.8/dist-packages/oslo_concurrency/lockutils.py:355}}
Jun 08 12:45:57.604084 dv-cinder-784477-4-smb devstack@n-api.service[117803]: DEBUG oslo_concurrency.lockutils [None req-dcc4fcc5-bc2d-4059-a684-0b9d5ea88608 tempest-DeleteServersTestJSON-1766864557 tempest-DeleteServersTestJSON-1766864557-project] Lock "d9673bba-45af-400b-ad10-a8421bdf156a" released by "nova.context.set_target_cell..get_or_set_cached_cell_and_set_connections" :: held 0.001s {{(pid=117803) inner /usr/local/lib/python3.8/dist-packages/oslo_concurrency/lockutils.py:367}}
Jun 08 12:45:57.605086 dv-cinder-784477-4-smb devstack@n-api.service[117803]: DEBUG nova.objects.instance [None req-dcc4fcc5-bc2d-4059-a684-0b9d5ea88608 tempest-DeleteServersTestJSON-1766864557 tempest-DeleteServersTestJSON-1766864557-project] Lazy-loading 'fault' on Instance uuid d6bcacdc-119b-45a1-8e90-915b15b8e4e2 {{(pid=117803) obj_load_attr /opt/stack/nova/nova/objects/instance.py:1098}}
Jun 08 12:45:57.658809 dv-cinder-784477-4-smb devstack@n-api.service[117804]: DEBUG nova.api.openstack.wsgi [req-228a1db1-3a53-4562-a98d-67466dec018f req-aecfb2de-39f0-46e4-84b2-3e254682f535 service nova] Action: 'create', calling method: >, body: {"events": [{"server_uuid": "d6bcacdc-119b-45a1-8e90-915b15b8e4e2", "name": "network-vif-deleted", "tag": "da33601c-773e-46b5-95f1-c2a144c84027"}]} {{(pid=117804) _process_stack /opt/stack/nova/nova/api/openstack/wsgi.py:511}}
Jun 08 12:45:57.663798 dv-cinder-784477-4-smb devstack@n-api.service[117804]: /usr/local/lib/python3.8/dist-packages/oslo_policy/policy.py:1064: UserWarning: Policy os_compute_api:os-server-external-events:create failed scope check. The token used to make the request was project scoped but the policy requires ['system'] scope. This behavior may change in the future where using the intended scope is required
Jun 08 12:45:57.663798 dv-cinder-784477-4-smb devstack@n-api.service[117804]: warnings.warn(msg)
Jun 08 12:45:57.693249 dv-cinder-784477-4-smb devstack@n-api.service[117804]: DEBUG oslo_concurrency.lockutils [req-228a1db1-3a53-4562-a98d-67466dec018f req-aecfb2de-39f0-46e4-84b2-3e254682f535 service nova] Lock "d9673bba-45af-400b-ad10-a8421bdf156a" acquired by "nova.context.set_target_cell..get_or_set_cached_cell_and_set_connections" :: waited 0.000s {{(pid=117804) inner /usr/local/lib/python3.8/dist-packages/oslo_concurrency/lockutils.py:355}}
Jun 08 12:45:57.693801 dv-cinder-784477-4-smb devstack@n-api.service[117804]: DEBUG oslo_concurrency.lockutils [req-228a1db1-3a53-4562-a98d-67466dec018f req-aecfb2de-39f0-46e4-84b2-3e254682f535 service nova] Lock "d9673bba-45af-400b-ad10-a8421bdf156a" released by "nova.context.set_target_cell..get_or_set_cached_cell_and_set_connections" :: held 0.001s {{(pid=117804) inner /usr/local/lib/python3.8/dist-packages/oslo_concurrency/lockutils.py:367}}
Jun 08 12:45:57.763810 dv-cinder-784477-4-smb devstack@n-api.service[117804]: INFO nova.api.openstack.compute.server_external_events [req-228a1db1-3a53-4562-a98d-67466dec018f req-aecfb2de-39f0-46e4-84b2-3e254682f535 service nova] Creating event network-vif-deleted:da33601c-773e-46b5-95f1-c2a144c84027 for instance d6bcacdc-119b-45a1-8e90-915b15b8e4e2 on hv-cinder-78447
Jun 08 12:45:57.803896 dv-cinder-784477-4-smb devstack@n-api.service[117804]: INFO nova.api.openstack.requestlog [req-228a1db1-3a53-4562-a98d-67466dec018f req-aecfb2de-39f0-46e4-84b2-3e254682f535 service nova] 10.222.0.55 "POST /compute/v2.1/os-server-external-events" status: 200 len: 183 microversion: 2.1 time: 0.139487
Jun 08 12:45:57.815933 dv-cinder-784477-4-smb devstack@n-api.service[117804]: [pid: 117804|app: 0|req: 49/103] 10.222.0.55 () {64 vars in 1318 bytes} [Tue Jun 8 12:45:57 2021] POST /compute/v2.1/os-server-external-events => generated 183 bytes in 162 msecs (HTTP/1.1 200) 9 headers in 357 bytes (2 switches on core 0)
Jun 08 12:45:57.896153 dv-cinder-784477-4-smb devstack@n-api.service[117804]: DEBUG nova.api.openstack.wsgi [None req-1408caaa-d3a8-4c67-a446-ed540476dd7d tempest-AttachVolumeTestJSON-659904586 tempest-AttachVolumeTestJSON-659904586-project] Action: 'action', calling method: >, body: {"os-getConsoleOutput": {}} {{(pid=117804) _process_stack /opt/stack/nova/nova/api/openstack/wsgi.py:511}}
Jun 08 12:45:57.898676 dv-cinder-784477-4-smb devstack@n-api.service[117804]: DEBUG nova.compute.api [None req-1408caaa-d3a8-4c67-a446-ed540476dd7d tempest-AttachVolumeTestJSON-659904586 tempest-AttachVolumeTestJSON-659904586-project] [instance: ec0912c8-8cf2-4fda-8d98-ef58042ba8f6] Fetching instance by UUID {{(pid=117804) get /opt/stack/nova/nova/compute/api.py:2790}}
Jun 08 12:45:57.966273 dv-cinder-784477-4-smb devstack@n-api.service[117804]: DEBUG oslo_concurrency.lockutils [None req-1408caaa-d3a8-4c67-a446-ed540476dd7d tempest-AttachVolumeTestJSON-659904586 tempest-AttachVolumeTestJSON-659904586-project] Lock "d9673bba-45af-400b-ad10-a8421bdf156a" acquired by "nova.context.set_target_cell..get_or_set_cached_cell_and_set_connections" :: waited 0.000s {{(pid=117804) inner /usr/local/lib/python3.8/dist-packages/oslo_concurrency/lockutils.py:355}}
Jun 08 12:45:57.973777 dv-cinder-784477-4-smb devstack@n-api.service[117804]: DEBUG oslo_concurrency.lockutils [None req-1408caaa-d3a8-4c67-a446-ed540476dd7d tempest-AttachVolumeTestJSON-659904586 tempest-AttachVolumeTestJSON-659904586-project] Lock "d9673bba-45af-400b-ad10-a8421bdf156a" released by "nova.context.set_target_cell..get_or_set_cached_cell_and_set_connections" :: held 0.004s {{(pid=117804) inner /usr/local/lib/python3.8/dist-packages/oslo_concurrency/lockutils.py:367}}
Jun 08 12:45:57.975533 dv-cinder-784477-4-smb devstack@n-api.service[117804]: DEBUG oslo_concurrency.lockutils [None req-1408caaa-d3a8-4c67-a446-ed540476dd7d tempest-AttachVolumeTestJSON-659904586 tempest-AttachVolumeTestJSON-659904586-project] Lock "d9673bba-45af-400b-ad10-a8421bdf156a" acquired by "nova.context.set_target_cell..get_or_set_cached_cell_and_set_connections" :: waited 0.000s {{(pid=117804) inner /usr/local/lib/python3.8/dist-packages/oslo_concurrency/lockutils.py:355}}
Jun 08 12:45:57.979523 dv-cinder-784477-4-smb devstack@n-api.service[117804]: DEBUG oslo_concurrency.lockutils [None req-1408caaa-d3a8-4c67-a446-ed540476dd7d tempest-AttachVolumeTestJSON-659904586 tempest-AttachVolumeTestJSON-659904586-project] Lock "d9673bba-45af-400b-ad10-a8421bdf156a" released by "nova.context.set_target_cell..get_or_set_cached_cell_and_set_connections" :: held 0.001s {{(pid=117804) inner /usr/local/lib/python3.8/dist-packages/oslo_concurrency/lockutils.py:367}}
Jun 08 12:45:58.065187 dv-cinder-784477-4-smb devstack@n-api.service[117803]: DEBUG nova.policy [None req-dcc4fcc5-bc2d-4059-a684-0b9d5ea88608 tempest-DeleteServersTestJSON-1766864557 tempest-DeleteServersTestJSON-1766864557-project] Policy check for os_compute_api:os-extended-server-attributes failed with credentials {'is_admin': False, 'user_id': 'd671ea53c88a4ab88680fcfdd4ec0fb1', 'user_domain_id': 'default', 'system_scope': None, 'domain_id': None, 'project_id': '29f2f495e1134799851b2a1e0c4fc266', 'project_domain_id': 'default', 'roles': ['member', 'reader'], 'is_admin_project': True, 'service_user_id': None, 'service_user_domain_id': None, 'service_project_id': None, 'service_project_domain_id': None, 'service_roles': []} {{(pid=117803) authorize /opt/stack/nova/nova/policy.py:199}}
Jun 08 12:45:58.112387 dv-cinder-784477-4-smb devstack@n-api.service[117803]: INFO nova.api.openstack.requestlog [None req-dcc4fcc5-bc2d-4059-a684-0b9d5ea88608 tempest-DeleteServersTestJSON-1766864557 tempest-DeleteServersTestJSON-1766864557-project] 10.222.0.55 "GET /compute/v2.1/servers/d6bcacdc-119b-45a1-8e90-915b15b8e4e2" status: 200 len: 1304 microversion: 2.1 time: 0.785213
Jun 08 12:45:58.119514 dv-cinder-784477-4-smb devstack@n-api.service[117803]: [pid: 117803|app: 0|req: 55/104] 10.222.0.55 () {58 vars in 1236 bytes} [Tue Jun 8 12:45:57 2021] GET /compute/v2.1/servers/d6bcacdc-119b-45a1-8e90-915b15b8e4e2 => generated 1304 bytes in 793 msecs (HTTP/1.1 200) 9 headers in 358 bytes (1 switches on core 0)
Jun 08 12:45:58.233221 dv-cinder-784477-4-smb devstack@n-api.service[117804]: INFO nova.api.openstack.requestlog [None req-1408caaa-d3a8-4c67-a446-ed540476dd7d tempest-AttachVolumeTestJSON-659904586 tempest-AttachVolumeTestJSON-659904586-project] 10.222.0.55 "POST /compute/v2.1/servers/ec0912c8-8cf2-4fda-8d98-ef58042ba8f6/action" status: 200 len: 14 microversion: 2.1 time: 0.344925
Jun 08 12:45:58.235015 dv-cinder-784477-4-smb devstack@n-api.service[117804]: [pid: 117804|app: 0|req: 50/105] 10.222.0.55 () {60 vars in 1278 bytes} [Tue Jun 8 12:45:57 2021] POST /compute/v2.1/servers/ec0912c8-8cf2-4fda-8d98-ef58042ba8f6/action => generated 14 bytes in 349 msecs (HTTP/1.1 200) 9 headers in 356 bytes (1 switches on core 0)
Jun 08 12:45:58.246927 dv-cinder-784477-4-smb devstack@n-api.service[117803]: DEBUG nova.api.openstack.wsgi [None req-374d1a8b-ad4f-46e2-91fa-e6c6ae8c005d tempest-ServerRescueNegativeTestJSON-1056570391 tempest-ServerRescueNegativeTestJSON-1056570391-project] Calling method '>' {{(pid=117803) _process_stack /opt/stack/nova/nova/api/openstack/wsgi.py:513}}
Jun 08 12:45:58.249431 dv-cinder-784477-4-smb devstack@n-api.service[117803]: DEBUG nova.compute.api [None req-374d1a8b-ad4f-46e2-91fa-e6c6ae8c005d tempest-ServerRescueNegativeTestJSON-1056570391 tempest-ServerRescueNegativeTestJSON-1056570391-project] [instance: 952a4e4a-9142-42c7-9bcd-d825134e8004] Fetching instance by UUID {{(pid=117803) get /opt/stack/nova/nova/compute/api.py:2790}}
Jun 08 12:45:58.282517 dv-cinder-784477-4-smb devstack@n-api.service[117803]: DEBUG oslo_concurrency.lockutils [None req-374d1a8b-ad4f-46e2-91fa-e6c6ae8c005d tempest-ServerRescueNegativeTestJSON-1056570391 tempest-ServerRescueNegativeTestJSON-1056570391-project] Lock "d9673bba-45af-400b-ad10-a8421bdf156a" acquired by "nova.context.set_target_cell..get_or_set_cached_cell_and_set_connections" :: waited 0.000s {{(pid=117803) inner /usr/local/lib/python3.8/dist-packages/oslo_concurrency/lockutils.py:355}}
Jun 08 12:45:58.283260 dv-cinder-784477-4-smb devstack@n-api.service[117803]: DEBUG oslo_concurrency.lockutils [None req-374d1a8b-ad4f-46e2-91fa-e6c6ae8c005d tempest-ServerRescueNegativeTestJSON-1056570391 tempest-ServerRescueNegativeTestJSON-1056570391-project] Lock "d9673bba-45af-400b-ad10-a8421bdf156a" released by "nova.context.set_target_cell..get_or_set_cached_cell_and_set_connections" :: held 0.009s {{(pid=117803) inner /usr/local/lib/python3.8/dist-packages/oslo_concurrency/lockutils.py:367}}
Jun 08 12:45:58.284237 dv-cinder-784477-4-smb devstack@n-api.service[117803]: DEBUG oslo_concurrency.lockutils [None req-374d1a8b-ad4f-46e2-91fa-e6c6ae8c005d tempest-ServerRescueNegativeTestJSON-1056570391 tempest-ServerRescueNegativeTestJSON-1056570391-project] Lock "d9673bba-45af-400b-ad10-a8421bdf156a" acquired by "nova.context.set_target_cell..get_or_set_cached_cell_and_set_connections" :: waited 0.000s {{(pid=117803) inner /usr/local/lib/python3.8/dist-packages/oslo_concurrency/lockutils.py:355}}
Jun 08 12:45:58.284775 dv-cinder-784477-4-smb devstack@n-api.service[117803]: DEBUG oslo_concurrency.lockutils [None req-374d1a8b-ad4f-46e2-91fa-e6c6ae8c005d tempest-ServerRescueNegativeTestJSON-1056570391 tempest-ServerRescueNegativeTestJSON-1056570391-project] Lock "d9673bba-45af-400b-ad10-a8421bdf156a" released by "nova.context.set_target_cell..get_or_set_cached_cell_and_set_connections" :: held 0.000s {{(pid=117803) inner /usr/local/lib/python3.8/dist-packages/oslo_concurrency/lockutils.py:367}}
Jun 08 12:45:58.889952 dv-cinder-784477-4-smb devstack@n-api.service[117803]: DEBUG nova.policy [None req-374d1a8b-ad4f-46e2-91fa-e6c6ae8c005d tempest-ServerRescueNegativeTestJSON-1056570391 tempest-ServerRescueNegativeTestJSON-1056570391-project] Policy check for os_compute_api:os-extended-server-attributes failed with credentials {'is_admin': False, 'user_id': '838654024d1b403db23b30a4e825f87a', 'user_domain_id': 'default', 'system_scope': None, 'domain_id': None, 'project_id': '00aaa373b9b24005b86a227449da0870', 'project_domain_id': 'default', 'roles': ['member', 'reader'], 'is_admin_project': True, 'service_user_id': None, 'service_user_domain_id': None, 'service_project_id': None, 'service_project_domain_id': None, 'service_roles': []} {{(pid=117803) authorize /opt/stack/nova/nova/policy.py:199}}
Jun 08 12:45:58.903211 dv-cinder-784477-4-smb devstack@n-api.service[117803]: INFO nova.api.openstack.requestlog [None req-374d1a8b-ad4f-46e2-91fa-e6c6ae8c005d tempest-ServerRescueNegativeTestJSON-1056570391 tempest-ServerRescueNegativeTestJSON-1056570391-project] 10.222.0.55 "GET /compute/v2.1/servers/952a4e4a-9142-42c7-9bcd-d825134e8004" status: 200 len: 1516 microversion: 2.1 time: 0.667020
Jun 08 12:45:58.903867 dv-cinder-784477-4-smb devstack@n-api.service[117803]: [pid: 117803|app: 0|req: 56/106] 10.222.0.55 () {58 vars in 1236 bytes} [Tue Jun 8 12:45:58 2021] GET /compute/v2.1/servers/952a4e4a-9142-42c7-9bcd-d825134e8004 => generated 1516 bytes in 670 msecs (HTTP/1.1 200) 9 headers in 358 bytes (1 switches on core 0)
Jun 08 12:45:58.921716 dv-cinder-784477-4-smb devstack@n-api.service[117804]: DEBUG nova.api.openstack.wsgi [None req-d9927ed3-5948-410a-a81f-f4d5fc46e35a tempest-ServerRescueNegativeTestJSON-1056570391 tempest-ServerRescueNegativeTestJSON-1056570391-project] Action: 'action', calling method: >, body: {"rescue": {"adminPass": "***"}} {{(pid=117804) _process_stack /opt/stack/nova/nova/api/openstack/wsgi.py:511}}
Jun 08 12:45:58.923029 dv-cinder-784477-4-smb devstack@n-api.service[117804]: DEBUG nova.compute.api [None req-d9927ed3-5948-410a-a81f-f4d5fc46e35a tempest-ServerRescueNegativeTestJSON-1056570391 tempest-ServerRescueNegativeTestJSON-1056570391-project] [instance: 952a4e4a-9142-42c7-9bcd-d825134e8004] Fetching instance by UUID {{(pid=117804) get /opt/stack/nova/nova/compute/api.py:2790}}
Jun 08 12:45:58.931453 dv-cinder-784477-4-smb devstack@n-api.service[117804]: DEBUG oslo_concurrency.lockutils [None req-d9927ed3-5948-410a-a81f-f4d5fc46e35a tempest-ServerRescueNegativeTestJSON-1056570391 tempest-ServerRescueNegativeTestJSON-1056570391-project] Lock "d9673bba-45af-400b-ad10-a8421bdf156a" acquired by "nova.context.set_target_cell..get_or_set_cached_cell_and_set_connections" :: waited 0.000s {{(pid=117804) inner /usr/local/lib/python3.8/dist-packages/oslo_concurrency/lockutils.py:355}}
Jun 08 12:45:58.932209 dv-cinder-784477-4-smb devstack@n-api.service[117804]: DEBUG oslo_concurrency.lockutils [None req-d9927ed3-5948-410a-a81f-f4d5fc46e35a tempest-ServerRescueNegativeTestJSON-1056570391 tempest-ServerRescueNegativeTestJSON-1056570391-project] Lock "d9673bba-45af-400b-ad10-a8421bdf156a" released by "nova.context.set_target_cell..get_or_set_cached_cell_and_set_connections" :: held 0.001s {{(pid=117804) inner /usr/local/lib/python3.8/dist-packages/oslo_concurrency/lockutils.py:367}}
Jun 08 12:45:58.933307 dv-cinder-784477-4-smb devstack@n-api.service[117804]: DEBUG oslo_concurrency.lockutils [None req-d9927ed3-5948-410a-a81f-f4d5fc46e35a tempest-ServerRescueNegativeTestJSON-1056570391 tempest-ServerRescueNegativeTestJSON-1056570391-project] Lock "d9673bba-45af-400b-ad10-a8421bdf156a" acquired by "nova.context.set_target_cell..get_or_set_cached_cell_and_set_connections" :: waited 0.000s {{(pid=117804) inner /usr/local/lib/python3.8/dist-packages/oslo_concurrency/lockutils.py:355}}
Jun 08 12:45:58.933980 dv-cinder-784477-4-smb devstack@n-api.service[117804]: DEBUG oslo_concurrency.lockutils [None req-d9927ed3-5948-410a-a81f-f4d5fc46e35a tempest-ServerRescueNegativeTestJSON-1056570391 tempest-ServerRescueNegativeTestJSON-1056570391-project] Lock "d9673bba-45af-400b-ad10-a8421bdf156a" released by "nova.context.set_target_cell..get_or_set_cached_cell_and_set_connections" :: held 0.001s {{(pid=117804) inner /usr/local/lib/python3.8/dist-packages/oslo_concurrency/lockutils.py:367}}
Jun 08 12:45:59.008867 dv-cinder-784477-4-smb devstack@n-api.service[117804]: DEBUG nova.objects.instance [None req-d9927ed3-5948-410a-a81f-f4d5fc46e35a tempest-ServerRescueNegativeTestJSON-1056570391 tempest-ServerRescueNegativeTestJSON-1056570391-project] Lazy-loading 'flavor' on Instance uuid 952a4e4a-9142-42c7-9bcd-d825134e8004 {{(pid=117804) obj_load_attr /opt/stack/nova/nova/objects/instance.py:1098}}
Jun 08 12:45:59.135285 dv-cinder-784477-4-smb devstack@n-api.service[117803]: DEBUG nova.api.openstack.wsgi [None req-e7885cc6-61b4-4e9d-b038-fbc502f8f082 tempest-DeleteServersTestJSON-1766864557 tempest-DeleteServersTestJSON-1766864557-project] Calling method '>' {{(pid=117803) _process_stack /opt/stack/nova/nova/api/openstack/wsgi.py:513}}
Jun 08 12:45:59.136685 dv-cinder-784477-4-smb devstack@n-api.service[117803]: DEBUG nova.compute.api [None req-e7885cc6-61b4-4e9d-b038-fbc502f8f082 tempest-DeleteServersTestJSON-1766864557 tempest-DeleteServersTestJSON-1766864557-project] [instance: d6bcacdc-119b-45a1-8e90-915b15b8e4e2] Fetching instance by UUID {{(pid=117803) get /opt/stack/nova/nova/compute/api.py:2790}}
Jun 08 12:45:59.155252 dv-cinder-784477-4-smb devstack@n-api.service[117803]: DEBUG oslo_concurrency.lockutils [None req-e7885cc6-61b4-4e9d-b038-fbc502f8f082 tempest-DeleteServersTestJSON-1766864557 tempest-DeleteServersTestJSON-1766864557-project] Lock "d9673bba-45af-400b-ad10-a8421bdf156a" acquired by "nova.context.set_target_cell..get_or_set_cached_cell_and_set_connections" :: waited 0.000s {{(pid=117803) inner /usr/local/lib/python3.8/dist-packages/oslo_concurrency/lockutils.py:355}}
Jun 08 12:45:59.156488 dv-cinder-784477-4-smb devstack@n-api.service[117803]: DEBUG oslo_concurrency.lockutils [None req-e7885cc6-61b4-4e9d-b038-fbc502f8f082 tempest-DeleteServersTestJSON-1766864557 tempest-DeleteServersTestJSON-1766864557-project] Lock "d9673bba-45af-400b-ad10-a8421bdf156a" released by "nova.context.set_target_cell..get_or_set_cached_cell_and_set_connections" :: held 0.002s {{(pid=117803) inner /usr/local/lib/python3.8/dist-packages/oslo_concurrency/lockutils.py:367}}
Jun 08 12:45:59.158600 dv-cinder-784477-4-smb devstack@n-api.service[117803]: DEBUG oslo_concurrency.lockutils [None req-e7885cc6-61b4-4e9d-b038-fbc502f8f082 tempest-DeleteServersTestJSON-1766864557 tempest-DeleteServersTestJSON-1766864557-project] Lock "d9673bba-45af-400b-ad10-a8421bdf156a" acquired by "nova.context.set_target_cell..get_or_set_cached_cell_and_set_connections" :: waited 0.000s {{(pid=117803) inner /usr/local/lib/python3.8/dist-packages/oslo_concurrency/lockutils.py:355}}
Jun 08 12:45:59.160557 dv-cinder-784477-4-smb devstack@n-api.service[117803]: DEBUG oslo_concurrency.lockutils [None req-e7885cc6-61b4-4e9d-b038-fbc502f8f082 tempest-DeleteServersTestJSON-1766864557 tempest-DeleteServersTestJSON-1766864557-project] Lock "d9673bba-45af-400b-ad10-a8421bdf156a" released by "nova.context.set_target_cell..get_or_set_cached_cell_and_set_connections" :: held 0.000s {{(pid=117803) inner /usr/local/lib/python3.8/dist-packages/oslo_concurrency/lockutils.py:367}}
Jun 08 12:45:59.219090 dv-cinder-784477-4-smb devstack@n-api.service[117803]: INFO nova.api.openstack.wsgi [None req-e7885cc6-61b4-4e9d-b038-fbc502f8f082 tempest-DeleteServersTestJSON-1766864557 tempest-DeleteServersTestJSON-1766864557-project] HTTP exception thrown: Instance d6bcacdc-119b-45a1-8e90-915b15b8e4e2 could not be found.
Jun 08 12:45:59.220159 dv-cinder-784477-4-smb devstack@n-api.service[117803]: DEBUG nova.api.openstack.wsgi [None req-e7885cc6-61b4-4e9d-b038-fbc502f8f082 tempest-DeleteServersTestJSON-1766864557 tempest-DeleteServersTestJSON-1766864557-project] Returning 404 to user: Instance d6bcacdc-119b-45a1-8e90-915b15b8e4e2 could not be found. {{(pid=117803) __call__ /opt/stack/nova/nova/api/openstack/wsgi.py:927}}
Jun 08 12:45:59.220303 dv-cinder-784477-4-smb devstack@n-api.service[117804]: INFO nova.api.openstack.requestlog [None req-d9927ed3-5948-410a-a81f-f4d5fc46e35a tempest-ServerRescueNegativeTestJSON-1056570391 tempest-ServerRescueNegativeTestJSON-1056570391-project] 10.222.0.55 "POST /compute/v2.1/servers/952a4e4a-9142-42c7-9bcd-d825134e8004/action" status: 200 len: 32 microversion: 2.1 time: 0.303271
Jun 08 12:45:59.224913 dv-cinder-784477-4-smb devstack@n-api.service[117804]: [pid: 117804|app: 0|req: 51/107] 10.222.0.55 () {60 vars in 1278 bytes} [Tue Jun 8 12:45:58 2021] POST /compute/v2.1/servers/952a4e4a-9142-42c7-9bcd-d825134e8004/action => generated 32 bytes in 306 msecs (HTTP/1.1 200) 9 headers in 356 bytes (1 switches on core 0)
Jun 08 12:45:59.225114 dv-cinder-784477-4-smb devstack@n-api.service[117803]: INFO nova.api.openstack.requestlog [None req-e7885cc6-61b4-4e9d-b038-fbc502f8f082 tempest-DeleteServersTestJSON-1766864557 tempest-DeleteServersTestJSON-1766864557-project] 10.222.0.55 "GET /compute/v2.1/servers/d6bcacdc-119b-45a1-8e90-915b15b8e4e2" status: 404 len: 111 microversion: 2.1 time: 0.090825
Jun 08 12:45:59.228160 dv-cinder-784477-4-smb devstack@n-api.service[117803]: [pid: 117803|app: 0|req: 57/108] 10.222.0.55 () {58 vars in 1236 bytes} [Tue Jun 8 12:45:59 2021] GET /compute/v2.1/servers/d6bcacdc-119b-45a1-8e90-915b15b8e4e2 => generated 111 bytes in 98 msecs (HTTP/1.1 404) 9 headers in 379 bytes (1 switches on core 0)
Jun 08 12:45:59.236352 dv-cinder-784477-4-smb devstack@n-api.service[117804]: DEBUG nova.api.openstack.wsgi [None req-f60b3277-76f6-42fc-99a0-2492a1f5ba8a tempest-ServerRescueNegativeTestJSON-1056570391 tempest-ServerRescueNegativeTestJSON-1056570391-project] Calling method '>' {{(pid=117804) _process_stack /opt/stack/nova/nova/api/openstack/wsgi.py:513}}
Jun 08 12:45:59.237142 dv-cinder-784477-4-smb devstack@n-api.service[117804]: DEBUG nova.compute.api [None req-f60b3277-76f6-42fc-99a0-2492a1f5ba8a tempest-ServerRescueNegativeTestJSON-1056570391 tempest-ServerRescueNegativeTestJSON-1056570391-project] [instance: 952a4e4a-9142-42c7-9bcd-d825134e8004] Fetching instance by UUID {{(pid=117804) get /opt/stack/nova/nova/compute/api.py:2790}}
Jun 08 12:45:59.251774 dv-cinder-784477-4-smb devstack@n-api.service[117803]: DEBUG nova.api.openstack.wsgi [None req-8271da5f-08fd-4752-9f3a-8e214094a866 tempest-AttachVolumeTestJSON-659904586 tempest-AttachVolumeTestJSON-659904586-project] Action: 'action', calling method: >, body: {"os-getConsoleOutput": {}} {{(pid=117803) _process_stack /opt/stack/nova/nova/api/openstack/wsgi.py:511}}
Jun 08 12:45:59.253187 dv-cinder-784477-4-smb devstack@n-api.service[117803]: DEBUG nova.compute.api [None req-8271da5f-08fd-4752-9f3a-8e214094a866 tempest-AttachVolumeTestJSON-659904586 tempest-AttachVolumeTestJSON-659904586-project] [instance: ec0912c8-8cf2-4fda-8d98-ef58042ba8f6] Fetching instance by UUID {{(pid=117803) get /opt/stack/nova/nova/compute/api.py:2790}}
