Dec 22 16:52:33.986867 dv-cinder-784477-12-smb neutron-server[108905]: INFO neutron.wsgi [req-16ef49f1-5b7e-4fa2-ab9c-06a00d1fb059 req-75cf2cdd-8c42-4f2e-b9de-04dda5e649fa service neutron] 10.222.0.60 "PUT /v2.0/ports/74fbd50c-5d66-4cac-8c8a-6430a5b27d49 HTTP/1.1" status: 200 len: 1093 time: 3.9374967
Dec 22 16:52:33.996898 dv-cinder-784477-12-smb neutron-server[108905]: DEBUG neutron.notifiers.nova [-] Sending events: [{'name': 'network-changed', 'server_uuid': 'b3e65144-33ad-4b76-8e21-234648e7f9d5', 'tag': '74fbd50c-5d66-4cac-8c8a-6430a5b27d49'}] {{(pid=108905) send_events /opt/stack/neutron/neutron/notifiers/nova.py:262}}
Dec 22 16:52:34.000193 dv-cinder-784477-12-smb neutron-server[108905]: DEBUG novaclient.v2.client [-] REQ: curl -g -i --cacert "/opt/stack/data/ca-bundle.pem" -X POST http://10.222.0.24/compute/v2.1/os-server-external-events -H "Accept: application/json" -H "Content-Type: application/json" -H "User-Agent: python-novaclient" -H "X-Auth-Token: {SHA256}ba822eed9628613db7e3df5f302a1b6df7bc85924d3859a7e278e3fc45f2af0e" -H "X-OpenStack-Nova-API-Version: 2.1" -H "X-OpenStack-Request-ID: req-5a8a0f2b-3ec0-45c0-8a93-6827afb7f6c1" -d '{"events": [{"name": "network-changed", "server_uuid": "b3e65144-33ad-4b76-8e21-234648e7f9d5", "tag": "74fbd50c-5d66-4cac-8c8a-6430a5b27d49"}]}' {{(pid=108905) _http_log_request /usr/local/lib/python3.8/dist-packages/keystoneauth1/session.py:519}}
Dec 22 16:52:34.010173 dv-cinder-784477-12-smb neutron-server[108904]: DEBUG neutron_lib.callbacks.manager [None req-4db8209d-08ba-4cc0-9b70-44f8f16ff2f4 admin admin] Publish callbacks [] for security_group, precommit_delete {{(pid=108904) _notify_loop /usr/local/lib/python3.8/dist-packages/neutron_lib/callbacks/manager.py:175}}
Dec 22 16:52:34.031502 dv-cinder-784477-12-smb neutron-server[108904]: DEBUG neutron.api.rpc.handlers.resources_rpc [None req-6ff76280-8b13-4d0c-9eee-329faccac92b service neutron] Pushing event updated for resources: {'Port': ['ID=ff7f816d-0da5-4efb-9277-d304fc18c887,revision_number=2']} {{(pid=108904) push /opt/stack/neutron/neutron/api/rpc/handlers/resources_rpc.py:237}}
Dec 22 16:52:34.034384 dv-cinder-784477-12-smb neutron-server[108905]: DEBUG neutron.pecan_wsgi.hooks.policy_enforcement [req-46ab8c0b-5e98-4dfc-bd2e-6b16bd29a25a req-3bf6f1a6-b86a-4e15-950d-13d803193635 service neutron] Attributes excluded by policy engine: ['standard_attr_id'] {{(pid=108905) _exclude_attributes_by_policy /opt/stack/neutron/neutron/pecan_wsgi/hooks/policy_enforcement.py:255}}
Dec 22 16:52:34.035056 dv-cinder-784477-12-smb neutron-server[108905]: DEBUG neutron_lib.callbacks.manager [req-46ab8c0b-5e98-4dfc-bd2e-6b16bd29a25a req-3bf6f1a6-b86a-4e15-950d-13d803193635 service neutron] Publish callbacks ['neutron.notifiers.nova.Notifier._send_nova_notification-145953', 'neutron.api.rpc.agentnotifiers.dhcp_rpc_agent_api.DhcpAgentNotifyAPI._send_dhcp_notification-552888'] for port, before_response {{(pid=108905) _notify_loop /usr/local/lib/python3.8/dist-packages/neutron_lib/callbacks/manager.py:175}}
Dec 22 16:52:34.036680 dv-cinder-784477-12-smb neutron-server[108905]: INFO neutron.wsgi [req-46ab8c0b-5e98-4dfc-bd2e-6b16bd29a25a req-3bf6f1a6-b86a-4e15-950d-13d803193635 service neutron] 10.222.0.60 "PUT /v2.0/ports/2ac0b9d3-5cfd-4940-87c2-5446ef6c2674 HTTP/1.1" status: 200 len: 1094 time: 2.7541463
Dec 22 16:52:34.054022 dv-cinder-784477-12-smb neutron-server[108905]: DEBUG neutron.pecan_wsgi.hooks.policy_enforcement [req-390459b2-a3d6-4f69-a593-01f63cc4a20a req-7b6031c8-d213-4ace-92db-66af0fb451f6 tempest-AttachVolumeTestJSON-992559585 tempest-AttachVolumeTestJSON-992559585-project] Attributes excluded by policy engine: ['standard_attr_id', 'binding:profile', 'binding:host_id', 'binding:vif_type', 'binding:vif_details'] {{(pid=108905) _exclude_attributes_by_policy /opt/stack/neutron/neutron/pecan_wsgi/hooks/policy_enforcement.py:255}}
Dec 22 16:52:34.055761 dv-cinder-784477-12-smb neutron-server[108905]: INFO neutron.wsgi [req-390459b2-a3d6-4f69-a593-01f63cc4a20a req-7b6031c8-d213-4ace-92db-66af0fb451f6 tempest-AttachVolumeTestJSON-992559585 tempest-AttachVolumeTestJSON-992559585-project] 10.222.0.24 "GET /v2.0/ports?device_id=1dc4a0f4-b503-4d5c-ab4e-03391088f999 HTTP/1.1" status: 200 len: 931 time: 0.3444228
Dec 22 16:52:34.114836 dv-cinder-784477-12-smb neutron-server[108906]: DEBUG neutron_lib.callbacks.manager [None req-3664da55-68cc-49fd-a0dc-d94fd056134a None None] Publish callbacks ['neutron.services.segments.db._update_segment_host_mapping_for_agent-8791020827082', 'neutron.plugins.ml2.plugin.Ml2Plugin._retry_binding_revived_agents-1995647'] for agent, after_update {{(pid=108906) _notify_loop /usr/local/lib/python3.8/dist-packages/neutron_lib/callbacks/manager.py:175}}
Dec 22 16:52:34.219974 dv-cinder-784477-12-smb neutron-server[108904]: DEBUG neutron.plugins.ml2.managers [req-73c3b788-d820-47e2-ab90-f5e8afe859d5 req-6ff76280-8b13-4d0c-9eee-329faccac92b service neutron] Attempting to bind port ff7f816d-0da5-4efb-9277-d304fc18c887 on host hv-cinder-78447 for vnic_type normal with profile {{(pid=108904) bind_port /opt/stack/neutron/neutron/plugins/ml2/managers.py:795}}
Dec 22 16:52:34.220413 dv-cinder-784477-12-smb neutron-server[108904]: DEBUG neutron.plugins.ml2.managers [req-73c3b788-d820-47e2-ab90-f5e8afe859d5 req-6ff76280-8b13-4d0c-9eee-329faccac92b service neutron] Attempting to bind port ff7f816d-0da5-4efb-9277-d304fc18c887 by drivers openvswitch,hyperv on host hv-cinder-78447 at level 0 using segments [{'id': '050b89ef-5dba-4c06-9994-d409dfef5d61', 'network_type': 'vlan', 'physical_network': 'physnet1', 'segmentation_id': 392, 'network_id': 'ddd82db0-a9a8-4a43-8227-4880277be5c5'}] {{(pid=108904) _bind_port_level /opt/stack/neutron/neutron/plugins/ml2/managers.py:820}}
Dec 22 16:52:34.220777 dv-cinder-784477-12-smb neutron-server[108904]: DEBUG neutron.plugins.ml2.drivers.mech_agent [req-73c3b788-d820-47e2-ab90-f5e8afe859d5 req-6ff76280-8b13-4d0c-9eee-329faccac92b service neutron] Attempting to bind port ff7f816d-0da5-4efb-9277-d304fc18c887 on network ddd82db0-a9a8-4a43-8227-4880277be5c5 {{(pid=108904) bind_port /opt/stack/neutron/neutron/plugins/ml2/drivers/mech_agent.py:91}}
Dec 22 16:52:34.234729 dv-cinder-784477-12-smb neutron-server[108904]: DEBUG neutron.plugins.ml2.drivers.mech_agent [req-73c3b788-d820-47e2-ab90-f5e8afe859d5 req-6ff76280-8b13-4d0c-9eee-329faccac92b service neutron] Port ff7f816d-0da5-4efb-9277-d304fc18c887 on network ddd82db0-a9a8-4a43-8227-4880277be5c5 not bound, no agent of type Open vSwitch agent registered on host hv-cinder-78447 {{(pid=108904) bind_port /opt/stack/neutron/neutron/plugins/ml2/drivers/mech_agent.py:103}}
Dec 22 16:52:34.234977 dv-cinder-784477-12-smb neutron-server[108904]: DEBUG neutron.plugins.ml2.drivers.mech_agent [req-73c3b788-d820-47e2-ab90-f5e8afe859d5 req-6ff76280-8b13-4d0c-9eee-329faccac92b service neutron] Attempting to bind port ff7f816d-0da5-4efb-9277-d304fc18c887 on network ddd82db0-a9a8-4a43-8227-4880277be5c5 {{(pid=108904) bind_port /opt/stack/neutron/neutron/plugins/ml2/drivers/mech_agent.py:91}}
Dec 22 16:52:34.237890 dv-cinder-784477-12-smb neutron-server[108904]: DEBUG neutron.pecan_wsgi.hooks.policy_enforcement [req-b652ea34-277c-463e-b8bc-c6d89ea90c2d req-ed4ec29d-4fba-461e-8dc1-add4ec7606ae service neutron] Attributes excluded by policy engine: ['standard_attr_id', 'vlan_transparent'] {{(pid=108904) _exclude_attributes_by_policy /opt/stack/neutron/neutron/pecan_wsgi/hooks/policy_enforcement.py:255}}
Dec 22 16:52:34.239538 dv-cinder-784477-12-smb neutron-server[108904]: INFO neutron.wsgi [req-b652ea34-277c-463e-b8bc-c6d89ea90c2d req-ed4ec29d-4fba-461e-8dc1-add4ec7606ae service neutron] 10.222.0.60 "GET /v2.0/networks?id=e69d269a-1bbf-4bfa-8d6c-bb8b6da68e35 HTTP/1.1" status: 200 len: 920 time: 0.2767086
Dec 22 16:52:34.245564 dv-cinder-784477-12-smb neutron-server[108904]: DEBUG neutron.plugins.ml2.drivers.mech_agent [req-73c3b788-d820-47e2-ab90-f5e8afe859d5 req-6ff76280-8b13-4d0c-9eee-329faccac92b service neutron] Checking agent: {'id': 'bb32039a-626e-4bc2-a5b0-6fea0ce30e37', 'agent_type': 'HyperV agent', 'binary': 'neutron-hyperv-agent', 'topic': 'N/A', 'host': 'hv-cinder-78447', 'admin_state_up': True, 'created_at': datetime.datetime(2021, 12, 22, 16, 50, 6), 'started_at': datetime.datetime(2021, 12, 22, 16, 50, 6), 'heartbeat_timestamp': datetime.datetime(2021, 12, 22, 16, 52, 6), 'description': None, 'resources_synced': None, 'availability_zone': None, 'alive': True, 'configurations': {'vswitch_mappings': {'physnet1$': 'br-data'}}, 'resource_versions': {}} {{(pid=108904) bind_port /opt/stack/neutron/neutron/plugins/ml2/drivers/mech_agent.py:110}}
Dec 22 16:52:34.245890 dv-cinder-784477-12-smb neutron-server[108904]: DEBUG neutron.plugins.ml2.drivers.mech_agent [req-73c3b788-d820-47e2-ab90-f5e8afe859d5 req-6ff76280-8b13-4d0c-9eee-329faccac92b service neutron] Checking segment: {'id': '050b89ef-5dba-4c06-9994-d409dfef5d61', 'network_type': 'vlan', 'physical_network': 'physnet1', 'segmentation_id': 392, 'network_id': 'ddd82db0-a9a8-4a43-8227-4880277be5c5'} for mappings: {'physnet1$': 'br-data'} with network types: ['local', 'flat', 'vlan'] {{(pid=108904) check_segment_for_agent /opt/stack/neutron/neutron/plugins/ml2/drivers/mech_agent.py:371}}
Dec 22 16:52:34.246281 dv-cinder-784477-12-smb neutron-server[108904]: DEBUG neutron.plugins.ml2.drivers.mech_agent [req-73c3b788-d820-47e2-ab90-f5e8afe859d5 req-6ff76280-8b13-4d0c-9eee-329faccac92b service neutron] Bound using segment: {'id': '050b89ef-5dba-4c06-9994-d409dfef5d61', 'network_type': 'vlan', 'physical_network': 'physnet1', 'segmentation_id': 392, 'network_id': 'ddd82db0-a9a8-4a43-8227-4880277be5c5'} {{(pid=108904) bind_port /opt/stack/neutron/neutron/plugins/ml2/drivers/mech_agent.py:120}}
Dec 22 16:52:34.246690 dv-cinder-784477-12-smb neutron-server[108904]: DEBUG neutron.plugins.ml2.managers [req-73c3b788-d820-47e2-ab90-f5e8afe859d5 req-6ff76280-8b13-4d0c-9eee-329faccac92b service neutron] Bound port: ff7f816d-0da5-4efb-9277-d304fc18c887, host: hv-cinder-78447, vif_type: hyperv, vif_details: {"connectivity": "legacy", "port_filter": false}, binding_levels: [{'bound_driver': 'hyperv', 'bound_segment': {'id': '050b89ef-5dba-4c06-9994-d409dfef5d61', 'network_type': 'vlan', 'physical_network': 'physnet1', 'segmentation_id': 392, 'network_id': 'ddd82db0-a9a8-4a43-8227-4880277be5c5'}}] {{(pid=108904) _bind_port_level /opt/stack/neutron/neutron/plugins/ml2/managers.py:932}}
Dec 22 16:52:34.247040 dv-cinder-784477-12-smb neutron-server[108904]: DEBUG neutron_lib.callbacks.manager [req-73c3b788-d820-47e2-ab90-f5e8afe859d5 req-6ff76280-8b13-4d0c-9eee-329faccac92b service neutron] Publish callbacks ['neutron.plugins.ml2.plugin.SecurityGroupDbMixin._ensure_default_security_group_handler-1659907'] for port, before_update {{(pid=108904) _notify_loop /usr/local/lib/python3.8/dist-packages/neutron_lib/callbacks/manager.py:175}}
Dec 22 16:52:34.251224 dv-cinder-784477-12-smb neutron-server[108904]: DEBUG neutron_lib.callbacks.manager [None req-4db8209d-08ba-4cc0-9b70-44f8f16ff2f4 admin admin] Publish callbacks ['neutron.plugins.ml2.ovo_rpc._ObjectChangeHandler.handle_event-962252'] for security_group, after_delete {{(pid=108904) _notify_loop /usr/local/lib/python3.8/dist-packages/neutron_lib/callbacks/manager.py:175}}
Dec 22 16:52:34.253750 dv-cinder-784477-12-smb neutron-server[108904]: DEBUG neutron_lib.callbacks.manager [None req-4db8209d-08ba-4cc0-9b70-44f8f16ff2f4 admin admin] Publish callbacks [] for security_group, before_response {{(pid=108904) _notify_loop /usr/local/lib/python3.8/dist-packages/neutron_lib/callbacks/manager.py:175}}
Dec 22 16:52:34.254830 dv-cinder-784477-12-smb neutron-server[108904]: INFO neutron.wsgi [None req-4db8209d-08ba-4cc0-9b70-44f8f16ff2f4 admin admin] 10.222.0.24 "DELETE /v2.0/security-groups/0e239a17-bee1-41eb-817e-f6c9bf7c7080 HTTP/1.1" status: 204 len: 168 time: 0.4287491
Dec 22 16:52:34.309015 dv-cinder-784477-12-smb neutron-server[108904]: DEBUG neutron.api.rpc.handlers.resources_rpc [None req-4db8209d-08ba-4cc0-9b70-44f8f16ff2f4 admin admin] Pushing event deleted for resources: {'SecurityGroup': ['ID=0e239a17-bee1-41eb-817e-f6c9bf7c7080,revision_number=None']} {{(pid=108904) push /opt/stack/neutron/neutron/api/rpc/handlers/resources_rpc.py:237}}
Dec 22 16:52:34.314729 dv-cinder-784477-12-smb neutron-server[108904]: INFO neutron.wsgi [req-b652ea34-277c-463e-b8bc-c6d89ea90c2d req-5f4cbff9-9e9a-472e-a74b-957ab68a50d6 service neutron] 10.222.0.60 "GET /v2.0/floatingips?fixed_ip_address=172.20.0.10&port_id=2fa8e795-8650-443e-bd46-526791d4be47 HTTP/1.1" status: 200 len: 217 time: 0.0644898
Dec 22 16:52:34.409603 dv-cinder-784477-12-smb neutron-server[108905]: INFO neutron.wsgi [req-997169b4-f15d-4c8e-b8a1-f4ba1b3a05ae req-2ff4f685-f2c3-42a9-a756-356bc4eae0e6 tempest-DeleteServersTestJSON-1022452432 tempest-DeleteServersTestJSON-1022452432-project] 10.222.0.24 "GET /v2.0/security-groups?id=811bebb0-733e-4ae3-8b7a-4808b4b24054&fields=id&fields=name HTTP/1.1" status: 200 len: 286 time: 0.5688643
Dec 22 16:52:34.424038 dv-cinder-784477-12-smb neutron-server[108905]: DEBUG neutron.api.rpc.handlers.resources_rpc [None req-75cf2cdd-8c42-4f2e-b9de-04dda5e649fa service neutron] Pushing event updated for resources: {'Port': ['ID=74fbd50c-5d66-4cac-8c8a-6430a5b27d49,revision_number=3']} {{(pid=108905) push /opt/stack/neutron/neutron/api/rpc/handlers/resources_rpc.py:237}}
Dec 22 16:52:34.438395 dv-cinder-784477-12-smb neutron-server[108904]: DEBUG neutron.pecan_wsgi.hooks.policy_enforcement [req-b652ea34-277c-463e-b8bc-c6d89ea90c2d req-4027bd79-db40-49bf-8e6a-5531cd2249c6 service neutron] Attributes excluded by policy engine: ['standard_attr_id', 'shared'] {{(pid=108904) _exclude_attributes_by_policy /opt/stack/neutron/neutron/pecan_wsgi/hooks/policy_enforcement.py:255}}
Dec 22 16:52:34.440392 dv-cinder-784477-12-smb neutron-server[108904]: INFO neutron.wsgi [req-b652ea34-277c-463e-b8bc-c6d89ea90c2d req-4027bd79-db40-49bf-8e6a-5531cd2249c6 service neutron] 10.222.0.60 "GET /v2.0/subnets?id=265f9564-e0ff-417b-95f7-40dfe397c7a3 HTTP/1.1" status: 200 len: 859 time: 0.0987029
Dec 22 16:52:34.441156 dv-cinder-784477-12-smb neutron-server[108904]: DEBUG neutron.plugins.ml2.db [req-73c3b788-d820-47e2-ab90-f5e8afe859d5 req-6ff76280-8b13-4d0c-9eee-329faccac92b service neutron] For port ff7f816d-0da5-4efb-9277-d304fc18c887, host hv-cinder-78447, cleared binding levels {{(pid=108904) clear_binding_levels /opt/stack/neutron/neutron/plugins/ml2/db.py:87}}
Dec 22 16:52:34.444651 dv-cinder-784477-12-smb neutron-server[108904]: DEBUG neutron.plugins.ml2.db [req-73c3b788-d820-47e2-ab90-f5e8afe859d5 req-6ff76280-8b13-4d0c-9eee-329faccac92b service neutron] For port ff7f816d-0da5-4efb-9277-d304fc18c887, host hv-cinder-78447, set binding levels [PortBindingLevel(driver='hyperv',host='hv-cinder-78447',level=0,port_id=ff7f816d-0da5-4efb-9277-d304fc18c887,segment=NetworkSegment(050b89ef-5dba-4c06-9994-d409dfef5d61),segment_id=050b89ef-5dba-4c06-9994-d409dfef5d61)] {{(pid=108904) set_binding_levels /opt/stack/neutron/neutron/plugins/ml2/db.py:59}}
Dec 22 16:52:34.453595 dv-cinder-784477-12-smb neutron-server[108904]: DEBUG neutron_lib.callbacks.manager [req-73c3b788-d820-47e2-ab90-f5e8afe859d5 req-6ff76280-8b13-4d0c-9eee-329faccac92b service neutron] Publish callbacks ['neutron.plugins.ml2.plugin.SecurityGroupServerNotifierRpcMixin._notify_sg_on_port_change-1661390', 'neutron.plugins.ml2.ovo_rpc._ObjectChangeHandler.handle_event-256460', 'neutron.api.rpc.agentnotifiers.dhcp_rpc_agent_api.DhcpAgentNotifyAPI._native_event_send_dhcp_notification-552778', 'neutron.db.l3_db.L3RpcNotifierMixin._notify_gateway_port_ip_changed-8791020841539', 'neutron.db.l3_dvrscheduler_db._notify_l3_agent_port_update-8791020260069', 'neutron.db.l3_hascheduler_db._notify_l3_agent_ha_port_update-8791020260087'] for port, after_update {{(pid=108904) _notify_loop /usr/local/lib/python3.8/dist-packages/neutron_lib/callbacks/manager.py:175}}
Dec 22 16:52:34.563587 dv-cinder-784477-12-smb neutron-server[108905]: DEBUG neutron.api.rpc.handlers.resources_rpc [None req-3bf6f1a6-b86a-4e15-950d-13d803193635 service neutron] Pushing event updated for resources: {'Port': ['ID=2ac0b9d3-5cfd-4940-87c2-5446ef6c2674,revision_number=3']} {{(pid=108905) push /opt/stack/neutron/neutron/api/rpc/handlers/resources_rpc.py:237}}
Dec 22 16:52:34.599971 dv-cinder-784477-12-smb neutron-server[108905]: DEBUG neutron_lib.callbacks.manager [None req-2e3eb391-3936-4079-8069-6efcf9dd64f4 admin admin] Publish callbacks ['neutron.plugins.ml2.ovo_rpc._ObjectChangeHandler.handle_event-962252'] for security_group, after_delete {{(pid=108905) _notify_loop /usr/local/lib/python3.8/dist-packages/neutron_lib/callbacks/manager.py:175}}
Dec 22 16:52:34.606459 dv-cinder-784477-12-smb neutron-server[108905]: DEBUG neutron_lib.callbacks.manager [None req-2e3eb391-3936-4079-8069-6efcf9dd64f4 admin admin] Publish callbacks [] for security_group, before_response {{(pid=108905) _notify_loop /usr/local/lib/python3.8/dist-packages/neutron_lib/callbacks/manager.py:175}}
Dec 22 16:52:34.608144 dv-cinder-784477-12-smb neutron-server[108905]: INFO neutron.wsgi [None req-2e3eb391-3936-4079-8069-6efcf9dd64f4 admin admin] 10.222.0.24 "DELETE /v2.0/security-groups/50807148-8be0-433b-b618-6aead630df17 HTTP/1.1" status: 204 len: 168 time: 1.4606283
Dec 22 16:52:34.646389 dv-cinder-784477-12-smb neutron-server[108905]: DEBUG neutron.pecan_wsgi.hooks.policy_enforcement [req-16ef49f1-5b7e-4fa2-ab9c-06a00d1fb059 req-85b975e6-d017-4364-ba10-c21d7c66ffde service neutron] Attributes excluded by policy engine: ['standard_attr_id'] {{(pid=108905) _exclude_attributes_by_policy /opt/stack/neutron/neutron/pecan_wsgi/hooks/policy_enforcement.py:255}}
Dec 22 16:52:34.648407 dv-cinder-784477-12-smb neutron-server[108905]: INFO neutron.wsgi [req-16ef49f1-5b7e-4fa2-ab9c-06a00d1fb059 req-85b975e6-d017-4364-ba10-c21d7c66ffde service neutron] 10.222.0.60 "GET /v2.0/ports?tenant_id=19cf3eeb97f5432e81365e188886595c&device_id=b3e65144-33ad-4b76-8e21-234648e7f9d5 HTTP/1.1" status: 200 len: 1096 time: 0.5871239
Dec 22 16:52:34.671167 dv-cinder-784477-12-smb neutron-server[108905]: DEBUG neutron.pecan_wsgi.hooks.policy_enforcement [req-46ab8c0b-5e98-4dfc-bd2e-6b16bd29a25a req-61be1b78-0353-4cca-a8d8-97c41b093a49 service neutron] Attributes excluded by policy engine: ['standard_attr_id'] {{(pid=108905) _exclude_attributes_by_policy /opt/stack/neutron/neutron/pecan_wsgi/hooks/policy_enforcement.py:255}}
Dec 22 16:52:34.673156 dv-cinder-784477-12-smb neutron-server[108905]: INFO neutron.wsgi [req-46ab8c0b-5e98-4dfc-bd2e-6b16bd29a25a req-61be1b78-0353-4cca-a8d8-97c41b093a49 service neutron] 10.222.0.60 "GET /v2.0/ports?tenant_id=8bb0cf69062344619193c86905cf0fcf&device_id=e933808b-b386-47b1-9cdf-213abe775f3a HTTP/1.1" status: 200 len: 1097 time: 0.5700042
Dec 22 16:52:34.689829 dv-cinder-784477-12-smb neutron-server[108905]: INFO neutron.wsgi [req-390459b2-a3d6-4f69-a593-01f63cc4a20a req-a7f34ded-47d1-4809-8630-ee9ab98c3f8e tempest-AttachVolumeTestJSON-992559585 tempest-AttachVolumeTestJSON-992559585-project] 10.222.0.24 "GET /v2.0/security-groups?id=c1b7f892-54a9-4cef-be63-7c56963d07e1&fields=id&fields=name HTTP/1.1" status: 200 len: 310 time: 0.5926263
Dec 22 16:52:34.711346 dv-cinder-784477-12-smb neutron-server[108905]: DEBUG neutron.api.rpc.handlers.resources_rpc [None req-2e3eb391-3936-4079-8069-6efcf9dd64f4 admin admin] Pushing event deleted for resources: {'SecurityGroup': ['ID=50807148-8be0-433b-b618-6aead630df17,revision_number=None']} {{(pid=108905) push /opt/stack/neutron/neutron/api/rpc/handlers/resources_rpc.py:237}}
Dec 22 16:52:34.720075 dv-cinder-784477-12-smb neutron-server[108904]: INFO neutron.wsgi [req-b652ea34-277c-463e-b8bc-c6d89ea90c2d req-68f529ca-7b78-4401-8d86-8639767f55b0 service neutron] 10.222.0.60 "GET /v2.0/ports?network_id=e69d269a-1bbf-4bfa-8d6c-bb8b6da68e35&device_owner=network%3Adhcp HTTP/1.1" status: 200 len: 210 time: 0.2698345
Dec 22 16:52:34.734121 dv-cinder-784477-12-smb neutron-server[108904]: DEBUG neutron.pecan_wsgi.hooks.policy_enforcement [req-73c3b788-d820-47e2-ab90-f5e8afe859d5 req-6ff76280-8b13-4d0c-9eee-329faccac92b service neutron] Attributes excluded by policy engine: ['standard_attr_id'] {{(pid=108904) _exclude_attributes_by_policy /opt/stack/neutron/neutron/pecan_wsgi/hooks/policy_enforcement.py:255}}
Dec 22 16:52:34.734775 dv-cinder-784477-12-smb neutron-server[108904]: DEBUG neutron_lib.callbacks.manager [req-73c3b788-d820-47e2-ab90-f5e8afe859d5 req-6ff76280-8b13-4d0c-9eee-329faccac92b service neutron] Publish callbacks ['neutron.notifiers.nova.Notifier._send_nova_notification-145953', 'neutron.api.rpc.agentnotifiers.dhcp_rpc_agent_api.DhcpAgentNotifyAPI._send_dhcp_notification-552888'] for port, before_response {{(pid=108904) _notify_loop /usr/local/lib/python3.8/dist-packages/neutron_lib/callbacks/manager.py:175}}
Dec 22 16:52:34.736234 dv-cinder-784477-12-smb neutron-server[108904]: INFO neutron.wsgi [req-73c3b788-d820-47e2-ab90-f5e8afe859d5 req-6ff76280-8b13-4d0c-9eee-329faccac92b service neutron] 10.222.0.60 "PUT /v2.0/ports/ff7f816d-0da5-4efb-9277-d304fc18c887 HTTP/1.1" status: 200 len: 1093 time: 1.7254851
Dec 22 16:52:34.840196 dv-cinder-784477-12-smb neutron-server[108905]: DEBUG novaclient.v2.client [-] RESP: [200] Connection: close Content-Length: 179 Content-Type: application/json Date: Wed, 22 Dec 2021 16:52:34 GMT OpenStack-API-Version: compute 2.1 Server: Apache/2.4.41 (Ubuntu) Vary: OpenStack-API-Version,X-OpenStack-Nova-API-Version X-OpenStack-Nova-API-Version: 2.1 x-compute-request-id: req-1077c7ed-3a2f-463e-9781-076f2144ef36 x-openstack-request-id: req-1077c7ed-3a2f-463e-9781-076f2144ef36 {{(pid=108905) _http_log_response /usr/local/lib/python3.8/dist-packages/keystoneauth1/session.py:550}}
Dec 22 16:52:34.841551 dv-cinder-784477-12-smb neutron-server[108905]: DEBUG novaclient.v2.client [-] RESP BODY: {"events": [{"name": "network-changed", "server_uuid": "b3e65144-33ad-4b76-8e21-234648e7f9d5", "tag": "74fbd50c-5d66-4cac-8c8a-6430a5b27d49", "status": "completed", "code": 200}]} {{(pid=108905) _http_log_response /usr/local/lib/python3.8/dist-packages/keystoneauth1/session.py:582}}
Dec 22 16:52:34.842136 dv-cinder-784477-12-smb neutron-server[108905]: DEBUG novaclient.v2.client [-] POST call to compute for http://10.222.0.24/compute/v2.1/os-server-external-events used request id req-1077c7ed-3a2f-463e-9781-076f2144ef36 {{(pid=108905) request /usr/local/lib/python3.8/dist-packages/keystoneauth1/session.py:954}}
Dec 22 16:52:34.842783 dv-cinder-784477-12-smb neutron-server[108905]: INFO neutron.notifiers.nova [-] Nova event response: {'name': 'network-changed', 'server_uuid': 'b3e65144-33ad-4b76-8e21-234648e7f9d5', 'tag': '74fbd50c-5d66-4cac-8c8a-6430a5b27d49', 'status': 'completed', 'code': 200}
Dec 22 16:52:34.880294 dv-cinder-784477-12-smb neutron-server[108904]: DEBUG neutron.api.rpc.handlers.resources_rpc [None req-6ff76280-8b13-4d0c-9eee-329faccac92b service neutron] Pushing event updated for resources: {'Port': ['ID=ff7f816d-0da5-4efb-9277-d304fc18c887,revision_number=3']} {{(pid=108904) push /opt/stack/neutron/neutron/api/rpc/handlers/resources_rpc.py:237}}
Dec 22 16:52:34.926793 dv-cinder-784477-12-smb neutron-server[108904]: DEBUG neutron.pecan_wsgi.hooks.policy_enforcement [req-73c3b788-d820-47e2-ab90-f5e8afe859d5 req-81a2bc59-3d63-4ac9-88d2-aba141f3b0a6 service neutron] Attributes excluded by policy engine: ['standard_attr_id'] {{(pid=108904) _exclude_attributes_by_policy /opt/stack/neutron/neutron/pecan_wsgi/hooks/policy_enforcement.py:255}}
Dec 22 16:52:34.929579 dv-cinder-784477-12-smb neutron-server[108904]: INFO neutron.wsgi [req-73c3b788-d820-47e2-ab90-f5e8afe859d5 req-81a2bc59-3d63-4ac9-88d2-aba141f3b0a6 service neutron] 10.222.0.60 "GET /v2.0/ports?tenant_id=265c991ddf6e4f5c887cb48a87a17e34&device_id=1dc4a0f4-b503-4d5c-ab4e-03391088f999 HTTP/1.1" status: 200 len: 1096 time: 0.1463346
Dec 22 16:52:34.932830 dv-cinder-784477-12-smb neutron-server[108905]: INFO neutron.wsgi [req-16ef49f1-5b7e-4fa2-ab9c-06a00d1fb059 req-b894cc5c-2dcc-4f93-af12-6cd0b4058762 service neutron] 10.222.0.60 "GET /v2.0/floatingips?fixed_ip_address=172.20.0.3&port_id=74fbd50c-5d66-4cac-8c8a-6430a5b27d49 HTTP/1.1" status: 200 len: 217 time: 0.2718854
Dec 22 16:52:34.957043 dv-cinder-784477-12-smb neutron-server[108905]: INFO neutron.wsgi [req-46ab8c0b-5e98-4dfc-bd2e-6b16bd29a25a req-7247e9ce-dcf3-4800-bfe0-51a6ae6d0c55 service neutron] 10.222.0.60 "GET /v2.0/floatingips?fixed_ip_address=172.20.0.13&port_id=2ac0b9d3-5cfd-4940-87c2-5446ef6c2674 HTTP/1.1" status: 200 len: 217 time: 0.2594767
Dec 22 16:52:35.067384 dv-cinder-784477-12-smb neutron-server[108904]: INFO neutron.wsgi [req-b652ea34-277c-463e-b8bc-c6d89ea90c2d req-4ce92141-426e-4a0b-ad72-e7587daa7c78 service neutron] 10.222.0.60 "GET /v2.0/networks/e69d269a-1bbf-4bfa-8d6c-bb8b6da68e35?fields=segments HTTP/1.1" status: 200 len: 212 time: 0.3300188
Dec 22 16:52:35.070577 dv-cinder-784477-12-smb neutron-server[108904]: INFO neutron.wsgi [req-73c3b788-d820-47e2-ab90-f5e8afe859d5 req-27ba7d4c-0500-4b4d-89fb-b123004fd231 service neutron] 10.222.0.60 "GET /v2.0/floatingips?fixed_ip_address=172.20.0.9&port_id=ff7f816d-0da5-4efb-9277-d304fc18c887 HTTP/1.1" status: 200 len: 217 time: 0.1201451
Dec 22 16:52:35.132058 dv-cinder-784477-12-smb neutron-server[108905]: DEBUG neutron.pecan_wsgi.hooks.policy_enforcement [req-75201c42-6d07-4d89-a100-b5a93e29c04d req-51d45d28-0058-4fcd-b725-0ac9b947b9b6 tempest-VolumesActionsTest-617477482 tempest-VolumesActionsTest-617477482-project] Attributes excluded by policy engine: ['standard_attr_id', 'binding:profile', 'binding:host_id', 'binding:vif_type', 'binding:vif_details'] {{(pid=108905) _exclude_attributes_by_policy /opt/stack/neutron/neutron/pecan_wsgi/hooks/policy_enforcement.py:255}}
Dec 22 16:52:35.137010 dv-cinder-784477-12-smb neutron-server[108905]: INFO neutron.wsgi [req-75201c42-6d07-4d89-a100-b5a93e29c04d req-51d45d28-0058-4fcd-b725-0ac9b947b9b6 tempest-VolumesActionsTest-617477482 tempest-VolumesActionsTest-617477482-project] 10.222.0.24 "GET /v2.0/ports?device_id=e933808b-b386-47b1-9cdf-213abe775f3a HTTP/1.1" status: 200 len: 944 time: 0.5655687
Dec 22 16:52:35.235996 dv-cinder-784477-12-smb neutron-server[108905]: DEBUG neutron.pecan_wsgi.hooks.policy_enforcement [req-46ab8c0b-5e98-4dfc-bd2e-6b16bd29a25a req-4cf6d55a-e7da-4ac0-bc9a-be70a1929409 service neutron] Attributes excluded by policy engine: ['standard_attr_id', 'shared'] {{(pid=108905) _exclude_attributes_by_policy /opt/stack/neutron/neutron/pecan_wsgi/hooks/policy_enforcement.py:255}}
Dec 22 16:52:35.237608 dv-cinder-784477-12-smb neutron-server[108905]: INFO neutron.wsgi [req-46ab8c0b-5e98-4dfc-bd2e-6b16bd29a25a req-4cf6d55a-e7da-4ac0-bc9a-be70a1929409 service neutron] 10.222.0.60 "GET /v2.0/subnets?id=b97d8157-d3c8-43ba-b2b9-32fe3fe94a57 HTTP/1.1" status: 200 len: 849 time: 0.2711153
Dec 22 16:52:35.238970 dv-cinder-784477-12-smb neutron-server[108905]: DEBUG neutron.pecan_wsgi.hooks.policy_enforcement [req-16ef49f1-5b7e-4fa2-ab9c-06a00d1fb059 req-4d3fe2f9-2ad2-45de-a63d-aa02d855764e service neutron] Attributes excluded by policy engine: ['standard_attr_id', 'shared'] {{(pid=108905) _exclude_attributes_by_policy /opt/stack/neutron/neutron/pecan_wsgi/hooks/policy_enforcement.py:255}}
Dec 22 16:52:35.240647 dv-cinder-784477-12-smb neutron-server[108904]: DEBUG neutron.wsgi [-] (108904) accepted ('10.222.0.24', 58416) {{(pid=108904) server /usr/local/lib/python3.8/dist-packages/eventlet/wsgi.py:1004}}
Dec 22 16:52:35.240797 dv-cinder-784477-12-smb neutron-server[108905]: INFO neutron.wsgi [req-16ef49f1-5b7e-4fa2-ab9c-06a00d1fb059 req-4d3fe2f9-2ad2-45de-a63d-aa02d855764e service neutron] 10.222.0.60 "GET /v2.0/subnets?id=265f9564-e0ff-417b-95f7-40dfe397c7a3 HTTP/1.1" status: 200 len: 859 time: 0.2750788
Dec 22 16:52:35.263145 dv-cinder-784477-12-smb neutron-server[108905]: DEBUG neutron.pecan_wsgi.hooks.policy_enforcement [req-2a0b1a7a-07b6-4db6-aa19-7e989a879d00 req-6ee7c841-9297-464a-bdb2-f31bd904278e tempest-ServerRescueNegativeTestJSON-1193303759 tempest-ServerRescueNegativeTestJSON-1193303759-project] Attributes excluded by policy engine: ['standard_attr_id', 'binding:profile', 'binding:host_id', 'binding:vif_type', 'binding:vif_details'] {{(pid=108905) _exclude_attributes_by_policy /opt/stack/neutron/neutron/pecan_wsgi/hooks/policy_enforcement.py:255}}
Dec 22 16:52:35.265435 dv-cinder-784477-12-smb neutron-server[108905]: INFO neutron.wsgi [req-2a0b1a7a-07b6-4db6-aa19-7e989a879d00 req-6ee7c841-9297-464a-bdb2-f31bd904278e tempest-ServerRescueNegativeTestJSON-1193303759 tempest-ServerRescueNegativeTestJSON-1193303759-project] 10.222.0.24 "GET /v2.0/ports?device_id=b3040f60-189d-4e0f-8d5e-f7171b4bc0aa HTTP/1.1" status: 200 len: 944 time: 0.3022690
Dec 22 16:52:35.274906 dv-cinder-784477-12-smb neutron-server[108904]: INFO neutron.wsgi [req-b652ea34-277c-463e-b8bc-c6d89ea90c2d req-59562741-e7cd-4b7d-bc34-6b9e971348a9 service neutron] 10.222.0.60 "GET /v2.0/networks/e69d269a-1bbf-4bfa-8d6c-bb8b6da68e35?fields=provider%3Aphysical_network&fields=provider%3Anetwork_type HTTP/1.1" status: 200 len: 281 time: 0.1941233
Dec 22 16:52:35.293190 dv-cinder-784477-12-smb neutron-server[108904]: DEBUG neutron_lib.callbacks.manager [None req-d1870be5-3b1e-403c-b65d-87d9e79282ea admin admin] Publish callbacks [] for security_group, before_create {{(pid=108904) _notify_loop /usr/local/lib/python3.8/dist-packages/neutron_lib/callbacks/manager.py:175}}
Dec 22 16:52:35.305141 dv-cinder-784477-12-smb neutron-server[108904]: DEBUG neutron.notifiers.nova [-] Sending events: [{'name': 'network-changed', 'server_uuid': '1dc4a0f4-b503-4d5c-ab4e-03391088f999', 'tag': 'ff7f816d-0da5-4efb-9277-d304fc18c887'}] {{(pid=108904) send_events /opt/stack/neutron/neutron/notifiers/nova.py:262}}
Dec 22 16:52:35.307516 dv-cinder-784477-12-smb neutron-server[108904]: DEBUG novaclient.v2.client [-] REQ: curl -g -i --cacert "/opt/stack/data/ca-bundle.pem" -X POST http://10.222.0.24/compute/v2.1/os-server-external-events -H "Accept: application/json" -H "Content-Type: application/json" -H "User-Agent: python-novaclient" -H "X-Auth-Token: {SHA256}a85f52afd5d484e279aa3f32ddc588c10648975b2d998989ba434c5af595f7eb" -H "X-OpenStack-Nova-API-Version: 2.1" -H "X-OpenStack-Request-ID: req-b478ad60-38bf-4858-8193-d1ca871f6e3c" -d '{"events": [{"name": "network-changed", "server_uuid": "1dc4a0f4-b503-4d5c-ab4e-03391088f999", "tag": "ff7f816d-0da5-4efb-9277-d304fc18c887"}]}' {{(pid=108904) _http_log_request /usr/local/lib/python3.8/dist-packages/keystoneauth1/session.py:519}}
Dec 22 16:52:35.331495 dv-cinder-784477-12-smb neutron-server[108904]: DEBUG neutron.pecan_wsgi.hooks.policy_enforcement [req-73c3b788-d820-47e2-ab90-f5e8afe859d5 req-2bc7090f-84d0-4efa-bb06-3948a51646a7 service neutron] Attributes excluded by policy engine: ['standard_attr_id', 'shared'] {{(pid=108904) _exclude_attributes_by_policy /opt/stack/neutron/neutron/pecan_wsgi/hooks/policy_enforcement.py:255}}
Dec 22 16:52:35.333296 dv-cinder-784477-12-smb neutron-server[108904]: INFO neutron.wsgi [req-73c3b788-d820-47e2-ab90-f5e8afe859d5 req-2bc7090f-84d0-4efa-bb06-3948a51646a7 service neutron] 10.222.0.60 "GET /v2.0/subnets?id=77abc560-384c-4867-903a-a5966fb7ef36 HTTP/1.1" status: 200 len: 849 time: 0.1032548
Dec 22 16:52:35.368694 dv-cinder-784477-12-smb neutron-server[108905]: INFO neutron.wsgi [req-16ef49f1-5b7e-4fa2-ab9c-06a00d1fb059 req-c85915a0-d122-4c6b-b0bc-d62a59b52508 service neutron] 10.222.0.60 "GET /v2.0/ports?network_id=e69d269a-1bbf-4bfa-8d6c-bb8b6da68e35&device_owner=network%3Adhcp HTTP/1.1" status: 200 len: 210 time: 0.1021602
Dec 22 16:52:35.372323 dv-cinder-784477-12-smb neutron-server[108905]: INFO neutron.wsgi [req-75201c42-6d07-4d89-a100-b5a93e29c04d req-0a58adb1-5802-47e6-a00b-380c815861f6 tempest-VolumesActionsTest-617477482 tempest-VolumesActionsTest-617477482-project] 10.222.0.24 "GET /v2.0/security-groups?id=6ff12f55-13b5-4286-9211-3c8a61f7a3b4&fields=id&fields=name HTTP/1.1" status: 200 len: 286 time: 0.2206564
Dec 22 16:52:35.374606 dv-cinder-784477-12-smb neutron-server[108905]: INFO neutron.wsgi [req-46ab8c0b-5e98-4dfc-bd2e-6b16bd29a25a req-1e49d363-75b2-4ab1-a837-196311df58f4 service neutron] 10.222.0.60 "GET /v2.0/ports?network_id=96c16e25-1075-4df0-a72c-c59b9331e7ae&device_owner=network%3Adhcp HTTP/1.1" status: 200 len: 210 time: 0.1047249
Dec 22 16:52:35.452616 dv-cinder-784477-12-smb neutron-server[108904]: DEBUG neutron.pecan_wsgi.hooks.policy_enforcement [req-73c3b788-d820-47e2-ab90-f5e8afe859d5 req-4ff7be2a-8329-4870-8d0f-470329e02a79 service neutron] Attributes excluded by policy engine: ['standard_attr_id'] {{(pid=108904) _exclude_attributes_by_policy /opt/stack/neutron/neutron/pecan_wsgi/hooks/policy_enforcement.py:255}}
Dec 22 16:52:35.454241 dv-cinder-784477-12-smb neutron-server[108904]: INFO neutron.wsgi [req-73c3b788-d820-47e2-ab90-f5e8afe859d5 req-4ff7be2a-8329-4870-8d0f-470329e02a79 service neutron] 10.222.0.60 "GET /v2.0/ports?network_id=ddd82db0-a9a8-4a43-8227-4880277be5c5&device_owner=network%3Adhcp HTTP/1.1" status: 200 len: 1174 time: 0.1093774
Dec 22 16:52:35.458234 dv-cinder-784477-12-smb neutron-server[108904]: DEBUG novaclient.v2.client [-] RESP: [200] Connection: close Content-Length: 179 Content-Type: application/json Date: Wed, 22 Dec 2021 16:52:35 GMT OpenStack-API-Version: compute 2.1 Server: Apache/2.4.41 (Ubuntu) Vary: OpenStack-API-Version,X-OpenStack-Nova-API-Version X-OpenStack-Nova-API-Version: 2.1 x-compute-request-id: req-1821c663-cc73-47b9-8d8b-25e81f4036d8 x-openstack-request-id: req-1821c663-cc73-47b9-8d8b-25e81f4036d8 {{(pid=108904) _http_log_response /usr/local/lib/python3.8/dist-packages/keystoneauth1/session.py:550}}
Dec 22 16:52:35.458495 dv-cinder-784477-12-smb neutron-server[108904]: DEBUG novaclient.v2.client [-] RESP BODY: {"events": [{"name": "network-changed", "server_uuid": "1dc4a0f4-b503-4d5c-ab4e-03391088f999", "tag": "ff7f816d-0da5-4efb-9277-d304fc18c887", "status": "completed", "code": 200}]} {{(pid=108904) _http_log_response /usr/local/lib/python3.8/dist-packages/keystoneauth1/session.py:582}}
Dec 22 16:52:35.458726 dv-cinder-784477-12-smb neutron-server[108904]: DEBUG novaclient.v2.client [-] POST call to compute for http://10.222.0.24/compute/v2.1/os-server-external-events used request id req-1821c663-cc73-47b9-8d8b-25e81f4036d8 {{(pid=108904) request /usr/local/lib/python3.8/dist-packages/keystoneauth1/session.py:954}}
Dec 22 16:52:35.459591 dv-cinder-784477-12-smb neutron-server[108904]: INFO neutron.notifiers.nova [-] Nova event response: {'name': 'network-changed', 'server_uuid': '1dc4a0f4-b503-4d5c-ab4e-03391088f999', 'tag': 'ff7f816d-0da5-4efb-9277-d304fc18c887', 'status': 'completed', 'code': 200}
Dec 22 16:52:35.507907 dv-cinder-784477-12-smb neutron-server[108904]: DEBUG neutron_lib.callbacks.manager [None req-d1870be5-3b1e-403c-b65d-87d9e79282ea admin admin] Publish callbacks [] for security_group, precommit_create {{(pid=108904) _notify_loop /usr/local/lib/python3.8/dist-packages/neutron_lib/callbacks/manager.py:175}}
Dec 22 16:52:35.527278 dv-cinder-784477-12-smb neutron-server[108905]: INFO neutron.wsgi [req-2a0b1a7a-07b6-4db6-aa19-7e989a879d00 req-ee98d39f-079f-4ed0-aa78-42f57dea0761 tempest-ServerRescueNegativeTestJSON-1193303759 tempest-ServerRescueNegativeTestJSON-1193303759-project] 10.222.0.24 "GET /v2.0/security-groups?id=238ee044-fe30-4056-903e-5b24116043db&fields=id&fields=name HTTP/1.1" status: 200 len: 286 time: 0.2187283
Dec 22 16:52:35.540843 dv-cinder-784477-12-smb neutron-server[108904]: DEBUG neutron_lib.callbacks.manager [None req-d1870be5-3b1e-403c-b65d-87d9e79282ea admin admin] Publish callbacks ['neutron.plugins.ml2.ovo_rpc._ObjectChangeHandler.handle_event-962252'] for security_group, after_create {{(pid=108904) _notify_loop /usr/local/lib/python3.8/dist-packages/neutron_lib/callbacks/manager.py:175}}
Dec 22 16:52:35.647356 dv-cinder-784477-12-smb neutron-server[108904]: INFO neutron.wsgi [None req-d1870be5-3b1e-403c-b65d-87d9e79282ea admin admin] 10.222.0.24 "GET /v2.0/security-groups?tenant_id=54db915c445b45c492f0bd068fdcd687&name=default HTTP/1.1" status: 200 len: 2996 time: 0.4062295
Dec 22 16:52:35.650224 dv-cinder-784477-12-smb neutron-server[108904]: DEBUG neutron.wsgi [-] (108904) accepted ('10.222.0.24', 58428) {{(pid=108904) server /usr/local/lib/python3.8/dist-packages/eventlet/wsgi.py:1004}}
Dec 22 16:52:35.650985 dv-cinder-784477-12-smb neutron-server[108904]: DEBUG neutron.api.rpc.handlers.resources_rpc [None req-d1870be5-3b1e-403c-b65d-87d9e79282ea admin admin] Pushing event updated for resources: {'SecurityGroup': ['ID=50d67e6d-5949-467a-b7c9-994332b7c59b,revision_number=1']} {{(pid=108904) push /opt/stack/neutron/neutron/api/rpc/handlers/resources_rpc.py:237}}
Dec 22 16:52:35.682014 dv-cinder-784477-12-smb neutron-server[108905]: INFO neutron.wsgi [req-46ab8c0b-5e98-4dfc-bd2e-6b16bd29a25a req-7f9dc532-435b-43e3-bc43-55d8e2090fcc service neutron] 10.222.0.60 "GET /v2.0/networks/96c16e25-1075-4df0-a72c-c59b9331e7ae?fields=segments HTTP/1.1" status: 200 len: 212 time: 0.2981884
Dec 22 16:52:35.741469 dv-cinder-784477-12-smb neutron-server[108904]: INFO neutron.wsgi [req-73c3b788-d820-47e2-ab90-f5e8afe859d5 req-e5a8ef54-369c-4d5b-9ea6-a3ef85b93696 service neutron] 10.222.0.60 "GET /v2.0/networks/ddd82db0-a9a8-4a43-8227-4880277be5c5?fields=segments HTTP/1.1" status: 200 len: 212 time: 0.2747583
Dec 22 16:52:35.759998 dv-cinder-784477-12-smb neutron-server[108905]: DEBUG neutron.pecan_wsgi.hooks.policy_enforcement [req-43f50bcd-7867-4415-8766-61d2f07003a0 req-1210c661-4ac1-445f-b005-f884239f1d5c tempest-DeleteServersTestJSON-1022452432 tempest-DeleteServersTestJSON-1022452432-project] Attributes excluded by policy engine: ['standard_attr_id', 'binding:profile', 'binding:host_id', 'binding:vif_type', 'binding:vif_details'] {{(pid=108905) _exclude_attributes_by_policy /opt/stack/neutron/neutron/pecan_wsgi/hooks/policy_enforcement.py:255}}
Dec 22 16:52:35.761694 dv-cinder-784477-12-smb neutron-server[108905]: INFO neutron.wsgi [req-43f50bcd-7867-4415-8766-61d2f07003a0 req-1210c661-4ac1-445f-b005-f884239f1d5c tempest-DeleteServersTestJSON-1022452432 tempest-DeleteServersTestJSON-1022452432-project] 10.222.0.24 "GET /v2.0/ports?device_id=4cf516dc-f16a-4a99-b667-b836ecc41064 HTTP/1.1" status: 200 len: 945 time: 0.1567738
Dec 22 16:52:35.793218 dv-cinder-784477-12-smb neutron-server[108904]: DEBUG neutron_lib.callbacks.manager [None req-f27293d3-e650-4128-b329-8b33d02c1c95 admin admin] Publish callbacks [] for security_group, before_delete {{(pid=108904) _notify_loop /usr/local/lib/python3.8/dist-packages/neutron_lib/callbacks/manager.py:175}}
Dec 22 16:52:35.822190 dv-cinder-784477-12-smb neutron-server[108905]: INFO neutron.wsgi [req-16ef49f1-5b7e-4fa2-ab9c-06a00d1fb059 req-029d797c-c8bc-4989-bda1-de7df516b4d5 service neutron] 10.222.0.60 "GET /v2.0/networks/e69d269a-1bbf-4bfa-8d6c-bb8b6da68e35?fields=segments HTTP/1.1" status: 200 len: 212 time: 0.4268992
Dec 22 16:52:35.854446 dv-cinder-784477-12-smb neutron-server[108904]: DEBUG neutron_lib.callbacks.manager [None req-f27293d3-e650-4128-b329-8b33d02c1c95 admin admin] Publish callbacks [] for security_group, precommit_delete {{(pid=108904) _notify_loop /usr/local/lib/python3.8/dist-packages/neutron_lib/callbacks/manager.py:175}}
Dec 22 16:52:35.898383 dv-cinder-784477-12-smb neutron-server[108905]: INFO neutron.wsgi [req-43f50bcd-7867-4415-8766-61d2f07003a0 req-afc92ffe-50a9-4f04-90bb-ef51b5a4486d tempest-DeleteServersTestJSON-1022452432 tempest-DeleteServersTestJSON-1022452432-project] 10.222.0.24 "GET /v2.0/security-groups?id=811bebb0-733e-4ae3-8b7a-4808b4b24054&fields=id&fields=name HTTP/1.1" status: 200 len: 286 time: 0.0990562
Dec 22 16:52:35.916949 dv-cinder-784477-12-smb neutron-server[108904]: INFO neutron.wsgi [req-73c3b788-d820-47e2-ab90-f5e8afe859d5 req-69cc0391-0209-42b3-b994-dc4252f8a691 service neutron] 10.222.0.60 "GET /v2.0/networks/ddd82db0-a9a8-4a43-8227-4880277be5c5?fields=provider%3Aphysical_network&fields=provider%3Anetwork_type HTTP/1.1" status: 200 len: 281 time: 0.1663654
Dec 22 16:52:35.943580 dv-cinder-784477-12-smb neutron-server[108904]: DEBUG neutron_lib.callbacks.manager [None req-f27293d3-e650-4128-b329-8b33d02c1c95 admin admin] Publish callbacks ['neutron.plugins.ml2.ovo_rpc._ObjectChangeHandler.handle_event-962252'] for security_group, after_delete {{(pid=108904) _notify_loop /usr/local/lib/python3.8/dist-packages/neutron_lib/callbacks/manager.py:175}}
Dec 22 16:52:35.946606 dv-cinder-784477-12-smb neutron-server[108904]: DEBUG neutron_lib.callbacks.manager [None req-f27293d3-e650-4128-b329-8b33d02c1c95 admin admin] Publish callbacks [] for security_group, before_response {{(pid=108904) _notify_loop /usr/local/lib/python3.8/dist-packages/neutron_lib/callbacks/manager.py:175}}
Dec 22 16:52:35.948175 dv-cinder-784477-12-smb neutron-server[108904]: INFO neutron.wsgi [None req-f27293d3-e650-4128-b329-8b33d02c1c95 admin admin] 10.222.0.24 "DELETE /v2.0/security-groups/50d67e6d-5949-467a-b7c9-994332b7c59b HTTP/1.1" status: 204 len: 168 time: 0.2865708
Dec 22 16:52:35.988073 dv-cinder-784477-12-smb neutron-server[108904]: DEBUG neutron.api.rpc.handlers.resources_rpc [None req-f27293d3-e650-4128-b329-8b33d02c1c95 admin admin] Pushing event deleted for resources: {'SecurityGroup': ['ID=50d67e6d-5949-467a-b7c9-994332b7c59b,revision_number=None']} {{(pid=108904) push /opt/stack/neutron/neutron/api/rpc/handlers/resources_rpc.py:237}}
Dec 22 16:52:36.029581 dv-cinder-784477-12-smb neutron-server[108905]: DEBUG neutron.pecan_wsgi.hooks.policy_enforcement [req-5c0557c8-f449-4fb2-86e9-bcb6ad350ddc req-b6198a48-5f97-4985-8096-878ae03f3750 tempest-AttachVolumeTestJSON-992559585 tempest-AttachVolumeTestJSON-992559585-project] Attributes excluded by policy engine: ['standard_attr_id', 'binding:profile', 'binding:host_id', 'binding:vif_type', 'binding:vif_details'] {{(pid=108905) _exclude_attributes_by_policy /opt/stack/neutron/neutron/pecan_wsgi/hooks/policy_enforcement.py:255}}
Dec 22 16:52:36.031468 dv-cinder-784477-12-smb neutron-server[108905]: INFO neutron.wsgi [req-5c0557c8-f449-4fb2-86e9-bcb6ad350ddc req-b6198a48-5f97-4985-8096-878ae03f3750 tempest-AttachVolumeTestJSON-992559585 tempest-AttachVolumeTestJSON-992559585-project] 10.222.0.24 "GET /v2.0/ports?device_id=1dc4a0f4-b503-4d5c-ab4e-03391088f999 HTTP/1.1" status: 200 len: 943 time: 0.2685406
Dec 22 16:52:36.043739 dv-cinder-784477-12-smb neutron-server[108905]: INFO neutron.wsgi [req-46ab8c0b-5e98-4dfc-bd2e-6b16bd29a25a req-d6cf2da6-e14d-4ca7-97a9-cf770c69eb62 service neutron] 10.222.0.60 "GET /v2.0/networks/96c16e25-1075-4df0-a72c-c59b9331e7ae?fields=provider%3Aphysical_network&fields=provider%3Anetwork_type HTTP/1.1" status: 200 len: 281 time: 0.3539875
Dec 22 16:52:36.082697 dv-cinder-784477-12-smb neutron-server[108904]: DEBUG neutron.pecan_wsgi.hooks.policy_enforcement [req-b478ad60-38bf-4858-8193-d1ca871f6e3c req-01458e84-4545-4be8-acc1-67ec19d0d061 service neutron] Attributes excluded by policy engine: ['standard_attr_id'] {{(pid=108904) _exclude_attributes_by_policy /opt/stack/neutron/neutron/pecan_wsgi/hooks/policy_enforcement.py:255}}
Dec 22 16:52:36.084608 dv-cinder-784477-12-smb neutron-server[108904]: INFO neutron.wsgi [req-b478ad60-38bf-4858-8193-d1ca871f6e3c req-01458e84-4545-4be8-acc1-67ec19d0d061 service neutron] 10.222.0.60 "GET /v2.0/ports?tenant_id=265c991ddf6e4f5c887cb48a87a17e34&device_id=1dc4a0f4-b503-4d5c-ab4e-03391088f999 HTTP/1.1" status: 200 len: 1096 time: 0.0937057
Dec 22 16:52:36.128609 dv-cinder-784477-12-smb neutron-server[108905]: INFO neutron.wsgi [req-5c0557c8-f449-4fb2-86e9-bcb6ad350ddc req-84502940-dbcd-4c0c-923e-0abb5916bf43 tempest-AttachVolumeTestJSON-992559585 tempest-AttachVolumeTestJSON-992559585-project] 10.222.0.24 "GET /v2.0/security-groups?id=c1b7f892-54a9-4cef-be63-7c56963d07e1&fields=id&fields=name HTTP/1.1" status: 200 len: 310 time: 0.0837586
Dec 22 16:52:36.159943 dv-cinder-784477-12-smb neutron-server[108905]: INFO neutron.wsgi [req-16ef49f1-5b7e-4fa2-ab9c-06a00d1fb059 req-b9e5eb1c-c531-47df-b339-2ced434a5ed0 service neutron] 10.222.0.60 "GET /v2.0/networks/e69d269a-1bbf-4bfa-8d6c-bb8b6da68e35?fields=provider%3Aphysical_network&fields=provider%3Anetwork_type HTTP/1.1" status: 200 len: 281 time: 0.2661829
Dec 22 16:52:36.175669 dv-cinder-784477-12-smb neutron-server[108906]: DEBUG neutron_lib.callbacks.manager [None req-98e2eeac-6c95-42f1-abea-3db6dbcc3095 None None] Publish callbacks ['neutron.services.segments.db._update_segment_host_mapping_for_agent-8791020827082', 'neutron.plugins.ml2.plugin.Ml2Plugin._retry_binding_revived_agents-1995647'] for agent, after_update {{(pid=108906) _notify_loop /usr/local/lib/python3.8/dist-packages/neutron_lib/callbacks/manager.py:175}}
Dec 22 16:52:36.275551 dv-cinder-784477-12-smb neutron-server[108904]: DEBUG neutron.pecan_wsgi.hooks.policy_enforcement [req-b478ad60-38bf-4858-8193-d1ca871f6e3c req-4c521642-e1cd-4016-a936-ce4b9c913832 service neutron] Attributes excluded by policy engine: ['standard_attr_id', 'vlan_transparent'] {{(pid=108904) _exclude_attributes_by_policy /opt/stack/neutron/neutron/pecan_wsgi/hooks/policy_enforcement.py:255}}
Dec 22 16:52:36.277693 dv-cinder-784477-12-smb neutron-server[108904]: INFO neutron.wsgi [req-b478ad60-38bf-4858-8193-d1ca871f6e3c req-4c521642-e1cd-4016-a936-ce4b9c913832 service neutron] 10.222.0.60 "GET /v2.0/networks?id=ddd82db0-a9a8-4a43-8227-4880277be5c5 HTTP/1.1" status: 200 len: 911 time: 0.1839888
Dec 22 16:52:36.288833 dv-cinder-784477-12-smb neutron-server[108905]: DEBUG neutron.pecan_wsgi.hooks.policy_enforcement [req-5a8a0f2b-3ec0-45c0-8a93-6827afb7f6c1 req-5b923a60-1265-40a9-8559-bb5145788b8f service neutron] Attributes excluded by policy engine: ['standard_attr_id'] {{(pid=108905) _exclude_attributes_by_policy /opt/stack/neutron/neutron/pecan_wsgi/hooks/policy_enforcement.py:255}}
Dec 22 16:52:36.290375 dv-cinder-784477-12-smb neutron-server[108905]: INFO neutron.wsgi [req-5a8a0f2b-3ec0-45c0-8a93-6827afb7f6c1 req-5b923a60-1265-40a9-8559-bb5145788b8f service neutron] 10.222.0.60 "GET /v2.0/ports?tenant_id=19cf3eeb97f5432e81365e188886595c&device_id=b3e65144-33ad-4b76-8e21-234648e7f9d5 HTTP/1.1" status: 200 len: 1096 time: 0.0603576
Dec 22 16:52:36.337297 dv-cinder-784477-12-smb neutron-server[108904]: INFO neutron.wsgi [req-b478ad60-38bf-4858-8193-d1ca871f6e3c req-eae5e342-8c1e-4952-8b15-d5d56e51e221 service neutron] 10.222.0.60 "GET /v2.0/floatingips?fixed_ip_address=172.20.0.9&port_id=ff7f816d-0da5-4efb-9277-d304fc18c887 HTTP/1.1" status: 200 len: 217 time: 0.0515792
Dec 22 16:52:36.459068 dv-cinder-784477-12-smb neutron-server[108905]: DEBUG neutron.pecan_wsgi.hooks.policy_enforcement [req-5a8a0f2b-3ec0-45c0-8a93-6827afb7f6c1 req-34f92af9-acb9-41f7-81c8-fcbf2faef0ec service neutron] Attributes excluded by policy engine: ['standard_attr_id', 'vlan_transparent'] {{(pid=108905) _exclude_attributes_by_policy /opt/stack/neutron/neutron/pecan_wsgi/hooks/policy_enforcement.py:255}}
Dec 22 16:52:36.461006 dv-cinder-784477-12-smb neutron-server[108905]: INFO neutron.wsgi [req-5a8a0f2b-3ec0-45c0-8a93-6827afb7f6c1 req-34f92af9-acb9-41f7-81c8-fcbf2faef0ec service neutron] 10.222.0.60 "GET /v2.0/networks?id=e69d269a-1bbf-4bfa-8d6c-bb8b6da68e35 HTTP/1.1" status: 200 len: 920 time: 0.1570315
Dec 22 16:52:36.468886 dv-cinder-784477-12-smb neutron-server[108904]: DEBUG neutron.pecan_wsgi.hooks.policy_enforcement [req-b478ad60-38bf-4858-8193-d1ca871f6e3c req-65920857-3217-480f-9e5c-a6d4191e8924 service neutron] Attributes excluded by policy engine: ['standard_attr_id', 'shared'] {{(pid=108904) _exclude_attributes_by_policy /opt/stack/neutron/neutron/pecan_wsgi/hooks/policy_enforcement.py:255}}
Dec 22 16:52:36.470804 dv-cinder-784477-12-smb neutron-server[108904]: INFO neutron.wsgi [req-b478ad60-38bf-4858-8193-d1ca871f6e3c req-65920857-3217-480f-9e5c-a6d4191e8924 service neutron] 10.222.0.60 "GET /v2.0/subnets?id=77abc560-384c-4867-903a-a5966fb7ef36 HTTP/1.1" status: 200 len: 849 time: 0.1252952
Dec 22 16:52:36.535167 dv-cinder-784477-12-smb neutron-server[108904]: DEBUG neutron.pecan_wsgi.hooks.policy_enforcement [req-b478ad60-38bf-4858-8193-d1ca871f6e3c req-33e853fb-d82e-459f-9999-d1d112be9e4e service neutron] Attributes excluded by policy engine: ['standard_attr_id'] {{(pid=108904) _exclude_attributes_by_policy /opt/stack/neutron/neutron/pecan_wsgi/hooks/policy_enforcement.py:255}}
Dec 22 16:52:36.537781 dv-cinder-784477-12-smb neutron-server[108904]: INFO neutron.wsgi [req-b478ad60-38bf-4858-8193-d1ca871f6e3c req-33e853fb-d82e-459f-9999-d1d112be9e4e service neutron] 10.222.0.60 "GET /v2.0/ports?network_id=ddd82db0-a9a8-4a43-8227-4880277be5c5&device_owner=network%3Adhcp HTTP/1.1" status: 200 len: 1174 time: 0.0585241
Dec 22 16:52:36.544769 dv-cinder-784477-12-smb neutron-server[108905]: INFO neutron.wsgi [req-5a8a0f2b-3ec0-45c0-8a93-6827afb7f6c1 req-8681ce48-30ef-4f6a-b0af-7370bdfb26ef service neutron] 10.222.0.60 "GET /v2.0/floatingips?fixed_ip_address=172.20.0.3&port_id=74fbd50c-5d66-4cac-8c8a-6430a5b27d49 HTTP/1.1" status: 200 len: 217 time: 0.0745411
Dec 22 16:52:36.700691 dv-cinder-784477-12-smb neutron-server[108905]: DEBUG neutron.pecan_wsgi.hooks.policy_enforcement [req-5a8a0f2b-3ec0-45c0-8a93-6827afb7f6c1 req-a0b6affa-38cd-4142-ac23-07318c778da1 service neutron] Attributes excluded by policy engine: ['standard_attr_id', 'shared'] {{(pid=108905) _exclude_attributes_by_policy /opt/stack/neutron/neutron/pecan_wsgi/hooks/policy_enforcement.py:255}}
