Apr 30 13:11:36.720595 dv-cinder-784453-4-smb devstack@c-api.service[80600]: INFO cinder.api.openstack.wsgi [None req-2ff6e471-221f-40fe-a098-8e2d78710467 tempest-GroupSnapshotsTest-1271943015 tempest-GroupSnapshotsTest-1271943015-project] http://10.222.0.66/volume/v3/9adc873df2e741538700dbd08b5ab7a1/volumes/753391ba-79d5-45ff-9ec2-a87f115383ec returned with HTTP 200
Apr 30 13:11:36.721822 dv-cinder-784453-4-smb devstack@c-api.service[80600]: [pid: 80600|app: 0|req: 17/31] 10.222.0.66 () {60 vars in 1366 bytes} [Fri Apr 30 13:11:36 2021] GET /volume/v3/9adc873df2e741538700dbd08b5ab7a1/volumes/753391ba-79d5-45ff-9ec2-a87f115383ec => generated 991 bytes in 396 msecs (HTTP/1.1 200) 7 headers in 286 bytes (2 switches on core 0)
Apr 30 13:11:37.148362 dv-cinder-784453-4-smb devstack@c-api.service[80601]: INFO cinder.api.openstack.wsgi [None req-67987865-db0b-4635-b555-cd1af6181a6a tempest-GroupsV314Test-1516258155 tempest-GroupsV314Test-1516258155-project-admin] POST http://10.222.0.66/volume/v3/e745e98ef84c480297dc449d985aaefa/types
Apr 30 13:11:37.148838 dv-cinder-784453-4-smb devstack@c-api.service[80601]: /usr/local/lib/python3.8/dist-packages/webob/acceptparse.py:1047: DeprecationWarning: The behavior of AcceptValidHeader.best_match is currently being maintained for backward compatibility, but it will be deprecated in the future, as it does not conform to the RFC.
Apr 30 13:11:37.148838 dv-cinder-784453-4-smb devstack@c-api.service[80601]: warnings.warn(
Apr 30 13:11:37.149135 dv-cinder-784453-4-smb devstack@c-api.service[80601]: DEBUG cinder.api.openstack.wsgi [None req-67987865-db0b-4635-b555-cd1af6181a6a tempest-GroupsV314Test-1516258155 tempest-GroupsV314Test-1516258155-project-admin] Action: 'create', calling method: _create, body: {"volume_type": {"name": "tempest-GroupsV314Test-volume-type-1359007738"}} {{(pid=80601) _process_stack /opt/stack/cinder/cinder/api/openstack/wsgi.py:864}}
Apr 30 13:11:37.342957 dv-cinder-784453-4-smb devstack@c-api.service[80601]: INFO cinder.api.openstack.wsgi [None req-67987865-db0b-4635-b555-cd1af6181a6a tempest-GroupsV314Test-1516258155 tempest-GroupsV314Test-1516258155-project-admin] http://10.222.0.66/volume/v3/e745e98ef84c480297dc449d985aaefa/types returned with HTTP 200
Apr 30 13:11:37.355948 dv-cinder-784453-4-smb devstack@c-api.service[80601]: [pid: 80601|app: 0|req: 15/32] 10.222.0.66 () {60 vars in 1229 bytes} [Fri Apr 30 13:11:36 2021] POST /volume/v3/e745e98ef84c480297dc449d985aaefa/types => generated 220 bytes in 593 msecs (HTTP/1.1 200) 7 headers in 285 bytes (1 switches on core 0)
Apr 30 13:11:37.366323 dv-cinder-784453-4-smb devstack@c-api.service[80600]: INFO cinder.api.openstack.wsgi [None req-2881ac3f-d34c-449a-b609-a6e3084405c3 tempest-GroupsV314Test-1516258155 tempest-GroupsV314Test-1516258155-project-admin] POST http://10.222.0.66/volume/v3/e745e98ef84c480297dc449d985aaefa/group_types
Apr 30 13:11:37.367138 dv-cinder-784453-4-smb devstack@c-api.service[80600]: /usr/local/lib/python3.8/dist-packages/webob/acceptparse.py:1047: DeprecationWarning: The behavior of AcceptValidHeader.best_match is currently being maintained for backward compatibility, but it will be deprecated in the future, as it does not conform to the RFC.
Apr 30 13:11:37.367138 dv-cinder-784453-4-smb devstack@c-api.service[80600]: warnings.warn(
Apr 30 13:11:37.367851 dv-cinder-784453-4-smb devstack@c-api.service[80600]: DEBUG cinder.api.openstack.wsgi [None req-2881ac3f-d34c-449a-b609-a6e3084405c3 tempest-GroupsV314Test-1516258155 tempest-GroupsV314Test-1516258155-project-admin] Action: 'create', calling method: version_select, body: {"group_type": {"name": "tempest-GroupsV314Test-group-type-1552093580"}} {{(pid=80600) _process_stack /opt/stack/cinder/cinder/api/openstack/wsgi.py:864}}
Apr 30 13:11:37.521807 dv-cinder-784453-4-smb devstack@c-api.service[80600]: INFO cinder.api.openstack.wsgi [None req-2881ac3f-d34c-449a-b609-a6e3084405c3 tempest-GroupsV314Test-1516258155 tempest-GroupsV314Test-1516258155-project-admin] http://10.222.0.66/volume/v3/e745e98ef84c480297dc449d985aaefa/group_types returned with HTTP 202
Apr 30 13:11:37.526776 dv-cinder-784453-4-smb devstack@c-api.service[80600]: [pid: 80600|app: 0|req: 18/33] 10.222.0.66 () {62 vars in 1288 bytes} [Fri Apr 30 13:11:37 2021] POST /volume/v3/e745e98ef84c480297dc449d985aaefa/group_types => generated 177 bytes in 165 msecs (HTTP/1.1 202) 7 headers in 292 bytes (1 switches on core 0)
Apr 30 13:11:37.737111 dv-cinder-784453-4-smb devstack@c-api.service[80600]: INFO cinder.api.openstack.wsgi [None req-e1283006-b396-41cd-a2ec-60395a4dc415 tempest-GroupSnapshotsTest-1271943015 tempest-GroupSnapshotsTest-1271943015-project] GET http://10.222.0.66/volume/v3/9adc873df2e741538700dbd08b5ab7a1/volumes/753391ba-79d5-45ff-9ec2-a87f115383ec
Apr 30 13:11:37.737635 dv-cinder-784453-4-smb devstack@c-api.service[80600]: DEBUG cinder.api.openstack.wsgi [None req-e1283006-b396-41cd-a2ec-60395a4dc415 tempest-GroupSnapshotsTest-1271943015 tempest-GroupSnapshotsTest-1271943015-project] Empty body provided in request {{(pid=80600) get_body /opt/stack/cinder/cinder/api/openstack/wsgi.py:713}}
Apr 30 13:11:37.738216 dv-cinder-784453-4-smb devstack@c-api.service[80600]: DEBUG cinder.api.openstack.wsgi [None req-e1283006-b396-41cd-a2ec-60395a4dc415 tempest-GroupSnapshotsTest-1271943015 tempest-GroupSnapshotsTest-1271943015-project] Calling method 'show' {{(pid=80600) _process_stack /opt/stack/cinder/cinder/api/openstack/wsgi.py:866}}
Apr 30 13:11:37.914505 dv-cinder-784453-4-smb devstack@c-api.service[80600]: INFO cinder.api.openstack.wsgi [None req-e1283006-b396-41cd-a2ec-60395a4dc415 tempest-GroupSnapshotsTest-1271943015 tempest-GroupSnapshotsTest-1271943015-project] http://10.222.0.66/volume/v3/9adc873df2e741538700dbd08b5ab7a1/volumes/753391ba-79d5-45ff-9ec2-a87f115383ec returned with HTTP 404
Apr 30 13:11:37.922336 dv-cinder-784453-4-smb devstack@c-api.service[80600]: [pid: 80600|app: 0|req: 19/34] 10.222.0.66 () {60 vars in 1366 bytes} [Fri Apr 30 13:11:37 2021] GET /volume/v3/9adc873df2e741538700dbd08b5ab7a1/volumes/753391ba-79d5-45ff-9ec2-a87f115383ec => generated 109 bytes in 189 msecs (HTTP/1.1 404) 7 headers in 293 bytes (2 switches on core 0)
Apr 30 13:11:37.939286 dv-cinder-784453-4-smb devstack@c-api.service[80600]: INFO cinder.api.openstack.wsgi [None req-45e5da83-1685-4724-9ed4-40c2e6901fea tempest-GroupSnapshotsTest-1271943015 tempest-GroupSnapshotsTest-1271943015-project] GET http://10.222.0.66/volume/v3/9adc873df2e741538700dbd08b5ab7a1/groups/fb621db0-f2b2-4df5-b2be-a3916cfb16a9
Apr 30 13:11:37.940320 dv-cinder-784453-4-smb devstack@c-api.service[80600]: DEBUG cinder.api.openstack.wsgi [None req-45e5da83-1685-4724-9ed4-40c2e6901fea tempest-GroupSnapshotsTest-1271943015 tempest-GroupSnapshotsTest-1271943015-project] Empty body provided in request {{(pid=80600) get_body /opt/stack/cinder/cinder/api/openstack/wsgi.py:713}}
Apr 30 13:11:37.941809 dv-cinder-784453-4-smb devstack@c-api.service[80600]: DEBUG cinder.api.openstack.wsgi [None req-45e5da83-1685-4724-9ed4-40c2e6901fea tempest-GroupSnapshotsTest-1271943015 tempest-GroupSnapshotsTest-1271943015-project] Calling method 'version_select' {{(pid=80600) _process_stack /opt/stack/cinder/cinder/api/openstack/wsgi.py:866}}
Apr 30 13:11:37.944509 dv-cinder-784453-4-smb devstack@c-api.service[80600]: DEBUG cinder.api.v3.groups [None req-45e5da83-1685-4724-9ed4-40c2e6901fea tempest-GroupSnapshotsTest-1271943015 tempest-GroupSnapshotsTest-1271943015-project] show called for member fb621db0-f2b2-4df5-b2be-a3916cfb16a9 {{(pid=80600) show /opt/stack/cinder/cinder/api/v3/groups.py:58}}
Apr 30 13:11:37.960734 dv-cinder-784453-4-smb devstack@c-api.service[80600]: INFO cinder.api.openstack.wsgi [None req-45e5da83-1685-4724-9ed4-40c2e6901fea tempest-GroupSnapshotsTest-1271943015 tempest-GroupSnapshotsTest-1271943015-project] http://10.222.0.66/volume/v3/9adc873df2e741538700dbd08b5ab7a1/groups/fb621db0-f2b2-4df5-b2be-a3916cfb16a9 returned with HTTP 404
Apr 30 13:11:37.964177 dv-cinder-784453-4-smb devstack@c-api.service[80601]: INFO cinder.api.openstack.wsgi [None req-377b6828-f09b-4438-9b03-98ef8e2b7398 tempest-GroupsV314Test-1021574051 tempest-GroupsV314Test-1021574051-project] POST http://10.222.0.66/volume/v3/4bdc91b250724ad986f2f2a9617dc2a3/groups
Apr 30 13:11:37.965083 dv-cinder-784453-4-smb devstack@c-api.service[80601]: DEBUG cinder.api.openstack.wsgi [None req-377b6828-f09b-4438-9b03-98ef8e2b7398 tempest-GroupsV314Test-1021574051 tempest-GroupsV314Test-1021574051-project] Action: 'create', calling method: version_select, body: {"group": {"group_type": "d3287151-9ce9-40b0-a4d1-62f1270bfaf8", "volume_types": ["2169114e-6864-48d4-a731-092b97b8cf10"], "name": "tempest-GroupsV314Test-Group-1554722583"}} {{(pid=80601) _process_stack /opt/stack/cinder/cinder/api/openstack/wsgi.py:864}}
Apr 30 13:11:37.966203 dv-cinder-784453-4-smb devstack@c-api.service[80601]: DEBUG cinder.api.v3.groups [None req-377b6828-f09b-4438-9b03-98ef8e2b7398 tempest-GroupsV314Test-1021574051 tempest-GroupsV314Test-1021574051-project] Creating new group {'group': {'group_type': 'd3287151-9ce9-40b0-a4d1-62f1270bfaf8', 'volume_types': ['2169114e-6864-48d4-a731-092b97b8cf10'], 'name': 'tempest-GroupsV314Test-Group-1554722583'}} {{(pid=80601) create /opt/stack/cinder/cinder/api/v3/groups.py:190}}
Apr 30 13:11:37.967147 dv-cinder-784453-4-smb devstack@c-api.service[80600]: [pid: 80600|app: 0|req: 20/35] 10.222.0.66 () {60 vars in 1363 bytes} [Fri Apr 30 13:11:37 2021] GET /volume/v3/9adc873df2e741538700dbd08b5ab7a1/groups/fb621db0-f2b2-4df5-b2be-a3916cfb16a9 => generated 108 bytes in 44 msecs (HTTP/1.1 404) 7 headers in 293 bytes (1 switches on core 0)
Apr 30 13:11:37.976525 dv-cinder-784453-4-smb devstack@c-api.service[80600]: INFO cinder.api.openstack.wsgi [None req-4679d387-988a-40c1-b72d-8bf855f6fb1c tempest-GroupSnapshotsTest-1271943015 tempest-GroupSnapshotsTest-1271943015-project] DELETE http://10.222.0.66/volume/v3/9adc873df2e741538700dbd08b5ab7a1/group_snapshots/0f703804-83c0-4811-8b4b-665e0a8bd8e7
Apr 30 13:11:37.977599 dv-cinder-784453-4-smb devstack@c-api.service[80600]: DEBUG cinder.api.openstack.wsgi [None req-4679d387-988a-40c1-b72d-8bf855f6fb1c tempest-GroupSnapshotsTest-1271943015 tempest-GroupSnapshotsTest-1271943015-project] Empty body provided in request {{(pid=80600) get_body /opt/stack/cinder/cinder/api/openstack/wsgi.py:713}}
Apr 30 13:11:37.979930 dv-cinder-784453-4-smb devstack@c-api.service[80600]: DEBUG cinder.api.openstack.wsgi [None req-4679d387-988a-40c1-b72d-8bf855f6fb1c tempest-GroupSnapshotsTest-1271943015 tempest-GroupSnapshotsTest-1271943015-project] Calling method 'version_select' {{(pid=80600) _process_stack /opt/stack/cinder/cinder/api/openstack/wsgi.py:866}}
Apr 30 13:11:37.981026 dv-cinder-784453-4-smb devstack@c-api.service[80600]: DEBUG cinder.api.v3.group_snapshots [None req-4679d387-988a-40c1-b72d-8bf855f6fb1c tempest-GroupSnapshotsTest-1271943015 tempest-GroupSnapshotsTest-1271943015-project] delete called for member 0f703804-83c0-4811-8b4b-665e0a8bd8e7 {{(pid=80600) delete /opt/stack/cinder/cinder/api/v3/group_snapshots.py:72}}
Apr 30 13:11:37.983135 dv-cinder-784453-4-smb devstack@c-api.service[80600]: INFO cinder.api.v3.group_snapshots [None req-4679d387-988a-40c1-b72d-8bf855f6fb1c tempest-GroupSnapshotsTest-1271943015 tempest-GroupSnapshotsTest-1271943015-project] Delete group_snapshot with id: 0f703804-83c0-4811-8b4b-665e0a8bd8e7
Apr 30 13:11:37.999416 dv-cinder-784453-4-smb devstack@c-api.service[80601]: INFO cinder.api.v3.groups [None req-377b6828-f09b-4438-9b03-98ef8e2b7398 tempest-GroupsV314Test-1021574051 tempest-GroupsV314Test-1021574051-project] Creating group tempest-GroupsV314Test-Group-1554722583.
Apr 30 13:11:38.000042 dv-cinder-784453-4-smb devstack@c-api.service[80600]: /usr/local/lib/python3.8/dist-packages/oslo_context/context.py:105: DeprecationWarning: Policy enforcement is depending on the value of is_admin. This key is deprecated. Please update your policy file to use the standard policy values.
Apr 30 13:11:38.000042 dv-cinder-784453-4-smb devstack@c-api.service[80600]: warnings.warn('Policy enforcement is depending on the value of '
Apr 30 13:11:38.078214 dv-cinder-784453-4-smb devstack@c-api.service[80601]: INFO cinder.volume.api [None req-377b6828-f09b-4438-9b03-98ef8e2b7398 tempest-GroupsV314Test-1021574051 tempest-GroupsV314Test-1021574051-project] Availability Zones retrieved successfully.
Apr 30 13:11:38.151255 dv-cinder-784453-4-smb devstack@c-api.service[80600]: INFO cinder.api.openstack.wsgi [None req-4679d387-988a-40c1-b72d-8bf855f6fb1c tempest-GroupSnapshotsTest-1271943015 tempest-GroupSnapshotsTest-1271943015-project] http://10.222.0.66/volume/v3/9adc873df2e741538700dbd08b5ab7a1/group_snapshots/0f703804-83c0-4811-8b4b-665e0a8bd8e7 returned with HTTP 202
Apr 30 13:11:38.156281 dv-cinder-784453-4-smb devstack@c-api.service[80600]: [pid: 80600|app: 0|req: 21/36] 10.222.0.66 () {60 vars in 1393 bytes} [Fri Apr 30 13:11:37 2021] DELETE /volume/v3/9adc873df2e741538700dbd08b5ab7a1/group_snapshots/0f703804-83c0-4811-8b4b-665e0a8bd8e7 => generated 0 bytes in 188 msecs (HTTP/1.1 202) 6 headers in 234 bytes (1 switches on core 0)
Apr 30 13:11:38.165976 dv-cinder-784453-4-smb devstack@c-api.service[80600]: INFO cinder.api.openstack.wsgi [None req-53e6f68d-e1e2-49b7-a3f1-061bc78f2e1e tempest-GroupSnapshotsTest-1271943015 tempest-GroupSnapshotsTest-1271943015-project] GET http://10.222.0.66/volume/v3/9adc873df2e741538700dbd08b5ab7a1/volumes/detail
Apr 30 13:11:38.167094 dv-cinder-784453-4-smb devstack@c-api.service[80600]: DEBUG cinder.api.openstack.wsgi [None req-53e6f68d-e1e2-49b7-a3f1-061bc78f2e1e tempest-GroupSnapshotsTest-1271943015 tempest-GroupSnapshotsTest-1271943015-project] Empty body provided in request {{(pid=80600) get_body /opt/stack/cinder/cinder/api/openstack/wsgi.py:713}}
Apr 30 13:11:38.167594 dv-cinder-784453-4-smb devstack@c-api.service[80600]: /usr/local/lib/python3.8/dist-packages/webob/acceptparse.py:1047: DeprecationWarning: The behavior of AcceptValidHeader.best_match is currently being maintained for backward compatibility, but it will be deprecated in the future, as it does not conform to the RFC.
Apr 30 13:11:38.167594 dv-cinder-784453-4-smb devstack@c-api.service[80600]: warnings.warn(
Apr 30 13:11:38.168267 dv-cinder-784453-4-smb devstack@c-api.service[80600]: DEBUG cinder.api.openstack.wsgi [None req-53e6f68d-e1e2-49b7-a3f1-061bc78f2e1e tempest-GroupSnapshotsTest-1271943015 tempest-GroupSnapshotsTest-1271943015-project] Calling method 'detail' {{(pid=80600) _process_stack /opt/stack/cinder/cinder/api/openstack/wsgi.py:866}}
Apr 30 13:11:38.168588 dv-cinder-784453-4-smb devstack@c-api.service[80601]: DEBUG cinder.quota [None req-377b6828-f09b-4438-9b03-98ef8e2b7398 tempest-GroupsV314Test-1021574051 tempest-GroupsV314Test-1021574051-project] Created reservations ['96c2c970-b39f-4825-8f6f-8a9109eb42b2'] {{(pid=80601) reserve /opt/stack/cinder/cinder/quota.py:755}}
Apr 30 13:11:38.169871 dv-cinder-784453-4-smb devstack@c-api.service[80600]: DEBUG cinder.api.api_utils [None req-53e6f68d-e1e2-49b7-a3f1-061bc78f2e1e tempest-GroupSnapshotsTest-1271943015 tempest-GroupSnapshotsTest-1271943015-project] Removing options '' from query. {{(pid=80600) remove_invalid_filter_options /opt/stack/cinder/cinder/api/api_utils.py:63}}
Apr 30 13:11:38.172654 dv-cinder-784453-4-smb devstack@c-api.service[80600]: /usr/local/lib/python3.8/dist-packages/oslo_context/context.py:105: DeprecationWarning: Policy enforcement is depending on the value of is_admin. This key is deprecated. Please update your policy file to use the standard policy values.
Apr 30 13:11:38.172654 dv-cinder-784453-4-smb devstack@c-api.service[80600]: warnings.warn('Policy enforcement is depending on the value of '
Apr 30 13:11:38.175624 dv-cinder-784453-4-smb devstack@c-api.service[80600]: DEBUG cinder.volume.api [None req-53e6f68d-e1e2-49b7-a3f1-061bc78f2e1e tempest-GroupSnapshotsTest-1271943015 tempest-GroupSnapshotsTest-1271943015-project] Searching by: MultiDict([('no_migration_targets', True)]). {{(pid=80600) get_all /opt/stack/cinder/cinder/volume/api.py:617}}
Apr 30 13:11:38.356608 dv-cinder-784453-4-smb devstack@c-api.service[80601]: INFO cinder.api.openstack.wsgi [None req-377b6828-f09b-4438-9b03-98ef8e2b7398 tempest-GroupsV314Test-1021574051 tempest-GroupsV314Test-1021574051-project] http://10.222.0.66/volume/v3/4bdc91b250724ad986f2f2a9617dc2a3/groups returned with HTTP 202
Apr 30 13:11:38.366338 dv-cinder-784453-4-smb devstack@c-api.service[80600]: INFO cinder.volume.api [None req-53e6f68d-e1e2-49b7-a3f1-061bc78f2e1e tempest-GroupSnapshotsTest-1271943015 tempest-GroupSnapshotsTest-1271943015-project] Get all volumes completed successfully.
Apr 30 13:11:38.366723 dv-cinder-784453-4-smb devstack@c-api.service[80601]: [pid: 80601|app: 0|req: 16/37] 10.222.0.66 () {62 vars in 1274 bytes} [Fri Apr 30 13:11:37 2021] POST /volume/v3/4bdc91b250724ad986f2f2a9617dc2a3/groups => generated 108 bytes in 835 msecs (HTTP/1.1 202) 7 headers in 292 bytes (1 switches on core 0)
Apr 30 13:11:38.374104 dv-cinder-784453-4-smb devstack@c-api.service[80600]: WARNING stevedore.named [None req-53e6f68d-e1e2-49b7-a3f1-061bc78f2e1e tempest-GroupSnapshotsTest-1271943015 tempest-GroupSnapshotsTest-1271943015-project] Could not load cinder.keymgr.conf_key_mgr.ConfKeyManager
Apr 30 13:11:38.379055 dv-cinder-784453-4-smb devstack@c-api.service[80600]: WARNING castellan.key_manager [None req-53e6f68d-e1e2-49b7-a3f1-061bc78f2e1e tempest-GroupSnapshotsTest-1271943015 tempest-GroupSnapshotsTest-1271943015-project] Deprecation Warning : cinder.keymgr.conf_key_mgr.ConfKeyManager is not a stevedore based driver, trying to load it as a class: stevedore.exception.NoMatches: No 'castellan.drivers' driver found, looking for 'cinder.keymgr.conf_key_mgr.ConfKeyManager'
Apr 30 13:11:38.384409 dv-cinder-784453-4-smb devstack@c-api.service[80601]: INFO cinder.api.openstack.wsgi [None req-9063d71b-4de8-4b91-a56f-b63feef913a8 tempest-GroupsV314Test-1021574051 tempest-GroupsV314Test-1021574051-project] GET http://10.222.0.66/volume/v3/4bdc91b250724ad986f2f2a9617dc2a3/groups/c3fa0e5d-c57f-43b7-9e4b-ee12ce16842e
Apr 30 13:11:38.388322 dv-cinder-784453-4-smb devstack@c-api.service[80601]: DEBUG cinder.api.openstack.wsgi [None req-9063d71b-4de8-4b91-a56f-b63feef913a8 tempest-GroupsV314Test-1021574051 tempest-GroupsV314Test-1021574051-project] Empty body provided in request {{(pid=80601) get_body /opt/stack/cinder/cinder/api/openstack/wsgi.py:713}}
Apr 30 13:11:38.388517 dv-cinder-784453-4-smb devstack@c-api.service[80601]: /usr/local/lib/python3.8/dist-packages/webob/acceptparse.py:1047: DeprecationWarning: The behavior of AcceptValidHeader.best_match is currently being maintained for backward compatibility, but it will be deprecated in the future, as it does not conform to the RFC.
Apr 30 13:11:38.388517 dv-cinder-784453-4-smb devstack@c-api.service[80601]: warnings.warn(
Apr 30 13:11:38.390688 dv-cinder-784453-4-smb devstack@c-api.service[80601]: DEBUG cinder.api.openstack.wsgi [None req-9063d71b-4de8-4b91-a56f-b63feef913a8 tempest-GroupsV314Test-1021574051 tempest-GroupsV314Test-1021574051-project] Calling method 'version_select' {{(pid=80601) _process_stack /opt/stack/cinder/cinder/api/openstack/wsgi.py:866}}
Apr 30 13:11:38.391675 dv-cinder-784453-4-smb devstack@c-api.service[80601]: DEBUG cinder.api.v3.groups [None req-9063d71b-4de8-4b91-a56f-b63feef913a8 tempest-GroupsV314Test-1021574051 tempest-GroupsV314Test-1021574051-project] show called for member c3fa0e5d-c57f-43b7-9e4b-ee12ce16842e {{(pid=80601) show /opt/stack/cinder/cinder/api/v3/groups.py:58}}
Apr 30 13:11:38.398929 dv-cinder-784453-4-smb devstack@c-api.service[80600]: DEBUG oslo_db.sqlalchemy.engines [None req-53e6f68d-e1e2-49b7-a3f1-061bc78f2e1e tempest-GroupSnapshotsTest-1271943015 tempest-GroupSnapshotsTest-1271943015-project] MySQL server mode set to STRICT_TRANS_TABLES,STRICT_ALL_TABLES,NO_ZERO_IN_DATE,NO_ZERO_DATE,ERROR_FOR_DIVISION_BY_ZERO,TRADITIONAL,NO_ENGINE_SUBSTITUTION {{(pid=80600) _check_effective_sql_mode /usr/local/lib/python3.8/dist-packages/oslo_db/sqlalchemy/engines.py:314}}
Apr 30 13:11:38.418384 dv-cinder-784453-4-smb devstack@c-api.service[80600]: /usr/local/lib/python3.8/dist-packages/oslo_context/context.py:105: DeprecationWarning: Policy enforcement is depending on the value of is_admin. This key is deprecated. Please update your policy file to use the standard policy values.
Apr 30 13:11:38.418384 dv-cinder-784453-4-smb devstack@c-api.service[80600]: warnings.warn('Policy enforcement is depending on the value of '
Apr 30 13:11:38.419941 dv-cinder-784453-4-smb devstack@c-api.service[80601]: /usr/local/lib/python3.8/dist-packages/oslo_context/context.py:105: DeprecationWarning: Policy enforcement is depending on the value of is_admin. This key is deprecated. Please update your policy file to use the standard policy values.
Apr 30 13:11:38.419941 dv-cinder-784453-4-smb devstack@c-api.service[80601]: warnings.warn('Policy enforcement is depending on the value of '
Apr 30 13:11:38.479128 dv-cinder-784453-4-smb devstack@c-api.service[80601]: INFO cinder.api.openstack.wsgi [None req-9063d71b-4de8-4b91-a56f-b63feef913a8 tempest-GroupsV314Test-1021574051 tempest-GroupsV314Test-1021574051-project] http://10.222.0.66/volume/v3/4bdc91b250724ad986f2f2a9617dc2a3/groups/c3fa0e5d-c57f-43b7-9e4b-ee12ce16842e returned with HTTP 200
Apr 30 13:11:38.487578 dv-cinder-784453-4-smb devstack@c-api.service[80601]: [pid: 80601|app: 0|req: 17/38] 10.222.0.66 () {60 vars in 1363 bytes} [Fri Apr 30 13:11:38 2021] GET /volume/v3/4bdc91b250724ad986f2f2a9617dc2a3/groups/c3fa0e5d-c57f-43b7-9e4b-ee12ce16842e => generated 388 bytes in 120 msecs (HTTP/1.1 200) 7 headers in 286 bytes (1 switches on core 0)
Apr 30 13:11:38.524449 dv-cinder-784453-4-smb devstack@c-api.service[80600]: INFO cinder.api.openstack.wsgi [None req-53e6f68d-e1e2-49b7-a3f1-061bc78f2e1e tempest-GroupSnapshotsTest-1271943015 tempest-GroupSnapshotsTest-1271943015-project] http://10.222.0.66/volume/v3/9adc873df2e741538700dbd08b5ab7a1/volumes/detail returned with HTTP 200
Apr 30 13:11:38.534886 dv-cinder-784453-4-smb devstack@c-api.service[80600]: [pid: 80600|app: 0|req: 22/39] 10.222.0.66 () {60 vars in 1276 bytes} [Fri Apr 30 13:11:38 2021] GET /volume/v3/9adc873df2e741538700dbd08b5ab7a1/volumes/detail => generated 1003 bytes in 377 msecs (HTTP/1.1 200) 7 headers in 287 bytes (1 switches on core 0)
Apr 30 13:11:38.548176 dv-cinder-784453-4-smb devstack@c-api.service[80601]: INFO cinder.api.openstack.wsgi [None req-c3ee6f2b-f513-4fdf-86f1-5e4aa44d430b tempest-GroupSnapshotsTest-1271943015 tempest-GroupSnapshotsTest-1271943015-project] GET http://10.222.0.66/volume/v3/9adc873df2e741538700dbd08b5ab7a1/snapshots/detail
Apr 30 13:11:38.548667 dv-cinder-784453-4-smb devstack@c-api.service[80601]: DEBUG cinder.api.openstack.wsgi [None req-c3ee6f2b-f513-4fdf-86f1-5e4aa44d430b tempest-GroupSnapshotsTest-1271943015 tempest-GroupSnapshotsTest-1271943015-project] Empty body provided in request {{(pid=80601) get_body /opt/stack/cinder/cinder/api/openstack/wsgi.py:713}}
Apr 30 13:11:38.548893 dv-cinder-784453-4-smb devstack@c-api.service[80601]: /usr/local/lib/python3.8/dist-packages/webob/acceptparse.py:1047: DeprecationWarning: The behavior of AcceptValidHeader.best_match is currently being maintained for backward compatibility, but it will be deprecated in the future, as it does not conform to the RFC.
Apr 30 13:11:38.548893 dv-cinder-784453-4-smb devstack@c-api.service[80601]: warnings.warn(
Apr 30 13:11:38.549180 dv-cinder-784453-4-smb devstack@c-api.service[80601]: DEBUG cinder.api.openstack.wsgi [None req-c3ee6f2b-f513-4fdf-86f1-5e4aa44d430b tempest-GroupSnapshotsTest-1271943015 tempest-GroupSnapshotsTest-1271943015-project] Calling method 'detail' {{(pid=80601) _process_stack /opt/stack/cinder/cinder/api/openstack/wsgi.py:866}}
Apr 30 13:11:38.549711 dv-cinder-784453-4-smb devstack@c-api.service[80601]: DEBUG cinder.api.api_utils [None req-c3ee6f2b-f513-4fdf-86f1-5e4aa44d430b tempest-GroupSnapshotsTest-1271943015 tempest-GroupSnapshotsTest-1271943015-project] Removing options '' from query. {{(pid=80601) remove_invalid_filter_options /opt/stack/cinder/cinder/api/api_utils.py:63}}
Apr 30 13:11:38.550505 dv-cinder-784453-4-smb devstack@c-api.service[80601]: /usr/local/lib/python3.8/dist-packages/oslo_context/context.py:105: DeprecationWarning: Policy enforcement is depending on the value of is_admin. This key is deprecated. Please update your policy file to use the standard policy values.
Apr 30 13:11:38.550505 dv-cinder-784453-4-smb devstack@c-api.service[80601]: warnings.warn('Policy enforcement is depending on the value of '
Apr 30 13:11:38.553021 dv-cinder-784453-4-smb devstack@c-api.service[80601]: DEBUG cinder.db.sqlalchemy.api [None req-c3ee6f2b-f513-4fdf-86f1-5e4aa44d430b tempest-GroupSnapshotsTest-1271943015 tempest-GroupSnapshotsTest-1271943015-project] Building query based on filter {{(pid=80601) _process_snaps_filters /opt/stack/cinder/cinder/db/sqlalchemy/api.py:3135}}
Apr 30 13:11:38.596370 dv-cinder-784453-4-smb devstack@c-api.service[80601]: INFO cinder.volume.api [None req-c3ee6f2b-f513-4fdf-86f1-5e4aa44d430b tempest-GroupSnapshotsTest-1271943015 tempest-GroupSnapshotsTest-1271943015-project] Get all snapshots completed successfully.
Apr 30 13:11:38.598213 dv-cinder-784453-4-smb devstack@c-api.service[80601]: /usr/local/lib/python3.8/dist-packages/oslo_context/context.py:105: DeprecationWarning: Policy enforcement is depending on the value of is_admin. This key is deprecated. Please update your policy file to use the standard policy values.
Apr 30 13:11:38.598213 dv-cinder-784453-4-smb devstack@c-api.service[80601]: warnings.warn('Policy enforcement is depending on the value of '
Apr 30 13:11:38.603387 dv-cinder-784453-4-smb devstack@c-api.service[80601]: INFO cinder.api.openstack.wsgi [None req-c3ee6f2b-f513-4fdf-86f1-5e4aa44d430b tempest-GroupSnapshotsTest-1271943015 tempest-GroupSnapshotsTest-1271943015-project] http://10.222.0.66/volume/v3/9adc873df2e741538700dbd08b5ab7a1/snapshots/detail returned with HTTP 200
Apr 30 13:11:38.604391 dv-cinder-784453-4-smb devstack@c-api.service[80601]: [pid: 80601|app: 0|req: 18/40] 10.222.0.66 () {58 vars in 1241 bytes} [Fri Apr 30 13:11:38 2021] GET /volume/v3/9adc873df2e741538700dbd08b5ab7a1/snapshots/detail => generated 517 bytes in 65 msecs (HTTP/1.1 200) 7 headers in 285 bytes (1 switches on core 0)
Apr 30 13:11:38.616349 dv-cinder-784453-4-smb devstack@c-api.service[80600]: INFO cinder.api.openstack.wsgi [None req-fd807767-b60f-4852-8991-86a06cc27575 tempest-GroupSnapshotsTest-1271943015 tempest-GroupSnapshotsTest-1271943015-project] GET http://10.222.0.66/volume/v3/9adc873df2e741538700dbd08b5ab7a1/snapshots/534306f6-3866-4c1a-a403-0756613ed5f3
Apr 30 13:11:38.616987 dv-cinder-784453-4-smb devstack@c-api.service[80600]: DEBUG cinder.api.openstack.wsgi [None req-fd807767-b60f-4852-8991-86a06cc27575 tempest-GroupSnapshotsTest-1271943015 tempest-GroupSnapshotsTest-1271943015-project] Empty body provided in request {{(pid=80600) get_body /opt/stack/cinder/cinder/api/openstack/wsgi.py:713}}
Apr 30 13:11:38.617170 dv-cinder-784453-4-smb devstack@c-api.service[80600]: /usr/local/lib/python3.8/dist-packages/webob/acceptparse.py:1047: DeprecationWarning: The behavior of AcceptValidHeader.best_match is currently being maintained for backward compatibility, but it will be deprecated in the future, as it does not conform to the RFC.
Apr 30 13:11:38.617170 dv-cinder-784453-4-smb devstack@c-api.service[80600]: warnings.warn(
Apr 30 13:11:38.617764 dv-cinder-784453-4-smb devstack@c-api.service[80600]: DEBUG cinder.api.openstack.wsgi [None req-fd807767-b60f-4852-8991-86a06cc27575 tempest-GroupSnapshotsTest-1271943015 tempest-GroupSnapshotsTest-1271943015-project] Calling method 'show' {{(pid=80600) _process_stack /opt/stack/cinder/cinder/api/openstack/wsgi.py:866}}
Apr 30 13:11:38.726830 dv-cinder-784453-4-smb devstack@c-api.service[80600]: INFO cinder.api.openstack.wsgi [None req-fd807767-b60f-4852-8991-86a06cc27575 tempest-GroupSnapshotsTest-1271943015 tempest-GroupSnapshotsTest-1271943015-project] http://10.222.0.66/volume/v3/9adc873df2e741538700dbd08b5ab7a1/snapshots/534306f6-3866-4c1a-a403-0756613ed5f3 returned with HTTP 404
Apr 30 13:11:38.728013 dv-cinder-784453-4-smb devstack@c-api.service[80600]: [pid: 80600|app: 0|req: 23/41] 10.222.0.66 () {58 vars in 1331 bytes} [Fri Apr 30 13:11:38 2021] GET /volume/v3/9adc873df2e741538700dbd08b5ab7a1/snapshots/534306f6-3866-4c1a-a403-0756613ed5f3 => generated 111 bytes in 117 msecs (HTTP/1.1 404) 7 headers in 292 bytes (1 switches on core 0)
Apr 30 13:11:38.736097 dv-cinder-784453-4-smb devstack@c-api.service[80601]: INFO cinder.api.openstack.wsgi [None req-dcb2e8c2-fc63-49a2-a631-92a2ea1e815e tempest-GroupSnapshotsTest-1271943015 tempest-GroupSnapshotsTest-1271943015-project] GET http://10.222.0.66/volume/v3/9adc873df2e741538700dbd08b5ab7a1/group_snapshots/0f703804-83c0-4811-8b4b-665e0a8bd8e7
Apr 30 13:11:38.736999 dv-cinder-784453-4-smb devstack@c-api.service[80601]: DEBUG cinder.api.openstack.wsgi [None req-dcb2e8c2-fc63-49a2-a631-92a2ea1e815e tempest-GroupSnapshotsTest-1271943015 tempest-GroupSnapshotsTest-1271943015-project] Empty body provided in request {{(pid=80601) get_body /opt/stack/cinder/cinder/api/openstack/wsgi.py:713}}
Apr 30 13:11:38.737438 dv-cinder-784453-4-smb devstack@c-api.service[80601]: /usr/local/lib/python3.8/dist-packages/webob/acceptparse.py:1047: DeprecationWarning: The behavior of AcceptValidHeader.best_match is currently being maintained for backward compatibility, but it will be deprecated in the future, as it does not conform to the RFC.
Apr 30 13:11:38.737438 dv-cinder-784453-4-smb devstack@c-api.service[80601]: warnings.warn(
Apr 30 13:11:38.738336 dv-cinder-784453-4-smb devstack@c-api.service[80601]: DEBUG cinder.api.openstack.wsgi [None req-dcb2e8c2-fc63-49a2-a631-92a2ea1e815e tempest-GroupSnapshotsTest-1271943015 tempest-GroupSnapshotsTest-1271943015-project] Calling method 'version_select' {{(pid=80601) _process_stack /opt/stack/cinder/cinder/api/openstack/wsgi.py:866}}
Apr 30 13:11:38.738951 dv-cinder-784453-4-smb devstack@c-api.service[80601]: DEBUG cinder.api.v3.group_snapshots [None req-dcb2e8c2-fc63-49a2-a631-92a2ea1e815e tempest-GroupSnapshotsTest-1271943015 tempest-GroupSnapshotsTest-1271943015-project] show called for member 0f703804-83c0-4811-8b4b-665e0a8bd8e7 {{(pid=80601) show /opt/stack/cinder/cinder/api/v3/group_snapshots.py:58}}
Apr 30 13:11:38.745182 dv-cinder-784453-4-smb devstack@c-api.service[80601]: INFO cinder.api.openstack.wsgi [None req-dcb2e8c2-fc63-49a2-a631-92a2ea1e815e tempest-GroupSnapshotsTest-1271943015 tempest-GroupSnapshotsTest-1271943015-project] http://10.222.0.66/volume/v3/9adc873df2e741538700dbd08b5ab7a1/group_snapshots/0f703804-83c0-4811-8b4b-665e0a8bd8e7 returned with HTTP 404
Apr 30 13:11:38.746870 dv-cinder-784453-4-smb devstack@c-api.service[80601]: [pid: 80601|app: 0|req: 19/42] 10.222.0.66 () {60 vars in 1390 bytes} [Fri Apr 30 13:11:38 2021] GET /volume/v3/9adc873df2e741538700dbd08b5ab7a1/group_snapshots/0f703804-83c0-4811-8b4b-665e0a8bd8e7 => generated 116 bytes in 15 msecs (HTTP/1.1 404) 7 headers in 293 bytes (1 switches on core 0)
Apr 30 13:11:38.757816 dv-cinder-784453-4-smb devstack@c-api.service[80600]: INFO cinder.api.openstack.wsgi [None req-e8018071-f7a6-4dd9-a183-e975a2ed63d8 tempest-GroupSnapshotsTest-1271943015 tempest-GroupSnapshotsTest-1271943015-project] GET http://10.222.0.66/volume/v3/9adc873df2e741538700dbd08b5ab7a1/volumes/detail
Apr 30 13:11:38.760003 dv-cinder-784453-4-smb devstack@c-api.service[80600]: DEBUG cinder.api.openstack.wsgi [None req-e8018071-f7a6-4dd9-a183-e975a2ed63d8 tempest-GroupSnapshotsTest-1271943015 tempest-GroupSnapshotsTest-1271943015-project] Empty body provided in request {{(pid=80600) get_body /opt/stack/cinder/cinder/api/openstack/wsgi.py:713}}
Apr 30 13:11:38.760479 dv-cinder-784453-4-smb devstack@c-api.service[80600]: DEBUG cinder.api.openstack.wsgi [None req-e8018071-f7a6-4dd9-a183-e975a2ed63d8 tempest-GroupSnapshotsTest-1271943015 tempest-GroupSnapshotsTest-1271943015-project] Calling method 'detail' {{(pid=80600) _process_stack /opt/stack/cinder/cinder/api/openstack/wsgi.py:866}}
Apr 30 13:11:38.761056 dv-cinder-784453-4-smb devstack@c-api.service[80600]: DEBUG cinder.api.api_utils [None req-e8018071-f7a6-4dd9-a183-e975a2ed63d8 tempest-GroupSnapshotsTest-1271943015 tempest-GroupSnapshotsTest-1271943015-project] Removing options '' from query. {{(pid=80600) remove_invalid_filter_options /opt/stack/cinder/cinder/api/api_utils.py:63}}
Apr 30 13:11:38.767704 dv-cinder-784453-4-smb devstack@c-api.service[80600]: DEBUG cinder.volume.api [None req-e8018071-f7a6-4dd9-a183-e975a2ed63d8 tempest-GroupSnapshotsTest-1271943015 tempest-GroupSnapshotsTest-1271943015-project] Searching by: MultiDict([('no_migration_targets', True)]). {{(pid=80600) get_all /opt/stack/cinder/cinder/volume/api.py:617}}
Apr 30 13:11:38.906796 dv-cinder-784453-4-smb devstack@c-api.service[80600]: INFO cinder.volume.api [None req-e8018071-f7a6-4dd9-a183-e975a2ed63d8 tempest-GroupSnapshotsTest-1271943015 tempest-GroupSnapshotsTest-1271943015-project] Get all volumes completed successfully.
Apr 30 13:11:38.908862 dv-cinder-784453-4-smb devstack@c-api.service[80600]: WARNING stevedore.named [None req-e8018071-f7a6-4dd9-a183-e975a2ed63d8 tempest-GroupSnapshotsTest-1271943015 tempest-GroupSnapshotsTest-1271943015-project] Could not load cinder.keymgr.conf_key_mgr.ConfKeyManager
Apr 30 13:11:38.909567 dv-cinder-784453-4-smb devstack@c-api.service[80600]: WARNING castellan.key_manager [None req-e8018071-f7a6-4dd9-a183-e975a2ed63d8 tempest-GroupSnapshotsTest-1271943015 tempest-GroupSnapshotsTest-1271943015-project] Deprecation Warning : cinder.keymgr.conf_key_mgr.ConfKeyManager is not a stevedore based driver, trying to load it as a class: stevedore.exception.NoMatches: No 'castellan.drivers' driver found, looking for 'cinder.keymgr.conf_key_mgr.ConfKeyManager'
Apr 30 13:11:38.928130 dv-cinder-784453-4-smb devstack@c-api.service[80600]: DEBUG oslo_db.sqlalchemy.engines [None req-e8018071-f7a6-4dd9-a183-e975a2ed63d8 tempest-GroupSnapshotsTest-1271943015 tempest-GroupSnapshotsTest-1271943015-project] MySQL server mode set to STRICT_TRANS_TABLES,STRICT_ALL_TABLES,NO_ZERO_IN_DATE,NO_ZERO_DATE,ERROR_FOR_DIVISION_BY_ZERO,TRADITIONAL,NO_ENGINE_SUBSTITUTION {{(pid=80600) _check_effective_sql_mode /usr/local/lib/python3.8/dist-packages/oslo_db/sqlalchemy/engines.py:314}}
Apr 30 13:11:38.935995 dv-cinder-784453-4-smb devstack@c-api.service[80600]: /usr/local/lib/python3.8/dist-packages/oslo_context/context.py:105: DeprecationWarning: Policy enforcement is depending on the value of is_admin. This key is deprecated. Please update your policy file to use the standard policy values.
Apr 30 13:11:38.935995 dv-cinder-784453-4-smb devstack@c-api.service[80600]: warnings.warn('Policy enforcement is depending on the value of '
Apr 30 13:11:39.044282 dv-cinder-784453-4-smb devstack@c-api.service[80600]: INFO cinder.api.openstack.wsgi [None req-e8018071-f7a6-4dd9-a183-e975a2ed63d8 tempest-GroupSnapshotsTest-1271943015 tempest-GroupSnapshotsTest-1271943015-project] http://10.222.0.66/volume/v3/9adc873df2e741538700dbd08b5ab7a1/volumes/detail returned with HTTP 200
Apr 30 13:11:39.052355 dv-cinder-784453-4-smb devstack@c-api.service[80600]: [pid: 80600|app: 0|req: 24/43] 10.222.0.66 () {60 vars in 1276 bytes} [Fri Apr 30 13:11:38 2021] GET /volume/v3/9adc873df2e741538700dbd08b5ab7a1/volumes/detail => generated 1003 bytes in 302 msecs (HTTP/1.1 200) 7 headers in 287 bytes (1 switches on core 0)
Apr 30 13:11:39.067956 dv-cinder-784453-4-smb devstack@c-api.service[80601]: INFO cinder.api.openstack.wsgi [None req-2d6e32aa-8271-42dc-adcc-36abb8d90c98 tempest-GroupSnapshotsTest-1271943015 tempest-GroupSnapshotsTest-1271943015-project] POST http://10.222.0.66/volume/v3/9adc873df2e741538700dbd08b5ab7a1/groups/f0dba1f2-663f-4d5b-9dad-d97d74b31d47/action
Apr 30 13:11:39.069235 dv-cinder-784453-4-smb devstack@c-api.service[80601]: DEBUG cinder.api.openstack.wsgi [None req-2d6e32aa-8271-42dc-adcc-36abb8d90c98 tempest-GroupSnapshotsTest-1271943015 tempest-GroupSnapshotsTest-1271943015-project] Action body: b'{"delete": {"delete-volumes": true}}' {{(pid=80601) get_method /opt/stack/cinder/cinder/api/openstack/wsgi.py:981}}
Apr 30 13:11:39.069761 dv-cinder-784453-4-smb devstack@c-api.service[80601]: DEBUG cinder.api.openstack.wsgi [None req-2d6e32aa-8271-42dc-adcc-36abb8d90c98 tempest-GroupSnapshotsTest-1271943015 tempest-GroupSnapshotsTest-1271943015-project] Action: 'action', calling method: delete_group, body: {"delete": {"delete-volumes": true}} {{(pid=80601) _process_stack /opt/stack/cinder/cinder/api/openstack/wsgi.py:864}}
Apr 30 13:11:39.070992 dv-cinder-784453-4-smb devstack@c-api.service[80601]: DEBUG cinder.api.v3.groups [None req-2d6e32aa-8271-42dc-adcc-36abb8d90c98 tempest-GroupSnapshotsTest-1271943015 tempest-GroupSnapshotsTest-1271943015-project] delete called for group f0dba1f2-663f-4d5b-9dad-d97d74b31d47 {{(pid=80601) _delete /opt/stack/cinder/cinder/api/v3/groups.py:117}}
Apr 30 13:11:39.071499 dv-cinder-784453-4-smb devstack@c-api.service[80601]: INFO cinder.api.v3.groups [None req-2d6e32aa-8271-42dc-adcc-36abb8d90c98 tempest-GroupSnapshotsTest-1271943015 tempest-GroupSnapshotsTest-1271943015-project] Delete group with id: f0dba1f2-663f-4d5b-9dad-d97d74b31d47
Apr 30 13:11:39.089953 dv-cinder-784453-4-smb devstack@c-api.service[80601]: /usr/local/lib/python3.8/dist-packages/oslo_context/context.py:105: DeprecationWarning: Policy enforcement is depending on the value of is_admin. This key is deprecated. Please update your policy file to use the standard policy values.
Apr 30 13:11:39.089953 dv-cinder-784453-4-smb devstack@c-api.service[80601]: warnings.warn('Policy enforcement is depending on the value of '
Apr 30 13:11:39.469559 dv-cinder-784453-4-smb devstack@c-api.service[80601]: INFO cinder.api.openstack.wsgi [None req-2d6e32aa-8271-42dc-adcc-36abb8d90c98 tempest-GroupSnapshotsTest-1271943015 tempest-GroupSnapshotsTest-1271943015-project] http://10.222.0.66/volume/v3/9adc873df2e741538700dbd08b5ab7a1/groups/f0dba1f2-663f-4d5b-9dad-d97d74b31d47/action returned with HTTP 202
Apr 30 13:11:39.470546 dv-cinder-784453-4-smb devstack@c-api.service[80601]: [pid: 80601|app: 0|req: 20/44] 10.222.0.66 () {62 vars in 1405 bytes} [Fri Apr 30 13:11:39 2021] POST /volume/v3/9adc873df2e741538700dbd08b5ab7a1/groups/f0dba1f2-663f-4d5b-9dad-d97d74b31d47/action => generated 0 bytes in 408 msecs (HTTP/1.1 202) 6 headers in 234 bytes (1 switches on core 0)
Apr 30 13:11:39.478438 dv-cinder-784453-4-smb devstack@c-api.service[80600]: INFO cinder.api.openstack.wsgi [None req-5eee8bb9-1fdd-4cb3-b49f-fad64fd3929a tempest-GroupSnapshotsTest-1271943015 tempest-GroupSnapshotsTest-1271943015-project] GET http://10.222.0.66/volume/v3/9adc873df2e741538700dbd08b5ab7a1/volumes/25f8947d-87d3-491f-8b4c-c7da08285ba8
Apr 30 13:11:39.479164 dv-cinder-784453-4-smb devstack@c-api.service[80600]: DEBUG cinder.api.openstack.wsgi [None req-5eee8bb9-1fdd-4cb3-b49f-fad64fd3929a tempest-GroupSnapshotsTest-1271943015 tempest-GroupSnapshotsTest-1271943015-project] Empty body provided in request {{(pid=80600) get_body /opt/stack/cinder/cinder/api/openstack/wsgi.py:713}}
Apr 30 13:11:39.479344 dv-cinder-784453-4-smb devstack@c-api.service[80600]: /usr/local/lib/python3.8/dist-packages/webob/acceptparse.py:1047: DeprecationWarning: The behavior of AcceptValidHeader.best_match is currently being maintained for backward compatibility, but it will be deprecated in the future, as it does not conform to the RFC.
Apr 30 13:11:39.479344 dv-cinder-784453-4-smb devstack@c-api.service[80600]: warnings.warn(
Apr 30 13:11:39.479680 dv-cinder-784453-4-smb devstack@c-api.service[80600]: DEBUG cinder.api.openstack.wsgi [None req-5eee8bb9-1fdd-4cb3-b49f-fad64fd3929a tempest-GroupSnapshotsTest-1271943015 tempest-GroupSnapshotsTest-1271943015-project] Calling method 'show' {{(pid=80600) _process_stack /opt/stack/cinder/cinder/api/openstack/wsgi.py:866}}
Apr 30 13:11:39.497576 dv-cinder-784453-4-smb devstack@c-api.service[80601]: INFO cinder.api.openstack.wsgi [None req-4891f65c-64c4-41d1-9e51-5754a0c44c64 tempest-GroupsV314Test-1021574051 tempest-GroupsV314Test-1021574051-project] GET http://10.222.0.66/volume/v3/4bdc91b250724ad986f2f2a9617dc2a3/groups/c3fa0e5d-c57f-43b7-9e4b-ee12ce16842e
Apr 30 13:11:39.498078 dv-cinder-784453-4-smb devstack@c-api.service[80601]: DEBUG cinder.api.openstack.wsgi [None req-4891f65c-64c4-41d1-9e51-5754a0c44c64 tempest-GroupsV314Test-1021574051 tempest-GroupsV314Test-1021574051-project] Empty body provided in request {{(pid=80601) get_body /opt/stack/cinder/cinder/api/openstack/wsgi.py:713}}
Apr 30 13:11:39.505172 dv-cinder-784453-4-smb devstack@c-api.service[80601]: /usr/local/lib/python3.8/dist-packages/webob/acceptparse.py:1047: DeprecationWarning: The behavior of AcceptValidHeader.best_match is currently being maintained for backward compatibility, but it will be deprecated in the future, as it does not conform to the RFC.
Apr 30 13:11:39.505172 dv-cinder-784453-4-smb devstack@c-api.service[80601]: warnings.warn(
Apr 30 13:11:39.508851 dv-cinder-784453-4-smb devstack@c-api.service[80601]: DEBUG cinder.api.openstack.wsgi [None req-4891f65c-64c4-41d1-9e51-5754a0c44c64 tempest-GroupsV314Test-1021574051 tempest-GroupsV314Test-1021574051-project] Calling method 'version_select' {{(pid=80601) _process_stack /opt/stack/cinder/cinder/api/openstack/wsgi.py:866}}
Apr 30 13:11:39.509421 dv-cinder-784453-4-smb devstack@c-api.service[80601]: DEBUG cinder.api.v3.groups [None req-4891f65c-64c4-41d1-9e51-5754a0c44c64 tempest-GroupsV314Test-1021574051 tempest-GroupsV314Test-1021574051-project] show called for member c3fa0e5d-c57f-43b7-9e4b-ee12ce16842e {{(pid=80601) show /opt/stack/cinder/cinder/api/v3/groups.py:58}}
Apr 30 13:11:39.532715 dv-cinder-784453-4-smb devstack@c-api.service[80601]: /usr/local/lib/python3.8/dist-packages/oslo_context/context.py:105: DeprecationWarning: Policy enforcement is depending on the value of is_admin. This key is deprecated. Please update your policy file to use the standard policy values.
Apr 30 13:11:39.532715 dv-cinder-784453-4-smb devstack@c-api.service[80601]: warnings.warn('Policy enforcement is depending on the value of '
Apr 30 13:11:39.620532 dv-cinder-784453-4-smb devstack@c-api.service[80601]: INFO cinder.api.openstack.wsgi [None req-4891f65c-64c4-41d1-9e51-5754a0c44c64 tempest-GroupsV314Test-1021574051 tempest-GroupsV314Test-1021574051-project] http://10.222.0.66/volume/v3/4bdc91b250724ad986f2f2a9617dc2a3/groups/c3fa0e5d-c57f-43b7-9e4b-ee12ce16842e returned with HTTP 200
Apr 30 13:11:39.628690 dv-cinder-784453-4-smb devstack@c-api.service[80601]: [pid: 80601|app: 0|req: 21/45] 10.222.0.66 () {60 vars in 1363 bytes} [Fri Apr 30 13:11:39 2021] GET /volume/v3/4bdc91b250724ad986f2f2a9617dc2a3/groups/c3fa0e5d-c57f-43b7-9e4b-ee12ce16842e => generated 389 bytes in 138 msecs (HTTP/1.1 200) 7 headers in 286 bytes (1 switches on core 0)
Apr 30 13:11:39.633457 dv-cinder-784453-4-smb devstack@c-api.service[80601]: INFO cinder.api.openstack.wsgi [None req-99b97180-ace9-45c5-aa3a-001dcccfaad7 tempest-GroupsV314Test-1021574051 tempest-GroupsV314Test-1021574051-project] POST http://10.222.0.66/volume/v3/4bdc91b250724ad986f2f2a9617dc2a3/volumes
Apr 30 13:11:39.633813 dv-cinder-784453-4-smb devstack@c-api.service[80601]: /usr/local/lib/python3.8/dist-packages/webob/acceptparse.py:1047: DeprecationWarning: The behavior of AcceptValidHeader.best_match is currently being maintained for backward compatibility, but it will be deprecated in the future, as it does not conform to the RFC.
Apr 30 13:11:39.633813 dv-cinder-784453-4-smb devstack@c-api.service[80601]: warnings.warn(
Apr 30 13:11:39.634201 dv-cinder-784453-4-smb devstack@c-api.service[80601]: DEBUG cinder.api.openstack.wsgi [None req-99b97180-ace9-45c5-aa3a-001dcccfaad7 tempest-GroupsV314Test-1021574051 tempest-GroupsV314Test-1021574051-project] Action: 'create', calling method: create, body: {"volume": {"volume_type": "2169114e-6864-48d4-a731-092b97b8cf10", "group_id": "c3fa0e5d-c57f-43b7-9e4b-ee12ce16842e", "size": 1, "name": "tempest-GroupsV314Test-Volume-1638825138"}} {{(pid=80601) _process_stack /opt/stack/cinder/cinder/api/openstack/wsgi.py:864}}
Apr 30 13:11:39.635272 dv-cinder-784453-4-smb devstack@c-api.service[80601]: DEBUG cinder.api.v3.volumes [None req-99b97180-ace9-45c5-aa3a-001dcccfaad7 tempest-GroupsV314Test-1021574051 tempest-GroupsV314Test-1021574051-project] Create volume request body: {'volume': {'volume_type': '2169114e-6864-48d4-a731-092b97b8cf10', 'group_id': 'c3fa0e5d-c57f-43b7-9e4b-ee12ce16842e', 'size': 1, 'name': 'tempest-GroupsV314Test-Volume-1638825138'}} {{(pid=80601) create /opt/stack/cinder/cinder/api/v3/volumes.py:289}}
Apr 30 13:11:39.641421 dv-cinder-784453-4-smb devstack@c-api.service[80600]: /usr/local/lib/python3.8/dist-packages/oslo_context/context.py:105: DeprecationWarning: Policy enforcement is depending on the value of is_admin. This key is deprecated. Please update your policy file to use the standard policy values.
Apr 30 13:11:39.641421 dv-cinder-784453-4-smb devstack@c-api.service[80600]: warnings.warn('Policy enforcement is depending on the value of '
Apr 30 13:11:39.660168 dv-cinder-784453-4-smb devstack@c-api.service[80600]: INFO cinder.volume.api [None req-5eee8bb9-1fdd-4cb3-b49f-fad64fd3929a tempest-GroupSnapshotsTest-1271943015 tempest-GroupSnapshotsTest-1271943015-project] Volume info retrieved successfully.
Apr 30 13:11:39.683556 dv-cinder-784453-4-smb devstack@c-api.service[80601]: /usr/local/lib/python3.8/dist-packages/oslo_context/context.py:105: DeprecationWarning: Policy enforcement is depending on the value of is_admin. This key is deprecated. Please update your policy file to use the standard policy values.
Apr 30 13:11:39.683556 dv-cinder-784453-4-smb devstack@c-api.service[80601]: warnings.warn('Policy enforcement is depending on the value of '
Apr 30 13:11:39.685293 dv-cinder-784453-4-smb devstack@c-api.service[80601]: INFO cinder.api.v3.volumes [None req-99b97180-ace9-45c5-aa3a-001dcccfaad7 tempest-GroupsV314Test-1021574051 tempest-GroupsV314Test-1021574051-project] Create volume of 1 GB
Apr 30 13:11:39.688552 dv-cinder-784453-4-smb devstack@c-api.service[80600]: WARNING stevedore.named [None req-5eee8bb9-1fdd-4cb3-b49f-fad64fd3929a tempest-GroupSnapshotsTest-1271943015 tempest-GroupSnapshotsTest-1271943015-project] Could not load cinder.keymgr.conf_key_mgr.ConfKeyManager
Apr 30 13:11:39.690664 dv-cinder-784453-4-smb devstack@c-api.service[80600]: WARNING castellan.key_manager [None req-5eee8bb9-1fdd-4cb3-b49f-fad64fd3929a tempest-GroupSnapshotsTest-1271943015 tempest-GroupSnapshotsTest-1271943015-project] Deprecation Warning : cinder.keymgr.conf_key_mgr.ConfKeyManager is not a stevedore based driver, trying to load it as a class: stevedore.exception.NoMatches: No 'castellan.drivers' driver found, looking for 'cinder.keymgr.conf_key_mgr.ConfKeyManager'
Apr 30 13:11:39.713658 dv-cinder-784453-4-smb devstack@c-api.service[80600]: DEBUG oslo_db.sqlalchemy.engines [None req-5eee8bb9-1fdd-4cb3-b49f-fad64fd3929a tempest-GroupSnapshotsTest-1271943015 tempest-GroupSnapshotsTest-1271943015-project] MySQL server mode set to STRICT_TRANS_TABLES,STRICT_ALL_TABLES,NO_ZERO_IN_DATE,NO_ZERO_DATE,ERROR_FOR_DIVISION_BY_ZERO,TRADITIONAL,NO_ENGINE_SUBSTITUTION {{(pid=80600) _check_effective_sql_mode /usr/local/lib/python3.8/dist-packages/oslo_db/sqlalchemy/engines.py:314}}
Apr 30 13:11:39.721784 dv-cinder-784453-4-smb devstack@c-api.service[80600]: /usr/local/lib/python3.8/dist-packages/oslo_context/context.py:105: DeprecationWarning: Policy enforcement is depending on the value of is_admin. This key is deprecated. Please update your policy file to use the standard policy values.
Apr 30 13:11:39.721784 dv-cinder-784453-4-smb devstack@c-api.service[80600]: warnings.warn('Policy enforcement is depending on the value of '
Apr 30 13:11:39.741818 dv-cinder-784453-4-smb devstack@c-api.service[80601]: DEBUG cinder.volume.api [None req-99b97180-ace9-45c5-aa3a-001dcccfaad7 tempest-GroupsV314Test-1021574051 tempest-GroupsV314Test-1021574051-project] Availability zone cache updated, next update will occur around 2021-04-30 14:11:39.741322. {{(pid=80601) list_availability_zones /opt/stack/cinder/cinder/volume/api.py:148}}
Apr 30 13:11:39.742403 dv-cinder-784453-4-smb devstack@c-api.service[80601]: INFO cinder.volume.api [None req-99b97180-ace9-45c5-aa3a-001dcccfaad7 tempest-GroupsV314Test-1021574051 tempest-GroupsV314Test-1021574051-project] Availability Zones retrieved successfully.
Apr 30 13:11:39.774869 dv-cinder-784453-4-smb devstack@c-api.service[80600]: INFO cinder.api.openstack.wsgi [None req-5eee8bb9-1fdd-4cb3-b49f-fad64fd3929a tempest-GroupSnapshotsTest-1271943015 tempest-GroupSnapshotsTest-1271943015-project] http://10.222.0.66/volume/v3/9adc873df2e741538700dbd08b5ab7a1/volumes/25f8947d-87d3-491f-8b4c-c7da08285ba8 returned with HTTP 200
Apr 30 13:11:39.776247 dv-cinder-784453-4-smb devstack@c-api.service[80600]: [pid: 80600|app: 0|req: 25/46] 10.222.0.66 () {60 vars in 1366 bytes} [Fri Apr 30 13:11:39 2021] GET /volume/v3/9adc873df2e741538700dbd08b5ab7a1/volumes/25f8947d-87d3-491f-8b4c-c7da08285ba8 => generated 999 bytes in 302 msecs (HTTP/1.1 200) 7 headers in 286 bytes (1 switches on core 0)
