Aug 09 18:49:16.194446 dv-cinder-784453-11-smb devstack@n-api.service[114597]: DEBUG oslo_concurrency.lockutils [None req-60992541-6548-4abc-99f9-468227395cf8 tempest-AttachVolumeShelveTestJSON-530057989 tempest-AttachVolumeShelveTestJSON-530057989-project] Lock "58f91532-5766-4bf5-a15b-f6783d0e733f" acquired by "nova.context.set_target_cell..get_or_set_cached_cell_and_set_connections" :: waited 0.000s {{(pid=114597) inner /usr/local/lib/python3.8/dist-packages/oslo_concurrency/lockutils.py:355}}
Aug 09 18:49:16.194877 dv-cinder-784453-11-smb devstack@n-api.service[114597]: DEBUG oslo_concurrency.lockutils [None req-60992541-6548-4abc-99f9-468227395cf8 tempest-AttachVolumeShelveTestJSON-530057989 tempest-AttachVolumeShelveTestJSON-530057989-project] Lock "58f91532-5766-4bf5-a15b-f6783d0e733f" released by "nova.context.set_target_cell..get_or_set_cached_cell_and_set_connections" :: held 0.000s {{(pid=114597) inner /usr/local/lib/python3.8/dist-packages/oslo_concurrency/lockutils.py:367}}
Aug 09 18:49:16.272199 dv-cinder-784453-11-smb devstack@n-api.service[114597]: INFO nova.api.openstack.requestlog [None req-60992541-6548-4abc-99f9-468227395cf8 tempest-AttachVolumeShelveTestJSON-530057989 tempest-AttachVolumeShelveTestJSON-530057989-project] 10.222.0.64 "POST /compute/v2.1/servers/edc931b9-b057-4f05-b57b-e62258cf6cbc/action" status: 200 len: 28605 microversion: 2.20 time: 0.091713
Aug 09 18:49:16.272843 dv-cinder-784453-11-smb devstack@n-api.service[114597]: [pid: 114597|app: 0|req: 144/283] 10.222.0.64 () {62 vars in 1319 bytes} [Mon Aug 9 18:49:16 2021] POST /compute/v2.1/servers/edc931b9-b057-4f05-b57b-e62258cf6cbc/action => generated 28605 bytes in 93 msecs (HTTP/1.1 200) 9 headers in 361 bytes (1 switches on core 0)
Aug 09 18:49:16.301840 dv-cinder-784453-11-smb devstack@n-api.service[114596]: DEBUG nova.api.openstack.wsgi [None req-510be116-6f55-421d-a469-be65e6021146 tempest-ServerRescueNegativeTestJSON-800664013 tempest-ServerRescueNegativeTestJSON-800664013-project] Calling method '>' {{(pid=114596) _process_stack /opt/stack/nova/nova/api/openstack/wsgi.py:513}}
Aug 09 18:49:16.302462 dv-cinder-784453-11-smb devstack@n-api.service[114596]: DEBUG nova.compute.api [None req-510be116-6f55-421d-a469-be65e6021146 tempest-ServerRescueNegativeTestJSON-800664013 tempest-ServerRescueNegativeTestJSON-800664013-project] [instance: c4bfa0a6-51cf-4ef0-84e5-608c3d0b8ad2] Fetching instance by UUID {{(pid=114596) get /opt/stack/nova/nova/compute/api.py:2791}}
Aug 09 18:49:16.308982 dv-cinder-784453-11-smb devstack@n-api.service[114596]: DEBUG oslo_concurrency.lockutils [None req-510be116-6f55-421d-a469-be65e6021146 tempest-ServerRescueNegativeTestJSON-800664013 tempest-ServerRescueNegativeTestJSON-800664013-project] Lock "58f91532-5766-4bf5-a15b-f6783d0e733f" acquired by "nova.context.set_target_cell..get_or_set_cached_cell_and_set_connections" :: waited 0.000s {{(pid=114596) inner /usr/local/lib/python3.8/dist-packages/oslo_concurrency/lockutils.py:355}}
Aug 09 18:49:16.309437 dv-cinder-784453-11-smb devstack@n-api.service[114596]: DEBUG oslo_concurrency.lockutils [None req-510be116-6f55-421d-a469-be65e6021146 tempest-ServerRescueNegativeTestJSON-800664013 tempest-ServerRescueNegativeTestJSON-800664013-project] Lock "58f91532-5766-4bf5-a15b-f6783d0e733f" released by "nova.context.set_target_cell..get_or_set_cached_cell_and_set_connections" :: held 0.001s {{(pid=114596) inner /usr/local/lib/python3.8/dist-packages/oslo_concurrency/lockutils.py:367}}
Aug 09 18:49:16.310834 dv-cinder-784453-11-smb devstack@n-api.service[114596]: DEBUG oslo_concurrency.lockutils [None req-510be116-6f55-421d-a469-be65e6021146 tempest-ServerRescueNegativeTestJSON-800664013 tempest-ServerRescueNegativeTestJSON-800664013-project] Lock "58f91532-5766-4bf5-a15b-f6783d0e733f" acquired by "nova.context.set_target_cell..get_or_set_cached_cell_and_set_connections" :: waited 0.000s {{(pid=114596) inner /usr/local/lib/python3.8/dist-packages/oslo_concurrency/lockutils.py:355}}
Aug 09 18:49:16.311284 dv-cinder-784453-11-smb devstack@n-api.service[114596]: DEBUG oslo_concurrency.lockutils [None req-510be116-6f55-421d-a469-be65e6021146 tempest-ServerRescueNegativeTestJSON-800664013 tempest-ServerRescueNegativeTestJSON-800664013-project] Lock "58f91532-5766-4bf5-a15b-f6783d0e733f" released by "nova.context.set_target_cell..get_or_set_cached_cell_and_set_connections" :: held 0.001s {{(pid=114596) inner /usr/local/lib/python3.8/dist-packages/oslo_concurrency/lockutils.py:367}}
Aug 09 18:49:16.344024 dv-cinder-784453-11-smb devstack@n-api.service[114597]: DEBUG nova.api.openstack.wsgi [None req-50f5f442-09a9-471c-b18a-e6d9ff1f5274 tempest-AttachVolumeNegativeTest-1408908256 tempest-AttachVolumeNegativeTest-1408908256-project] Action: 'create', calling method: >, body: {"server": {"name": "tempest-AttachVolumeNegativeTest-server-1195593514", "imageRef": "3ddbaacd-c8b1-4fe6-b6f3-ee2a8050c6a8", "flavorRef": "452", "networks": [{"uuid": "25fd4d9e-95ee-43ac-b307-45e60a4c4c51"}]}} {{(pid=114597) _process_stack /opt/stack/nova/nova/api/openstack/wsgi.py:511}}
Aug 09 18:49:16.402624 dv-cinder-784453-11-smb devstack@n-api.service[114597]: DEBUG nova.network.neutron [None req-50f5f442-09a9-471c-b18a-e6d9ff1f5274 tempest-AttachVolumeNegativeTest-1408908256 tempest-AttachVolumeNegativeTest-1408908256-project] validate_networks() for [('25fd4d9e-95ee-43ac-b307-45e60a4c4c51', None, None, None)] {{(pid=114597) validate_networks /opt/stack/nova/nova/network/neutron.py:2255}}
Aug 09 18:49:16.531143 dv-cinder-784453-11-smb devstack@n-api.service[114596]: DEBUG nova.policy [None req-510be116-6f55-421d-a469-be65e6021146 tempest-ServerRescueNegativeTestJSON-800664013 tempest-ServerRescueNegativeTestJSON-800664013-project] Policy check for os_compute_api:os-extended-server-attributes failed with credentials {'is_admin': False, 'user_id': '7ed5dea31f9d40608dc0d0abc38810fc', 'user_domain_id': 'default', 'system_scope': None, 'domain_id': None, 'project_id': '908be5061a2d4398bef5fe35ff084156', 'project_domain_id': 'default', 'roles': ['member', 'reader'], 'is_admin_project': True, 'service_user_id': None, 'service_user_domain_id': None, 'service_project_id': None, 'service_project_domain_id': None, 'service_roles': []} {{(pid=114596) authorize /opt/stack/nova/nova/policy.py:199}}
Aug 09 18:49:16.539706 dv-cinder-784453-11-smb devstack@n-api.service[114596]: INFO nova.api.openstack.requestlog [None req-510be116-6f55-421d-a469-be65e6021146 tempest-ServerRescueNegativeTestJSON-800664013 tempest-ServerRescueNegativeTestJSON-800664013-project] 10.222.0.64 "GET /compute/v2.1/servers/c4bfa0a6-51cf-4ef0-84e5-608c3d0b8ad2" status: 200 len: 1522 microversion: 2.1 time: 0.241462
Aug 09 18:49:16.549652 dv-cinder-784453-11-smb devstack@n-api.service[114596]: [pid: 114596|app: 0|req: 140/284] 10.222.0.64 () {58 vars in 1236 bytes} [Mon Aug 9 18:49:16 2021] GET /compute/v2.1/servers/c4bfa0a6-51cf-4ef0-84e5-608c3d0b8ad2 => generated 1522 bytes in 243 msecs (HTTP/1.1 200) 9 headers in 358 bytes (1 switches on core 0)
Aug 09 18:49:16.911126 dv-cinder-784453-11-smb devstack@n-api.service[114597]: DEBUG nova.virt.hardware [None req-50f5f442-09a9-471c-b18a-e6d9ff1f5274 tempest-AttachVolumeNegativeTest-1408908256 tempest-AttachVolumeNegativeTest-1408908256-project] Flavor limits 0:0:0 {{(pid=114597) get_cpu_topology_constraints /opt/stack/nova/nova/virt/hardware.py:343}}
Aug 09 18:49:16.911558 dv-cinder-784453-11-smb devstack@n-api.service[114597]: DEBUG nova.virt.hardware [None req-50f5f442-09a9-471c-b18a-e6d9ff1f5274 tempest-AttachVolumeNegativeTest-1408908256 tempest-AttachVolumeNegativeTest-1408908256-project] Image limits 0:0:0 {{(pid=114597) get_cpu_topology_constraints /opt/stack/nova/nova/virt/hardware.py:347}}
Aug 09 18:49:16.912018 dv-cinder-784453-11-smb devstack@n-api.service[114597]: DEBUG nova.virt.hardware [None req-50f5f442-09a9-471c-b18a-e6d9ff1f5274 tempest-AttachVolumeNegativeTest-1408908256 tempest-AttachVolumeNegativeTest-1408908256-project] Flavor pref 0:0:0 {{(pid=114597) get_cpu_topology_constraints /opt/stack/nova/nova/virt/hardware.py:383}}
Aug 09 18:49:16.912415 dv-cinder-784453-11-smb devstack@n-api.service[114597]: DEBUG nova.virt.hardware [None req-50f5f442-09a9-471c-b18a-e6d9ff1f5274 tempest-AttachVolumeNegativeTest-1408908256 tempest-AttachVolumeNegativeTest-1408908256-project] Image pref 0:0:0 {{(pid=114597) get_cpu_topology_constraints /opt/stack/nova/nova/virt/hardware.py:387}}
Aug 09 18:49:16.912845 dv-cinder-784453-11-smb devstack@n-api.service[114597]: DEBUG nova.virt.hardware [None req-50f5f442-09a9-471c-b18a-e6d9ff1f5274 tempest-AttachVolumeNegativeTest-1408908256 tempest-AttachVolumeNegativeTest-1408908256-project] Chose sockets=0, cores=0, threads=0; limits were sockets=65536, cores=65536, threads=65536 {{(pid=114597) get_cpu_topology_constraints /opt/stack/nova/nova/virt/hardware.py:425}}
Aug 09 18:49:16.922992 dv-cinder-784453-11-smb devstack@n-api.service[114597]: DEBUG oslo_concurrency.lockutils [None req-50f5f442-09a9-471c-b18a-e6d9ff1f5274 tempest-AttachVolumeNegativeTest-1408908256 tempest-AttachVolumeNegativeTest-1408908256-project] Lock "00000000-0000-0000-0000-000000000000" acquired by "nova.context.set_target_cell..get_or_set_cached_cell_and_set_connections" :: waited 0.000s {{(pid=114597) inner /usr/local/lib/python3.8/dist-packages/oslo_concurrency/lockutils.py:355}}
Aug 09 18:49:16.923430 dv-cinder-784453-11-smb devstack@n-api.service[114597]: DEBUG oslo_concurrency.lockutils [None req-50f5f442-09a9-471c-b18a-e6d9ff1f5274 tempest-AttachVolumeNegativeTest-1408908256 tempest-AttachVolumeNegativeTest-1408908256-project] Lock "00000000-0000-0000-0000-000000000000" released by "nova.context.set_target_cell..get_or_set_cached_cell_and_set_connections" :: held 0.001s {{(pid=114597) inner /usr/local/lib/python3.8/dist-packages/oslo_concurrency/lockutils.py:367}}
Aug 09 18:49:16.924407 dv-cinder-784453-11-smb devstack@n-api.service[114597]: DEBUG oslo_concurrency.lockutils [None req-50f5f442-09a9-471c-b18a-e6d9ff1f5274 tempest-AttachVolumeNegativeTest-1408908256 tempest-AttachVolumeNegativeTest-1408908256-project] Lock "58f91532-5766-4bf5-a15b-f6783d0e733f" acquired by "nova.context.set_target_cell..get_or_set_cached_cell_and_set_connections" :: waited 0.000s {{(pid=114597) inner /usr/local/lib/python3.8/dist-packages/oslo_concurrency/lockutils.py:355}}
Aug 09 18:49:16.924833 dv-cinder-784453-11-smb devstack@n-api.service[114597]: DEBUG oslo_concurrency.lockutils [None req-50f5f442-09a9-471c-b18a-e6d9ff1f5274 tempest-AttachVolumeNegativeTest-1408908256 tempest-AttachVolumeNegativeTest-1408908256-project] Lock "58f91532-5766-4bf5-a15b-f6783d0e733f" released by "nova.context.set_target_cell..get_or_set_cached_cell_and_set_connections" :: held 0.000s {{(pid=114597) inner /usr/local/lib/python3.8/dist-packages/oslo_concurrency/lockutils.py:367}}
Aug 09 18:49:16.941421 dv-cinder-784453-11-smb devstack@n-api.service[114597]: DEBUG nova.quota [None req-50f5f442-09a9-471c-b18a-e6d9ff1f5274 tempest-AttachVolumeNegativeTest-1408908256 tempest-AttachVolumeNegativeTest-1408908256-project] Getting quotas for project 13939c35b4a042388c55aa36ad940734. Resources: {'instances', 'cores', 'ram'} {{(pid=114597) _get_quotas /opt/stack/nova/nova/quota.py:384}}
Aug 09 18:49:16.945882 dv-cinder-784453-11-smb devstack@n-api.service[114597]: DEBUG nova.quota [None req-50f5f442-09a9-471c-b18a-e6d9ff1f5274 tempest-AttachVolumeNegativeTest-1408908256 tempest-AttachVolumeNegativeTest-1408908256-project] Getting quotas for user ab0c4e0e46b048cb803899326529bbe7 and project 13939c35b4a042388c55aa36ad940734. Resources: {'instances', 'cores', 'ram'} {{(pid=114597) _get_quotas /opt/stack/nova/nova/quota.py:374}}
Aug 09 18:49:16.957545 dv-cinder-784453-11-smb devstack@n-api.service[114597]: DEBUG nova.compute.api [None req-50f5f442-09a9-471c-b18a-e6d9ff1f5274 tempest-AttachVolumeNegativeTest-1408908256 tempest-AttachVolumeNegativeTest-1408908256-project] Going to run 1 instances... {{(pid=114597) _provision_instances /opt/stack/nova/nova/compute/api.py:1280}}
Aug 09 18:49:16.960063 dv-cinder-784453-11-smb devstack@n-api.service[114597]: DEBUG nova.compute.api [None req-50f5f442-09a9-471c-b18a-e6d9ff1f5274 tempest-AttachVolumeNegativeTest-1408908256 tempest-AttachVolumeNegativeTest-1408908256-project] [instance: 4fab66bf-35c1-4b53-ab09-c055376dbeaa] block_device_mapping [BlockDeviceMapping(attachment_id=,boot_index=0,connection_info=None,created_at=,delete_on_termination=True,deleted=,deleted_at=,destination_type='local',device_name=None,device_type='disk',disk_bus=None,guest_format=None,id=,image_id='3ddbaacd-c8b1-4fe6-b6f3-ee2a8050c6a8',instance=,instance_uuid=,no_device=False,snapshot_id=None,source_type='image',tag=None,updated_at=,uuid=,volume_id=None,volume_size=None,volume_type=None)] {{(pid=114597) _bdm_validate_set_size_and_instance /opt/stack/nova/nova/compute/api.py:1685}}
Aug 09 18:49:17.102464 dv-cinder-784453-11-smb devstack@n-api.service[114596]: DEBUG nova.api.openstack.wsgi [None req-4a4e94e5-baf8-47ed-be56-6fcbe7005f88 tempest-AttachVolumeTestJSON-270606526 tempest-AttachVolumeTestJSON-270606526-project] Action: 'action', calling method: >, body: {"os-getConsoleOutput": {}} {{(pid=114596) _process_stack /opt/stack/nova/nova/api/openstack/wsgi.py:511}}
Aug 09 18:49:17.103563 dv-cinder-784453-11-smb devstack@n-api.service[114596]: DEBUG nova.compute.api [None req-4a4e94e5-baf8-47ed-be56-6fcbe7005f88 tempest-AttachVolumeTestJSON-270606526 tempest-AttachVolumeTestJSON-270606526-project] [instance: 9ac7bab2-ee0d-40f6-9bd1-b2941ec8579f] Fetching instance by UUID {{(pid=114596) get /opt/stack/nova/nova/compute/api.py:2791}}
Aug 09 18:49:17.109797 dv-cinder-784453-11-smb devstack@n-api.service[114596]: DEBUG oslo_concurrency.lockutils [None req-4a4e94e5-baf8-47ed-be56-6fcbe7005f88 tempest-AttachVolumeTestJSON-270606526 tempest-AttachVolumeTestJSON-270606526-project] Lock "58f91532-5766-4bf5-a15b-f6783d0e733f" acquired by "nova.context.set_target_cell..get_or_set_cached_cell_and_set_connections" :: waited 0.000s {{(pid=114596) inner /usr/local/lib/python3.8/dist-packages/oslo_concurrency/lockutils.py:355}}
Aug 09 18:49:17.110256 dv-cinder-784453-11-smb devstack@n-api.service[114596]: DEBUG oslo_concurrency.lockutils [None req-4a4e94e5-baf8-47ed-be56-6fcbe7005f88 tempest-AttachVolumeTestJSON-270606526 tempest-AttachVolumeTestJSON-270606526-project] Lock "58f91532-5766-4bf5-a15b-f6783d0e733f" released by "nova.context.set_target_cell..get_or_set_cached_cell_and_set_connections" :: held 0.001s {{(pid=114596) inner /usr/local/lib/python3.8/dist-packages/oslo_concurrency/lockutils.py:367}}
Aug 09 18:49:17.111035 dv-cinder-784453-11-smb devstack@n-api.service[114596]: DEBUG oslo_concurrency.lockutils [None req-4a4e94e5-baf8-47ed-be56-6fcbe7005f88 tempest-AttachVolumeTestJSON-270606526 tempest-AttachVolumeTestJSON-270606526-project] Lock "58f91532-5766-4bf5-a15b-f6783d0e733f" acquired by "nova.context.set_target_cell..get_or_set_cached_cell_and_set_connections" :: waited 0.000s {{(pid=114596) inner /usr/local/lib/python3.8/dist-packages/oslo_concurrency/lockutils.py:355}}
Aug 09 18:49:17.111547 dv-cinder-784453-11-smb devstack@n-api.service[114596]: DEBUG oslo_concurrency.lockutils [None req-4a4e94e5-baf8-47ed-be56-6fcbe7005f88 tempest-AttachVolumeTestJSON-270606526 tempest-AttachVolumeTestJSON-270606526-project] Lock "58f91532-5766-4bf5-a15b-f6783d0e733f" released by "nova.context.set_target_cell..get_or_set_cached_cell_and_set_connections" :: held 0.000s {{(pid=114596) inner /usr/local/lib/python3.8/dist-packages/oslo_concurrency/lockutils.py:367}}
Aug 09 18:49:17.178988 dv-cinder-784453-11-smb devstack@n-api.service[114597]: INFO nova.api.openstack.requestlog [None req-50f5f442-09a9-471c-b18a-e6d9ff1f5274 tempest-AttachVolumeNegativeTest-1408908256 tempest-AttachVolumeNegativeTest-1408908256-project] 10.222.0.64 "POST /compute/v2.1/servers" status: 202 len: 380 microversion: 2.1 time: 0.839079
Aug 09 18:49:17.180218 dv-cinder-784453-11-smb devstack@n-api.service[114597]: [pid: 114597|app: 0|req: 145/285] 10.222.0.64 () {60 vars in 1147 bytes} [Mon Aug 9 18:49:16 2021] POST /compute/v2.1/servers => generated 380 bytes in 841 msecs (HTTP/1.1 202) 10 headers in 451 bytes (2 switches on core 0)
Aug 09 18:49:17.192173 dv-cinder-784453-11-smb devstack@n-api.service[114597]: DEBUG nova.api.openstack.wsgi [None req-69429b4f-747f-4449-b0c0-895b99066b11 tempest-AttachVolumeNegativeTest-1408908256 tempest-AttachVolumeNegativeTest-1408908256-project] Calling method '>' {{(pid=114597) _process_stack /opt/stack/nova/nova/api/openstack/wsgi.py:513}}
Aug 09 18:49:17.193334 dv-cinder-784453-11-smb devstack@n-api.service[114597]: DEBUG nova.compute.api [None req-69429b4f-747f-4449-b0c0-895b99066b11 tempest-AttachVolumeNegativeTest-1408908256 tempest-AttachVolumeNegativeTest-1408908256-project] [instance: 4fab66bf-35c1-4b53-ab09-c055376dbeaa] Fetching instance by UUID {{(pid=114597) get /opt/stack/nova/nova/compute/api.py:2791}}
Aug 09 18:49:17.197201 dv-cinder-784453-11-smb devstack@n-api.service[114596]: INFO nova.api.openstack.requestlog [None req-4a4e94e5-baf8-47ed-be56-6fcbe7005f88 tempest-AttachVolumeTestJSON-270606526 tempest-AttachVolumeTestJSON-270606526-project] 10.222.0.64 "POST /compute/v2.1/servers/9ac7bab2-ee0d-40f6-9bd1-b2941ec8579f/action" status: 200 len: 28652 microversion: 2.1 time: 0.095372
Aug 09 18:49:17.198118 dv-cinder-784453-11-smb devstack@n-api.service[114596]: [pid: 114596|app: 0|req: 141/286] 10.222.0.64 () {60 vars in 1278 bytes} [Mon Aug 9 18:49:17 2021] POST /compute/v2.1/servers/9ac7bab2-ee0d-40f6-9bd1-b2941ec8579f/action => generated 28652 bytes in 100 msecs (HTTP/1.1 200) 9 headers in 359 bytes (2 switches on core 0)
Aug 09 18:49:17.254953 dv-cinder-784453-11-smb devstack@n-api.service[114597]: DEBUG nova.policy [None req-69429b4f-747f-4449-b0c0-895b99066b11 tempest-AttachVolumeNegativeTest-1408908256 tempest-AttachVolumeNegativeTest-1408908256-project] Policy check for os_compute_api:os-extended-server-attributes failed with credentials {'is_admin': False, 'user_id': 'ab0c4e0e46b048cb803899326529bbe7', 'user_domain_id': 'default', 'system_scope': None, 'domain_id': None, 'project_id': '13939c35b4a042388c55aa36ad940734', 'project_domain_id': 'default', 'roles': ['member', 'reader'], 'is_admin_project': True, 'service_user_id': None, 'service_user_domain_id': None, 'service_project_id': None, 'service_project_domain_id': None, 'service_roles': []} {{(pid=114597) authorize /opt/stack/nova/nova/policy.py:199}}
Aug 09 18:49:17.262179 dv-cinder-784453-11-smb devstack@n-api.service[114597]: INFO nova.api.openstack.requestlog [None req-69429b4f-747f-4449-b0c0-895b99066b11 tempest-AttachVolumeNegativeTest-1408908256 tempest-AttachVolumeNegativeTest-1408908256-project] 10.222.0.64 "GET /compute/v2.1/servers/4fab66bf-35c1-4b53-ab09-c055376dbeaa" status: 200 len: 1218 microversion: 2.1 time: 0.073818
Aug 09 18:49:17.262742 dv-cinder-784453-11-smb devstack@n-api.service[114597]: [pid: 114597|app: 0|req: 146/287] 10.222.0.64 () {58 vars in 1236 bytes} [Mon Aug 9 18:49:17 2021] GET /compute/v2.1/servers/4fab66bf-35c1-4b53-ab09-c055376dbeaa => generated 1218 bytes in 75 msecs (HTTP/1.1 200) 9 headers in 358 bytes (1 switches on core 0)
Aug 09 18:49:17.284673 dv-cinder-784453-11-smb devstack@n-api.service[114596]: DEBUG nova.api.openstack.wsgi [None req-4229bf07-71b1-460c-92eb-d2f11f871a6b tempest-AttachVolumeShelveTestJSON-530057989 tempest-AttachVolumeShelveTestJSON-530057989-project] Action: 'action', calling method: >, body: {"os-getConsoleOutput": {}} {{(pid=114596) _process_stack /opt/stack/nova/nova/api/openstack/wsgi.py:511}}
Aug 09 18:49:17.285703 dv-cinder-784453-11-smb devstack@n-api.service[114596]: DEBUG nova.compute.api [None req-4229bf07-71b1-460c-92eb-d2f11f871a6b tempest-AttachVolumeShelveTestJSON-530057989 tempest-AttachVolumeShelveTestJSON-530057989-project] [instance: edc931b9-b057-4f05-b57b-e62258cf6cbc] Fetching instance by UUID {{(pid=114596) get /opt/stack/nova/nova/compute/api.py:2791}}
Aug 09 18:49:17.292377 dv-cinder-784453-11-smb devstack@n-api.service[114596]: DEBUG oslo_concurrency.lockutils [None req-4229bf07-71b1-460c-92eb-d2f11f871a6b tempest-AttachVolumeShelveTestJSON-530057989 tempest-AttachVolumeShelveTestJSON-530057989-project] Lock "58f91532-5766-4bf5-a15b-f6783d0e733f" acquired by "nova.context.set_target_cell..get_or_set_cached_cell_and_set_connections" :: waited 0.000s {{(pid=114596) inner /usr/local/lib/python3.8/dist-packages/oslo_concurrency/lockutils.py:355}}
Aug 09 18:49:17.292826 dv-cinder-784453-11-smb devstack@n-api.service[114596]: DEBUG oslo_concurrency.lockutils [None req-4229bf07-71b1-460c-92eb-d2f11f871a6b tempest-AttachVolumeShelveTestJSON-530057989 tempest-AttachVolumeShelveTestJSON-530057989-project] Lock "58f91532-5766-4bf5-a15b-f6783d0e733f" released by "nova.context.set_target_cell..get_or_set_cached_cell_and_set_connections" :: held 0.001s {{(pid=114596) inner /usr/local/lib/python3.8/dist-packages/oslo_concurrency/lockutils.py:367}}
Aug 09 18:49:17.293634 dv-cinder-784453-11-smb devstack@n-api.service[114596]: DEBUG oslo_concurrency.lockutils [None req-4229bf07-71b1-460c-92eb-d2f11f871a6b tempest-AttachVolumeShelveTestJSON-530057989 tempest-AttachVolumeShelveTestJSON-530057989-project] Lock "58f91532-5766-4bf5-a15b-f6783d0e733f" acquired by "nova.context.set_target_cell..get_or_set_cached_cell_and_set_connections" :: waited 0.000s {{(pid=114596) inner /usr/local/lib/python3.8/dist-packages/oslo_concurrency/lockutils.py:355}}
Aug 09 18:49:17.294113 dv-cinder-784453-11-smb devstack@n-api.service[114596]: DEBUG oslo_concurrency.lockutils [None req-4229bf07-71b1-460c-92eb-d2f11f871a6b tempest-AttachVolumeShelveTestJSON-530057989 tempest-AttachVolumeShelveTestJSON-530057989-project] Lock "58f91532-5766-4bf5-a15b-f6783d0e733f" released by "nova.context.set_target_cell..get_or_set_cached_cell_and_set_connections" :: held 0.000s {{(pid=114596) inner /usr/local/lib/python3.8/dist-packages/oslo_concurrency/lockutils.py:367}}
Aug 09 18:49:17.361900 dv-cinder-784453-11-smb devstack@n-api.service[114596]: INFO nova.api.openstack.requestlog [None req-4229bf07-71b1-460c-92eb-d2f11f871a6b tempest-AttachVolumeShelveTestJSON-530057989 tempest-AttachVolumeShelveTestJSON-530057989-project] 10.222.0.64 "POST /compute/v2.1/servers/edc931b9-b057-4f05-b57b-e62258cf6cbc/action" status: 200 len: 28605 microversion: 2.20 time: 0.081130
Aug 09 18:49:17.367822 dv-cinder-784453-11-smb devstack@n-api.service[114596]: [pid: 114596|app: 0|req: 142/288] 10.222.0.64 () {62 vars in 1319 bytes} [Mon Aug 9 18:49:17 2021] POST /compute/v2.1/servers/edc931b9-b057-4f05-b57b-e62258cf6cbc/action => generated 28605 bytes in 88 msecs (HTTP/1.1 200) 9 headers in 361 bytes (1 switches on core 0)
Aug 09 18:49:17.572417 dv-cinder-784453-11-smb devstack@n-api.service[114597]: DEBUG nova.api.openstack.wsgi [None req-745c2d10-4051-4cf2-bdf8-ef104be43590 tempest-ServerRescueNegativeTestJSON-800664013 tempest-ServerRescueNegativeTestJSON-800664013-project] Calling method '>' {{(pid=114597) _process_stack /opt/stack/nova/nova/api/openstack/wsgi.py:513}}
Aug 09 18:49:17.572417 dv-cinder-784453-11-smb devstack@n-api.service[114597]: DEBUG nova.compute.api [None req-745c2d10-4051-4cf2-bdf8-ef104be43590 tempest-ServerRescueNegativeTestJSON-800664013 tempest-ServerRescueNegativeTestJSON-800664013-project] [instance: c4bfa0a6-51cf-4ef0-84e5-608c3d0b8ad2] Fetching instance by UUID {{(pid=114597) get /opt/stack/nova/nova/compute/api.py:2791}}
Aug 09 18:49:17.572417 dv-cinder-784453-11-smb devstack@n-api.service[114597]: DEBUG oslo_concurrency.lockutils [None req-745c2d10-4051-4cf2-bdf8-ef104be43590 tempest-ServerRescueNegativeTestJSON-800664013 tempest-ServerRescueNegativeTestJSON-800664013-project] Lock "58f91532-5766-4bf5-a15b-f6783d0e733f" acquired by "nova.context.set_target_cell..get_or_set_cached_cell_and_set_connections" :: waited 0.000s {{(pid=114597) inner /usr/local/lib/python3.8/dist-packages/oslo_concurrency/lockutils.py:355}}
Aug 09 18:49:17.572417 dv-cinder-784453-11-smb devstack@n-api.service[114597]: DEBUG oslo_concurrency.lockutils [None req-745c2d10-4051-4cf2-bdf8-ef104be43590 tempest-ServerRescueNegativeTestJSON-800664013 tempest-ServerRescueNegativeTestJSON-800664013-project] Lock "58f91532-5766-4bf5-a15b-f6783d0e733f" released by "nova.context.set_target_cell..get_or_set_cached_cell_and_set_connections" :: held 0.001s {{(pid=114597) inner /usr/local/lib/python3.8/dist-packages/oslo_concurrency/lockutils.py:367}}
Aug 09 18:49:17.573315 dv-cinder-784453-11-smb devstack@n-api.service[114597]: DEBUG oslo_concurrency.lockutils [None req-745c2d10-4051-4cf2-bdf8-ef104be43590 tempest-ServerRescueNegativeTestJSON-800664013 tempest-ServerRescueNegativeTestJSON-800664013-project] Lock "58f91532-5766-4bf5-a15b-f6783d0e733f" acquired by "nova.context.set_target_cell..get_or_set_cached_cell_and_set_connections" :: waited 0.000s {{(pid=114597) inner /usr/local/lib/python3.8/dist-packages/oslo_concurrency/lockutils.py:355}}
Aug 09 18:49:17.573315 dv-cinder-784453-11-smb devstack@n-api.service[114597]: DEBUG oslo_concurrency.lockutils [None req-745c2d10-4051-4cf2-bdf8-ef104be43590 tempest-ServerRescueNegativeTestJSON-800664013 tempest-ServerRescueNegativeTestJSON-800664013-project] Lock "58f91532-5766-4bf5-a15b-f6783d0e733f" released by "nova.context.set_target_cell..get_or_set_cached_cell_and_set_connections" :: held 0.000s {{(pid=114597) inner /usr/local/lib/python3.8/dist-packages/oslo_concurrency/lockutils.py:367}}
Aug 09 18:49:17.707907 dv-cinder-784453-11-smb devstack@n-api.service[114597]: DEBUG nova.policy [None req-745c2d10-4051-4cf2-bdf8-ef104be43590 tempest-ServerRescueNegativeTestJSON-800664013 tempest-ServerRescueNegativeTestJSON-800664013-project] Policy check for os_compute_api:os-extended-server-attributes failed with credentials {'is_admin': False, 'user_id': '7ed5dea31f9d40608dc0d0abc38810fc', 'user_domain_id': 'default', 'system_scope': None, 'domain_id': None, 'project_id': '908be5061a2d4398bef5fe35ff084156', 'project_domain_id': 'default', 'roles': ['member', 'reader'], 'is_admin_project': True, 'service_user_id': None, 'service_user_domain_id': None, 'service_project_id': None, 'service_project_domain_id': None, 'service_roles': []} {{(pid=114597) authorize /opt/stack/nova/nova/policy.py:199}}
Aug 09 18:49:17.717133 dv-cinder-784453-11-smb devstack@n-api.service[114597]: INFO nova.api.openstack.requestlog [None req-745c2d10-4051-4cf2-bdf8-ef104be43590 tempest-ServerRescueNegativeTestJSON-800664013 tempest-ServerRescueNegativeTestJSON-800664013-project] 10.222.0.64 "GET /compute/v2.1/servers/c4bfa0a6-51cf-4ef0-84e5-608c3d0b8ad2" status: 200 len: 1522 microversion: 2.1 time: 0.162832
Aug 09 18:49:17.718302 dv-cinder-784453-11-smb devstack@n-api.service[114597]: [pid: 114597|app: 0|req: 147/289] 10.222.0.64 () {58 vars in 1236 bytes} [Mon Aug 9 18:49:17 2021] GET /compute/v2.1/servers/c4bfa0a6-51cf-4ef0-84e5-608c3d0b8ad2 => generated 1522 bytes in 165 msecs (HTTP/1.1 200) 9 headers in 358 bytes (1 switches on core 0)
Aug 09 18:49:18.209550 dv-cinder-784453-11-smb devstack@n-api.service[114596]: DEBUG nova.api.openstack.wsgi [None req-49d132ab-dfb1-47c5-873a-2758a6e90e3b tempest-AttachVolumeTestJSON-270606526 tempest-AttachVolumeTestJSON-270606526-project] Action: 'action', calling method: >, body: {"os-getConsoleOutput": {}} {{(pid=114596) _process_stack /opt/stack/nova/nova/api/openstack/wsgi.py:511}}
Aug 09 18:49:18.210640 dv-cinder-784453-11-smb devstack@n-api.service[114596]: DEBUG nova.compute.api [None req-49d132ab-dfb1-47c5-873a-2758a6e90e3b tempest-AttachVolumeTestJSON-270606526 tempest-AttachVolumeTestJSON-270606526-project] [instance: 9ac7bab2-ee0d-40f6-9bd1-b2941ec8579f] Fetching instance by UUID {{(pid=114596) get /opt/stack/nova/nova/compute/api.py:2791}}
Aug 09 18:49:18.220710 dv-cinder-784453-11-smb devstack@n-api.service[114596]: DEBUG oslo_concurrency.lockutils [None req-49d132ab-dfb1-47c5-873a-2758a6e90e3b tempest-AttachVolumeTestJSON-270606526 tempest-AttachVolumeTestJSON-270606526-project] Lock "58f91532-5766-4bf5-a15b-f6783d0e733f" acquired by "nova.context.set_target_cell..get_or_set_cached_cell_and_set_connections" :: waited 0.000s {{(pid=114596) inner /usr/local/lib/python3.8/dist-packages/oslo_concurrency/lockutils.py:355}}
Aug 09 18:49:18.221163 dv-cinder-784453-11-smb devstack@n-api.service[114596]: DEBUG oslo_concurrency.lockutils [None req-49d132ab-dfb1-47c5-873a-2758a6e90e3b tempest-AttachVolumeTestJSON-270606526 tempest-AttachVolumeTestJSON-270606526-project] Lock "58f91532-5766-4bf5-a15b-f6783d0e733f" released by "nova.context.set_target_cell..get_or_set_cached_cell_and_set_connections" :: held 0.001s {{(pid=114596) inner /usr/local/lib/python3.8/dist-packages/oslo_concurrency/lockutils.py:367}}
Aug 09 18:49:18.221979 dv-cinder-784453-11-smb devstack@n-api.service[114596]: DEBUG oslo_concurrency.lockutils [None req-49d132ab-dfb1-47c5-873a-2758a6e90e3b tempest-AttachVolumeTestJSON-270606526 tempest-AttachVolumeTestJSON-270606526-project] Lock "58f91532-5766-4bf5-a15b-f6783d0e733f" acquired by "nova.context.set_target_cell..get_or_set_cached_cell_and_set_connections" :: waited 0.000s {{(pid=114596) inner /usr/local/lib/python3.8/dist-packages/oslo_concurrency/lockutils.py:355}}
Aug 09 18:49:18.222420 dv-cinder-784453-11-smb devstack@n-api.service[114596]: DEBUG oslo_concurrency.lockutils [None req-49d132ab-dfb1-47c5-873a-2758a6e90e3b tempest-AttachVolumeTestJSON-270606526 tempest-AttachVolumeTestJSON-270606526-project] Lock "58f91532-5766-4bf5-a15b-f6783d0e733f" released by "nova.context.set_target_cell..get_or_set_cached_cell_and_set_connections" :: held 0.000s {{(pid=114596) inner /usr/local/lib/python3.8/dist-packages/oslo_concurrency/lockutils.py:367}}
Aug 09 18:49:18.279944 dv-cinder-784453-11-smb devstack@n-api.service[114597]: DEBUG nova.api.openstack.wsgi [None req-d3231eb0-f5f1-413b-a605-d41a59dece73 tempest-AttachVolumeNegativeTest-1408908256 tempest-AttachVolumeNegativeTest-1408908256-project] Calling method '>' {{(pid=114597) _process_stack /opt/stack/nova/nova/api/openstack/wsgi.py:513}}
Aug 09 18:49:18.281386 dv-cinder-784453-11-smb devstack@n-api.service[114597]: DEBUG nova.compute.api [None req-d3231eb0-f5f1-413b-a605-d41a59dece73 tempest-AttachVolumeNegativeTest-1408908256 tempest-AttachVolumeNegativeTest-1408908256-project] [instance: 4fab66bf-35c1-4b53-ab09-c055376dbeaa] Fetching instance by UUID {{(pid=114597) get /opt/stack/nova/nova/compute/api.py:2791}}
Aug 09 18:49:18.300090 dv-cinder-784453-11-smb devstack@n-api.service[114597]: DEBUG oslo_concurrency.lockutils [None req-d3231eb0-f5f1-413b-a605-d41a59dece73 tempest-AttachVolumeNegativeTest-1408908256 tempest-AttachVolumeNegativeTest-1408908256-project] Lock "58f91532-5766-4bf5-a15b-f6783d0e733f" acquired by "nova.context.set_target_cell..get_or_set_cached_cell_and_set_connections" :: waited 0.000s {{(pid=114597) inner /usr/local/lib/python3.8/dist-packages/oslo_concurrency/lockutils.py:355}}
Aug 09 18:49:18.300466 dv-cinder-784453-11-smb devstack@n-api.service[114597]: DEBUG oslo_concurrency.lockutils [None req-d3231eb0-f5f1-413b-a605-d41a59dece73 tempest-AttachVolumeNegativeTest-1408908256 tempest-AttachVolumeNegativeTest-1408908256-project] Lock "58f91532-5766-4bf5-a15b-f6783d0e733f" released by "nova.context.set_target_cell..get_or_set_cached_cell_and_set_connections" :: held 0.001s {{(pid=114597) inner /usr/local/lib/python3.8/dist-packages/oslo_concurrency/lockutils.py:367}}
Aug 09 18:49:18.302278 dv-cinder-784453-11-smb devstack@n-api.service[114597]: DEBUG oslo_concurrency.lockutils [None req-d3231eb0-f5f1-413b-a605-d41a59dece73 tempest-AttachVolumeNegativeTest-1408908256 tempest-AttachVolumeNegativeTest-1408908256-project] Lock "58f91532-5766-4bf5-a15b-f6783d0e733f" acquired by "nova.context.set_target_cell..get_or_set_cached_cell_and_set_connections" :: waited 0.000s {{(pid=114597) inner /usr/local/lib/python3.8/dist-packages/oslo_concurrency/lockutils.py:355}}
Aug 09 18:49:18.306247 dv-cinder-784453-11-smb devstack@n-api.service[114597]: DEBUG oslo_concurrency.lockutils [None req-d3231eb0-f5f1-413b-a605-d41a59dece73 tempest-AttachVolumeNegativeTest-1408908256 tempest-AttachVolumeNegativeTest-1408908256-project] Lock "58f91532-5766-4bf5-a15b-f6783d0e733f" released by "nova.context.set_target_cell..get_or_set_cached_cell_and_set_connections" :: held 0.001s {{(pid=114597) inner /usr/local/lib/python3.8/dist-packages/oslo_concurrency/lockutils.py:367}}
Aug 09 18:49:18.316028 dv-cinder-784453-11-smb devstack@n-api.service[114596]: INFO nova.api.openstack.requestlog [None req-49d132ab-dfb1-47c5-873a-2758a6e90e3b tempest-AttachVolumeTestJSON-270606526 tempest-AttachVolumeTestJSON-270606526-project] 10.222.0.64 "POST /compute/v2.1/servers/9ac7bab2-ee0d-40f6-9bd1-b2941ec8579f/action" status: 200 len: 28788 microversion: 2.1 time: 0.110722
Aug 09 18:49:18.320106 dv-cinder-784453-11-smb devstack@n-api.service[114596]: [pid: 114596|app: 0|req: 143/290] 10.222.0.64 () {60 vars in 1278 bytes} [Mon Aug 9 18:49:18 2021] POST /compute/v2.1/servers/9ac7bab2-ee0d-40f6-9bd1-b2941ec8579f/action => generated 28788 bytes in 113 msecs (HTTP/1.1 200) 9 headers in 359 bytes (1 switches on core 0)
Aug 09 18:49:18.377706 dv-cinder-784453-11-smb devstack@n-api.service[114596]: DEBUG nova.api.openstack.wsgi [None req-78fa3613-c6bb-4fc2-8cb8-0d7d3710564a tempest-AttachVolumeShelveTestJSON-530057989 tempest-AttachVolumeShelveTestJSON-530057989-project] Action: 'action', calling method: >, body: {"os-getConsoleOutput": {}} {{(pid=114596) _process_stack /opt/stack/nova/nova/api/openstack/wsgi.py:511}}
Aug 09 18:49:18.378552 dv-cinder-784453-11-smb devstack@n-api.service[114596]: DEBUG nova.compute.api [None req-78fa3613-c6bb-4fc2-8cb8-0d7d3710564a tempest-AttachVolumeShelveTestJSON-530057989 tempest-AttachVolumeShelveTestJSON-530057989-project] [instance: edc931b9-b057-4f05-b57b-e62258cf6cbc] Fetching instance by UUID {{(pid=114596) get /opt/stack/nova/nova/compute/api.py:2791}}
Aug 09 18:49:18.387804 dv-cinder-784453-11-smb devstack@n-api.service[114596]: DEBUG oslo_concurrency.lockutils [None req-78fa3613-c6bb-4fc2-8cb8-0d7d3710564a tempest-AttachVolumeShelveTestJSON-530057989 tempest-AttachVolumeShelveTestJSON-530057989-project] Lock "58f91532-5766-4bf5-a15b-f6783d0e733f" acquired by "nova.context.set_target_cell..get_or_set_cached_cell_and_set_connections" :: waited 0.000s {{(pid=114596) inner /usr/local/lib/python3.8/dist-packages/oslo_concurrency/lockutils.py:355}}
Aug 09 18:49:18.388836 dv-cinder-784453-11-smb devstack@n-api.service[114596]: DEBUG oslo_concurrency.lockutils [None req-78fa3613-c6bb-4fc2-8cb8-0d7d3710564a tempest-AttachVolumeShelveTestJSON-530057989 tempest-AttachVolumeShelveTestJSON-530057989-project] Lock "58f91532-5766-4bf5-a15b-f6783d0e733f" released by "nova.context.set_target_cell..get_or_set_cached_cell_and_set_connections" :: held 0.001s {{(pid=114596) inner /usr/local/lib/python3.8/dist-packages/oslo_concurrency/lockutils.py:367}}
Aug 09 18:49:18.389784 dv-cinder-784453-11-smb devstack@n-api.service[114596]: DEBUG oslo_concurrency.lockutils [None req-78fa3613-c6bb-4fc2-8cb8-0d7d3710564a tempest-AttachVolumeShelveTestJSON-530057989 tempest-AttachVolumeShelveTestJSON-530057989-project] Lock "58f91532-5766-4bf5-a15b-f6783d0e733f" acquired by "nova.context.set_target_cell..get_or_set_cached_cell_and_set_connections" :: waited 0.000s {{(pid=114596) inner /usr/local/lib/python3.8/dist-packages/oslo_concurrency/lockutils.py:355}}
Aug 09 18:49:18.390545 dv-cinder-784453-11-smb devstack@n-api.service[114596]: DEBUG oslo_concurrency.lockutils [None req-78fa3613-c6bb-4fc2-8cb8-0d7d3710564a tempest-AttachVolumeShelveTestJSON-530057989 tempest-AttachVolumeShelveTestJSON-530057989-project] Lock "58f91532-5766-4bf5-a15b-f6783d0e733f" released by "nova.context.set_target_cell..get_or_set_cached_cell_and_set_connections" :: held 0.001s {{(pid=114596) inner /usr/local/lib/python3.8/dist-packages/oslo_concurrency/lockutils.py:367}}
Aug 09 18:49:18.400289 dv-cinder-784453-11-smb devstack@n-api.service[114597]: DEBUG nova.policy [None req-d3231eb0-f5f1-413b-a605-d41a59dece73 tempest-AttachVolumeNegativeTest-1408908256 tempest-AttachVolumeNegativeTest-1408908256-project] Policy check for os_compute_api:os-extended-server-attributes failed with credentials {'is_admin': False, 'user_id': 'ab0c4e0e46b048cb803899326529bbe7', 'user_domain_id': 'default', 'system_scope': None, 'domain_id': None, 'project_id': '13939c35b4a042388c55aa36ad940734', 'project_domain_id': 'default', 'roles': ['member', 'reader'], 'is_admin_project': True, 'service_user_id': None, 'service_user_domain_id': None, 'service_project_id': None, 'service_project_domain_id': None, 'service_roles': []} {{(pid=114597) authorize /opt/stack/nova/nova/policy.py:199}}
Aug 09 18:49:18.408541 dv-cinder-784453-11-smb devstack@n-api.service[114597]: INFO nova.api.openstack.requestlog [None req-d3231eb0-f5f1-413b-a605-d41a59dece73 tempest-AttachVolumeNegativeTest-1408908256 tempest-AttachVolumeNegativeTest-1408908256-project] 10.222.0.64 "GET /compute/v2.1/servers/4fab66bf-35c1-4b53-ab09-c055376dbeaa" status: 200 len: 1222 microversion: 2.1 time: 0.132926
Aug 09 18:49:18.409101 dv-cinder-784453-11-smb devstack@n-api.service[114597]: [pid: 114597|app: 0|req: 148/291] 10.222.0.64 () {58 vars in 1236 bytes} [Mon Aug 9 18:49:18 2021] GET /compute/v2.1/servers/4fab66bf-35c1-4b53-ab09-c055376dbeaa => generated 1222 bytes in 134 msecs (HTTP/1.1 200) 9 headers in 358 bytes (2 switches on core 0)
Aug 09 18:49:18.459920 dv-cinder-784453-11-smb devstack@n-api.service[114596]: INFO nova.api.openstack.requestlog [None req-78fa3613-c6bb-4fc2-8cb8-0d7d3710564a tempest-AttachVolumeShelveTestJSON-530057989 tempest-AttachVolumeShelveTestJSON-530057989-project] 10.222.0.64 "POST /compute/v2.1/servers/edc931b9-b057-4f05-b57b-e62258cf6cbc/action" status: 200 len: 28605 microversion: 2.20 time: 0.087432
Aug 09 18:49:18.461885 dv-cinder-784453-11-smb devstack@n-api.service[114596]: [pid: 114596|app: 0|req: 144/292] 10.222.0.64 () {62 vars in 1319 bytes} [Mon Aug 9 18:49:18 2021] POST /compute/v2.1/servers/edc931b9-b057-4f05-b57b-e62258cf6cbc/action => generated 28605 bytes in 90 msecs (HTTP/1.1 200) 9 headers in 361 bytes (1 switches on core 0)
Aug 09 18:49:18.735360 dv-cinder-784453-11-smb devstack@n-api.service[114597]: DEBUG nova.api.openstack.wsgi [None req-e22d97a1-8da3-4f4a-8e8e-00756a35e24c tempest-ServerRescueNegativeTestJSON-800664013 tempest-ServerRescueNegativeTestJSON-800664013-project] Calling method '>' {{(pid=114597) _process_stack /opt/stack/nova/nova/api/openstack/wsgi.py:513}}
Aug 09 18:49:18.736343 dv-cinder-784453-11-smb devstack@n-api.service[114597]: DEBUG nova.compute.api [None req-e22d97a1-8da3-4f4a-8e8e-00756a35e24c tempest-ServerRescueNegativeTestJSON-800664013 tempest-ServerRescueNegativeTestJSON-800664013-project] [instance: c4bfa0a6-51cf-4ef0-84e5-608c3d0b8ad2] Fetching instance by UUID {{(pid=114597) get /opt/stack/nova/nova/compute/api.py:2791}}
Aug 09 18:49:18.742455 dv-cinder-784453-11-smb devstack@n-api.service[114597]: DEBUG oslo_concurrency.lockutils [None req-e22d97a1-8da3-4f4a-8e8e-00756a35e24c tempest-ServerRescueNegativeTestJSON-800664013 tempest-ServerRescueNegativeTestJSON-800664013-project] Lock "58f91532-5766-4bf5-a15b-f6783d0e733f" acquired by "nova.context.set_target_cell..get_or_set_cached_cell_and_set_connections" :: waited 0.000s {{(pid=114597) inner /usr/local/lib/python3.8/dist-packages/oslo_concurrency/lockutils.py:355}}
Aug 09 18:49:18.743238 dv-cinder-784453-11-smb devstack@n-api.service[114597]: DEBUG oslo_concurrency.lockutils [None req-e22d97a1-8da3-4f4a-8e8e-00756a35e24c tempest-ServerRescueNegativeTestJSON-800664013 tempest-ServerRescueNegativeTestJSON-800664013-project] Lock "58f91532-5766-4bf5-a15b-f6783d0e733f" released by "nova.context.set_target_cell..get_or_set_cached_cell_and_set_connections" :: held 0.001s {{(pid=114597) inner /usr/local/lib/python3.8/dist-packages/oslo_concurrency/lockutils.py:367}}
Aug 09 18:49:18.744382 dv-cinder-784453-11-smb devstack@n-api.service[114597]: DEBUG oslo_concurrency.lockutils [None req-e22d97a1-8da3-4f4a-8e8e-00756a35e24c tempest-ServerRescueNegativeTestJSON-800664013 tempest-ServerRescueNegativeTestJSON-800664013-project] Lock "58f91532-5766-4bf5-a15b-f6783d0e733f" acquired by "nova.context.set_target_cell..get_or_set_cached_cell_and_set_connections" :: waited 0.000s {{(pid=114597) inner /usr/local/lib/python3.8/dist-packages/oslo_concurrency/lockutils.py:355}}
Aug 09 18:49:18.745124 dv-cinder-784453-11-smb devstack@n-api.service[114597]: DEBUG oslo_concurrency.lockutils [None req-e22d97a1-8da3-4f4a-8e8e-00756a35e24c tempest-ServerRescueNegativeTestJSON-800664013 tempest-ServerRescueNegativeTestJSON-800664013-project] Lock "58f91532-5766-4bf5-a15b-f6783d0e733f" released by "nova.context.set_target_cell..get_or_set_cached_cell_and_set_connections" :: held 0.001s {{(pid=114597) inner /usr/local/lib/python3.8/dist-packages/oslo_concurrency/lockutils.py:367}}
Aug 09 18:49:18.907867 dv-cinder-784453-11-smb devstack@n-api.service[114597]: DEBUG nova.policy [None req-e22d97a1-8da3-4f4a-8e8e-00756a35e24c tempest-ServerRescueNegativeTestJSON-800664013 tempest-ServerRescueNegativeTestJSON-800664013-project] Policy check for os_compute_api:os-extended-server-attributes failed with credentials {'is_admin': False, 'user_id': '7ed5dea31f9d40608dc0d0abc38810fc', 'user_domain_id': 'default', 'system_scope': None, 'domain_id': None, 'project_id': '908be5061a2d4398bef5fe35ff084156', 'project_domain_id': 'default', 'roles': ['member', 'reader'], 'is_admin_project': True, 'service_user_id': None, 'service_user_domain_id': None, 'service_project_id': None, 'service_project_domain_id': None, 'service_roles': []} {{(pid=114597) authorize /opt/stack/nova/nova/policy.py:199}}
Aug 09 18:49:18.915780 dv-cinder-784453-11-smb devstack@n-api.service[114597]: INFO nova.api.openstack.requestlog [None req-e22d97a1-8da3-4f4a-8e8e-00756a35e24c tempest-ServerRescueNegativeTestJSON-800664013 tempest-ServerRescueNegativeTestJSON-800664013-project] 10.222.0.64 "GET /compute/v2.1/servers/c4bfa0a6-51cf-4ef0-84e5-608c3d0b8ad2" status: 200 len: 1522 microversion: 2.1 time: 0.185467
Aug 09 18:49:18.916600 dv-cinder-784453-11-smb devstack@n-api.service[114597]: [pid: 114597|app: 0|req: 149/293] 10.222.0.64 () {58 vars in 1236 bytes} [Mon Aug 9 18:49:18 2021] GET /compute/v2.1/servers/c4bfa0a6-51cf-4ef0-84e5-608c3d0b8ad2 => generated 1522 bytes in 187 msecs (HTTP/1.1 200) 9 headers in 358 bytes (1 switches on core 0)
Aug 09 18:49:19.329476 dv-cinder-784453-11-smb devstack@n-api.service[114596]: DEBUG nova.api.openstack.wsgi [None req-8ed988a4-5b68-441e-b0ff-ab2567bb0823 tempest-AttachVolumeTestJSON-270606526 tempest-AttachVolumeTestJSON-270606526-project] Action: 'action', calling method: >, body: {"os-getConsoleOutput": {}} {{(pid=114596) _process_stack /opt/stack/nova/nova/api/openstack/wsgi.py:511}}
Aug 09 18:49:19.330588 dv-cinder-784453-11-smb devstack@n-api.service[114596]: DEBUG nova.compute.api [None req-8ed988a4-5b68-441e-b0ff-ab2567bb0823 tempest-AttachVolumeTestJSON-270606526 tempest-AttachVolumeTestJSON-270606526-project] [instance: 9ac7bab2-ee0d-40f6-9bd1-b2941ec8579f] Fetching instance by UUID {{(pid=114596) get /opt/stack/nova/nova/compute/api.py:2791}}
Aug 09 18:49:19.338019 dv-cinder-784453-11-smb devstack@n-api.service[114596]: DEBUG oslo_concurrency.lockutils [None req-8ed988a4-5b68-441e-b0ff-ab2567bb0823 tempest-AttachVolumeTestJSON-270606526 tempest-AttachVolumeTestJSON-270606526-project] Lock "58f91532-5766-4bf5-a15b-f6783d0e733f" acquired by "nova.context.set_target_cell..get_or_set_cached_cell_and_set_connections" :: waited 0.000s {{(pid=114596) inner /usr/local/lib/python3.8/dist-packages/oslo_concurrency/lockutils.py:355}}
Aug 09 18:49:19.338472 dv-cinder-784453-11-smb devstack@n-api.service[114596]: DEBUG oslo_concurrency.lockutils [None req-8ed988a4-5b68-441e-b0ff-ab2567bb0823 tempest-AttachVolumeTestJSON-270606526 tempest-AttachVolumeTestJSON-270606526-project] Lock "58f91532-5766-4bf5-a15b-f6783d0e733f" released by "nova.context.set_target_cell..get_or_set_cached_cell_and_set_connections" :: held 0.001s {{(pid=114596) inner /usr/local/lib/python3.8/dist-packages/oslo_concurrency/lockutils.py:367}}
Aug 09 18:49:19.339260 dv-cinder-784453-11-smb devstack@n-api.service[114596]: DEBUG oslo_concurrency.lockutils [None req-8ed988a4-5b68-441e-b0ff-ab2567bb0823 tempest-AttachVolumeTestJSON-270606526 tempest-AttachVolumeTestJSON-270606526-project] Lock "58f91532-5766-4bf5-a15b-f6783d0e733f" acquired by "nova.context.set_target_cell..get_or_set_cached_cell_and_set_connections" :: waited 0.000s {{(pid=114596) inner /usr/local/lib/python3.8/dist-packages/oslo_concurrency/lockutils.py:355}}
Aug 09 18:49:19.339697 dv-cinder-784453-11-smb devstack@n-api.service[114596]: DEBUG oslo_concurrency.lockutils [None req-8ed988a4-5b68-441e-b0ff-ab2567bb0823 tempest-AttachVolumeTestJSON-270606526 tempest-AttachVolumeTestJSON-270606526-project] Lock "58f91532-5766-4bf5-a15b-f6783d0e733f" released by "nova.context.set_target_cell..get_or_set_cached_cell_and_set_connections" :: held 0.000s {{(pid=114596) inner /usr/local/lib/python3.8/dist-packages/oslo_concurrency/lockutils.py:367}}
Aug 09 18:49:19.426697 dv-cinder-784453-11-smb devstack@n-api.service[114597]: DEBUG nova.api.openstack.wsgi [None req-a3fad026-1ef3-4572-8f53-d7671a054015 tempest-AttachVolumeNegativeTest-1408908256 tempest-AttachVolumeNegativeTest-1408908256-project] Calling method '>' {{(pid=114597) _process_stack /opt/stack/nova/nova/api/openstack/wsgi.py:513}}
Aug 09 18:49:19.427250 dv-cinder-784453-11-smb devstack@n-api.service[114597]: DEBUG nova.compute.api [None req-a3fad026-1ef3-4572-8f53-d7671a054015 tempest-AttachVolumeNegativeTest-1408908256 tempest-AttachVolumeNegativeTest-1408908256-project] [instance: 4fab66bf-35c1-4b53-ab09-c055376dbeaa] Fetching instance by UUID {{(pid=114597) get /opt/stack/nova/nova/compute/api.py:2791}}
Aug 09 18:49:19.445378 dv-cinder-784453-11-smb devstack@n-api.service[114597]: DEBUG oslo_concurrency.lockutils [None req-a3fad026-1ef3-4572-8f53-d7671a054015 tempest-AttachVolumeNegativeTest-1408908256 tempest-AttachVolumeNegativeTest-1408908256-project] Lock "58f91532-5766-4bf5-a15b-f6783d0e733f" acquired by "nova.context.set_target_cell..get_or_set_cached_cell_and_set_connections" :: waited 0.000s {{(pid=114597) inner /usr/local/lib/python3.8/dist-packages/oslo_concurrency/lockutils.py:355}}
Aug 09 18:49:19.445378 dv-cinder-784453-11-smb devstack@n-api.service[114597]: DEBUG oslo_concurrency.lockutils [None req-a3fad026-1ef3-4572-8f53-d7671a054015 tempest-AttachVolumeNegativeTest-1408908256 tempest-AttachVolumeNegativeTest-1408908256-project] Lock "58f91532-5766-4bf5-a15b-f6783d0e733f" released by "nova.context.set_target_cell..get_or_set_cached_cell_and_set_connections" :: held 0.001s {{(pid=114597) inner /usr/local/lib/python3.8/dist-packages/oslo_concurrency/lockutils.py:367}}
Aug 09 18:49:19.445378 dv-cinder-784453-11-smb devstack@n-api.service[114597]: DEBUG oslo_concurrency.lockutils [None req-a3fad026-1ef3-4572-8f53-d7671a054015 tempest-AttachVolumeNegativeTest-1408908256 tempest-AttachVolumeNegativeTest-1408908256-project] Lock "58f91532-5766-4bf5-a15b-f6783d0e733f" acquired by "nova.context.set_target_cell..get_or_set_cached_cell_and_set_connections" :: waited 0.000s {{(pid=114597) inner /usr/local/lib/python3.8/dist-packages/oslo_concurrency/lockutils.py:355}}
Aug 09 18:49:19.445378 dv-cinder-784453-11-smb devstack@n-api.service[114597]: DEBUG oslo_concurrency.lockutils [None req-a3fad026-1ef3-4572-8f53-d7671a054015 tempest-AttachVolumeNegativeTest-1408908256 tempest-AttachVolumeNegativeTest-1408908256-project] Lock "58f91532-5766-4bf5-a15b-f6783d0e733f" released by "nova.context.set_target_cell..get_or_set_cached_cell_and_set_connections" :: held 0.000s {{(pid=114597) inner /usr/local/lib/python3.8/dist-packages/oslo_concurrency/lockutils.py:367}}
Aug 09 18:49:19.451098 dv-cinder-784453-11-smb devstack@n-api.service[114596]: INFO nova.api.openstack.requestlog [None req-8ed988a4-5b68-441e-b0ff-ab2567bb0823 tempest-AttachVolumeTestJSON-270606526 tempest-AttachVolumeTestJSON-270606526-project] 10.222.0.64 "POST /compute/v2.1/servers/9ac7bab2-ee0d-40f6-9bd1-b2941ec8579f/action" status: 200 len: 29997 microversion: 2.1 time: 0.126279
Aug 09 18:49:19.455157 dv-cinder-784453-11-smb devstack@n-api.service[114596]: [pid: 114596|app: 0|req: 145/294] 10.222.0.64 () {60 vars in 1278 bytes} [Mon Aug 9 18:49:19 2021] POST /compute/v2.1/servers/9ac7bab2-ee0d-40f6-9bd1-b2941ec8579f/action => generated 29997 bytes in 128 msecs (HTTP/1.1 200) 9 headers in 359 bytes (1 switches on core 0)
Aug 09 18:49:19.475586 dv-cinder-784453-11-smb devstack@n-api.service[114596]: DEBUG nova.api.openstack.wsgi [None req-5afb8a33-a992-421e-b0d7-aa2dece5e835 tempest-AttachVolumeShelveTestJSON-530057989 tempest-AttachVolumeShelveTestJSON-530057989-project] Action: 'action', calling method: >, body: {"os-getConsoleOutput": {}} {{(pid=114596) _process_stack /opt/stack/nova/nova/api/openstack/wsgi.py:511}}
Aug 09 18:49:19.477046 dv-cinder-784453-11-smb devstack@n-api.service[114596]: DEBUG nova.compute.api [None req-5afb8a33-a992-421e-b0d7-aa2dece5e835 tempest-AttachVolumeShelveTestJSON-530057989 tempest-AttachVolumeShelveTestJSON-530057989-project] [instance: edc931b9-b057-4f05-b57b-e62258cf6cbc] Fetching instance by UUID {{(pid=114596) get /opt/stack/nova/nova/compute/api.py:2791}}
