Aug 09 14:51:47.002625 dv-cinder-784453-10-iscsi devstack@c-api.service[101150]: /usr/local/lib/python3.8/dist-packages/webob/acceptparse.py:1047: DeprecationWarning: The behavior of AcceptValidHeader.best_match is currently being maintained for backward compatibility, but it will be deprecated in the future, as it does not conform to the RFC.
Aug 09 14:51:47.002625 dv-cinder-784453-10-iscsi devstack@c-api.service[101150]: warnings.warn(
Aug 09 14:51:47.003477 dv-cinder-784453-10-iscsi devstack@c-api.service[101150]: DEBUG cinder.api.openstack.wsgi [None req-dd3273ed-5904-40b4-8b7f-caf24047a71f tempest-GroupsV314Test-1956395644 tempest-GroupsV314Test-1956395644-project] Calling method 'version_select' {{(pid=101150) _process_stack /opt/stack/cinder/cinder/api/openstack/wsgi.py:856}}
Aug 09 14:51:47.004798 dv-cinder-784453-10-iscsi devstack@c-api.service[101150]: DEBUG cinder.api.v3.groups [None req-dd3273ed-5904-40b4-8b7f-caf24047a71f tempest-GroupsV314Test-1956395644 tempest-GroupsV314Test-1956395644-project] show called for member c9b1977f-8756-4536-b9ec-18f73beff804 {{(pid=101150) show /opt/stack/cinder/cinder/api/v3/groups.py:58}}
Aug 09 14:51:47.011675 dv-cinder-784453-10-iscsi devstack@c-api.service[101151]: /usr/local/lib/python3.8/dist-packages/oslo_context/context.py:105: DeprecationWarning: Policy enforcement is depending on the value of is_admin. This key is deprecated. Please update your policy file to use the standard policy values.
Aug 09 14:51:47.011675 dv-cinder-784453-10-iscsi devstack@c-api.service[101151]: warnings.warn('Policy enforcement is depending on the value of '
Aug 09 14:51:47.020526 dv-cinder-784453-10-iscsi devstack@c-api.service[101151]: INFO cinder.volume.api [None req-18cc6f95-1aad-4f9b-b9cc-6683d252b36a tempest-SnapshotsActionsTest-171051939 tempest-SnapshotsActionsTest-171051939-project] Snapshot retrieved successfully.
Aug 09 14:51:47.047757 dv-cinder-784453-10-iscsi devstack@c-api.service[101151]: INFO cinder.api.openstack.wsgi [None req-18cc6f95-1aad-4f9b-b9cc-6683d252b36a tempest-SnapshotsActionsTest-171051939 tempest-SnapshotsActionsTest-171051939-project] http://10.222.0.36/volume/v3/2688d65c62d4446e95490baef02f53a1/snapshots/9b097641-24fa-490f-bea9-83003ee3c466 returned with HTTP 200
Aug 09 14:51:47.050071 dv-cinder-784453-10-iscsi devstack@c-api.service[101150]: /usr/local/lib/python3.8/dist-packages/oslo_context/context.py:105: DeprecationWarning: Policy enforcement is depending on the value of is_admin. This key is deprecated. Please update your policy file to use the standard policy values.
Aug 09 14:51:47.050071 dv-cinder-784453-10-iscsi devstack@c-api.service[101150]: warnings.warn('Policy enforcement is depending on the value of '
Aug 09 14:51:47.054220 dv-cinder-784453-10-iscsi devstack@c-api.service[101151]: [pid: 101151|app: 0|req: 48/91] 10.222.0.36 () {58 vars in 1331 bytes} [Mon Aug 9 14:51:46 2021] GET /volume/v3/2688d65c62d4446e95490baef02f53a1/snapshots/9b097641-24fa-490f-bea9-83003ee3c466 => generated 465 bytes in 148 msecs (HTTP/1.1 200) 7 headers in 285 bytes (1 switches on core 0)
Aug 09 14:51:47.061415 dv-cinder-784453-10-iscsi devstack@c-api.service[101151]: INFO cinder.api.openstack.wsgi [None req-156e6786-68be-48d1-bcb9-79e12a18b15f tempest-GroupsTest-2088698173 tempest-GroupsTest-2088698173-project] PUT http://10.222.0.36/volume/v3/e98dfb3dd52c4d57903396fd299d0555/groups/8eef3f76-2e0c-49f8-a994-92daa404c362
Aug 09 14:51:47.065234 dv-cinder-784453-10-iscsi devstack@c-api.service[101151]: /usr/local/lib/python3.8/dist-packages/webob/acceptparse.py:1047: DeprecationWarning: The behavior of AcceptValidHeader.best_match is currently being maintained for backward compatibility, but it will be deprecated in the future, as it does not conform to the RFC.
Aug 09 14:51:47.065234 dv-cinder-784453-10-iscsi devstack@c-api.service[101151]: warnings.warn(
Aug 09 14:51:47.067684 dv-cinder-784453-10-iscsi devstack@c-api.service[101151]: DEBUG cinder.api.openstack.wsgi [None req-156e6786-68be-48d1-bcb9-79e12a18b15f tempest-GroupsTest-2088698173 tempest-GroupsTest-2088698173-project] Action: 'update', calling method: version_select, body: {"group": {"name": "new_group", "description": "This is a new group", "remove_volumes": "35d41ec7-4f80-4c6c-81c1-34bc86a0b860"}} {{(pid=101151) _process_stack /opt/stack/cinder/cinder/api/openstack/wsgi.py:854}}
Aug 09 14:51:47.090793 dv-cinder-784453-10-iscsi devstack@c-api.service[101151]: DEBUG cinder.api.v3.groups [None req-156e6786-68be-48d1-bcb9-79e12a18b15f tempest-GroupsTest-2088698173 tempest-GroupsTest-2088698173-project] Update called for group 8eef3f76-2e0c-49f8-a994-92daa404c362. {{(pid=101151) update /opt/stack/cinder/cinder/api/v3/groups.py:302}}
Aug 09 14:51:47.094053 dv-cinder-784453-10-iscsi devstack@c-api.service[101151]: INFO cinder.api.v3.groups [None req-156e6786-68be-48d1-bcb9-79e12a18b15f tempest-GroupsTest-2088698173 tempest-GroupsTest-2088698173-project] Updating group 8eef3f76-2e0c-49f8-a994-92daa404c362 with name new_group description: This is a new group add_volumes: None remove_volumes: 35d41ec7-4f80-4c6c-81c1-34bc86a0b860.
Aug 09 14:51:47.110695 dv-cinder-784453-10-iscsi devstack@c-api.service[101151]: /usr/local/lib/python3.8/dist-packages/oslo_context/context.py:105: DeprecationWarning: Policy enforcement is depending on the value of is_admin. This key is deprecated. Please update your policy file to use the standard policy values.
Aug 09 14:51:47.110695 dv-cinder-784453-10-iscsi devstack@c-api.service[101151]: warnings.warn('Policy enforcement is depending on the value of '
Aug 09 14:51:47.119327 dv-cinder-784453-10-iscsi devstack@c-api.service[101150]: INFO cinder.api.openstack.wsgi [None req-dd3273ed-5904-40b4-8b7f-caf24047a71f tempest-GroupsV314Test-1956395644 tempest-GroupsV314Test-1956395644-project] http://10.222.0.36/volume/v3/1bfe944ff23044bc9dcd51fab2e15a47/groups/c9b1977f-8756-4536-b9ec-18f73beff804 returned with HTTP 200
Aug 09 14:51:47.120338 dv-cinder-784453-10-iscsi devstack@c-api.service[101150]: [pid: 101150|app: 0|req: 44/92] 10.222.0.36 () {60 vars in 1363 bytes} [Mon Aug 9 14:51:46 2021] GET /volume/v3/1bfe944ff23044bc9dcd51fab2e15a47/groups/c9b1977f-8756-4536-b9ec-18f73beff804 => generated 387 bytes in 139 msecs (HTTP/1.1 200) 7 headers in 286 bytes (1 switches on core 0)
Aug 09 14:51:47.126058 dv-cinder-784453-10-iscsi devstack@c-api.service[101150]: INFO cinder.api.openstack.wsgi [None req-998f8308-d9fd-499b-9e55-5fa8d2025546 tempest-SnapshotsActionsTest-39783367 tempest-SnapshotsActionsTest-39783367-project-admin] POST http://10.222.0.36/volume/v3/b560b780f76547a2a5b84e97253d862b/snapshots/9b097641-24fa-490f-bea9-83003ee3c466/action
Aug 09 14:51:47.136536 dv-cinder-784453-10-iscsi devstack@c-api.service[101150]: /usr/local/lib/python3.8/dist-packages/webob/acceptparse.py:1047: DeprecationWarning: The behavior of AcceptValidHeader.best_match is currently being maintained for backward compatibility, but it will be deprecated in the future, as it does not conform to the RFC.
Aug 09 14:51:47.136536 dv-cinder-784453-10-iscsi devstack@c-api.service[101150]: warnings.warn(
Aug 09 14:51:47.137563 dv-cinder-784453-10-iscsi devstack@c-api.service[101150]: DEBUG cinder.api.openstack.wsgi [None req-998f8308-d9fd-499b-9e55-5fa8d2025546 tempest-SnapshotsActionsTest-39783367 tempest-SnapshotsActionsTest-39783367-project-admin] Action body: b'{"os-reset_status": {"status": "available"}}' {{(pid=101150) get_method /opt/stack/cinder/cinder/api/openstack/wsgi.py:971}}
Aug 09 14:51:47.138149 dv-cinder-784453-10-iscsi devstack@c-api.service[101150]: DEBUG cinder.api.openstack.wsgi [None req-998f8308-d9fd-499b-9e55-5fa8d2025546 tempest-SnapshotsActionsTest-39783367 tempest-SnapshotsActionsTest-39783367-project-admin] Action: 'action', calling method: _reset_status, body: {"os-reset_status": {"status": "available"}} {{(pid=101150) _process_stack /opt/stack/cinder/cinder/api/openstack/wsgi.py:854}}
Aug 09 14:51:47.145743 dv-cinder-784453-10-iscsi devstack@c-api.service[101150]: DEBUG cinder.api.contrib.admin_actions [None req-998f8308-d9fd-499b-9e55-5fa8d2025546 tempest-SnapshotsActionsTest-39783367 tempest-SnapshotsActionsTest-39783367-project-admin] Updating snapshot '9b097641-24fa-490f-bea9-83003ee3c466' with '{'status': 'available'}' {{(pid=101150) _reset_status /opt/stack/cinder/cinder/api/contrib/admin_actions.py:100}}
Aug 09 14:51:47.213483 dv-cinder-784453-10-iscsi devstack@c-api.service[101150]: /usr/local/lib/python3.8/dist-packages/oslo_context/context.py:105: DeprecationWarning: Policy enforcement is depending on the value of is_admin. This key is deprecated. Please update your policy file to use the standard policy values.
Aug 09 14:51:47.213483 dv-cinder-784453-10-iscsi devstack@c-api.service[101150]: warnings.warn('Policy enforcement is depending on the value of '
Aug 09 14:51:47.267721 dv-cinder-784453-10-iscsi devstack@c-api.service[101150]: INFO cinder.api.openstack.wsgi [None req-998f8308-d9fd-499b-9e55-5fa8d2025546 tempest-SnapshotsActionsTest-39783367 tempest-SnapshotsActionsTest-39783367-project-admin] http://10.222.0.36/volume/v3/b560b780f76547a2a5b84e97253d862b/snapshots/9b097641-24fa-490f-bea9-83003ee3c466/action returned with HTTP 202
Aug 09 14:51:47.276231 dv-cinder-784453-10-iscsi devstack@c-api.service[101150]: [pid: 101150|app: 0|req: 45/93] 10.222.0.36 () {60 vars in 1373 bytes} [Mon Aug 9 14:51:47 2021] POST /volume/v3/b560b780f76547a2a5b84e97253d862b/snapshots/9b097641-24fa-490f-bea9-83003ee3c466/action => generated 0 bytes in 155 msecs (HTTP/1.1 202) 7 headers in 289 bytes (1 switches on core 0)
Aug 09 14:51:47.290855 dv-cinder-784453-10-iscsi devstack@c-api.service[101150]: INFO cinder.api.openstack.wsgi [None req-f0b86022-0650-41fc-9a97-44a2cc2af361 tempest-SnapshotsActionsTest-171051939 tempest-SnapshotsActionsTest-171051939-project] GET http://10.222.0.36/volume/v3/2688d65c62d4446e95490baef02f53a1/snapshots/9b097641-24fa-490f-bea9-83003ee3c466
Aug 09 14:51:47.293596 dv-cinder-784453-10-iscsi devstack@c-api.service[101150]: DEBUG cinder.api.openstack.wsgi [None req-f0b86022-0650-41fc-9a97-44a2cc2af361 tempest-SnapshotsActionsTest-171051939 tempest-SnapshotsActionsTest-171051939-project] Empty body provided in request {{(pid=101150) get_body /opt/stack/cinder/cinder/api/openstack/wsgi.py:703}}
Aug 09 14:51:47.293977 dv-cinder-784453-10-iscsi devstack@c-api.service[101150]: /usr/local/lib/python3.8/dist-packages/webob/acceptparse.py:1047: DeprecationWarning: The behavior of AcceptValidHeader.best_match is currently being maintained for backward compatibility, but it will be deprecated in the future, as it does not conform to the RFC.
Aug 09 14:51:47.293977 dv-cinder-784453-10-iscsi devstack@c-api.service[101150]: warnings.warn(
Aug 09 14:51:47.294607 dv-cinder-784453-10-iscsi devstack@c-api.service[101150]: DEBUG cinder.api.openstack.wsgi [None req-f0b86022-0650-41fc-9a97-44a2cc2af361 tempest-SnapshotsActionsTest-171051939 tempest-SnapshotsActionsTest-171051939-project] Calling method 'show' {{(pid=101150) _process_stack /opt/stack/cinder/cinder/api/openstack/wsgi.py:856}}
Aug 09 14:51:47.322185 dv-cinder-784453-10-iscsi devstack@c-api.service[101150]: /usr/local/lib/python3.8/dist-packages/oslo_context/context.py:105: DeprecationWarning: Policy enforcement is depending on the value of is_admin. This key is deprecated. Please update your policy file to use the standard policy values.
Aug 09 14:51:47.322185 dv-cinder-784453-10-iscsi devstack@c-api.service[101150]: warnings.warn('Policy enforcement is depending on the value of '
Aug 09 14:51:47.329419 dv-cinder-784453-10-iscsi devstack@c-api.service[101151]: INFO cinder.api.openstack.wsgi [None req-156e6786-68be-48d1-bcb9-79e12a18b15f tempest-GroupsTest-2088698173 tempest-GroupsTest-2088698173-project] http://10.222.0.36/volume/v3/e98dfb3dd52c4d57903396fd299d0555/groups/8eef3f76-2e0c-49f8-a994-92daa404c362 returned with HTTP 202
Aug 09 14:51:47.331982 dv-cinder-784453-10-iscsi devstack@c-api.service[101151]: [pid: 101151|app: 0|req: 49/94] 10.222.0.36 () {62 vars in 1384 bytes} [Mon Aug 9 14:51:47 2021] PUT /volume/v3/e98dfb3dd52c4d57903396fd299d0555/groups/8eef3f76-2e0c-49f8-a994-92daa404c362 => generated 0 bytes in 277 msecs (HTTP/1.1 202) 6 headers in 234 bytes (1 switches on core 0)
Aug 09 14:51:47.337680 dv-cinder-784453-10-iscsi devstack@c-api.service[101150]: INFO cinder.volume.api [None req-f0b86022-0650-41fc-9a97-44a2cc2af361 tempest-SnapshotsActionsTest-171051939 tempest-SnapshotsActionsTest-171051939-project] Snapshot retrieved successfully.
Aug 09 14:51:47.348730 dv-cinder-784453-10-iscsi devstack@c-api.service[101151]: INFO cinder.api.openstack.wsgi [None req-6d131aa7-e513-42c0-8b2d-4b2a85a373b4 tempest-GroupsTest-2088698173 tempest-GroupsTest-2088698173-project] GET http://10.222.0.36/volume/v3/e98dfb3dd52c4d57903396fd299d0555/groups/8eef3f76-2e0c-49f8-a994-92daa404c362
Aug 09 14:51:47.350813 dv-cinder-784453-10-iscsi devstack@c-api.service[101150]: INFO cinder.api.openstack.wsgi [None req-f0b86022-0650-41fc-9a97-44a2cc2af361 tempest-SnapshotsActionsTest-171051939 tempest-SnapshotsActionsTest-171051939-project] http://10.222.0.36/volume/v3/2688d65c62d4446e95490baef02f53a1/snapshots/9b097641-24fa-490f-bea9-83003ee3c466 returned with HTTP 200
Aug 09 14:51:47.351458 dv-cinder-784453-10-iscsi devstack@c-api.service[101151]: DEBUG cinder.api.openstack.wsgi [None req-6d131aa7-e513-42c0-8b2d-4b2a85a373b4 tempest-GroupsTest-2088698173 tempest-GroupsTest-2088698173-project] Empty body provided in request {{(pid=101151) get_body /opt/stack/cinder/cinder/api/openstack/wsgi.py:703}}
Aug 09 14:51:47.351625 dv-cinder-784453-10-iscsi devstack@c-api.service[101150]: [pid: 101150|app: 0|req: 46/95] 10.222.0.36 () {58 vars in 1331 bytes} [Mon Aug 9 14:51:47 2021] GET /volume/v3/2688d65c62d4446e95490baef02f53a1/snapshots/9b097641-24fa-490f-bea9-83003ee3c466 => generated 466 bytes in 75 msecs (HTTP/1.1 200) 7 headers in 285 bytes (1 switches on core 0)
Aug 09 14:51:47.354017 dv-cinder-784453-10-iscsi devstack@c-api.service[101151]: /usr/local/lib/python3.8/dist-packages/webob/acceptparse.py:1047: DeprecationWarning: The behavior of AcceptValidHeader.best_match is currently being maintained for backward compatibility, but it will be deprecated in the future, as it does not conform to the RFC.
Aug 09 14:51:47.354017 dv-cinder-784453-10-iscsi devstack@c-api.service[101151]: warnings.warn(
Aug 09 14:51:47.354531 dv-cinder-784453-10-iscsi devstack@c-api.service[101151]: DEBUG cinder.api.openstack.wsgi [None req-6d131aa7-e513-42c0-8b2d-4b2a85a373b4 tempest-GroupsTest-2088698173 tempest-GroupsTest-2088698173-project] Calling method 'version_select' {{(pid=101151) _process_stack /opt/stack/cinder/cinder/api/openstack/wsgi.py:856}}
Aug 09 14:51:47.355043 dv-cinder-784453-10-iscsi devstack@c-api.service[101151]: DEBUG cinder.api.v3.groups [None req-6d131aa7-e513-42c0-8b2d-4b2a85a373b4 tempest-GroupsTest-2088698173 tempest-GroupsTest-2088698173-project] show called for member 8eef3f76-2e0c-49f8-a994-92daa404c362 {{(pid=101151) show /opt/stack/cinder/cinder/api/v3/groups.py:58}}
Aug 09 14:51:47.377091 dv-cinder-784453-10-iscsi devstack@c-api.service[101151]: /usr/local/lib/python3.8/dist-packages/oslo_context/context.py:105: DeprecationWarning: Policy enforcement is depending on the value of is_admin. This key is deprecated. Please update your policy file to use the standard policy values.
Aug 09 14:51:47.377091 dv-cinder-784453-10-iscsi devstack@c-api.service[101151]: warnings.warn('Policy enforcement is depending on the value of '
Aug 09 14:51:47.380624 dv-cinder-784453-10-iscsi devstack@c-api.service[101150]: INFO cinder.api.openstack.wsgi [None req-66723777-78bc-4346-9317-3df654fc83c3 tempest-SnapshotsActionsTest-171051939 tempest-SnapshotsActionsTest-171051939-project] POST http://10.222.0.36/volume/v3/2688d65c62d4446e95490baef02f53a1/snapshots
Aug 09 14:51:47.381029 dv-cinder-784453-10-iscsi devstack@c-api.service[101150]: /usr/local/lib/python3.8/dist-packages/webob/acceptparse.py:1047: DeprecationWarning: The behavior of AcceptValidHeader.best_match is currently being maintained for backward compatibility, but it will be deprecated in the future, as it does not conform to the RFC.
Aug 09 14:51:47.381029 dv-cinder-784453-10-iscsi devstack@c-api.service[101150]: warnings.warn(
Aug 09 14:51:47.388359 dv-cinder-784453-10-iscsi devstack@c-api.service[101150]: DEBUG cinder.api.openstack.wsgi [None req-66723777-78bc-4346-9317-3df654fc83c3 tempest-SnapshotsActionsTest-171051939 tempest-SnapshotsActionsTest-171051939-project] Action: 'create', calling method: create, body: {"snapshot": {"volume_id": "1ec3e9bf-c2fa-41f3-9ff2-df54e9825d5f", "name": "tempest-SnapshotsActionsTest-Snapshot-1326163524"}} {{(pid=101150) _process_stack /opt/stack/cinder/cinder/api/openstack/wsgi.py:854}}
Aug 09 14:51:47.418782 dv-cinder-784453-10-iscsi devstack@c-api.service[101150]: /usr/local/lib/python3.8/dist-packages/oslo_context/context.py:105: DeprecationWarning: Policy enforcement is depending on the value of is_admin. This key is deprecated. Please update your policy file to use the standard policy values.
Aug 09 14:51:47.418782 dv-cinder-784453-10-iscsi devstack@c-api.service[101150]: warnings.warn('Policy enforcement is depending on the value of '
Aug 09 14:51:47.420319 dv-cinder-784453-10-iscsi devstack@c-api.service[101150]: INFO cinder.volume.api [None req-66723777-78bc-4346-9317-3df654fc83c3 tempest-SnapshotsActionsTest-171051939 tempest-SnapshotsActionsTest-171051939-project] Volume info retrieved successfully.
Aug 09 14:51:47.420867 dv-cinder-784453-10-iscsi devstack@c-api.service[101150]: INFO cinder.api.v2.snapshots [None req-66723777-78bc-4346-9317-3df654fc83c3 tempest-SnapshotsActionsTest-171051939 tempest-SnapshotsActionsTest-171051939-project] Create snapshot from volume 1ec3e9bf-c2fa-41f3-9ff2-df54e9825d5f
Aug 09 14:51:47.429640 dv-cinder-784453-10-iscsi devstack@c-api.service[101151]: INFO cinder.api.openstack.wsgi [None req-6d131aa7-e513-42c0-8b2d-4b2a85a373b4 tempest-GroupsTest-2088698173 tempest-GroupsTest-2088698173-project] http://10.222.0.36/volume/v3/e98dfb3dd52c4d57903396fd299d0555/groups/8eef3f76-2e0c-49f8-a994-92daa404c362 returned with HTTP 200
Aug 09 14:51:47.431968 dv-cinder-784453-10-iscsi devstack@c-api.service[101151]: [pid: 101151|app: 0|req: 50/96] 10.222.0.36 () {60 vars in 1363 bytes} [Mon Aug 9 14:51:47 2021] GET /volume/v3/e98dfb3dd52c4d57903396fd299d0555/groups/8eef3f76-2e0c-49f8-a994-92daa404c362 => generated 323 bytes in 95 msecs (HTTP/1.1 200) 7 headers in 286 bytes (1 switches on core 0)
Aug 09 14:51:47.586013 dv-cinder-784453-10-iscsi devstack@c-api.service[101150]: DEBUG cinder.quota [None req-66723777-78bc-4346-9317-3df654fc83c3 tempest-SnapshotsActionsTest-171051939 tempest-SnapshotsActionsTest-171051939-project] Created reservations ['8094024b-51ce-44ae-a456-c2757204a281', '92b88621-46da-4187-8544-105c57be9bf8', '4bc791c4-6faf-4d05-bf08-b3fe14c21d72', '5350d3c5-f212-4604-8675-52933aa885e7'] {{(pid=101150) reserve /opt/stack/cinder/cinder/quota.py:755}}
Aug 09 14:51:47.718273 dv-cinder-784453-10-iscsi devstack@c-api.service[101150]: INFO cinder.volume.api [None req-66723777-78bc-4346-9317-3df654fc83c3 tempest-SnapshotsActionsTest-171051939 tempest-SnapshotsActionsTest-171051939-project] Snapshot create request issued successfully.
Aug 09 14:51:47.723575 dv-cinder-784453-10-iscsi devstack@c-api.service[101150]: INFO cinder.api.openstack.wsgi [None req-66723777-78bc-4346-9317-3df654fc83c3 tempest-SnapshotsActionsTest-171051939 tempest-SnapshotsActionsTest-171051939-project] http://10.222.0.36/volume/v3/2688d65c62d4446e95490baef02f53a1/snapshots returned with HTTP 202
Aug 09 14:51:47.730448 dv-cinder-784453-10-iscsi devstack@c-api.service[101150]: [pid: 101150|app: 0|req: 47/97] 10.222.0.36 () {60 vars in 1242 bytes} [Mon Aug 9 14:51:47 2021] POST /volume/v3/2688d65c62d4446e95490baef02f53a1/snapshots => generated 307 bytes in 363 msecs (HTTP/1.1 202) 7 headers in 291 bytes (1 switches on core 0)
Aug 09 14:51:47.746867 dv-cinder-784453-10-iscsi devstack@c-api.service[101151]: INFO cinder.api.openstack.wsgi [None req-8a7be93f-ddea-483c-95a7-d8842297ebac tempest-SnapshotsActionsTest-171051939 tempest-SnapshotsActionsTest-171051939-project] GET http://10.222.0.36/volume/v3/2688d65c62d4446e95490baef02f53a1/snapshots/24969cf8-8d56-4220-8cad-a050e84923ab
Aug 09 14:51:47.752763 dv-cinder-784453-10-iscsi devstack@c-api.service[101151]: DEBUG cinder.api.openstack.wsgi [None req-8a7be93f-ddea-483c-95a7-d8842297ebac tempest-SnapshotsActionsTest-171051939 tempest-SnapshotsActionsTest-171051939-project] Empty body provided in request {{(pid=101151) get_body /opt/stack/cinder/cinder/api/openstack/wsgi.py:703}}
Aug 09 14:51:47.754058 dv-cinder-784453-10-iscsi devstack@c-api.service[101151]: /usr/local/lib/python3.8/dist-packages/webob/acceptparse.py:1047: DeprecationWarning: The behavior of AcceptValidHeader.best_match is currently being maintained for backward compatibility, but it will be deprecated in the future, as it does not conform to the RFC.
Aug 09 14:51:47.754058 dv-cinder-784453-10-iscsi devstack@c-api.service[101151]: warnings.warn(
Aug 09 14:51:47.755434 dv-cinder-784453-10-iscsi devstack@c-api.service[101151]: DEBUG cinder.api.openstack.wsgi [None req-8a7be93f-ddea-483c-95a7-d8842297ebac tempest-SnapshotsActionsTest-171051939 tempest-SnapshotsActionsTest-171051939-project] Calling method 'show' {{(pid=101151) _process_stack /opt/stack/cinder/cinder/api/openstack/wsgi.py:856}}
Aug 09 14:51:47.821972 dv-cinder-784453-10-iscsi devstack@c-api.service[101151]: /usr/local/lib/python3.8/dist-packages/oslo_context/context.py:105: DeprecationWarning: Policy enforcement is depending on the value of is_admin. This key is deprecated. Please update your policy file to use the standard policy values.
Aug 09 14:51:47.821972 dv-cinder-784453-10-iscsi devstack@c-api.service[101151]: warnings.warn('Policy enforcement is depending on the value of '
Aug 09 14:51:47.834371 dv-cinder-784453-10-iscsi devstack@c-api.service[101151]: INFO cinder.volume.api [None req-8a7be93f-ddea-483c-95a7-d8842297ebac tempest-SnapshotsActionsTest-171051939 tempest-SnapshotsActionsTest-171051939-project] Snapshot retrieved successfully.
Aug 09 14:51:47.846518 dv-cinder-784453-10-iscsi devstack@c-api.service[101151]: INFO cinder.api.openstack.wsgi [None req-8a7be93f-ddea-483c-95a7-d8842297ebac tempest-SnapshotsActionsTest-171051939 tempest-SnapshotsActionsTest-171051939-project] http://10.222.0.36/volume/v3/2688d65c62d4446e95490baef02f53a1/snapshots/24969cf8-8d56-4220-8cad-a050e84923ab returned with HTTP 200
Aug 09 14:51:47.851081 dv-cinder-784453-10-iscsi devstack@c-api.service[101151]: [pid: 101151|app: 0|req: 51/98] 10.222.0.36 () {58 vars in 1331 bytes} [Mon Aug 9 14:51:47 2021] GET /volume/v3/2688d65c62d4446e95490baef02f53a1/snapshots/24969cf8-8d56-4220-8cad-a050e84923ab => generated 439 bytes in 113 msecs (HTTP/1.1 200) 7 headers in 285 bytes (1 switches on core 0)
Aug 09 14:51:48.137333 dv-cinder-784453-10-iscsi devstack@c-api.service[101150]: INFO cinder.api.openstack.wsgi [None req-5a30731d-046b-4e9a-a4a2-d40542131ac2 tempest-GroupsV314Test-1956395644 tempest-GroupsV314Test-1956395644-project] GET http://10.222.0.36/volume/v3/1bfe944ff23044bc9dcd51fab2e15a47/groups/c9b1977f-8756-4536-b9ec-18f73beff804
Aug 09 14:51:48.137936 dv-cinder-784453-10-iscsi devstack@c-api.service[101150]: DEBUG cinder.api.openstack.wsgi [None req-5a30731d-046b-4e9a-a4a2-d40542131ac2 tempest-GroupsV314Test-1956395644 tempest-GroupsV314Test-1956395644-project] Empty body provided in request {{(pid=101150) get_body /opt/stack/cinder/cinder/api/openstack/wsgi.py:703}}
Aug 09 14:51:48.138043 dv-cinder-784453-10-iscsi devstack@c-api.service[101150]: /usr/local/lib/python3.8/dist-packages/webob/acceptparse.py:1047: DeprecationWarning: The behavior of AcceptValidHeader.best_match is currently being maintained for backward compatibility, but it will be deprecated in the future, as it does not conform to the RFC.
Aug 09 14:51:48.138043 dv-cinder-784453-10-iscsi devstack@c-api.service[101150]: warnings.warn(
Aug 09 14:51:48.138510 dv-cinder-784453-10-iscsi devstack@c-api.service[101150]: DEBUG cinder.api.openstack.wsgi [None req-5a30731d-046b-4e9a-a4a2-d40542131ac2 tempest-GroupsV314Test-1956395644 tempest-GroupsV314Test-1956395644-project] Calling method 'version_select' {{(pid=101150) _process_stack /opt/stack/cinder/cinder/api/openstack/wsgi.py:856}}
Aug 09 14:51:48.139134 dv-cinder-784453-10-iscsi devstack@c-api.service[101150]: DEBUG cinder.api.v3.groups [None req-5a30731d-046b-4e9a-a4a2-d40542131ac2 tempest-GroupsV314Test-1956395644 tempest-GroupsV314Test-1956395644-project] show called for member c9b1977f-8756-4536-b9ec-18f73beff804 {{(pid=101150) show /opt/stack/cinder/cinder/api/v3/groups.py:58}}
Aug 09 14:51:48.152779 dv-cinder-784453-10-iscsi devstack@c-api.service[101150]: /usr/local/lib/python3.8/dist-packages/oslo_context/context.py:105: DeprecationWarning: Policy enforcement is depending on the value of is_admin. This key is deprecated. Please update your policy file to use the standard policy values.
Aug 09 14:51:48.152779 dv-cinder-784453-10-iscsi devstack@c-api.service[101150]: warnings.warn('Policy enforcement is depending on the value of '
Aug 09 14:51:48.201389 dv-cinder-784453-10-iscsi devstack@c-api.service[101150]: INFO cinder.api.openstack.wsgi [None req-5a30731d-046b-4e9a-a4a2-d40542131ac2 tempest-GroupsV314Test-1956395644 tempest-GroupsV314Test-1956395644-project] http://10.222.0.36/volume/v3/1bfe944ff23044bc9dcd51fab2e15a47/groups/c9b1977f-8756-4536-b9ec-18f73beff804 returned with HTTP 200
Aug 09 14:51:48.203038 dv-cinder-784453-10-iscsi devstack@c-api.service[101150]: [pid: 101150|app: 0|req: 48/99] 10.222.0.36 () {60 vars in 1363 bytes} [Mon Aug 9 14:51:48 2021] GET /volume/v3/1bfe944ff23044bc9dcd51fab2e15a47/groups/c9b1977f-8756-4536-b9ec-18f73beff804 => generated 388 bytes in 70 msecs (HTTP/1.1 200) 7 headers in 286 bytes (2 switches on core 0)
Aug 09 14:51:48.219819 dv-cinder-784453-10-iscsi devstack@c-api.service[101151]: INFO cinder.api.openstack.wsgi [None req-092c6fe2-c63a-45ba-9197-9fe70f396c92 tempest-GroupsV314Test-1956395644 tempest-GroupsV314Test-1956395644-project] POST http://10.222.0.36/volume/v3/1bfe944ff23044bc9dcd51fab2e15a47/volumes
Aug 09 14:51:48.220621 dv-cinder-784453-10-iscsi devstack@c-api.service[101151]: /usr/local/lib/python3.8/dist-packages/webob/acceptparse.py:1047: DeprecationWarning: The behavior of AcceptValidHeader.best_match is currently being maintained for backward compatibility, but it will be deprecated in the future, as it does not conform to the RFC.
Aug 09 14:51:48.220621 dv-cinder-784453-10-iscsi devstack@c-api.service[101151]: warnings.warn(
Aug 09 14:51:48.221412 dv-cinder-784453-10-iscsi devstack@c-api.service[101151]: DEBUG cinder.api.openstack.wsgi [None req-092c6fe2-c63a-45ba-9197-9fe70f396c92 tempest-GroupsV314Test-1956395644 tempest-GroupsV314Test-1956395644-project] Action: 'create', calling method: create, body: {"volume": {"volume_type": "65bfec2c-a02f-44e5-bd7f-0cce8dde6a8e", "group_id": "c9b1977f-8756-4536-b9ec-18f73beff804", "size": 1, "name": "tempest-GroupsV314Test-Volume-297312232"}} {{(pid=101151) _process_stack /opt/stack/cinder/cinder/api/openstack/wsgi.py:854}}
Aug 09 14:51:48.232358 dv-cinder-784453-10-iscsi devstack@c-api.service[101151]: DEBUG cinder.api.v3.volumes [None req-092c6fe2-c63a-45ba-9197-9fe70f396c92 tempest-GroupsV314Test-1956395644 tempest-GroupsV314Test-1956395644-project] Create volume request body: {'volume': {'volume_type': '65bfec2c-a02f-44e5-bd7f-0cce8dde6a8e', 'group_id': 'c9b1977f-8756-4536-b9ec-18f73beff804', 'size': 1, 'name': 'tempest-GroupsV314Test-Volume-297312232'}} {{(pid=101151) create /opt/stack/cinder/cinder/api/v3/volumes.py:290}}
Aug 09 14:51:48.315714 dv-cinder-784453-10-iscsi devstack@c-api.service[101151]: /usr/local/lib/python3.8/dist-packages/oslo_context/context.py:105: DeprecationWarning: Policy enforcement is depending on the value of is_admin. This key is deprecated. Please update your policy file to use the standard policy values.
Aug 09 14:51:48.315714 dv-cinder-784453-10-iscsi devstack@c-api.service[101151]: warnings.warn('Policy enforcement is depending on the value of '
Aug 09 14:51:48.318066 dv-cinder-784453-10-iscsi devstack@c-api.service[101151]: INFO cinder.api.v3.volumes [None req-092c6fe2-c63a-45ba-9197-9fe70f396c92 tempest-GroupsV314Test-1956395644 tempest-GroupsV314Test-1956395644-project] Create volume of 1 GB
Aug 09 14:51:48.371379 dv-cinder-784453-10-iscsi devstack@c-api.service[101151]: INFO cinder.volume.api [None req-092c6fe2-c63a-45ba-9197-9fe70f396c92 tempest-GroupsV314Test-1956395644 tempest-GroupsV314Test-1956395644-project] Availability Zones retrieved successfully.
Aug 09 14:51:48.432133 dv-cinder-784453-10-iscsi devstack@c-api.service[101151]: DEBUG cinder.volume.api [None req-092c6fe2-c63a-45ba-9197-9fe70f396c92 tempest-GroupsV314Test-1956395644 tempest-GroupsV314Test-1956395644-project] Flow 'volume_create_api' (5fd8e216-c1c8-4461-8eb5-15f2411c4f29) transitioned into state 'RUNNING' from state 'PENDING' {{(pid=101151) _flow_receiver /usr/local/lib/python3.8/dist-packages/taskflow/listeners/logging.py:141}}
Aug 09 14:51:48.438121 dv-cinder-784453-10-iscsi devstack@c-api.service[101151]: DEBUG cinder.volume.api [None req-092c6fe2-c63a-45ba-9197-9fe70f396c92 tempest-GroupsV314Test-1956395644 tempest-GroupsV314Test-1956395644-project] Task 'cinder.volume.flows.api.create_volume.ExtractVolumeRequestTask;volume:create' (a92625d1-812b-4a27-898f-24c1bb273111) transitioned into state 'RUNNING' from state 'PENDING' {{(pid=101151) _task_receiver /usr/local/lib/python3.8/dist-packages/taskflow/listeners/logging.py:190}}
Aug 09 14:51:48.447714 dv-cinder-784453-10-iscsi devstack@c-api.service[101151]: /usr/local/lib/python3.8/dist-packages/oslo_context/context.py:105: DeprecationWarning: Policy enforcement is depending on the value of is_admin. This key is deprecated. Please update your policy file to use the standard policy values.
Aug 09 14:51:48.447714 dv-cinder-784453-10-iscsi devstack@c-api.service[101151]: warnings.warn('Policy enforcement is depending on the value of '
Aug 09 14:51:48.448647 dv-cinder-784453-10-iscsi devstack@c-api.service[101151]: DEBUG cinder.volume.flows.api.create_volume [None req-092c6fe2-c63a-45ba-9197-9fe70f396c92 tempest-GroupsV314Test-1956395644 tempest-GroupsV314Test-1956395644-project] Validating volume size '1' using validate_int {{(pid=101151) _extract_size /opt/stack/cinder/cinder/volume/flows/api/create_volume.py:225}}
Aug 09 14:51:48.490075 dv-cinder-784453-10-iscsi devstack@c-api.service[101150]: INFO cinder.api.openstack.wsgi [None req-1e2d9b2e-23b6-4f86-9dd0-61b2e6766748 tempest-GroupTypeSpecsTest-1711205618 tempest-GroupTypeSpecsTest-1711205618-project-admin] POST http://10.222.0.36/volume/v3/0e9d2aed7e4942229f7ab5800f6a387e/group_types
Aug 09 14:51:48.490758 dv-cinder-784453-10-iscsi devstack@c-api.service[101150]: /usr/local/lib/python3.8/dist-packages/webob/acceptparse.py:1047: DeprecationWarning: The behavior of AcceptValidHeader.best_match is currently being maintained for backward compatibility, but it will be deprecated in the future, as it does not conform to the RFC.
Aug 09 14:51:48.490758 dv-cinder-784453-10-iscsi devstack@c-api.service[101150]: warnings.warn(
Aug 09 14:51:48.491331 dv-cinder-784453-10-iscsi devstack@c-api.service[101150]: DEBUG cinder.api.openstack.wsgi [None req-1e2d9b2e-23b6-4f86-9dd0-61b2e6766748 tempest-GroupTypeSpecsTest-1711205618 tempest-GroupTypeSpecsTest-1711205618-project-admin] Action: 'create', calling method: version_select, body: {"group_type": {"name": "tempest-GroupTypeSpecsTest-group-type-1935273394"}} {{(pid=101150) _process_stack /opt/stack/cinder/cinder/api/openstack/wsgi.py:854}}
Aug 09 14:51:48.492839 dv-cinder-784453-10-iscsi devstack@c-api.service[101150]: /usr/local/lib/python3.8/dist-packages/oslo_context/context.py:105: DeprecationWarning: Policy enforcement is depending on the value of is_admin. This key is deprecated. Please update your policy file to use the standard policy values.
Aug 09 14:51:48.492839 dv-cinder-784453-10-iscsi devstack@c-api.service[101150]: warnings.warn('Policy enforcement is depending on the value of '
Aug 09 14:51:48.515854 dv-cinder-784453-10-iscsi devstack@c-api.service[101151]: DEBUG cinder.volume.api [None req-092c6fe2-c63a-45ba-9197-9fe70f396c92 tempest-GroupsV314Test-1956395644 tempest-GroupsV314Test-1956395644-project] Task 'cinder.volume.flows.api.create_volume.ExtractVolumeRequestTask;volume:create' (a92625d1-812b-4a27-898f-24c1bb273111) transitioned into state 'SUCCESS' from state 'RUNNING' with result '{'size': 1, 'snapshot_id': None, 'source_volid': None, 'volume_type': VolumeType(created_at=2021-08-09T14:51:46Z,deleted=False,deleted_at=None,description=None,extra_specs={},id=65bfec2c-a02f-44e5-bd7f-0cce8dde6a8e,is_public=True,name='tempest-GroupsV314Test-volume-type-644586696',projects=[],qos_specs=,qos_specs_id=None,updated_at=None), 'volume_type_id': '65bfec2c-a02f-44e5-bd7f-0cce8dde6a8e', 'encryption_key_id': None, 'qos_specs': None, 'consistencygroup_id': None, 'cgsnapshot_id': None, 'group_id': 'c9b1977f-8756-4536-b9ec-18f73beff804', 'replication_status': 'disabled', 'refresh_az': False, 'backup_id': None, 'multiattach': False, 'availability_zones': ['nova']}' {{(pid=101151) _task_receiver /usr/local/lib/python3.8/dist-packages/taskflow/listeners/logging.py:178}}
Aug 09 14:51:48.520456 dv-cinder-784453-10-iscsi devstack@c-api.service[101151]: DEBUG cinder.volume.api [None req-092c6fe2-c63a-45ba-9197-9fe70f396c92 tempest-GroupsV314Test-1956395644 tempest-GroupsV314Test-1956395644-project] Task 'cinder.volume.flows.api.create_volume.QuotaReserveTask;volume:create' (d4203da0-9ce1-4a03-9787-064f2116cc2d) transitioned into state 'RUNNING' from state 'PENDING' {{(pid=101151) _task_receiver /usr/local/lib/python3.8/dist-packages/taskflow/listeners/logging.py:190}}
Aug 09 14:51:48.540732 dv-cinder-784453-10-iscsi devstack@c-api.service[101150]: INFO cinder.api.openstack.wsgi [None req-1e2d9b2e-23b6-4f86-9dd0-61b2e6766748 tempest-GroupTypeSpecsTest-1711205618 tempest-GroupTypeSpecsTest-1711205618-project-admin] http://10.222.0.36/volume/v3/0e9d2aed7e4942229f7ab5800f6a387e/group_types returned with HTTP 202
Aug 09 14:51:48.543432 dv-cinder-784453-10-iscsi devstack@c-api.service[101150]: [pid: 101150|app: 0|req: 49/100] 10.222.0.36 () {62 vars in 1288 bytes} [Mon Aug 9 14:51:48 2021] POST /volume/v3/0e9d2aed7e4942229f7ab5800f6a387e/group_types => generated 181 bytes in 248 msecs (HTTP/1.1 202) 7 headers in 292 bytes (1 switches on core 0)
Aug 09 14:51:48.553924 dv-cinder-784453-10-iscsi devstack@c-api.service[101150]: INFO cinder.api.openstack.wsgi [None req-48179f95-c4b9-40c2-918a-befa1b0cbed4 tempest-GroupsTest-2088698173 tempest-GroupsTest-2088698173-project] GET http://10.222.0.36/volume/v3/e98dfb3dd52c4d57903396fd299d0555/groups/8eef3f76-2e0c-49f8-a994-92daa404c362
Aug 09 14:51:48.554549 dv-cinder-784453-10-iscsi devstack@c-api.service[101150]: DEBUG cinder.api.openstack.wsgi [None req-48179f95-c4b9-40c2-918a-befa1b0cbed4 tempest-GroupsTest-2088698173 tempest-GroupsTest-2088698173-project] Empty body provided in request {{(pid=101150) get_body /opt/stack/cinder/cinder/api/openstack/wsgi.py:703}}
Aug 09 14:51:48.554977 dv-cinder-784453-10-iscsi devstack@c-api.service[101150]: DEBUG cinder.api.openstack.wsgi [None req-48179f95-c4b9-40c2-918a-befa1b0cbed4 tempest-GroupsTest-2088698173 tempest-GroupsTest-2088698173-project] Calling method 'version_select' {{(pid=101150) _process_stack /opt/stack/cinder/cinder/api/openstack/wsgi.py:856}}
Aug 09 14:51:48.555399 dv-cinder-784453-10-iscsi devstack@c-api.service[101150]: DEBUG cinder.api.v3.groups [None req-48179f95-c4b9-40c2-918a-befa1b0cbed4 tempest-GroupsTest-2088698173 tempest-GroupsTest-2088698173-project] show called for member 8eef3f76-2e0c-49f8-a994-92daa404c362 {{(pid=101150) show /opt/stack/cinder/cinder/api/v3/groups.py:58}}
Aug 09 14:51:48.573249 dv-cinder-784453-10-iscsi devstack@c-api.service[101150]: /usr/local/lib/python3.8/dist-packages/oslo_context/context.py:105: DeprecationWarning: Policy enforcement is depending on the value of is_admin. This key is deprecated. Please update your policy file to use the standard policy values.
Aug 09 14:51:48.573249 dv-cinder-784453-10-iscsi devstack@c-api.service[101150]: warnings.warn('Policy enforcement is depending on the value of '
Aug 09 14:51:48.623962 dv-cinder-784453-10-iscsi devstack@c-api.service[101151]: WARNING cinder.quota [None req-092c6fe2-c63a-45ba-9197-9fe70f396c92 tempest-GroupsV314Test-1956395644 tempest-GroupsV314Test-1956395644-project] Deprecated: Default quota for resource: volumes_tempest-GroupsV314Test-volume-type-644586696 is set by the default quota flag: quota_volumes_tempest-GroupsV314Test-volume-type-644586696, it is now deprecated. Please use the default quota class for default quota.
Aug 09 14:51:48.625195 dv-cinder-784453-10-iscsi devstack@c-api.service[101150]: INFO cinder.api.openstack.wsgi [None req-48179f95-c4b9-40c2-918a-befa1b0cbed4 tempest-GroupsTest-2088698173 tempest-GroupsTest-2088698173-project] http://10.222.0.36/volume/v3/e98dfb3dd52c4d57903396fd299d0555/groups/8eef3f76-2e0c-49f8-a994-92daa404c362 returned with HTTP 200
Aug 09 14:51:48.626728 dv-cinder-784453-10-iscsi devstack@c-api.service[101150]: [pid: 101150|app: 0|req: 50/101] 10.222.0.36 () {60 vars in 1363 bytes} [Mon Aug 9 14:51:48 2021] GET /volume/v3/e98dfb3dd52c4d57903396fd299d0555/groups/8eef3f76-2e0c-49f8-a994-92daa404c362 => generated 324 bytes in 83 msecs (HTTP/1.1 200) 7 headers in 286 bytes (1 switches on core 0)
Aug 09 14:51:48.628643 dv-cinder-784453-10-iscsi devstack@c-api.service[101151]: WARNING cinder.quota [None req-092c6fe2-c63a-45ba-9197-9fe70f396c92 tempest-GroupsV314Test-1956395644 tempest-GroupsV314Test-1956395644-project] Deprecated: Default quota for resource: gigabytes_tempest-GroupsV314Test-volume-type-644586696 is set by the default quota flag: quota_gigabytes_tempest-GroupsV314Test-volume-type-644586696, it is now deprecated. Please use the default quota class for default quota.
Aug 09 14:51:48.632462 dv-cinder-784453-10-iscsi devstack@c-api.service[101150]: INFO cinder.api.openstack.wsgi [None req-94cc5011-7cf5-471d-80ce-f23b419cf61e tempest-GroupTypeSpecsTest-1711205618 tempest-GroupTypeSpecsTest-1711205618-project-admin] POST http://10.222.0.36/volume/v3/0e9d2aed7e4942229f7ab5800f6a387e/group_types/b73e075f-3bd3-4b37-af8a-85ea3d5466eb/group_specs
Aug 09 14:51:48.633296 dv-cinder-784453-10-iscsi devstack@c-api.service[101150]: /usr/local/lib/python3.8/dist-packages/webob/acceptparse.py:1047: DeprecationWarning: The behavior of AcceptValidHeader.best_match is currently being maintained for backward compatibility, but it will be deprecated in the future, as it does not conform to the RFC.
Aug 09 14:51:48.633296 dv-cinder-784453-10-iscsi devstack@c-api.service[101150]: warnings.warn(
Aug 09 14:51:48.634095 dv-cinder-784453-10-iscsi devstack@c-api.service[101150]: DEBUG cinder.api.openstack.wsgi [None req-94cc5011-7cf5-471d-80ce-f23b419cf61e tempest-GroupTypeSpecsTest-1711205618 tempest-GroupTypeSpecsTest-1711205618-project-admin] Action: 'create', calling method: version_select, body: {"group_specs": {"key1": "value1", "key2": "value2"}} {{(pid=101150) _process_stack /opt/stack/cinder/cinder/api/openstack/wsgi.py:854}}
Aug 09 14:51:48.635663 dv-cinder-784453-10-iscsi devstack@c-api.service[101150]: /usr/local/lib/python3.8/dist-packages/oslo_context/context.py:105: DeprecationWarning: Policy enforcement is depending on the value of is_admin. This key is deprecated. Please update your policy file to use the standard policy values.
Aug 09 14:51:48.635663 dv-cinder-784453-10-iscsi devstack@c-api.service[101150]: warnings.warn('Policy enforcement is depending on the value of '
Aug 09 14:51:48.677893 dv-cinder-784453-10-iscsi devstack@c-api.service[101150]: INFO cinder.api.openstack.wsgi [None req-94cc5011-7cf5-471d-80ce-f23b419cf61e tempest-GroupTypeSpecsTest-1711205618 tempest-GroupTypeSpecsTest-1711205618-project-admin] http://10.222.0.36/volume/v3/0e9d2aed7e4942229f7ab5800f6a387e/group_types/b73e075f-3bd3-4b37-af8a-85ea3d5466eb/group_specs returned with HTTP 202
Aug 09 14:51:48.679620 dv-cinder-784453-10-iscsi devstack@c-api.service[101150]: [pid: 101150|app: 0|req: 51/102] 10.222.0.36 () {62 vars in 1435 bytes} [Mon Aug 9 14:51:48 2021] POST /volume/v3/0e9d2aed7e4942229f7ab5800f6a387e/group_types/b73e075f-3bd3-4b37-af8a-85ea3d5466eb/group_specs => generated 53 bytes in 52 msecs (HTTP/1.1 202) 7 headers in 291 bytes (1 switches on core 0)
Aug 09 14:51:48.695884 dv-cinder-784453-10-iscsi devstack@c-api.service[101150]: INFO cinder.api.openstack.wsgi [None req-7caae8f9-0a38-4509-a174-ad37fd38c13b tempest-GroupsTest-2088698173 tempest-GroupsTest-2088698173-project] GET http://10.222.0.36/volume/v3/e98dfb3dd52c4d57903396fd299d0555/groups/8eef3f76-2e0c-49f8-a994-92daa404c362
Aug 09 14:51:48.696417 dv-cinder-784453-10-iscsi devstack@c-api.service[101150]: DEBUG cinder.api.openstack.wsgi [None req-7caae8f9-0a38-4509-a174-ad37fd38c13b tempest-GroupsTest-2088698173 tempest-GroupsTest-2088698173-project] Empty body provided in request {{(pid=101150) get_body /opt/stack/cinder/cinder/api/openstack/wsgi.py:703}}
Aug 09 14:51:48.696849 dv-cinder-784453-10-iscsi devstack@c-api.service[101150]: DEBUG cinder.api.openstack.wsgi [None req-7caae8f9-0a38-4509-a174-ad37fd38c13b tempest-GroupsTest-2088698173 tempest-GroupsTest-2088698173-project] Calling method 'version_select' {{(pid=101150) _process_stack /opt/stack/cinder/cinder/api/openstack/wsgi.py:856}}
Aug 09 14:51:48.697208 dv-cinder-784453-10-iscsi devstack@c-api.service[101150]: DEBUG cinder.api.v3.groups [None req-7caae8f9-0a38-4509-a174-ad37fd38c13b tempest-GroupsTest-2088698173 tempest-GroupsTest-2088698173-project] show called for member 8eef3f76-2e0c-49f8-a994-92daa404c362 {{(pid=101150) show /opt/stack/cinder/cinder/api/v3/groups.py:58}}
Aug 09 14:51:48.717152 dv-cinder-784453-10-iscsi devstack@c-api.service[101150]: /usr/local/lib/python3.8/dist-packages/oslo_context/context.py:105: DeprecationWarning: Policy enforcement is depending on the value of is_admin. This key is deprecated. Please update your policy file to use the standard policy values.
Aug 09 14:51:48.717152 dv-cinder-784453-10-iscsi devstack@c-api.service[101150]: warnings.warn('Policy enforcement is depending on the value of '
Aug 09 14:51:48.736226 dv-cinder-784453-10-iscsi devstack@c-api.service[101150]: INFO cinder.api.openstack.wsgi [None req-7caae8f9-0a38-4509-a174-ad37fd38c13b tempest-GroupsTest-2088698173 tempest-GroupsTest-2088698173-project] http://10.222.0.36/volume/v3/e98dfb3dd52c4d57903396fd299d0555/groups/8eef3f76-2e0c-49f8-a994-92daa404c362 returned with HTTP 200
Aug 09 14:51:48.737497 dv-cinder-784453-10-iscsi devstack@c-api.service[101150]: [pid: 101150|app: 0|req: 52/103] 10.222.0.36 () {60 vars in 1363 bytes} [Mon Aug 9 14:51:48 2021] GET /volume/v3/e98dfb3dd52c4d57903396fd299d0555/groups/8eef3f76-2e0c-49f8-a994-92daa404c362 => generated 324 bytes in 57 msecs (HTTP/1.1 200) 7 headers in 286 bytes (1 switches on core 0)
Aug 09 14:51:48.743634 dv-cinder-784453-10-iscsi devstack@c-api.service[101150]: INFO cinder.api.openstack.wsgi [None req-07c23858-708c-44f7-a3d4-2abad65ff918 tempest-GroupTypeSpecsTest-1711205618 tempest-GroupTypeSpecsTest-1711205618-project-admin] POST http://10.222.0.36/volume/v3/0e9d2aed7e4942229f7ab5800f6a387e/group_types/b73e075f-3bd3-4b37-af8a-85ea3d5466eb/group_specs
Aug 09 14:51:48.744573 dv-cinder-784453-10-iscsi devstack@c-api.service[101150]: /usr/local/lib/python3.8/dist-packages/webob/acceptparse.py:1047: DeprecationWarning: The behavior of AcceptValidHeader.best_match is currently being maintained for backward compatibility, but it will be deprecated in the future, as it does not conform to the RFC.
Aug 09 14:51:48.744573 dv-cinder-784453-10-iscsi devstack@c-api.service[101150]: warnings.warn(
Aug 09 14:51:48.745289 dv-cinder-784453-10-iscsi devstack@c-api.service[101150]: DEBUG cinder.api.openstack.wsgi [None req-07c23858-708c-44f7-a3d4-2abad65ff918 tempest-GroupTypeSpecsTest-1711205618 tempest-GroupTypeSpecsTest-1711205618-project-admin] Action: 'create', calling method: version_select, body: {"group_specs": {"key2": "value2-updated", "key3": "value3"}} {{(pid=101150) _process_stack /opt/stack/cinder/cinder/api/openstack/wsgi.py:854}}
Aug 09 14:51:48.747238 dv-cinder-784453-10-iscsi devstack@c-api.service[101150]: /usr/local/lib/python3.8/dist-packages/oslo_context/context.py:105: DeprecationWarning: Policy enforcement is depending on the value of is_admin. This key is deprecated. Please update your policy file to use the standard policy values.
Aug 09 14:51:48.747238 dv-cinder-784453-10-iscsi devstack@c-api.service[101150]: warnings.warn('Policy enforcement is depending on the value of '
Aug 09 14:51:48.782948 dv-cinder-784453-10-iscsi devstack@c-api.service[101150]: INFO cinder.api.openstack.wsgi [None req-07c23858-708c-44f7-a3d4-2abad65ff918 tempest-GroupTypeSpecsTest-1711205618 tempest-GroupTypeSpecsTest-1711205618-project-admin] http://10.222.0.36/volume/v3/0e9d2aed7e4942229f7ab5800f6a387e/group_types/b73e075f-3bd3-4b37-af8a-85ea3d5466eb/group_specs returned with HTTP 202
Aug 09 14:51:48.786322 dv-cinder-784453-10-iscsi devstack@c-api.service[101150]: [pid: 101150|app: 0|req: 53/104] 10.222.0.36 () {62 vars in 1435 bytes} [Mon Aug 9 14:51:48 2021] POST /volume/v3/0e9d2aed7e4942229f7ab5800f6a387e/group_types/b73e075f-3bd3-4b37-af8a-85ea3d5466eb/group_specs => generated 61 bytes in 47 msecs (HTTP/1.1 202) 7 headers in 291 bytes (1 switches on core 0)
Aug 09 14:51:48.795033 dv-cinder-784453-10-iscsi devstack@c-api.service[101150]: INFO cinder.api.openstack.wsgi [None req-031c710c-345a-4111-ab80-9e79c6598496 tempest-GroupsTest-2088698173 tempest-GroupsTest-2088698173-project] GET http://10.222.0.36/volume/v3/e98dfb3dd52c4d57903396fd299d0555/volumes/detail
Aug 09 14:51:48.804687 dv-cinder-784453-10-iscsi devstack@c-api.service[101150]: DEBUG cinder.api.openstack.wsgi [None req-031c710c-345a-4111-ab80-9e79c6598496 tempest-GroupsTest-2088698173 tempest-GroupsTest-2088698173-project] Empty body provided in request {{(pid=101150) get_body /opt/stack/cinder/cinder/api/openstack/wsgi.py:703}}
Aug 09 14:51:48.806690 dv-cinder-784453-10-iscsi devstack@c-api.service[101150]: DEBUG cinder.api.openstack.wsgi [None req-031c710c-345a-4111-ab80-9e79c6598496 tempest-GroupsTest-2088698173 tempest-GroupsTest-2088698173-project] Calling method 'detail' {{(pid=101150) _process_stack /opt/stack/cinder/cinder/api/openstack/wsgi.py:856}}
Aug 09 14:51:48.809795 dv-cinder-784453-10-iscsi devstack@c-api.service[101150]: DEBUG cinder.api.api_utils [None req-031c710c-345a-4111-ab80-9e79c6598496 tempest-GroupsTest-2088698173 tempest-GroupsTest-2088698173-project] Removing options '' from query. {{(pid=101150) remove_invalid_filter_options /opt/stack/cinder/cinder/api/api_utils.py:73}}
Aug 09 14:51:48.818318 dv-cinder-784453-10-iscsi devstack@c-api.service[101151]: DEBUG cinder.quota [None req-092c6fe2-c63a-45ba-9197-9fe70f396c92 tempest-GroupsV314Test-1956395644 tempest-GroupsV314Test-1956395644-project] Created reservations ['f7451812-dbb9-4858-a1c4-4b01aacc7488', 'dacffb94-7fcc-4a79-9ccb-16db09fe3afb', '49b4b51e-69f3-4242-ace1-acd15aab834b', '38e3f3e9-591d-4c48-9265-4f5a39c311e2'] {{(pid=101151) reserve /opt/stack/cinder/cinder/quota.py:755}}
Aug 09 14:51:48.820859 dv-cinder-784453-10-iscsi devstack@c-api.service[101151]: DEBUG cinder.volume.api [None req-092c6fe2-c63a-45ba-9197-9fe70f396c92 tempest-GroupsV314Test-1956395644 tempest-GroupsV314Test-1956395644-project] Task 'cinder.volume.flows.api.create_volume.QuotaReserveTask;volume:create' (d4203da0-9ce1-4a03-9787-064f2116cc2d) transitioned into state 'SUCCESS' from state 'RUNNING' with result '{'reservations': ['f7451812-dbb9-4858-a1c4-4b01aacc7488', 'dacffb94-7fcc-4a79-9ccb-16db09fe3afb', '49b4b51e-69f3-4242-ace1-acd15aab834b', '38e3f3e9-591d-4c48-9265-4f5a39c311e2']}' {{(pid=101151) _task_receiver /usr/local/lib/python3.8/dist-packages/taskflow/listeners/logging.py:178}}
Aug 09 14:51:48.823613 dv-cinder-784453-10-iscsi devstack@c-api.service[101150]: DEBUG cinder.volume.api [None req-031c710c-345a-4111-ab80-9e79c6598496 tempest-GroupsTest-2088698173 tempest-GroupsTest-2088698173-project] Searching by: MultiDict([('no_migration_targets', True)]). {{(pid=101150) get_all /opt/stack/cinder/cinder/volume/api.py:619}}
Aug 09 14:51:48.823851 dv-cinder-784453-10-iscsi devstack@c-api.service[101151]: DEBUG cinder.volume.api [None req-092c6fe2-c63a-45ba-9197-9fe70f396c92 tempest-GroupsV314Test-1956395644 tempest-GroupsV314Test-1956395644-project] Task 'cinder.volume.flows.api.create_volume.EntryCreateTask;volume:create' (d68cf67d-d649-4644-af49-467e705bf111) transitioned into state 'RUNNING' from state 'PENDING' {{(pid=101151) _task_receiver /usr/local/lib/python3.8/dist-packages/taskflow/listeners/logging.py:190}}
