Aug 04 11:39:44.427485 dv-cinder-784140-6-iscsi neutron-server[99840]: DEBUG neutron.pecan_wsgi.hooks.quota_enforcement [None req-a141d352-cbde-4ce8-989d-01ab57b0e38c admin admin] Made reservation on behalf of 9cf660c7a4da462fa02c358a17c7bdce for: {'subnet': 1} {{(pid=99840) before /opt/stack/neutron/neutron/pecan_wsgi/hooks/quota_enforcement.py:53}}
Aug 04 11:39:44.430658 dv-cinder-784140-6-iscsi neutron-server[99840]: DEBUG neutron_lib.callbacks.manager [None req-a141d352-cbde-4ce8-989d-01ab57b0e38c admin admin] Notify callbacks [] for subnet, before_create {{(pid=99840) _notify_loop /usr/local/lib/python3.8/dist-packages/neutron_lib/callbacks/manager.py:192}}
Aug 04 11:39:44.435284 dv-cinder-784140-6-iscsi neutron-server[99842]: DEBUG neutron.plugins.ml2.rpc [None req-68f20661-8e7c-40ca-b68b-d885d7ea346a None None] Network a7bbfc98-be9b-4a25-871c-a45fd8bc5a01 details requested by agent ovs-agent-dv-cinder-784140-6-iscsi with host dv-cinder-784140-6-iscsi {{(pid=99842) get_network_details /opt/stack/neutron/neutron/plugins/ml2/rpc.py:248}}
Aug 04 11:39:44.510523 dv-cinder-784140-6-iscsi neutron-server[99841]: DEBUG neutron_lib.callbacks.manager [None req-867f6579-bd20-46a1-bc2b-ea46eda7ba78 admin admin] Notify callbacks ['neutron.plugins.ml2.ovo_rpc._ObjectChangeHandler.handle_event-740190', 'neutron.api.rpc.agentnotifiers.dhcp_rpc_agent_api.DhcpAgentNotifyAPI._native_event_send_dhcp_notification-729978'] for subnet, after_create {{(pid=99841) _notify_loop /usr/local/lib/python3.8/dist-packages/neutron_lib/callbacks/manager.py:192}}
Aug 04 11:39:44.577880 dv-cinder-784140-6-iscsi neutron-server[99841]: DEBUG neutron.api.rpc.handlers.resources_rpc [None req-867f6579-bd20-46a1-bc2b-ea46eda7ba78 admin admin] Pushing event updated for resources: {'Subnet': ['ID=38c9970e-0cb0-4631-b910-16050dcdf6d8,revision_number=0']} {{(pid=99841) push /opt/stack/neutron/neutron/api/rpc/handlers/resources_rpc.py:237}}
Aug 04 11:39:44.633084 dv-cinder-784140-6-iscsi neutron-server[99841]: DEBUG neutron.plugins.ml2.drivers.mech_agent [None req-867f6579-bd20-46a1-bc2b-ea46eda7ba78 admin admin] Checking segment: {'id': '01fa9135-acf1-4115-9c02-42bbfa6ded52', 'network_type': 'vlan', 'physical_network': 'physnet1', 'segmentation_id': 168, 'network_id': '8ce5b387-2a37-45b9-a63c-fa34ba63827f'} for mappings: {'physnet1': 'br-data'} with network types: ['local', 'flat', 'vlan'] {{(pid=99841) check_segment_for_agent /opt/stack/neutron/neutron/plugins/ml2/drivers/mech_agent.py:352}}
Aug 04 11:39:44.633793 dv-cinder-784140-6-iscsi neutron-server[99841]: DEBUG neutron.scheduler.dhcp_agent_scheduler [None req-867f6579-bd20-46a1-bc2b-ea46eda7ba78 admin admin] Network hostable DHCP agents. Network: 8ce5b387-2a37-45b9-a63c-fa34ba63827f, hostable agents: ['17986cff-25f0-4461-b238-e0f97ee30dc1'], hosted agents: [] {{(pid=99841) _get_network_hostable_dhcp_agents /opt/stack/neutron/neutron/scheduler/dhcp_agent_scheduler.py:329}}
Aug 04 11:39:44.664428 dv-cinder-784140-6-iscsi neutron-server[99841]: DEBUG neutron.scheduler.dhcp_agent_scheduler [None req-867f6579-bd20-46a1-bc2b-ea46eda7ba78 admin admin] Network 8ce5b387-2a37-45b9-a63c-fa34ba63827f is scheduled to be hosted by DHCP agent 17986cff-25f0-4461-b238-e0f97ee30dc1 with binding_index 1 {{(pid=99841) bind /opt/stack/neutron/neutron/scheduler/dhcp_agent_scheduler.py:227}}
Aug 04 11:39:44.685149 dv-cinder-784140-6-iscsi neutron-server[99841]: DEBUG neutron.scheduler.base_scheduler [None req-867f6579-bd20-46a1-bc2b-ea46eda7ba78 admin admin] Resources bound (agent type, host, resource id): (DHCP agent, dv-cinder-784140-6-iscsi, 8ce5b387-2a37-45b9-a63c-fa34ba63827f) {{(pid=99841) schedule /opt/stack/neutron/neutron/scheduler/base_scheduler.py:57}}
Aug 04 11:39:44.692670 dv-cinder-784140-6-iscsi neutron-server[99841]: DEBUG neutron.pecan_wsgi.hooks.policy_enforcement [None req-867f6579-bd20-46a1-bc2b-ea46eda7ba78 admin admin] Attributes excluded by policy engine: ['standard_attr_id', 'shared', 'network'] {{(pid=99841) _exclude_attributes_by_policy /opt/stack/neutron/neutron/pecan_wsgi/hooks/policy_enforcement.py:255}}
Aug 04 11:39:44.696708 dv-cinder-784140-6-iscsi neutron-server[99842]: DEBUG neutron.api.rpc.handlers.dhcp_rpc [None req-1b9b77fd-5b43-4407-9a2e-bfd2e1de9832 None None] Network 8ce5b387-2a37-45b9-a63c-fa34ba63827f requested from dv-cinder-784140-6-iscsi {{(pid=99842) get_network_info /opt/stack/neutron/neutron/api/rpc/handlers/dhcp_rpc.py:218}}
Aug 04 11:39:44.704659 dv-cinder-784140-6-iscsi neutron-server[99841]: DEBUG neutron_lib.callbacks.manager [None req-867f6579-bd20-46a1-bc2b-ea46eda7ba78 admin admin] Notify callbacks ['neutron.api.rpc.agentnotifiers.dhcp_rpc_agent_api.DhcpAgentNotifyAPI._send_dhcp_notification-729956'] for subnet, before_response {{(pid=99841) _notify_loop /usr/local/lib/python3.8/dist-packages/neutron_lib/callbacks/manager.py:192}}
Aug 04 11:39:44.735464 dv-cinder-784140-6-iscsi neutron-server[99840]: DEBUG neutron_lib.callbacks.manager [None req-a141d352-cbde-4ce8-989d-01ab57b0e38c admin admin] Notify callbacks ['neutron.plugins.ml2.ovo_rpc._ObjectChangeHandler.handle_event-740190', 'neutron.api.rpc.agentnotifiers.dhcp_rpc_agent_api.DhcpAgentNotifyAPI._native_event_send_dhcp_notification-729978'] for subnet, after_create {{(pid=99840) _notify_loop /usr/local/lib/python3.8/dist-packages/neutron_lib/callbacks/manager.py:192}}
Aug 04 11:39:44.747465 dv-cinder-784140-6-iscsi neutron-server[99841]: DEBUG neutron.pecan_wsgi.hooks.quota_enforcement [None req-ce095de1-150b-4f03-93f8-25c66fdf6cbb admin admin] Made reservation on behalf of be6dd80b75934c9d963b5388d1441889 for: {'subnet': 1} {{(pid=99841) before /opt/stack/neutron/neutron/pecan_wsgi/hooks/quota_enforcement.py:53}}
Aug 04 11:39:44.755405 dv-cinder-784140-6-iscsi neutron-server[99841]: DEBUG neutron_lib.callbacks.manager [None req-ce095de1-150b-4f03-93f8-25c66fdf6cbb admin admin] Notify callbacks [] for subnet, before_create {{(pid=99841) _notify_loop /usr/local/lib/python3.8/dist-packages/neutron_lib/callbacks/manager.py:192}}
Aug 04 11:39:44.776429 dv-cinder-784140-6-iscsi neutron-server[99841]: INFO neutron.wsgi [None req-867f6579-bd20-46a1-bc2b-ea46eda7ba78 admin admin] 10.222.0.44 "POST /v2.0/subnets HTTP/1.1" status: 201 len: 849 time: 0.7057030
Aug 04 11:39:44.934175 dv-cinder-784140-6-iscsi neutron-server[99840]: DEBUG neutron.api.rpc.handlers.resources_rpc [None req-a141d352-cbde-4ce8-989d-01ab57b0e38c admin admin] Pushing event updated for resources: {'Subnet': ['ID=a987c9a8-ca31-43ee-8243-3c72eea271b2,revision_number=0']} {{(pid=99840) push /opt/stack/neutron/neutron/api/rpc/handlers/resources_rpc.py:237}}
Aug 04 11:39:44.944769 dv-cinder-784140-6-iscsi neutron-server[99840]: DEBUG neutron.plugins.ml2.drivers.mech_agent [None req-a141d352-cbde-4ce8-989d-01ab57b0e38c admin admin] Checking segment: {'id': '903ebcc7-c73c-4635-9bd3-cfbc943083d1', 'network_type': 'vlan', 'physical_network': 'physnet1', 'segmentation_id': 194, 'network_id': 'a7bbfc98-be9b-4a25-871c-a45fd8bc5a01'} for mappings: {'physnet1': 'br-data'} with network types: ['local', 'flat', 'vlan'] {{(pid=99840) check_segment_for_agent /opt/stack/neutron/neutron/plugins/ml2/drivers/mech_agent.py:352}}
Aug 04 11:39:44.945136 dv-cinder-784140-6-iscsi neutron-server[99840]: DEBUG neutron.scheduler.dhcp_agent_scheduler [None req-a141d352-cbde-4ce8-989d-01ab57b0e38c admin admin] Network hostable DHCP agents. Network: a7bbfc98-be9b-4a25-871c-a45fd8bc5a01, hostable agents: ['17986cff-25f0-4461-b238-e0f97ee30dc1'], hosted agents: [] {{(pid=99840) _get_network_hostable_dhcp_agents /opt/stack/neutron/neutron/scheduler/dhcp_agent_scheduler.py:329}}
Aug 04 11:39:45.014170 dv-cinder-784140-6-iscsi neutron-server[99840]: DEBUG neutron.scheduler.dhcp_agent_scheduler [None req-a141d352-cbde-4ce8-989d-01ab57b0e38c admin admin] Network a7bbfc98-be9b-4a25-871c-a45fd8bc5a01 is scheduled to be hosted by DHCP agent 17986cff-25f0-4461-b238-e0f97ee30dc1 with binding_index 1 {{(pid=99840) bind /opt/stack/neutron/neutron/scheduler/dhcp_agent_scheduler.py:227}}
Aug 04 11:39:45.031973 dv-cinder-784140-6-iscsi neutron-server[99841]: DEBUG neutron_lib.callbacks.manager [None req-ce095de1-150b-4f03-93f8-25c66fdf6cbb admin admin] Notify callbacks ['neutron.plugins.ml2.ovo_rpc._ObjectChangeHandler.handle_event-740190', 'neutron.api.rpc.agentnotifiers.dhcp_rpc_agent_api.DhcpAgentNotifyAPI._native_event_send_dhcp_notification-729978'] for subnet, after_create {{(pid=99841) _notify_loop /usr/local/lib/python3.8/dist-packages/neutron_lib/callbacks/manager.py:192}}
Aug 04 11:39:45.038995 dv-cinder-784140-6-iscsi neutron-server[99840]: DEBUG neutron.scheduler.base_scheduler [None req-a141d352-cbde-4ce8-989d-01ab57b0e38c admin admin] Resources bound (agent type, host, resource id): (DHCP agent, dv-cinder-784140-6-iscsi, a7bbfc98-be9b-4a25-871c-a45fd8bc5a01) {{(pid=99840) schedule /opt/stack/neutron/neutron/scheduler/base_scheduler.py:57}}
Aug 04 11:39:45.052710 dv-cinder-784140-6-iscsi neutron-server[99842]: DEBUG neutron.api.rpc.handlers.dhcp_rpc [None req-cbb259aa-19a3-4775-a5d2-90516a3a4dbb None None] Network a7bbfc98-be9b-4a25-871c-a45fd8bc5a01 requested from dv-cinder-784140-6-iscsi {{(pid=99842) get_network_info /opt/stack/neutron/neutron/api/rpc/handlers/dhcp_rpc.py:218}}
Aug 04 11:39:45.057458 dv-cinder-784140-6-iscsi neutron-server[99840]: DEBUG neutron.pecan_wsgi.hooks.policy_enforcement [None req-a141d352-cbde-4ce8-989d-01ab57b0e38c admin admin] Attributes excluded by policy engine: ['standard_attr_id', 'shared', 'network'] {{(pid=99840) _exclude_attributes_by_policy /opt/stack/neutron/neutron/pecan_wsgi/hooks/policy_enforcement.py:255}}
Aug 04 11:39:45.060313 dv-cinder-784140-6-iscsi neutron-server[99840]: DEBUG neutron_lib.callbacks.manager [None req-a141d352-cbde-4ce8-989d-01ab57b0e38c admin admin] Notify callbacks ['neutron.api.rpc.agentnotifiers.dhcp_rpc_agent_api.DhcpAgentNotifyAPI._send_dhcp_notification-729956'] for subnet, before_response {{(pid=99840) _notify_loop /usr/local/lib/python3.8/dist-packages/neutron_lib/callbacks/manager.py:192}}
Aug 04 11:39:45.062704 dv-cinder-784140-6-iscsi neutron-server[99842]: DEBUG neutron.api.rpc.handlers.dhcp_rpc [None req-2d82a533-a6dd-4eda-bbf6-08f70d21f967 None None] Network 8ce5b387-2a37-45b9-a63c-fa34ba63827f requested from dv-cinder-784140-6-iscsi {{(pid=99842) get_network_info /opt/stack/neutron/neutron/api/rpc/handlers/dhcp_rpc.py:218}}
Aug 04 11:39:45.098903 dv-cinder-784140-6-iscsi neutron-server[99840]: INFO neutron.wsgi [None req-a141d352-cbde-4ce8-989d-01ab57b0e38c admin admin] 10.222.0.44 "POST /v2.0/subnets HTTP/1.1" status: 201 len: 853 time: 0.7011435
Aug 04 11:39:45.102191 dv-cinder-784140-6-iscsi neutron-server[99840]: DEBUG neutron.wsgi [-] (99840) accepted ('10.222.0.44', 42876) {{(pid=99840) server /usr/local/lib/python3.8/dist-packages/eventlet/wsgi.py:982}}
Aug 04 11:39:45.107805 dv-cinder-784140-6-iscsi neutron-server[99840]: DEBUG neutron.api.v2.base [None req-3370a00d-7cf9-406c-8bed-dce10c1846da admin admin] Request body: {'router': {'name': 'tempest-AttachVolumeShelveTestJSON-1386646355-router', 'tenant_id': '9cf660c7a4da462fa02c358a17c7bdce', 'external_gateway_info': {'network_id': '3ef2f986-fe08-47a4-bd86-9373f26329d8'}}} {{(pid=99840) prepare_request_body /opt/stack/neutron/neutron/api/v2/base.py:729}}
Aug 04 11:39:45.147167 dv-cinder-784140-6-iscsi neutron-server[99841]: DEBUG neutron.api.rpc.handlers.resources_rpc [None req-ce095de1-150b-4f03-93f8-25c66fdf6cbb admin admin] Pushing event updated for resources: {'Subnet': ['ID=89dbd50e-39b2-4e8b-a514-9a3fcfc3e5ee,revision_number=0']} {{(pid=99841) push /opt/stack/neutron/neutron/api/rpc/handlers/resources_rpc.py:237}}
Aug 04 11:39:45.173876 dv-cinder-784140-6-iscsi neutron-server[99841]: DEBUG neutron.plugins.ml2.drivers.mech_agent [None req-ce095de1-150b-4f03-93f8-25c66fdf6cbb admin admin] Checking segment: {'id': '3f984caa-866d-4c56-ad8f-9c21e6e3eb86', 'network_type': 'vlan', 'physical_network': 'physnet1', 'segmentation_id': 192, 'network_id': 'c900a9d0-4b2d-44e8-869a-b77551ea3dbe'} for mappings: {'physnet1': 'br-data'} with network types: ['local', 'flat', 'vlan'] {{(pid=99841) check_segment_for_agent /opt/stack/neutron/neutron/plugins/ml2/drivers/mech_agent.py:352}}
Aug 04 11:39:45.179939 dv-cinder-784140-6-iscsi neutron-server[99841]: DEBUG neutron.scheduler.dhcp_agent_scheduler [None req-ce095de1-150b-4f03-93f8-25c66fdf6cbb admin admin] Network hostable DHCP agents. Network: c900a9d0-4b2d-44e8-869a-b77551ea3dbe, hostable agents: ['17986cff-25f0-4461-b238-e0f97ee30dc1'], hosted agents: [] {{(pid=99841) _get_network_hostable_dhcp_agents /opt/stack/neutron/neutron/scheduler/dhcp_agent_scheduler.py:329}}
Aug 04 11:39:45.193402 dv-cinder-784140-6-iscsi neutron-server[99840]: DEBUG neutron_lib.callbacks.manager [None req-3370a00d-7cf9-406c-8bed-dce10c1846da admin admin] Notify callbacks ['neutron.services.l3_router.l3_router_plugin.L3_HA_NAT_db_mixin._before_router_create_handler-733608', 'neutron.services.l3_router.service_providers.driver_controller.DriverController._check_router_request-8415'] for router, before_create {{(pid=99840) _notify_loop /usr/local/lib/python3.8/dist-packages/neutron_lib/callbacks/manager.py:192}}
Aug 04 11:39:45.196047 dv-cinder-784140-6-iscsi neutron-server[99840]: DEBUG neutron_lib.callbacks.manager [None req-3370a00d-7cf9-406c-8bed-dce10c1846da admin admin] Notify callbacks ['neutron.services.l3_router.l3_router_plugin.L3_HA_NAT_db_mixin._precommit_router_create-733208', 'neutron.services.l3_router.l3_router_plugin.DVRResourceOperationHandler._set_distributed_flag-731774', 'neutron.services.l3_router.l3_router_plugin.RouterAvailabilityZoneMixin._process_az_request-381792', 'neutron.services.l3_router.service_providers.driver_controller.DriverController._set_router_provider-11564'] for router, precommit_create {{(pid=99840) _notify_loop /usr/local/lib/python3.8/dist-packages/neutron_lib/callbacks/manager.py:192}}
Aug 04 11:39:45.204075 dv-cinder-784140-6-iscsi neutron-server[99841]: DEBUG neutron.scheduler.dhcp_agent_scheduler [None req-ce095de1-150b-4f03-93f8-25c66fdf6cbb admin admin] Network c900a9d0-4b2d-44e8-869a-b77551ea3dbe is scheduled to be hosted by DHCP agent 17986cff-25f0-4461-b238-e0f97ee30dc1 with binding_index 1 {{(pid=99841) bind /opt/stack/neutron/neutron/scheduler/dhcp_agent_scheduler.py:227}}
Aug 04 11:39:45.224616 dv-cinder-784140-6-iscsi neutron-server[99841]: DEBUG neutron.scheduler.base_scheduler [None req-ce095de1-150b-4f03-93f8-25c66fdf6cbb admin admin] Resources bound (agent type, host, resource id): (DHCP agent, dv-cinder-784140-6-iscsi, c900a9d0-4b2d-44e8-869a-b77551ea3dbe) {{(pid=99841) schedule /opt/stack/neutron/neutron/scheduler/base_scheduler.py:57}}
Aug 04 11:39:45.233408 dv-cinder-784140-6-iscsi neutron-server[99841]: DEBUG neutron.pecan_wsgi.hooks.policy_enforcement [None req-ce095de1-150b-4f03-93f8-25c66fdf6cbb admin admin] Attributes excluded by policy engine: ['standard_attr_id', 'shared', 'network'] {{(pid=99841) _exclude_attributes_by_policy /opt/stack/neutron/neutron/pecan_wsgi/hooks/policy_enforcement.py:255}}
Aug 04 11:39:45.235797 dv-cinder-784140-6-iscsi neutron-server[99841]: DEBUG neutron_lib.callbacks.manager [None req-ce095de1-150b-4f03-93f8-25c66fdf6cbb admin admin] Notify callbacks ['neutron.api.rpc.agentnotifiers.dhcp_rpc_agent_api.DhcpAgentNotifyAPI._send_dhcp_notification-729956'] for subnet, before_response {{(pid=99841) _notify_loop /usr/local/lib/python3.8/dist-packages/neutron_lib/callbacks/manager.py:192}}
Aug 04 11:39:45.248546 dv-cinder-784140-6-iscsi neutron-server[99842]: DEBUG neutron.api.rpc.handlers.dhcp_rpc [None req-c2aa671e-763b-4452-8194-05d8bad139b2 None None] Network c900a9d0-4b2d-44e8-869a-b77551ea3dbe requested from dv-cinder-784140-6-iscsi {{(pid=99842) get_network_info /opt/stack/neutron/neutron/api/rpc/handlers/dhcp_rpc.py:218}}
Aug 04 11:39:45.281294 dv-cinder-784140-6-iscsi neutron-server[99841]: INFO neutron.wsgi [None req-ce095de1-150b-4f03-93f8-25c66fdf6cbb admin admin] 10.222.0.44 "POST /v2.0/subnets HTTP/1.1" status: 201 len: 847 time: 1.1710477
Aug 04 11:39:45.282036 dv-cinder-784140-6-iscsi neutron-server[99841]: DEBUG neutron.wsgi [-] (99841) accepted ('10.222.0.44', 42896) {{(pid=99841) server /usr/local/lib/python3.8/dist-packages/eventlet/wsgi.py:982}}
Aug 04 11:39:45.290750 dv-cinder-784140-6-iscsi neutron-server[99841]: DEBUG neutron.api.v2.base [None req-54747fe5-b0c2-4b76-8073-d615a9553e49 admin admin] Request body: {'router': {'name': 'tempest-AttachVolumeTestJSON-1839685251-router', 'tenant_id': 'be6dd80b75934c9d963b5388d1441889', 'external_gateway_info': {'network_id': '3ef2f986-fe08-47a4-bd86-9373f26329d8'}}} {{(pid=99841) prepare_request_body /opt/stack/neutron/neutron/api/v2/base.py:729}}
Aug 04 11:39:45.297243 dv-cinder-784140-6-iscsi neutron-server[99842]: DEBUG neutron_lib.callbacks.manager [None req-baf565cc-adc2-453c-81fc-8afd52e8c626 None None] Notify callbacks ['neutron.services.segments.db._update_segment_host_mapping_for_agent-8791249290213', 'neutron.plugins.ml2.plugin.Ml2Plugin._retry_binding_revived_agents-1386046'] for agent, after_update {{(pid=99842) _notify_loop /usr/local/lib/python3.8/dist-packages/neutron_lib/callbacks/manager.py:192}}
Aug 04 11:39:45.352214 dv-cinder-784140-6-iscsi neutron-server[99841]: DEBUG neutron_lib.callbacks.manager [None req-54747fe5-b0c2-4b76-8073-d615a9553e49 admin admin] Notify callbacks ['neutron.services.l3_router.l3_router_plugin.L3_HA_NAT_db_mixin._before_router_create_handler-733608', 'neutron.services.l3_router.service_providers.driver_controller.DriverController._check_router_request-8415'] for router, before_create {{(pid=99841) _notify_loop /usr/local/lib/python3.8/dist-packages/neutron_lib/callbacks/manager.py:192}}
Aug 04 11:39:45.353553 dv-cinder-784140-6-iscsi neutron-server[99841]: DEBUG neutron_lib.callbacks.manager [None req-54747fe5-b0c2-4b76-8073-d615a9553e49 admin admin] Notify callbacks ['neutron.services.l3_router.l3_router_plugin.L3_HA_NAT_db_mixin._precommit_router_create-733208', 'neutron.services.l3_router.l3_router_plugin.DVRResourceOperationHandler._set_distributed_flag-731774', 'neutron.services.l3_router.l3_router_plugin.RouterAvailabilityZoneMixin._process_az_request-381792', 'neutron.services.l3_router.service_providers.driver_controller.DriverController._set_router_provider-11564'] for router, precommit_create {{(pid=99841) _notify_loop /usr/local/lib/python3.8/dist-packages/neutron_lib/callbacks/manager.py:192}}
Aug 04 11:39:45.436138 dv-cinder-784140-6-iscsi neutron-server[99840]: DEBUG neutron_lib.callbacks.manager [None req-3370a00d-7cf9-406c-8bed-dce10c1846da admin admin] Notify callbacks [] for router_controller, precommit_add_association {{(pid=99840) _notify_loop /usr/local/lib/python3.8/dist-packages/neutron_lib/callbacks/manager.py:192}}
Aug 04 11:39:45.452860 dv-cinder-784140-6-iscsi neutron-server[99841]: DEBUG neutron_lib.callbacks.manager [None req-54747fe5-b0c2-4b76-8073-d615a9553e49 admin admin] Notify callbacks [] for router_controller, precommit_add_association {{(pid=99841) _notify_loop /usr/local/lib/python3.8/dist-packages/neutron_lib/callbacks/manager.py:192}}
Aug 04 11:39:45.559967 dv-cinder-784140-6-iscsi neutron-server[99842]: DEBUG neutron.api.rpc.handlers.dhcp_rpc [None req-cb7d3946-ba96-4575-a842-80635719431f None None] Create dhcp port {'port': {'name': '', 'admin_state_up': True, 'device_id': 'dhcpa1ba37db-964b-5546-99f2-2e4ecba3a0cb-a7bbfc98-be9b-4a25-871c-a45fd8bc5a01', 'network_id': 'a7bbfc98-be9b-4a25-871c-a45fd8bc5a01', 'tenant_id': '9cf660c7a4da462fa02c358a17c7bdce', 'fixed_ips': [{'subnet_id': 'a987c9a8-ca31-43ee-8243-3c72eea271b2'}]}} from dv-cinder-784140-6-iscsi. {{(pid=99842) create_dhcp_port /opt/stack/neutron/neutron/api/rpc/handlers/dhcp_rpc.py:285}}
Aug 04 11:39:45.561260 dv-cinder-784140-6-iscsi neutron-server[99842]: DEBUG neutron_lib.callbacks.manager [None req-cb7d3946-ba96-4575-a842-80635719431f None None] Notify callbacks ['neutron.plugins.ml2.plugin.SecurityGroupDbMixin._ensure_default_security_group_handler-1612159'] for port, before_create {{(pid=99842) _notify_loop /usr/local/lib/python3.8/dist-packages/neutron_lib/callbacks/manager.py:192}}
Aug 04 11:39:45.605078 dv-cinder-784140-6-iscsi neutron-server[99842]: DEBUG neutron.api.rpc.handlers.dhcp_rpc [None req-12bd7ed5-2e3a-4b08-9d92-ea8e66c6427a None None] Create dhcp port {'port': {'name': '', 'admin_state_up': True, 'device_id': 'dhcpa1ba37db-964b-5546-99f2-2e4ecba3a0cb-c900a9d0-4b2d-44e8-869a-b77551ea3dbe', 'network_id': 'c900a9d0-4b2d-44e8-869a-b77551ea3dbe', 'tenant_id': 'be6dd80b75934c9d963b5388d1441889', 'fixed_ips': [{'subnet_id': '89dbd50e-39b2-4e8b-a514-9a3fcfc3e5ee'}]}} from dv-cinder-784140-6-iscsi. {{(pid=99842) create_dhcp_port /opt/stack/neutron/neutron/api/rpc/handlers/dhcp_rpc.py:285}}
Aug 04 11:39:45.606556 dv-cinder-784140-6-iscsi neutron-server[99842]: DEBUG neutron_lib.callbacks.manager [None req-12bd7ed5-2e3a-4b08-9d92-ea8e66c6427a None None] Notify callbacks ['neutron.plugins.ml2.plugin.SecurityGroupDbMixin._ensure_default_security_group_handler-1612159'] for port, before_create {{(pid=99842) _notify_loop /usr/local/lib/python3.8/dist-packages/neutron_lib/callbacks/manager.py:192}}
Aug 04 11:39:45.699764 dv-cinder-784140-6-iscsi neutron-server[99840]: DEBUG neutron_lib.callbacks.manager [None req-3370a00d-7cf9-406c-8bed-dce10c1846da admin admin] Notify callbacks [] for router_gateway, precommit_update {{(pid=99840) _notify_loop /usr/local/lib/python3.8/dist-packages/neutron_lib/callbacks/manager.py:192}}
Aug 04 11:39:45.761847 dv-cinder-784140-6-iscsi neutron-server[99841]: DEBUG neutron_lib.callbacks.manager [None req-54747fe5-b0c2-4b76-8073-d615a9553e49 admin admin] Notify callbacks [] for router_gateway, precommit_update {{(pid=99841) _notify_loop /usr/local/lib/python3.8/dist-packages/neutron_lib/callbacks/manager.py:192}}
Aug 04 11:39:46.000524 dv-cinder-784140-6-iscsi neutron-server[99842]: DEBUG neutron.db.db_base_plugin_common [None req-cb7d3946-ba96-4575-a842-80635719431f None None] Allocated IP 172.20.0.2 (a7bbfc98-be9b-4a25-871c-a45fd8bc5a01/a987c9a8-ca31-43ee-8243-3c72eea271b2/06106e20-e652-4322-9384-8fe165ad3674) {{(pid=99842) _store_ip_allocation /opt/stack/neutron/neutron/db/db_base_plugin_common.py:131}}
Aug 04 11:39:46.077444 dv-cinder-784140-6-iscsi neutron-server[99842]: DEBUG neutron.db.db_base_plugin_common [None req-12bd7ed5-2e3a-4b08-9d92-ea8e66c6427a None None] Allocated IP 172.20.0.2 (c900a9d0-4b2d-44e8-869a-b77551ea3dbe/89dbd50e-39b2-4e8b-a514-9a3fcfc3e5ee/4704c5b4-4fe4-45bb-b159-d7779b07dfd2) {{(pid=99842) _store_ip_allocation /opt/stack/neutron/neutron/db/db_base_plugin_common.py:131}}
Aug 04 11:39:46.127626 dv-cinder-784140-6-iscsi neutron-server[99841]: DEBUG neutron_lib.callbacks.manager [None req-54747fe5-b0c2-4b76-8073-d615a9553e49 admin admin] Notify callbacks [] for router_gateway, before_create {{(pid=99841) _notify_loop /usr/local/lib/python3.8/dist-packages/neutron_lib/callbacks/manager.py:192}}
Aug 04 11:39:46.188165 dv-cinder-784140-6-iscsi neutron-server[99841]: DEBUG neutron_lib.callbacks.manager [None req-54747fe5-b0c2-4b76-8073-d615a9553e49 admin admin] Notify callbacks ['neutron.plugins.ml2.plugin.SecurityGroupDbMixin._ensure_default_security_group_handler-1612159'] for port, before_create {{(pid=99841) _notify_loop /usr/local/lib/python3.8/dist-packages/neutron_lib/callbacks/manager.py:192}}
Aug 04 11:39:46.242436 dv-cinder-784140-6-iscsi neutron-server[99840]: DEBUG neutron.wsgi [-] (99840) accepted ('10.222.0.44', 42944) {{(pid=99840) server /usr/local/lib/python3.8/dist-packages/eventlet/wsgi.py:982}}
Aug 04 11:39:46.251769 dv-cinder-784140-6-iscsi neutron-server[99840]: DEBUG neutron_lib.callbacks.manager [None req-3370a00d-7cf9-406c-8bed-dce10c1846da admin admin] Notify callbacks [] for router_gateway, before_create {{(pid=99840) _notify_loop /usr/local/lib/python3.8/dist-packages/neutron_lib/callbacks/manager.py:192}}
Aug 04 11:39:46.258637 dv-cinder-784140-6-iscsi neutron-server[99840]: WARNING keystonemiddleware.auth_token [-] A valid token was submitted as a service token, but it was not a valid service token. This is incorrect but backwards compatible behaviour. This will be removed in future releases.
Aug 04 11:39:46.390020 dv-cinder-784140-6-iscsi neutron-server[99840]: DEBUG neutron_lib.callbacks.manager [None req-3370a00d-7cf9-406c-8bed-dce10c1846da admin admin] Notify callbacks ['neutron.plugins.ml2.plugin.SecurityGroupDbMixin._ensure_default_security_group_handler-1612159'] for port, before_create {{(pid=99840) _notify_loop /usr/local/lib/python3.8/dist-packages/neutron_lib/callbacks/manager.py:192}}
Aug 04 11:39:46.415620 dv-cinder-784140-6-iscsi neutron-server[99841]: DEBUG neutron.db.db_base_plugin_common [None req-54747fe5-b0c2-4b76-8073-d615a9553e49 admin admin] Allocated IP 172.27.2.206 (3ef2f986-fe08-47a4-bd86-9373f26329d8/0d499aa6-bd00-4ae6-b06d-150f747b2f07/9aacbb62-1689-4081-95ac-a6afacd21b72) {{(pid=99841) _store_ip_allocation /opt/stack/neutron/neutron/db/db_base_plugin_common.py:131}}
Aug 04 11:39:46.588737 dv-cinder-784140-6-iscsi neutron-server[99841]: DEBUG neutron_lib.callbacks.manager [None req-54747fe5-b0c2-4b76-8073-d615a9553e49 admin admin] Notify callbacks [] for port, precommit_create {{(pid=99841) _notify_loop /usr/local/lib/python3.8/dist-packages/neutron_lib/callbacks/manager.py:192}}
Aug 04 11:39:46.627008 dv-cinder-784140-6-iscsi neutron-server[99842]: DEBUG neutron_lib.callbacks.manager [None req-cb7d3946-ba96-4575-a842-80635719431f None None] Notify callbacks [] for port, precommit_create {{(pid=99842) _notify_loop /usr/local/lib/python3.8/dist-packages/neutron_lib/callbacks/manager.py:192}}
Aug 04 11:39:46.647149 dv-cinder-784140-6-iscsi neutron-server[99842]: DEBUG neutron.db.provisioning_blocks [None req-cb7d3946-ba96-4575-a842-80635719431f None None] Transition to ACTIVE for port object 06106e20-e652-4322-9384-8fe165ad3674 will not be triggered until provisioned by entity L2. {{(pid=99842) add_provisioning_component /opt/stack/neutron/neutron/db/provisioning_blocks.py:73}}
Aug 04 11:39:46.653912 dv-cinder-784140-6-iscsi neutron-server[99842]: DEBUG neutron_lib.callbacks.manager [None req-12bd7ed5-2e3a-4b08-9d92-ea8e66c6427a None None] Notify callbacks [] for port, precommit_create {{(pid=99842) _notify_loop /usr/local/lib/python3.8/dist-packages/neutron_lib/callbacks/manager.py:192}}
Aug 04 11:39:46.670616 dv-cinder-784140-6-iscsi neutron-server[99842]: DEBUG neutron.db.provisioning_blocks [None req-12bd7ed5-2e3a-4b08-9d92-ea8e66c6427a None None] Transition to ACTIVE for port object 4704c5b4-4fe4-45bb-b159-d7779b07dfd2 will not be triggered until provisioned by entity L2. {{(pid=99842) add_provisioning_component /opt/stack/neutron/neutron/db/provisioning_blocks.py:73}}
Aug 04 11:39:46.674422 dv-cinder-784140-6-iscsi neutron-server[99842]: DEBUG neutron.db.provisioning_blocks [None req-cb7d3946-ba96-4575-a842-80635719431f None None] Transition to ACTIVE for port object 06106e20-e652-4322-9384-8fe165ad3674 will not be triggered until provisioned by entity DHCP. {{(pid=99842) add_provisioning_component /opt/stack/neutron/neutron/db/provisioning_blocks.py:73}}
Aug 04 11:39:46.677624 dv-cinder-784140-6-iscsi neutron-server[99841]: DEBUG neutron_lib.callbacks.manager [None req-54747fe5-b0c2-4b76-8073-d615a9553e49 admin admin] Notify callbacks ['neutron.plugins.ml2.plugin.SecurityGroupServerNotifierRpcMixin._notify_sg_on_port_change-1606952', 'neutron.plugins.ml2.ovo_rpc._ObjectChangeHandler.handle_event-130273', 'neutron.api.rpc.agentnotifiers.dhcp_rpc_agent_api.DhcpAgentNotifyAPI._native_event_send_dhcp_notification-729978', 'neutron.db.l3_dvrscheduler_db._notify_l3_agent_new_port-8791248742566'] for port, after_create {{(pid=99841) _notify_loop /usr/local/lib/python3.8/dist-packages/neutron_lib/callbacks/manager.py:192}}
Aug 04 11:39:46.687675 dv-cinder-784140-6-iscsi neutron-server[99842]: DEBUG neutron_lib.callbacks.manager [None req-cb7d3946-ba96-4575-a842-80635719431f None None] Notify callbacks ['neutron.plugins.ml2.plugin.SecurityGroupServerNotifierRpcMixin._notify_sg_on_port_change-1606952', 'neutron.plugins.ml2.ovo_rpc._ObjectChangeHandler.handle_event-130273', 'neutron.api.rpc.agentnotifiers.dhcp_rpc_agent_api.DhcpAgentNotifyAPI._native_event_send_dhcp_notification-729978', 'neutron.db.l3_dvrscheduler_db._notify_l3_agent_new_port-8791248742566'] for port, after_create {{(pid=99842) _notify_loop /usr/local/lib/python3.8/dist-packages/neutron_lib/callbacks/manager.py:192}}
Aug 04 11:39:46.733440 dv-cinder-784140-6-iscsi neutron-server[99842]: DEBUG neutron.db.provisioning_blocks [None req-12bd7ed5-2e3a-4b08-9d92-ea8e66c6427a None None] Transition to ACTIVE for port object 4704c5b4-4fe4-45bb-b159-d7779b07dfd2 will not be triggered until provisioned by entity DHCP. {{(pid=99842) add_provisioning_component /opt/stack/neutron/neutron/db/provisioning_blocks.py:73}}
Aug 04 11:39:46.750824 dv-cinder-784140-6-iscsi neutron-server[99842]: DEBUG neutron_lib.callbacks.manager [None req-12bd7ed5-2e3a-4b08-9d92-ea8e66c6427a None None] Notify callbacks ['neutron.plugins.ml2.plugin.SecurityGroupServerNotifierRpcMixin._notify_sg_on_port_change-1606952', 'neutron.plugins.ml2.ovo_rpc._ObjectChangeHandler.handle_event-130273', 'neutron.api.rpc.agentnotifiers.dhcp_rpc_agent_api.DhcpAgentNotifyAPI._native_event_send_dhcp_notification-729978', 'neutron.db.l3_dvrscheduler_db._notify_l3_agent_new_port-8791248742566'] for port, after_create {{(pid=99842) _notify_loop /usr/local/lib/python3.8/dist-packages/neutron_lib/callbacks/manager.py:192}}
Aug 04 11:39:46.758155 dv-cinder-784140-6-iscsi neutron-server[99842]: DEBUG neutron.scheduler.dhcp_agent_scheduler [None req-cb7d3946-ba96-4575-a842-80635719431f None None] Network a7bbfc98-be9b-4a25-871c-a45fd8bc5a01 is already hosted by enough agents. {{(pid=99842) _get_dhcp_agents_hosting_network /opt/stack/neutron/neutron/scheduler/dhcp_agent_scheduler.py:275}}
Aug 04 11:39:46.767159 dv-cinder-784140-6-iscsi neutron-server[99842]: DEBUG neutron.scheduler.base_scheduler [None req-cb7d3946-ba96-4575-a842-80635719431f None None] Resources bound (agent type, host, resource id): {{(pid=99842) schedule /opt/stack/neutron/neutron/scheduler/base_scheduler.py:57}}
Aug 04 11:39:46.777366 dv-cinder-784140-6-iscsi neutron-server[99840]: DEBUG neutron.db.db_base_plugin_common [None req-3370a00d-7cf9-406c-8bed-dce10c1846da admin admin] Allocated IP 172.27.2.133 (3ef2f986-fe08-47a4-bd86-9373f26329d8/0d499aa6-bd00-4ae6-b06d-150f747b2f07/ebe0d556-a642-4c9e-ab2e-e6f9cee37074) {{(pid=99840) _store_ip_allocation /opt/stack/neutron/neutron/db/db_base_plugin_common.py:131}}
Aug 04 11:39:46.782251 dv-cinder-784140-6-iscsi neutron-server[99842]: DEBUG neutron.db.l3_dvrscheduler_db [None req-cb7d3946-ba96-4575-a842-80635719431f None None] Received port after_create {{(pid=99842) _notify_l3_agent_new_port /opt/stack/neutron/neutron/db/l3_dvrscheduler_db.py:535}}
Aug 04 11:39:46.786536 dv-cinder-784140-6-iscsi neutron-server[99841]: DEBUG neutron.scheduler.dhcp_agent_scheduler [None req-54747fe5-b0c2-4b76-8073-d615a9553e49 admin admin] Network 3ef2f986-fe08-47a4-bd86-9373f26329d8 is already hosted by enough agents. {{(pid=99841) _get_dhcp_agents_hosting_network /opt/stack/neutron/neutron/scheduler/dhcp_agent_scheduler.py:275}}
Aug 04 11:39:46.795877 dv-cinder-784140-6-iscsi neutron-server[99841]: DEBUG neutron.scheduler.base_scheduler [None req-54747fe5-b0c2-4b76-8073-d615a9553e49 admin admin] Resources bound (agent type, host, resource id): {{(pid=99841) schedule /opt/stack/neutron/neutron/scheduler/base_scheduler.py:57}}
Aug 04 11:39:46.801453 dv-cinder-784140-6-iscsi neutron-server[99841]: DEBUG neutron.db.l3_dvrscheduler_db [None req-54747fe5-b0c2-4b76-8073-d615a9553e49 admin admin] Received port after_create {{(pid=99841) _notify_l3_agent_new_port /opt/stack/neutron/neutron/db/l3_dvrscheduler_db.py:535}}
Aug 04 11:39:46.809094 dv-cinder-784140-6-iscsi neutron-server[99842]: DEBUG neutron.scheduler.dhcp_agent_scheduler [None req-12bd7ed5-2e3a-4b08-9d92-ea8e66c6427a None None] Network c900a9d0-4b2d-44e8-869a-b77551ea3dbe is already hosted by enough agents. {{(pid=99842) _get_dhcp_agents_hosting_network /opt/stack/neutron/neutron/scheduler/dhcp_agent_scheduler.py:275}}
Aug 04 11:39:46.813514 dv-cinder-784140-6-iscsi neutron-server[99842]: DEBUG neutron.scheduler.base_scheduler [None req-12bd7ed5-2e3a-4b08-9d92-ea8e66c6427a None None] Resources bound (agent type, host, resource id): {{(pid=99842) schedule /opt/stack/neutron/neutron/scheduler/base_scheduler.py:57}}
Aug 04 11:39:46.818485 dv-cinder-784140-6-iscsi neutron-server[99842]: DEBUG neutron.api.rpc.handlers.resources_rpc [None req-cb7d3946-ba96-4575-a842-80635719431f None None] Pushing event updated for resources: {'Port': ['ID=06106e20-e652-4322-9384-8fe165ad3674,revision_number=1']} {{(pid=99842) push /opt/stack/neutron/neutron/api/rpc/handlers/resources_rpc.py:237}}
Aug 04 11:39:46.839425 dv-cinder-784140-6-iscsi neutron-server[99842]: DEBUG neutron.db.l3_dvrscheduler_db [None req-12bd7ed5-2e3a-4b08-9d92-ea8e66c6427a None None] Received port after_create {{(pid=99842) _notify_l3_agent_new_port /opt/stack/neutron/neutron/db/l3_dvrscheduler_db.py:535}}
Aug 04 11:39:46.896758 dv-cinder-784140-6-iscsi neutron-server[99842]: DEBUG neutron.api.rpc.callbacks.version_manager [None req-cb7d3946-ba96-4575-a842-80635719431f None None] Version for resource type AddressGroup changed None to 1.2 on consumer Open vSwitch agent@dv-cinder-784140-6-iscsi {{(pid=99842) _set_version /opt/stack/neutron/neutron/api/rpc/callbacks/version_manager.py:113}}
Aug 04 11:39:46.897245 dv-cinder-784140-6-iscsi neutron-server[99842]: DEBUG neutron.api.rpc.callbacks.version_manager [None req-cb7d3946-ba96-4575-a842-80635719431f None None] Version for resource type ConntrackHelper changed None to 1.0 on consumer Open vSwitch agent@dv-cinder-784140-6-iscsi {{(pid=99842) _set_version /opt/stack/neutron/neutron/api/rpc/callbacks/version_manager.py:113}}
Aug 04 11:39:46.897589 dv-cinder-784140-6-iscsi neutron-server[99842]: DEBUG neutron.api.rpc.callbacks.version_manager [None req-cb7d3946-ba96-4575-a842-80635719431f None None] Version for resource type Log changed None to 1.0 on consumer Open vSwitch agent@dv-cinder-784140-6-iscsi {{(pid=99842) _set_version /opt/stack/neutron/neutron/api/rpc/callbacks/version_manager.py:113}}
Aug 04 11:39:46.897925 dv-cinder-784140-6-iscsi neutron-server[99842]: DEBUG neutron.api.rpc.callbacks.version_manager [None req-cb7d3946-ba96-4575-a842-80635719431f None None] Version for resource type Network changed None to 1.1 on consumer Open vSwitch agent@dv-cinder-784140-6-iscsi {{(pid=99842) _set_version /opt/stack/neutron/neutron/api/rpc/callbacks/version_manager.py:113}}
Aug 04 11:39:46.898260 dv-cinder-784140-6-iscsi neutron-server[99842]: DEBUG neutron.api.rpc.callbacks.version_manager [None req-cb7d3946-ba96-4575-a842-80635719431f None None] Version for resource type Port changed None to 1.7 on consumer Open vSwitch agent@dv-cinder-784140-6-iscsi {{(pid=99842) _set_version /opt/stack/neutron/neutron/api/rpc/callbacks/version_manager.py:113}}
Aug 04 11:39:46.898590 dv-cinder-784140-6-iscsi neutron-server[99842]: DEBUG neutron.api.rpc.callbacks.version_manager [None req-cb7d3946-ba96-4575-a842-80635719431f None None] Version for resource type PortForwarding changed None to 1.2 on consumer Open vSwitch agent@dv-cinder-784140-6-iscsi {{(pid=99842) _set_version /opt/stack/neutron/neutron/api/rpc/callbacks/version_manager.py:113}}
Aug 04 11:39:46.898916 dv-cinder-784140-6-iscsi neutron-server[99842]: DEBUG neutron.api.rpc.callbacks.version_manager [None req-cb7d3946-ba96-4575-a842-80635719431f None None] Version for resource type QosPolicy changed None to 1.8 on consumer Open vSwitch agent@dv-cinder-784140-6-iscsi {{(pid=99842) _set_version /opt/stack/neutron/neutron/api/rpc/callbacks/version_manager.py:113}}
Aug 04 11:39:46.899240 dv-cinder-784140-6-iscsi neutron-server[99842]: DEBUG neutron.api.rpc.callbacks.version_manager [None req-cb7d3946-ba96-4575-a842-80635719431f None None] Version for resource type SecurityGroup changed None to 1.4 on consumer Open vSwitch agent@dv-cinder-784140-6-iscsi {{(pid=99842) _set_version /opt/stack/neutron/neutron/api/rpc/callbacks/version_manager.py:113}}
Aug 04 11:39:46.899582 dv-cinder-784140-6-iscsi neutron-server[99842]: DEBUG neutron.api.rpc.callbacks.version_manager [None req-cb7d3946-ba96-4575-a842-80635719431f None None] Version for resource type SecurityGroupRule changed None to 1.2 on consumer Open vSwitch agent@dv-cinder-784140-6-iscsi {{(pid=99842) _set_version /opt/stack/neutron/neutron/api/rpc/callbacks/version_manager.py:113}}
Aug 04 11:39:46.900043 dv-cinder-784140-6-iscsi neutron-server[99842]: DEBUG neutron.api.rpc.callbacks.version_manager [None req-cb7d3946-ba96-4575-a842-80635719431f None None] Version for resource type SubPort changed None to 1.0 on consumer Open vSwitch agent@dv-cinder-784140-6-iscsi {{(pid=99842) _set_version /opt/stack/neutron/neutron/api/rpc/callbacks/version_manager.py:113}}
Aug 04 11:39:46.900392 dv-cinder-784140-6-iscsi neutron-server[99842]: DEBUG neutron.api.rpc.callbacks.version_manager [None req-cb7d3946-ba96-4575-a842-80635719431f None None] Version for resource type Subnet changed None to 1.1 on consumer Open vSwitch agent@dv-cinder-784140-6-iscsi {{(pid=99842) _set_version /opt/stack/neutron/neutron/api/rpc/callbacks/version_manager.py:113}}
Aug 04 11:39:46.900709 dv-cinder-784140-6-iscsi neutron-server[99842]: DEBUG neutron.api.rpc.callbacks.version_manager [None req-cb7d3946-ba96-4575-a842-80635719431f None None] Version for resource type Trunk changed None to 1.1 on consumer Open vSwitch agent@dv-cinder-784140-6-iscsi {{(pid=99842) _set_version /opt/stack/neutron/neutron/api/rpc/callbacks/version_manager.py:113}}
Aug 04 11:39:46.901960 dv-cinder-784140-6-iscsi neutron-server[99842]: DEBUG neutron.api.rpc.callbacks.version_manager [None req-cb7d3946-ba96-4575-a842-80635719431f None None] Tracked resource versions report:
Aug 04 11:39:46.901960 dv-cinder-784140-6-iscsi neutron-server[99842]: pushed versions:
Aug 04 11:39:46.901960 dv-cinder-784140-6-iscsi neutron-server[99842]: { 'AddressGroup': {'1.2'},
Aug 04 11:39:46.901960 dv-cinder-784140-6-iscsi neutron-server[99842]: 'ConntrackHelper': {'1.0'},
Aug 04 11:39:46.901960 dv-cinder-784140-6-iscsi neutron-server[99842]: 'Log': {'1.0'},
Aug 04 11:39:46.901960 dv-cinder-784140-6-iscsi neutron-server[99842]: 'Network': {'1.1'},
Aug 04 11:39:46.901960 dv-cinder-784140-6-iscsi neutron-server[99842]: 'Port': {'1.7'},
Aug 04 11:39:46.901960 dv-cinder-784140-6-iscsi neutron-server[99842]: 'PortForwarding': {'1.2'},
Aug 04 11:39:46.901960 dv-cinder-784140-6-iscsi neutron-server[99842]: 'QosPolicy': {'1.8'},
Aug 04 11:39:46.901960 dv-cinder-784140-6-iscsi neutron-server[99842]: 'SecurityGroup': {'1.4'},
Aug 04 11:39:46.901960 dv-cinder-784140-6-iscsi neutron-server[99842]: 'SecurityGroupRule': {'1.2'},
Aug 04 11:39:46.901960 dv-cinder-784140-6-iscsi neutron-server[99842]: 'SubPort': {'1.0'},
Aug 04 11:39:46.901960 dv-cinder-784140-6-iscsi neutron-server[99842]: 'Subnet': {'1.1'},
Aug 04 11:39:46.901960 dv-cinder-784140-6-iscsi neutron-server[99842]: 'Trunk': {'1.1'}}
Aug 04 11:39:46.901960 dv-cinder-784140-6-iscsi neutron-server[99842]: consumer versions:
Aug 04 11:39:46.901960 dv-cinder-784140-6-iscsi neutron-server[99842]: { DHCP agent@dv-cinder-784140-6-iscsi: {},
Aug 04 11:39:46.901960 dv-cinder-784140-6-iscsi neutron-server[99842]: HyperV agent@hv-cinder-78414: {},
Aug 04 11:39:46.901960 dv-cinder-784140-6-iscsi neutron-server[99842]: L3 agent@dv-cinder-784140-6-iscsi: {},
Aug 04 11:39:46.901960 dv-cinder-784140-6-iscsi neutron-server[99842]: Metadata agent@dv-cinder-784140-6-iscsi: {},
Aug 04 11:39:46.901960 dv-cinder-784140-6-iscsi neutron-server[99842]: Metering agent@dv-cinder-784140-6-iscsi: {},
Aug 04 11:39:46.901960 dv-cinder-784140-6-iscsi neutron-server[99842]: Open vSwitch agent@dv-cinder-784140-6-iscsi: { 'AddressGroup': '1.2',
Aug 04 11:39:46.901960 dv-cinder-784140-6-iscsi neutron-server[99842]: 'ConntrackHelper': '1.0',
Aug 04 11:39:46.901960 dv-cinder-784140-6-iscsi neutron-server[99842]: 'Log': '1.0',
Aug 04 11:39:46.901960 dv-cinder-784140-6-iscsi neutron-server[99842]: 'Network': '1.1',
Aug 04 11:39:46.901960 dv-cinder-784140-6-iscsi neutron-server[99842]: 'Port': '1.7',
Aug 04 11:39:46.901960 dv-cinder-784140-6-iscsi neutron-server[99842]: 'PortForwarding': '1.2',
Aug 04 11:39:46.901960 dv-cinder-784140-6-iscsi neutron-server[99842]: 'QosPolicy': '1.8',
Aug 04 11:39:46.901960 dv-cinder-784140-6-iscsi neutron-server[99842]: 'SecurityGroup': '1.4',
Aug 04 11:39:46.901960 dv-cinder-784140-6-iscsi neutron-server[99842]: 'SecurityGroupRule': '1.2',
Aug 04 11:39:46.901960 dv-cinder-784140-6-iscsi neutron-server[99842]: 'SubPort': '1.0',
Aug 04 11:39:46.901960 dv-cinder-784140-6-iscsi neutron-server[99842]: 'Subnet': '1.1',
Aug 04 11:39:46.901960 dv-cinder-784140-6-iscsi neutron-server[99842]: 'Trunk': '1.1'}}
Aug 04 11:39:46.901960 dv-cinder-784140-6-iscsi neutron-server[99842]: {{(pid=99842) report /opt/stack/neutron/neutron/api/rpc/callbacks/version_manager.py:175}}
Aug 04 11:39:46.955802 dv-cinder-784140-6-iscsi neutron-server[99842]: DEBUG neutron.plugins.ml2.managers [None req-cb7d3946-ba96-4575-a842-80635719431f None None] Attempting to bind port 06106e20-e652-4322-9384-8fe165ad3674 on host dv-cinder-784140-6-iscsi for vnic_type normal with profile {{(pid=99842) bind_port /opt/stack/neutron/neutron/plugins/ml2/managers.py:790}}
Aug 04 11:39:46.956516 dv-cinder-784140-6-iscsi neutron-server[99842]: DEBUG neutron.plugins.ml2.managers [None req-cb7d3946-ba96-4575-a842-80635719431f None None] Attempting to bind port 06106e20-e652-4322-9384-8fe165ad3674 by drivers openvswitch,hyperv on host dv-cinder-784140-6-iscsi at level 0 using segments [{'id': '903ebcc7-c73c-4635-9bd3-cfbc943083d1', 'network_type': 'vlan', 'physical_network': 'physnet1', 'segmentation_id': 194, 'network_id': 'a7bbfc98-be9b-4a25-871c-a45fd8bc5a01'}] {{(pid=99842) _bind_port_level /opt/stack/neutron/neutron/plugins/ml2/managers.py:815}}
Aug 04 11:39:46.957299 dv-cinder-784140-6-iscsi neutron-server[99842]: DEBUG neutron.plugins.ml2.drivers.mech_agent [None req-cb7d3946-ba96-4575-a842-80635719431f None None] Attempting to bind port 06106e20-e652-4322-9384-8fe165ad3674 on network a7bbfc98-be9b-4a25-871c-a45fd8bc5a01 {{(pid=99842) bind_port /opt/stack/neutron/neutron/plugins/ml2/drivers/mech_agent.py:85}}
Aug 04 11:39:46.990892 dv-cinder-784140-6-iscsi neutron-server[99842]: DEBUG neutron.plugins.ml2.drivers.mech_agent [None req-cb7d3946-ba96-4575-a842-80635719431f None None] Checking agent: {'id': 'a639c626-64b5-4733-8a14-394d9482cb5f', 'agent_type': 'Open vSwitch agent', 'binary': 'neutron-openvswitch-agent', 'topic': 'N/A', 'host': 'dv-cinder-784140-6-iscsi', 'admin_state_up': True, 'created_at': datetime.datetime(2021, 8, 4, 11, 31, 49), 'started_at': datetime.datetime(2021, 8, 4, 11, 32, 19), 'heartbeat_timestamp': datetime.datetime(2021, 8, 4, 11, 39, 19), 'description': None, 'resources_synced': None, 'availability_zone': None, 'alive': True, 'configurations': {'arp_responder_enabled': False, 'baremetal_smartnic': False, 'bridge_mappings': {'physnet1': 'br-data'}, 'datapath_type': 'system', 'devices': 0, 'enable_distributed_routing': False, 'extensions': [], 'in_distributed_mode': False, 'integration_bridge': 'br-int', 'l2_population': False, 'log_agent_heartbeats': False, 'ovs_capabilities': {'datapath_types': ['netdev', 'system'], 'iface_types': ['erspan', 'geneve', 'gre', 'internal', 'ip6erspan', 'ip6gre', 'lisp', 'patch', 'stt', 'system', 'tap', 'vxlan']}, 'ovs_hybrid_plug': False, 'resource_provider_bandwidths': {}, 'resource_provider_hypervisors': {'br-data': 'dv-cinder-784140-6-iscsi'}, 'resource_provider_inventory_defaults': {'allocation_ratio': 1.0, 'min_unit': 1, 'step_size': 1, 'reserved': 0}, 'tunnel_types': [], 'tunneling_ip': None, 'vhostuser_socket_dir': '/var/run/openvswitch'}, 'resource_versions': {'AddressGroup': '1.2', 'ConntrackHelper': '1.0', 'Log': '1.0', 'Network': '1.1', 'Port': '1.7', 'PortForwarding': '1.2', 'QosPolicy': '1.8', 'SecurityGroup': '1.4', 'SecurityGroupRule': '1.2', 'SubPort': '1.0', 'Subnet': '1.1', 'Trunk': '1.1'}} {{(pid=99842) bind_port /opt/stack/neutron/neutron/plugins/ml2/drivers/mech_agent.py:104}}
Aug 04 11:39:46.991406 dv-cinder-784140-6-iscsi neutron-server[99842]: DEBUG neutron.plugins.ml2.drivers.mech_agent [None req-cb7d3946-ba96-4575-a842-80635719431f None None] Checking segment: {'id': '903ebcc7-c73c-4635-9bd3-cfbc943083d1', 'network_type': 'vlan', 'physical_network': 'physnet1', 'segmentation_id': 194, 'network_id': 'a7bbfc98-be9b-4a25-871c-a45fd8bc5a01'} for mappings: {'physnet1': 'br-data'} with network types: ['local', 'flat', 'vlan'] {{(pid=99842) check_segment_for_agent /opt/stack/neutron/neutron/plugins/ml2/drivers/mech_agent.py:352}}
Aug 04 11:39:46.991814 dv-cinder-784140-6-iscsi neutron-server[99842]: DEBUG neutron_lib.callbacks.manager [None req-cb7d3946-ba96-4575-a842-80635719431f None None] Notify callbacks [] for ovs_bridge_name, before_read {{(pid=99842) _notify_loop /usr/local/lib/python3.8/dist-packages/neutron_lib/callbacks/manager.py:192}}
Aug 04 11:39:46.992207 dv-cinder-784140-6-iscsi neutron-server[99842]: DEBUG neutron.plugins.ml2.drivers.mech_agent [None req-cb7d3946-ba96-4575-a842-80635719431f None None] Bound using segment: {'id': '903ebcc7-c73c-4635-9bd3-cfbc943083d1', 'network_type': 'vlan', 'physical_network': 'physnet1', 'segmentation_id': 194, 'network_id': 'a7bbfc98-be9b-4a25-871c-a45fd8bc5a01'} {{(pid=99842) bind_port /opt/stack/neutron/neutron/plugins/ml2/drivers/mech_agent.py:114}}
Aug 04 11:39:46.992716 dv-cinder-784140-6-iscsi neutron-server[99842]: DEBUG neutron.plugins.ml2.managers [None req-cb7d3946-ba96-4575-a842-80635719431f None None] Bound port: 06106e20-e652-4322-9384-8fe165ad3674, host: dv-cinder-784140-6-iscsi, vif_type: ovs, vif_details: {"connectivity": "l2", "port_filter": true, "ovs_hybrid_plug": false, "datapath_type": "system", "bridge_name": "br-int"}, binding_levels: [{'bound_driver': 'openvswitch', 'bound_segment': {'id': '903ebcc7-c73c-4635-9bd3-cfbc943083d1', 'network_type': 'vlan', 'physical_network': 'physnet1', 'segmentation_id': 194, 'network_id': 'a7bbfc98-be9b-4a25-871c-a45fd8bc5a01'}}] {{(pid=99842) _bind_port_level /opt/stack/neutron/neutron/plugins/ml2/managers.py:928}}
Aug 04 11:39:46.993116 dv-cinder-784140-6-iscsi neutron-server[99842]: DEBUG neutron_lib.callbacks.manager [None req-cb7d3946-ba96-4575-a842-80635719431f None None] Notify callbacks ['neutron.plugins.ml2.plugin.SecurityGroupDbMixin._ensure_default_security_group_handler-1612159'] for port, before_update {{(pid=99842) _notify_loop /usr/local/lib/python3.8/dist-packages/neutron_lib/callbacks/manager.py:192}}
Aug 04 11:39:47.011505 dv-cinder-784140-6-iscsi neutron-server[99840]: DEBUG neutron.pecan_wsgi.hooks.policy_enforcement [req-41b706d6-76c5-4b82-8bbd-a8d2b9e5f1e6 req-bf39cf0f-a0e9-402a-b050-c484d31e4d82 tempest-DeleteServersTestJSON-1166144944 tempest-DeleteServersTestJSON-1166144944-project] Attributes excluded by policy engine: ['standard_attr_id', 'vlan_transparent', 'provider:network_type', 'provider:physical_network', 'provider:segmentation_id'] {{(pid=99840) _exclude_attributes_by_policy /opt/stack/neutron/neutron/pecan_wsgi/hooks/policy_enforcement.py:255}}
Aug 04 11:39:47.015545 dv-cinder-784140-6-iscsi neutron-server[99840]: INFO neutron.wsgi [req-41b706d6-76c5-4b82-8bbd-a8d2b9e5f1e6 req-bf39cf0f-a0e9-402a-b050-c484d31e4d82 tempest-DeleteServersTestJSON-1166144944 tempest-DeleteServersTestJSON-1166144944-project] 10.222.0.44 "GET /v2.0/networks?id=8ce5b387-2a37-45b9-a63c-fa34ba63827f HTTP/1.1" status: 200 len: 812 time: 0.7698433
Aug 04 11:39:47.072782 dv-cinder-784140-6-iscsi neutron-server[99840]: INFO neutron.wsgi [req-41b706d6-76c5-4b82-8bbd-a8d2b9e5f1e6 req-576a79cd-8fc6-45ed-bb3b-e9bfd9b89c6e tempest-DeleteServersTestJSON-1166144944 tempest-DeleteServersTestJSON-1166144944-project] 10.222.0.44 "GET /v2.0/quotas/1e763692a1b44c0a95ddb0d391038d4d HTTP/1.1" status: 200 len: 375 time: 0.0501523
Aug 04 11:39:47.130788 dv-cinder-784140-6-iscsi neutron-server[99842]: DEBUG neutron.plugins.ml2.db [None req-cb7d3946-ba96-4575-a842-80635719431f None None] For port 06106e20-e652-4322-9384-8fe165ad3674, host dv-cinder-784140-6-iscsi, cleared binding levels {{(pid=99842) clear_binding_levels /opt/stack/neutron/neutron/plugins/ml2/db.py:87}}
Aug 04 11:39:47.136817 dv-cinder-784140-6-iscsi neutron-server[99842]: DEBUG neutron.plugins.ml2.db [None req-cb7d3946-ba96-4575-a842-80635719431f None None] For port 06106e20-e652-4322-9384-8fe165ad3674, host dv-cinder-784140-6-iscsi, set binding levels [PortBindingLevel(driver='openvswitch',host='dv-cinder-784140-6-iscsi',level=0,port_id=06106e20-e652-4322-9384-8fe165ad3674,segment=NetworkSegment(903ebcc7-c73c-4635-9bd3-cfbc943083d1),segment_id=903ebcc7-c73c-4635-9bd3-cfbc943083d1)] {{(pid=99842) set_binding_levels /opt/stack/neutron/neutron/plugins/ml2/db.py:59}}
Aug 04 11:39:47.145424 dv-cinder-784140-6-iscsi neutron-server[99842]: DEBUG neutron.plugins.ml2.managers [None req-12bd7ed5-2e3a-4b08-9d92-ea8e66c6427a None None] Attempting to bind port 4704c5b4-4fe4-45bb-b159-d7779b07dfd2 on host dv-cinder-784140-6-iscsi for vnic_type normal with profile {{(pid=99842) bind_port /opt/stack/neutron/neutron/plugins/ml2/managers.py:790}}
