May 26 14:47:38.115710 dv-cinder-784140-4-smb devstack@c-api.service[105361]: DEBUG cinder.api.openstack.wsgi [None req-717c705d-1d87-4e3b-bd6f-6202df9c65fd tempest-GroupSnapshotsTest-2115220202 tempest-GroupSnapshotsTest-2115220202-project] Empty body provided in request {{(pid=105361) get_body /opt/stack/cinder/cinder/api/openstack/wsgi.py:713}}
May 26 14:47:38.116070 dv-cinder-784140-4-smb devstack@c-api.service[105361]: /usr/local/lib/python3.8/dist-packages/webob/acceptparse.py:1047: DeprecationWarning: The behavior of AcceptValidHeader.best_match is currently being maintained for backward compatibility, but it will be deprecated in the future, as it does not conform to the RFC.
May 26 14:47:38.116070 dv-cinder-784140-4-smb devstack@c-api.service[105361]: warnings.warn(
May 26 14:47:38.116629 dv-cinder-784140-4-smb devstack@c-api.service[105361]: DEBUG cinder.api.openstack.wsgi [None req-717c705d-1d87-4e3b-bd6f-6202df9c65fd tempest-GroupSnapshotsTest-2115220202 tempest-GroupSnapshotsTest-2115220202-project] Calling method 'version_select' {{(pid=105361) _process_stack /opt/stack/cinder/cinder/api/openstack/wsgi.py:866}}
May 26 14:47:38.117423 dv-cinder-784140-4-smb devstack@c-api.service[105361]: DEBUG cinder.api.v3.group_snapshots [None req-717c705d-1d87-4e3b-bd6f-6202df9c65fd tempest-GroupSnapshotsTest-2115220202 tempest-GroupSnapshotsTest-2115220202-project] show called for member eae1b4e0-e8a3-41d1-8818-203180f2fd2c {{(pid=105361) show /opt/stack/cinder/cinder/api/v3/group_snapshots.py:58}}
May 26 14:47:38.137589 dv-cinder-784140-4-smb devstack@c-api.service[105361]: /usr/local/lib/python3.8/dist-packages/oslo_context/context.py:105: DeprecationWarning: Policy enforcement is depending on the value of is_admin. This key is deprecated. Please update your policy file to use the standard policy values.
May 26 14:47:38.137589 dv-cinder-784140-4-smb devstack@c-api.service[105361]: warnings.warn('Policy enforcement is depending on the value of '
May 26 14:47:38.154160 dv-cinder-784140-4-smb devstack@c-api.service[105362]: /usr/local/lib/python3.8/dist-packages/oslo_context/context.py:105: DeprecationWarning: Policy enforcement is depending on the value of is_admin. This key is deprecated. Please update your policy file to use the standard policy values.
May 26 14:47:38.154160 dv-cinder-784140-4-smb devstack@c-api.service[105362]: warnings.warn('Policy enforcement is depending on the value of '
May 26 14:47:38.164179 dv-cinder-784140-4-smb devstack@c-api.service[105361]: INFO cinder.api.openstack.wsgi [None req-717c705d-1d87-4e3b-bd6f-6202df9c65fd tempest-GroupSnapshotsTest-2115220202 tempest-GroupSnapshotsTest-2115220202-project] http://10.222.0.84/volume/v3/525fda5f3e5844d295ab5009ccbaea86/group_snapshots/eae1b4e0-e8a3-41d1-8818-203180f2fd2c returned with HTTP 200
May 26 14:47:38.181942 dv-cinder-784140-4-smb devstack@c-api.service[105361]: [pid: 105361|app: 0|req: 26/49] 10.222.0.84 () {60 vars in 1390 bytes} [Wed May 26 14:47:38 2021] GET /volume/v3/525fda5f3e5844d295ab5009ccbaea86/group_snapshots/eae1b4e0-e8a3-41d1-8818-203180f2fd2c => generated 306 bytes in 70 msecs (HTTP/1.1 200) 7 headers in 286 bytes (1 switches on core 0)
May 26 14:47:38.260333 dv-cinder-784140-4-smb devstack@c-api.service[105362]: INFO cinder.api.openstack.wsgi [None req-a58f0fa8-ba32-4120-b35b-319b1cb2f035 tempest-SnapshotsActionsTest-1006048306 tempest-SnapshotsActionsTest-1006048306-project-admin] http://10.222.0.84/volume/v3/669149c4c7d8412faf027c06eceebaa6/snapshots/a3f7c68f-b86a-436a-a343-58125108ab57/action returned with HTTP 202
May 26 14:47:38.261939 dv-cinder-784140-4-smb devstack@c-api.service[105362]: [pid: 105362|app: 0|req: 24/50] 10.222.0.84 () {60 vars in 1373 bytes} [Wed May 26 14:47:38 2021] POST /volume/v3/669149c4c7d8412faf027c06eceebaa6/snapshots/a3f7c68f-b86a-436a-a343-58125108ab57/action => generated 0 bytes in 221 msecs (HTTP/1.1 202) 7 headers in 289 bytes (1 switches on core 0)
May 26 14:47:38.270596 dv-cinder-784140-4-smb devstack@c-api.service[105361]: INFO cinder.api.openstack.wsgi [None req-b3dd6b29-9927-4a00-ab5b-5ccb7037a5b9 tempest-SnapshotsActionsTest-1430961552 tempest-SnapshotsActionsTest-1430961552-project] GET http://10.222.0.84/volume/v3/92d333afe5d34d7ba6b4d6adce345767/snapshots/a3f7c68f-b86a-436a-a343-58125108ab57
May 26 14:47:38.273148 dv-cinder-784140-4-smb devstack@c-api.service[105361]: DEBUG cinder.api.openstack.wsgi [None req-b3dd6b29-9927-4a00-ab5b-5ccb7037a5b9 tempest-SnapshotsActionsTest-1430961552 tempest-SnapshotsActionsTest-1430961552-project] Empty body provided in request {{(pid=105361) get_body /opt/stack/cinder/cinder/api/openstack/wsgi.py:713}}
May 26 14:47:38.278215 dv-cinder-784140-4-smb devstack@c-api.service[105361]: /usr/local/lib/python3.8/dist-packages/webob/acceptparse.py:1047: DeprecationWarning: The behavior of AcceptValidHeader.best_match is currently being maintained for backward compatibility, but it will be deprecated in the future, as it does not conform to the RFC.
May 26 14:47:38.278215 dv-cinder-784140-4-smb devstack@c-api.service[105361]: warnings.warn(
May 26 14:47:38.279637 dv-cinder-784140-4-smb devstack@c-api.service[105361]: DEBUG cinder.api.openstack.wsgi [None req-b3dd6b29-9927-4a00-ab5b-5ccb7037a5b9 tempest-SnapshotsActionsTest-1430961552 tempest-SnapshotsActionsTest-1430961552-project] Calling method 'show' {{(pid=105361) _process_stack /opt/stack/cinder/cinder/api/openstack/wsgi.py:866}}
May 26 14:47:38.340584 dv-cinder-784140-4-smb devstack@c-api.service[105361]: /usr/local/lib/python3.8/dist-packages/oslo_context/context.py:105: DeprecationWarning: Policy enforcement is depending on the value of is_admin. This key is deprecated. Please update your policy file to use the standard policy values.
May 26 14:47:38.340584 dv-cinder-784140-4-smb devstack@c-api.service[105361]: warnings.warn('Policy enforcement is depending on the value of '
May 26 14:47:38.341655 dv-cinder-784140-4-smb devstack@c-api.service[105361]: INFO cinder.volume.api [None req-b3dd6b29-9927-4a00-ab5b-5ccb7037a5b9 tempest-SnapshotsActionsTest-1430961552 tempest-SnapshotsActionsTest-1430961552-project] Snapshot retrieved successfully.
May 26 14:47:38.343730 dv-cinder-784140-4-smb devstack@c-api.service[105361]: INFO cinder.api.openstack.wsgi [None req-b3dd6b29-9927-4a00-ab5b-5ccb7037a5b9 tempest-SnapshotsActionsTest-1430961552 tempest-SnapshotsActionsTest-1430961552-project] http://10.222.0.84/volume/v3/92d333afe5d34d7ba6b4d6adce345767/snapshots/a3f7c68f-b86a-436a-a343-58125108ab57 returned with HTTP 200
May 26 14:47:38.345697 dv-cinder-784140-4-smb devstack@c-api.service[105361]: [pid: 105361|app: 0|req: 27/51] 10.222.0.84 () {58 vars in 1331 bytes} [Wed May 26 14:47:38 2021] GET /volume/v3/92d333afe5d34d7ba6b4d6adce345767/snapshots/a3f7c68f-b86a-436a-a343-58125108ab57 => generated 567 bytes in 80 msecs (HTTP/1.1 200) 7 headers in 285 bytes (2 switches on core 0)
May 26 14:47:38.357625 dv-cinder-784140-4-smb devstack@c-api.service[105362]: INFO cinder.api.openstack.wsgi [None req-313f696a-6712-4aa3-82a3-563e86993ed9 tempest-SnapshotsActionsTest-1006048306 tempest-SnapshotsActionsTest-1006048306-project-admin] POST http://10.222.0.84/volume/v3/669149c4c7d8412faf027c06eceebaa6/snapshots/a3f7c68f-b86a-436a-a343-58125108ab57/action
May 26 14:47:38.358343 dv-cinder-784140-4-smb devstack@c-api.service[105362]: /usr/local/lib/python3.8/dist-packages/webob/acceptparse.py:1047: DeprecationWarning: The behavior of AcceptValidHeader.best_match is currently being maintained for backward compatibility, but it will be deprecated in the future, as it does not conform to the RFC.
May 26 14:47:38.358343 dv-cinder-784140-4-smb devstack@c-api.service[105362]: warnings.warn(
May 26 14:47:38.358787 dv-cinder-784140-4-smb devstack@c-api.service[105362]: DEBUG cinder.api.openstack.wsgi [None req-313f696a-6712-4aa3-82a3-563e86993ed9 tempest-SnapshotsActionsTest-1006048306 tempest-SnapshotsActionsTest-1006048306-project-admin] Action body: b'{"os-force_delete": {}}' {{(pid=105362) get_method /opt/stack/cinder/cinder/api/openstack/wsgi.py:981}}
May 26 14:47:38.359557 dv-cinder-784140-4-smb devstack@c-api.service[105362]: DEBUG cinder.api.openstack.wsgi [None req-313f696a-6712-4aa3-82a3-563e86993ed9 tempest-SnapshotsActionsTest-1006048306 tempest-SnapshotsActionsTest-1006048306-project-admin] Action: 'action', calling method: _force_delete, body: {"os-force_delete": {}} {{(pid=105362) _process_stack /opt/stack/cinder/cinder/api/openstack/wsgi.py:864}}
May 26 14:47:38.390417 dv-cinder-784140-4-smb devstack@c-api.service[105362]: /usr/local/lib/python3.8/dist-packages/oslo_context/context.py:105: DeprecationWarning: Policy enforcement is depending on the value of is_admin. This key is deprecated. Please update your policy file to use the standard policy values.
May 26 14:47:38.390417 dv-cinder-784140-4-smb devstack@c-api.service[105362]: warnings.warn('Policy enforcement is depending on the value of '
May 26 14:47:38.391121 dv-cinder-784140-4-smb devstack@c-api.service[105362]: INFO cinder.volume.api [None req-313f696a-6712-4aa3-82a3-563e86993ed9 tempest-SnapshotsActionsTest-1006048306 tempest-SnapshotsActionsTest-1006048306-project-admin] Snapshot retrieved successfully.
May 26 14:47:38.540126 dv-cinder-784140-4-smb devstack@c-api.service[105362]: INFO cinder.volume.api [None req-313f696a-6712-4aa3-82a3-563e86993ed9 tempest-SnapshotsActionsTest-1006048306 tempest-SnapshotsActionsTest-1006048306-project-admin] Snapshot delete request issued successfully.
May 26 14:47:38.540806 dv-cinder-784140-4-smb devstack@c-api.service[105362]: INFO cinder.api.openstack.wsgi [None req-313f696a-6712-4aa3-82a3-563e86993ed9 tempest-SnapshotsActionsTest-1006048306 tempest-SnapshotsActionsTest-1006048306-project-admin] http://10.222.0.84/volume/v3/669149c4c7d8412faf027c06eceebaa6/snapshots/a3f7c68f-b86a-436a-a343-58125108ab57/action returned with HTTP 202
May 26 14:47:38.541883 dv-cinder-784140-4-smb devstack@c-api.service[105362]: [pid: 105362|app: 0|req: 25/52] 10.222.0.84 () {60 vars in 1373 bytes} [Wed May 26 14:47:38 2021] POST /volume/v3/669149c4c7d8412faf027c06eceebaa6/snapshots/a3f7c68f-b86a-436a-a343-58125108ab57/action => generated 0 bytes in 190 msecs (HTTP/1.1 202) 7 headers in 289 bytes (2 switches on core 0)
May 26 14:47:38.551799 dv-cinder-784140-4-smb devstack@c-api.service[105361]: INFO cinder.api.openstack.wsgi [None req-fe25feb8-8e02-4bce-b169-ab1d80189365 tempest-SnapshotsActionsTest-1430961552 tempest-SnapshotsActionsTest-1430961552-project] GET http://10.222.0.84/volume/v3/92d333afe5d34d7ba6b4d6adce345767/snapshots/a3f7c68f-b86a-436a-a343-58125108ab57
May 26 14:47:38.552771 dv-cinder-784140-4-smb devstack@c-api.service[105361]: DEBUG cinder.api.openstack.wsgi [None req-fe25feb8-8e02-4bce-b169-ab1d80189365 tempest-SnapshotsActionsTest-1430961552 tempest-SnapshotsActionsTest-1430961552-project] Empty body provided in request {{(pid=105361) get_body /opt/stack/cinder/cinder/api/openstack/wsgi.py:713}}
May 26 14:47:38.553098 dv-cinder-784140-4-smb devstack@c-api.service[105361]: /usr/local/lib/python3.8/dist-packages/webob/acceptparse.py:1047: DeprecationWarning: The behavior of AcceptValidHeader.best_match is currently being maintained for backward compatibility, but it will be deprecated in the future, as it does not conform to the RFC.
May 26 14:47:38.553098 dv-cinder-784140-4-smb devstack@c-api.service[105361]: warnings.warn(
May 26 14:47:38.553628 dv-cinder-784140-4-smb devstack@c-api.service[105361]: DEBUG cinder.api.openstack.wsgi [None req-fe25feb8-8e02-4bce-b169-ab1d80189365 tempest-SnapshotsActionsTest-1430961552 tempest-SnapshotsActionsTest-1430961552-project] Calling method 'show' {{(pid=105361) _process_stack /opt/stack/cinder/cinder/api/openstack/wsgi.py:866}}
May 26 14:47:38.609875 dv-cinder-784140-4-smb devstack@c-api.service[105361]: /usr/local/lib/python3.8/dist-packages/oslo_context/context.py:105: DeprecationWarning: Policy enforcement is depending on the value of is_admin. This key is deprecated. Please update your policy file to use the standard policy values.
May 26 14:47:38.609875 dv-cinder-784140-4-smb devstack@c-api.service[105361]: warnings.warn('Policy enforcement is depending on the value of '
May 26 14:47:38.613894 dv-cinder-784140-4-smb devstack@c-api.service[105361]: INFO cinder.volume.api [None req-fe25feb8-8e02-4bce-b169-ab1d80189365 tempest-SnapshotsActionsTest-1430961552 tempest-SnapshotsActionsTest-1430961552-project] Snapshot retrieved successfully.
May 26 14:47:38.618936 dv-cinder-784140-4-smb devstack@c-api.service[105361]: INFO cinder.api.openstack.wsgi [None req-fe25feb8-8e02-4bce-b169-ab1d80189365 tempest-SnapshotsActionsTest-1430961552 tempest-SnapshotsActionsTest-1430961552-project] http://10.222.0.84/volume/v3/92d333afe5d34d7ba6b4d6adce345767/snapshots/a3f7c68f-b86a-436a-a343-58125108ab57 returned with HTTP 200
May 26 14:47:38.620692 dv-cinder-784140-4-smb devstack@c-api.service[105361]: [pid: 105361|app: 0|req: 28/53] 10.222.0.84 () {58 vars in 1331 bytes} [Wed May 26 14:47:38 2021] GET /volume/v3/92d333afe5d34d7ba6b4d6adce345767/snapshots/a3f7c68f-b86a-436a-a343-58125108ab57 => generated 567 bytes in 74 msecs (HTTP/1.1 200) 7 headers in 285 bytes (2 switches on core 0)
May 26 14:47:38.987908 dv-cinder-784140-4-smb devstack@c-api.service[105362]: INFO cinder.api.openstack.wsgi [req-84ae7c2b-c5e3-46e4-8e12-f309a1087423 req-2a5f547b-3c21-4202-8a42-a21e0350c793 tempest-VolumesSnapshotsTestJSON-1921014968 tempest-VolumesSnapshotsTestJSON-1921014968-project] GET http://10.222.0.84/volume/v3/e2039e856cd349e5861a3b78cf20023a/snapshots/205c88aa-6f96-4ebe-8701-41eda8d7fc6f
May 26 14:47:38.988577 dv-cinder-784140-4-smb devstack@c-api.service[105362]: DEBUG cinder.api.openstack.wsgi [req-84ae7c2b-c5e3-46e4-8e12-f309a1087423 req-2a5f547b-3c21-4202-8a42-a21e0350c793 tempest-VolumesSnapshotsTestJSON-1921014968 tempest-VolumesSnapshotsTestJSON-1921014968-project] Empty body provided in request {{(pid=105362) get_body /opt/stack/cinder/cinder/api/openstack/wsgi.py:713}}
May 26 14:47:38.988714 dv-cinder-784140-4-smb devstack@c-api.service[105362]: /usr/local/lib/python3.8/dist-packages/webob/acceptparse.py:1047: DeprecationWarning: The behavior of AcceptValidHeader.best_match is currently being maintained for backward compatibility, but it will be deprecated in the future, as it does not conform to the RFC.
May 26 14:47:38.988714 dv-cinder-784140-4-smb devstack@c-api.service[105362]: warnings.warn(
May 26 14:47:38.989020 dv-cinder-784140-4-smb devstack@c-api.service[105362]: DEBUG cinder.api.openstack.wsgi [req-84ae7c2b-c5e3-46e4-8e12-f309a1087423 req-2a5f547b-3c21-4202-8a42-a21e0350c793 tempest-VolumesSnapshotsTestJSON-1921014968 tempest-VolumesSnapshotsTestJSON-1921014968-project] Calling method 'show' {{(pid=105362) _process_stack /opt/stack/cinder/cinder/api/openstack/wsgi.py:866}}
May 26 14:47:39.040518 dv-cinder-784140-4-smb devstack@c-api.service[105362]: INFO cinder.api.openstack.wsgi [req-84ae7c2b-c5e3-46e4-8e12-f309a1087423 req-2a5f547b-3c21-4202-8a42-a21e0350c793 tempest-VolumesSnapshotsTestJSON-1921014968 tempest-VolumesSnapshotsTestJSON-1921014968-project] http://10.222.0.84/volume/v3/e2039e856cd349e5861a3b78cf20023a/snapshots/205c88aa-6f96-4ebe-8701-41eda8d7fc6f returned with HTTP 404
May 26 14:47:39.053325 dv-cinder-784140-4-smb devstack@c-api.service[105362]: [pid: 105362|app: 0|req: 26/54] 10.222.0.84 () {60 vars in 1585 bytes} [Wed May 26 14:47:38 2021] GET /volume/v3/e2039e856cd349e5861a3b78cf20023a/snapshots/205c88aa-6f96-4ebe-8701-41eda8d7fc6f => generated 111 bytes in 70 msecs (HTTP/1.1 404) 7 headers in 292 bytes (1 switches on core 0)
May 26 14:47:39.091383 dv-cinder-784140-4-smb devstack@c-api.service[105361]: INFO cinder.api.openstack.wsgi [req-517672c6-2988-4e35-8239-abe8ec414468 req-b5f7696f-ae95-483a-a4ad-766fdf1e78ce tempest-VolumesSnapshotsTestJSON-1921014968 tempest-VolumesSnapshotsTestJSON-1921014968-project] DELETE http://10.222.0.84/volume/v3/e2039e856cd349e5861a3b78cf20023a/volumes/c198ca80-e3b1-4a1c-8626-3ba52bb3b166
May 26 14:47:39.091985 dv-cinder-784140-4-smb devstack@c-api.service[105361]: DEBUG cinder.api.openstack.wsgi [req-517672c6-2988-4e35-8239-abe8ec414468 req-b5f7696f-ae95-483a-a4ad-766fdf1e78ce tempest-VolumesSnapshotsTestJSON-1921014968 tempest-VolumesSnapshotsTestJSON-1921014968-project] Empty body provided in request {{(pid=105361) get_body /opt/stack/cinder/cinder/api/openstack/wsgi.py:713}}
May 26 14:47:39.092344 dv-cinder-784140-4-smb devstack@c-api.service[105361]: /usr/local/lib/python3.8/dist-packages/webob/acceptparse.py:1047: DeprecationWarning: The behavior of AcceptValidHeader.best_match is currently being maintained for backward compatibility, but it will be deprecated in the future, as it does not conform to the RFC.
May 26 14:47:39.092344 dv-cinder-784140-4-smb devstack@c-api.service[105361]: warnings.warn(
May 26 14:47:39.092780 dv-cinder-784140-4-smb devstack@c-api.service[105361]: DEBUG cinder.api.openstack.wsgi [req-517672c6-2988-4e35-8239-abe8ec414468 req-b5f7696f-ae95-483a-a4ad-766fdf1e78ce tempest-VolumesSnapshotsTestJSON-1921014968 tempest-VolumesSnapshotsTestJSON-1921014968-project] Calling method 'delete' {{(pid=105361) _process_stack /opt/stack/cinder/cinder/api/openstack/wsgi.py:866}}
May 26 14:47:39.093204 dv-cinder-784140-4-smb devstack@c-api.service[105361]: INFO cinder.api.v3.volumes [req-517672c6-2988-4e35-8239-abe8ec414468 req-b5f7696f-ae95-483a-a4ad-766fdf1e78ce tempest-VolumesSnapshotsTestJSON-1921014968 tempest-VolumesSnapshotsTestJSON-1921014968-project] Delete volume with id: c198ca80-e3b1-4a1c-8626-3ba52bb3b166
May 26 14:47:39.117732 dv-cinder-784140-4-smb devstack@c-api.service[105362]: INFO cinder.api.openstack.wsgi [None req-7c0e08bc-c568-4ca2-b046-81082531eb72 tempest-VolumesTestJSON-420672692 tempest-VolumesTestJSON-420672692-project] GET http://10.222.0.84/volume/v3/da9f4bc9b07444aab1e8b3291670098e/volumes/269321f3-f35e-4e25-be3b-8bf73aa6a0e3
May 26 14:47:39.118217 dv-cinder-784140-4-smb devstack@c-api.service[105362]: DEBUG cinder.api.openstack.wsgi [None req-7c0e08bc-c568-4ca2-b046-81082531eb72 tempest-VolumesTestJSON-420672692 tempest-VolumesTestJSON-420672692-project] Empty body provided in request {{(pid=105362) get_body /opt/stack/cinder/cinder/api/openstack/wsgi.py:713}}
May 26 14:47:39.118755 dv-cinder-784140-4-smb devstack@c-api.service[105362]: DEBUG cinder.api.openstack.wsgi [None req-7c0e08bc-c568-4ca2-b046-81082531eb72 tempest-VolumesTestJSON-420672692 tempest-VolumesTestJSON-420672692-project] Calling method 'show' {{(pid=105362) _process_stack /opt/stack/cinder/cinder/api/openstack/wsgi.py:866}}
May 26 14:47:39.330121 dv-cinder-784140-4-smb devstack@c-api.service[105362]: /usr/local/lib/python3.8/dist-packages/oslo_context/context.py:105: DeprecationWarning: Policy enforcement is depending on the value of is_admin. This key is deprecated. Please update your policy file to use the standard policy values.
May 26 14:47:39.330121 dv-cinder-784140-4-smb devstack@c-api.service[105362]: warnings.warn('Policy enforcement is depending on the value of '
May 26 14:47:39.359585 dv-cinder-784140-4-smb devstack@c-api.service[105362]: INFO cinder.volume.api [None req-7c0e08bc-c568-4ca2-b046-81082531eb72 tempest-VolumesTestJSON-420672692 tempest-VolumesTestJSON-420672692-project] Volume info retrieved successfully.
May 26 14:47:39.418340 dv-cinder-784140-4-smb devstack@c-api.service[105362]: INFO cinder.api.openstack.wsgi [None req-7c0e08bc-c568-4ca2-b046-81082531eb72 tempest-VolumesTestJSON-420672692 tempest-VolumesTestJSON-420672692-project] http://10.222.0.84/volume/v3/da9f4bc9b07444aab1e8b3291670098e/volumes/269321f3-f35e-4e25-be3b-8bf73aa6a0e3 returned with HTTP 200
May 26 14:47:39.420033 dv-cinder-784140-4-smb devstack@c-api.service[105362]: [pid: 105362|app: 0|req: 27/55] 10.222.0.84 () {58 vars in 1325 bytes} [Wed May 26 14:47:39 2021] GET /volume/v3/da9f4bc9b07444aab1e8b3291670098e/volumes/269321f3-f35e-4e25-be3b-8bf73aa6a0e3 => generated 921 bytes in 307 msecs (HTTP/1.1 200) 7 headers in 285 bytes (2 switches on core 0)
May 26 14:47:39.434527 dv-cinder-784140-4-smb devstack@c-api.service[105362]: INFO cinder.api.openstack.wsgi [None req-902f6ff0-4593-4e94-b310-3a7b00bf7a02 tempest-GroupSnapshotsTest-2115220202 tempest-GroupSnapshotsTest-2115220202-project] GET http://10.222.0.84/volume/v3/525fda5f3e5844d295ab5009ccbaea86/group_snapshots/eae1b4e0-e8a3-41d1-8818-203180f2fd2c
May 26 14:47:39.434527 dv-cinder-784140-4-smb devstack@c-api.service[105362]: DEBUG cinder.api.openstack.wsgi [None req-902f6ff0-4593-4e94-b310-3a7b00bf7a02 tempest-GroupSnapshotsTest-2115220202 tempest-GroupSnapshotsTest-2115220202-project] Empty body provided in request {{(pid=105362) get_body /opt/stack/cinder/cinder/api/openstack/wsgi.py:713}}
May 26 14:47:39.434527 dv-cinder-784140-4-smb devstack@c-api.service[105362]: /usr/local/lib/python3.8/dist-packages/webob/acceptparse.py:1047: DeprecationWarning: The behavior of AcceptValidHeader.best_match is currently being maintained for backward compatibility, but it will be deprecated in the future, as it does not conform to the RFC.
May 26 14:47:39.434527 dv-cinder-784140-4-smb devstack@c-api.service[105362]: warnings.warn(
May 26 14:47:39.434527 dv-cinder-784140-4-smb devstack@c-api.service[105362]: DEBUG cinder.api.openstack.wsgi [None req-902f6ff0-4593-4e94-b310-3a7b00bf7a02 tempest-GroupSnapshotsTest-2115220202 tempest-GroupSnapshotsTest-2115220202-project] Calling method 'version_select' {{(pid=105362) _process_stack /opt/stack/cinder/cinder/api/openstack/wsgi.py:866}}
May 26 14:47:39.434527 dv-cinder-784140-4-smb devstack@c-api.service[105362]: DEBUG cinder.api.v3.group_snapshots [None req-902f6ff0-4593-4e94-b310-3a7b00bf7a02 tempest-GroupSnapshotsTest-2115220202 tempest-GroupSnapshotsTest-2115220202-project] show called for member eae1b4e0-e8a3-41d1-8818-203180f2fd2c {{(pid=105362) show /opt/stack/cinder/cinder/api/v3/group_snapshots.py:58}}
May 26 14:47:39.447261 dv-cinder-784140-4-smb devstack@c-api.service[105362]: /usr/local/lib/python3.8/dist-packages/oslo_context/context.py:105: DeprecationWarning: Policy enforcement is depending on the value of is_admin. This key is deprecated. Please update your policy file to use the standard policy values.
May 26 14:47:39.447261 dv-cinder-784140-4-smb devstack@c-api.service[105362]: warnings.warn('Policy enforcement is depending on the value of '
May 26 14:47:39.468863 dv-cinder-784140-4-smb devstack@c-api.service[105361]: /usr/local/lib/python3.8/dist-packages/oslo_context/context.py:105: DeprecationWarning: Policy enforcement is depending on the value of is_admin. This key is deprecated. Please update your policy file to use the standard policy values.
May 26 14:47:39.468863 dv-cinder-784140-4-smb devstack@c-api.service[105361]: warnings.warn('Policy enforcement is depending on the value of '
May 26 14:47:39.476917 dv-cinder-784140-4-smb devstack@c-api.service[105362]: INFO cinder.api.openstack.wsgi [None req-902f6ff0-4593-4e94-b310-3a7b00bf7a02 tempest-GroupSnapshotsTest-2115220202 tempest-GroupSnapshotsTest-2115220202-project] http://10.222.0.84/volume/v3/525fda5f3e5844d295ab5009ccbaea86/group_snapshots/eae1b4e0-e8a3-41d1-8818-203180f2fd2c returned with HTTP 200
May 26 14:47:39.478573 dv-cinder-784140-4-smb devstack@c-api.service[105361]: INFO cinder.volume.api [req-517672c6-2988-4e35-8239-abe8ec414468 req-b5f7696f-ae95-483a-a4ad-766fdf1e78ce tempest-VolumesSnapshotsTestJSON-1921014968 tempest-VolumesSnapshotsTestJSON-1921014968-project] Volume info retrieved successfully.
May 26 14:47:39.483009 dv-cinder-784140-4-smb devstack@c-api.service[105362]: [pid: 105362|app: 0|req: 28/56] 10.222.0.84 () {60 vars in 1390 bytes} [Wed May 26 14:47:39 2021] GET /volume/v3/525fda5f3e5844d295ab5009ccbaea86/group_snapshots/eae1b4e0-e8a3-41d1-8818-203180f2fd2c => generated 307 bytes in 62 msecs (HTTP/1.1 200) 7 headers in 286 bytes (1 switches on core 0)
May 26 14:47:39.490653 dv-cinder-784140-4-smb devstack@c-api.service[105362]: INFO cinder.api.openstack.wsgi [None req-f533d4ea-04dc-4c1b-9a19-2858706ab884 tempest-GroupSnapshotsTest-2115220202 tempest-GroupSnapshotsTest-2115220202-project] GET http://10.222.0.84/volume/v3/525fda5f3e5844d295ab5009ccbaea86/snapshots/detail
May 26 14:47:39.491420 dv-cinder-784140-4-smb devstack@c-api.service[105362]: DEBUG cinder.api.openstack.wsgi [None req-f533d4ea-04dc-4c1b-9a19-2858706ab884 tempest-GroupSnapshotsTest-2115220202 tempest-GroupSnapshotsTest-2115220202-project] Empty body provided in request {{(pid=105362) get_body /opt/stack/cinder/cinder/api/openstack/wsgi.py:713}}
May 26 14:47:39.491601 dv-cinder-784140-4-smb devstack@c-api.service[105362]: /usr/local/lib/python3.8/dist-packages/webob/acceptparse.py:1047: DeprecationWarning: The behavior of AcceptValidHeader.best_match is currently being maintained for backward compatibility, but it will be deprecated in the future, as it does not conform to the RFC.
May 26 14:47:39.491601 dv-cinder-784140-4-smb devstack@c-api.service[105362]: warnings.warn(
May 26 14:47:39.492000 dv-cinder-784140-4-smb devstack@c-api.service[105362]: DEBUG cinder.api.openstack.wsgi [None req-f533d4ea-04dc-4c1b-9a19-2858706ab884 tempest-GroupSnapshotsTest-2115220202 tempest-GroupSnapshotsTest-2115220202-project] Calling method 'detail' {{(pid=105362) _process_stack /opt/stack/cinder/cinder/api/openstack/wsgi.py:866}}
May 26 14:47:39.494810 dv-cinder-784140-4-smb devstack@c-api.service[105362]: DEBUG cinder.api.api_utils [None req-f533d4ea-04dc-4c1b-9a19-2858706ab884 tempest-GroupSnapshotsTest-2115220202 tempest-GroupSnapshotsTest-2115220202-project] Removing options '' from query. {{(pid=105362) remove_invalid_filter_options /opt/stack/cinder/cinder/api/api_utils.py:73}}
May 26 14:47:39.502932 dv-cinder-784140-4-smb devstack@c-api.service[105362]: DEBUG cinder.db.sqlalchemy.api [None req-f533d4ea-04dc-4c1b-9a19-2858706ab884 tempest-GroupSnapshotsTest-2115220202 tempest-GroupSnapshotsTest-2115220202-project] Building query based on filter {{(pid=105362) _process_snaps_filters /opt/stack/cinder/cinder/db/sqlalchemy/api.py:3138}}
May 26 14:47:39.550531 dv-cinder-784140-4-smb devstack@c-api.service[105361]: INFO cinder.volume.api [req-517672c6-2988-4e35-8239-abe8ec414468 req-b5f7696f-ae95-483a-a4ad-766fdf1e78ce tempest-VolumesSnapshotsTestJSON-1921014968 tempest-VolumesSnapshotsTestJSON-1921014968-project] Delete volume request issued successfully.
May 26 14:47:39.551137 dv-cinder-784140-4-smb devstack@c-api.service[105361]: INFO cinder.api.openstack.wsgi [req-517672c6-2988-4e35-8239-abe8ec414468 req-b5f7696f-ae95-483a-a4ad-766fdf1e78ce tempest-VolumesSnapshotsTestJSON-1921014968 tempest-VolumesSnapshotsTestJSON-1921014968-project] http://10.222.0.84/volume/v3/e2039e856cd349e5861a3b78cf20023a/volumes/c198ca80-e3b1-4a1c-8626-3ba52bb3b166 returned with HTTP 202
May 26 14:47:39.552491 dv-cinder-784140-4-smb devstack@c-api.service[105362]: INFO cinder.volume.api [None req-f533d4ea-04dc-4c1b-9a19-2858706ab884 tempest-GroupSnapshotsTest-2115220202 tempest-GroupSnapshotsTest-2115220202-project] Get all snapshots completed successfully.
May 26 14:47:39.552708 dv-cinder-784140-4-smb devstack@c-api.service[105361]: [pid: 105361|app: 0|req: 29/57] 10.222.0.84 () {62 vars in 1601 bytes} [Wed May 26 14:47:39 2021] DELETE /volume/v3/e2039e856cd349e5861a3b78cf20023a/volumes/c198ca80-e3b1-4a1c-8626-3ba52bb3b166 => generated 0 bytes in 466 msecs (HTTP/1.1 202) 6 headers in 233 bytes (1 switches on core 0)
May 26 14:47:39.553478 dv-cinder-784140-4-smb devstack@c-api.service[105362]: /usr/local/lib/python3.8/dist-packages/oslo_context/context.py:105: DeprecationWarning: Policy enforcement is depending on the value of is_admin. This key is deprecated. Please update your policy file to use the standard policy values.
May 26 14:47:39.553478 dv-cinder-784140-4-smb devstack@c-api.service[105362]: warnings.warn('Policy enforcement is depending on the value of '
May 26 14:47:39.559456 dv-cinder-784140-4-smb devstack@c-api.service[105362]: INFO cinder.api.openstack.wsgi [None req-f533d4ea-04dc-4c1b-9a19-2858706ab884 tempest-GroupSnapshotsTest-2115220202 tempest-GroupSnapshotsTest-2115220202-project] http://10.222.0.84/volume/v3/525fda5f3e5844d295ab5009ccbaea86/snapshots/detail returned with HTTP 200
May 26 14:47:39.562145 dv-cinder-784140-4-smb devstack@c-api.service[105362]: [pid: 105362|app: 0|req: 29/58] 10.222.0.84 () {58 vars in 1241 bytes} [Wed May 26 14:47:39 2021] GET /volume/v3/525fda5f3e5844d295ab5009ccbaea86/snapshots/detail => generated 519 bytes in 77 msecs (HTTP/1.1 200) 7 headers in 285 bytes (2 switches on core 0)
May 26 14:47:39.573164 dv-cinder-784140-4-smb devstack@c-api.service[105361]: INFO cinder.api.openstack.wsgi [None req-3db98147-bac0-48bc-b11e-f53f4ecdda53 tempest-GroupSnapshotsTest-2115220202 tempest-GroupSnapshotsTest-2115220202-project] GET http://10.222.0.84/volume/v3/525fda5f3e5844d295ab5009ccbaea86/snapshots/24951055-4e2e-4ebc-a1a9-e070849fc71e
May 26 14:47:39.574118 dv-cinder-784140-4-smb devstack@c-api.service[105361]: DEBUG cinder.api.openstack.wsgi [None req-3db98147-bac0-48bc-b11e-f53f4ecdda53 tempest-GroupSnapshotsTest-2115220202 tempest-GroupSnapshotsTest-2115220202-project] Empty body provided in request {{(pid=105361) get_body /opt/stack/cinder/cinder/api/openstack/wsgi.py:713}}
May 26 14:47:39.574118 dv-cinder-784140-4-smb devstack@c-api.service[105361]: /usr/local/lib/python3.8/dist-packages/webob/acceptparse.py:1047: DeprecationWarning: The behavior of AcceptValidHeader.best_match is currently being maintained for backward compatibility, but it will be deprecated in the future, as it does not conform to the RFC.
May 26 14:47:39.574118 dv-cinder-784140-4-smb devstack@c-api.service[105361]: warnings.warn(
May 26 14:47:39.574415 dv-cinder-784140-4-smb devstack@c-api.service[105361]: DEBUG cinder.api.openstack.wsgi [None req-3db98147-bac0-48bc-b11e-f53f4ecdda53 tempest-GroupSnapshotsTest-2115220202 tempest-GroupSnapshotsTest-2115220202-project] Calling method 'show' {{(pid=105361) _process_stack /opt/stack/cinder/cinder/api/openstack/wsgi.py:866}}
May 26 14:47:39.597215 dv-cinder-784140-4-smb devstack@c-api.service[105362]: INFO cinder.api.openstack.wsgi [req-4d5dddb9-a0dc-4b54-863d-f59a3cb297d4 req-6dc32589-8f54-4061-b768-7202602cbeeb tempest-VolumesTestJSON-420672692 tempest-VolumesTestJSON-420672692-project] GET http://10.222.0.84/volume/v3/da9f4bc9b07444aab1e8b3291670098e/volumes/269321f3-f35e-4e25-be3b-8bf73aa6a0e3
May 26 14:47:39.597570 dv-cinder-784140-4-smb devstack@c-api.service[105362]: DEBUG cinder.api.openstack.wsgi [req-4d5dddb9-a0dc-4b54-863d-f59a3cb297d4 req-6dc32589-8f54-4061-b768-7202602cbeeb tempest-VolumesTestJSON-420672692 tempest-VolumesTestJSON-420672692-project] Empty body provided in request {{(pid=105362) get_body /opt/stack/cinder/cinder/api/openstack/wsgi.py:713}}
May 26 14:47:39.598043 dv-cinder-784140-4-smb devstack@c-api.service[105362]: /usr/local/lib/python3.8/dist-packages/webob/acceptparse.py:1047: DeprecationWarning: The behavior of AcceptValidHeader.best_match is currently being maintained for backward compatibility, but it will be deprecated in the future, as it does not conform to the RFC.
May 26 14:47:39.598043 dv-cinder-784140-4-smb devstack@c-api.service[105362]: warnings.warn(
May 26 14:47:39.598615 dv-cinder-784140-4-smb devstack@c-api.service[105362]: DEBUG cinder.api.openstack.wsgi [req-4d5dddb9-a0dc-4b54-863d-f59a3cb297d4 req-6dc32589-8f54-4061-b768-7202602cbeeb tempest-VolumesTestJSON-420672692 tempest-VolumesTestJSON-420672692-project] Calling method 'show' {{(pid=105362) _process_stack /opt/stack/cinder/cinder/api/openstack/wsgi.py:866}}
May 26 14:47:39.629404 dv-cinder-784140-4-smb devstack@c-api.service[105361]: /usr/local/lib/python3.8/dist-packages/oslo_context/context.py:105: DeprecationWarning: Policy enforcement is depending on the value of is_admin. This key is deprecated. Please update your policy file to use the standard policy values.
May 26 14:47:39.629404 dv-cinder-784140-4-smb devstack@c-api.service[105361]: warnings.warn('Policy enforcement is depending on the value of '
May 26 14:47:39.631925 dv-cinder-784140-4-smb devstack@c-api.service[105361]: INFO cinder.volume.api [None req-3db98147-bac0-48bc-b11e-f53f4ecdda53 tempest-GroupSnapshotsTest-2115220202 tempest-GroupSnapshotsTest-2115220202-project] Snapshot retrieved successfully.
May 26 14:47:39.637381 dv-cinder-784140-4-smb devstack@c-api.service[105361]: INFO cinder.api.openstack.wsgi [None req-3db98147-bac0-48bc-b11e-f53f4ecdda53 tempest-GroupSnapshotsTest-2115220202 tempest-GroupSnapshotsTest-2115220202-project] http://10.222.0.84/volume/v3/525fda5f3e5844d295ab5009ccbaea86/snapshots/24951055-4e2e-4ebc-a1a9-e070849fc71e returned with HTTP 200
May 26 14:47:39.645169 dv-cinder-784140-4-smb devstack@c-api.service[105361]: [pid: 105361|app: 0|req: 30/59] 10.222.0.84 () {58 vars in 1331 bytes} [Wed May 26 14:47:39 2021] GET /volume/v3/525fda5f3e5844d295ab5009ccbaea86/snapshots/24951055-4e2e-4ebc-a1a9-e070849fc71e => generated 516 bytes in 76 msecs (HTTP/1.1 200) 7 headers in 285 bytes (1 switches on core 0)
May 26 14:47:39.654986 dv-cinder-784140-4-smb devstack@c-api.service[105361]: INFO cinder.api.openstack.wsgi [None req-1e819570-20c6-4606-be23-296e2e79c678 tempest-SnapshotsActionsTest-1430961552 tempest-SnapshotsActionsTest-1430961552-project] GET http://10.222.0.84/volume/v3/92d333afe5d34d7ba6b4d6adce345767/snapshots/a3f7c68f-b86a-436a-a343-58125108ab57
May 26 14:47:39.660270 dv-cinder-784140-4-smb devstack@c-api.service[105361]: DEBUG cinder.api.openstack.wsgi [None req-1e819570-20c6-4606-be23-296e2e79c678 tempest-SnapshotsActionsTest-1430961552 tempest-SnapshotsActionsTest-1430961552-project] Empty body provided in request {{(pid=105361) get_body /opt/stack/cinder/cinder/api/openstack/wsgi.py:713}}
May 26 14:47:39.660798 dv-cinder-784140-4-smb devstack@c-api.service[105361]: /usr/local/lib/python3.8/dist-packages/webob/acceptparse.py:1047: DeprecationWarning: The behavior of AcceptValidHeader.best_match is currently being maintained for backward compatibility, but it will be deprecated in the future, as it does not conform to the RFC.
May 26 14:47:39.660798 dv-cinder-784140-4-smb devstack@c-api.service[105361]: warnings.warn(
May 26 14:47:39.662810 dv-cinder-784140-4-smb devstack@c-api.service[105361]: DEBUG cinder.api.openstack.wsgi [None req-1e819570-20c6-4606-be23-296e2e79c678 tempest-SnapshotsActionsTest-1430961552 tempest-SnapshotsActionsTest-1430961552-project] Calling method 'show' {{(pid=105361) _process_stack /opt/stack/cinder/cinder/api/openstack/wsgi.py:866}}
May 26 14:47:39.720440 dv-cinder-784140-4-smb devstack@c-api.service[105361]: INFO cinder.api.openstack.wsgi [None req-1e819570-20c6-4606-be23-296e2e79c678 tempest-SnapshotsActionsTest-1430961552 tempest-SnapshotsActionsTest-1430961552-project] http://10.222.0.84/volume/v3/92d333afe5d34d7ba6b4d6adce345767/snapshots/a3f7c68f-b86a-436a-a343-58125108ab57 returned with HTTP 404
May 26 14:47:39.725500 dv-cinder-784140-4-smb devstack@c-api.service[105361]: [pid: 105361|app: 0|req: 31/60] 10.222.0.84 () {58 vars in 1331 bytes} [Wed May 26 14:47:39 2021] GET /volume/v3/92d333afe5d34d7ba6b4d6adce345767/snapshots/a3f7c68f-b86a-436a-a343-58125108ab57 => generated 111 bytes in 77 msecs (HTTP/1.1 404) 7 headers in 292 bytes (1 switches on core 0)
May 26 14:47:39.726874 dv-cinder-784140-4-smb devstack@c-api.service[105362]: /usr/local/lib/python3.8/dist-packages/oslo_context/context.py:105: DeprecationWarning: Policy enforcement is depending on the value of is_admin. This key is deprecated. Please update your policy file to use the standard policy values.
May 26 14:47:39.726874 dv-cinder-784140-4-smb devstack@c-api.service[105362]: warnings.warn('Policy enforcement is depending on the value of '
May 26 14:47:39.739513 dv-cinder-784140-4-smb devstack@c-api.service[105361]: INFO cinder.api.openstack.wsgi [None req-57cf902a-8955-47d7-815a-b065f0b66797 tempest-GroupSnapshotsTest-2115220202 tempest-GroupSnapshotsTest-2115220202-project] POST http://10.222.0.84/volume/v3/525fda5f3e5844d295ab5009ccbaea86/groups/action
May 26 14:47:39.741429 dv-cinder-784140-4-smb devstack@c-api.service[105361]: DEBUG cinder.api.openstack.wsgi [None req-57cf902a-8955-47d7-815a-b065f0b66797 tempest-GroupSnapshotsTest-2115220202 tempest-GroupSnapshotsTest-2115220202-project] Action body: b'{"create-from-src": {"group_snapshot_id": "eae1b4e0-e8a3-41d1-8818-203180f2fd2c", "name": "tempest-Group_from_snap-1973746635"}}' {{(pid=105361) get_method /opt/stack/cinder/cinder/api/openstack/wsgi.py:981}}
May 26 14:47:39.741875 dv-cinder-784140-4-smb devstack@c-api.service[105362]: INFO cinder.volume.api [req-4d5dddb9-a0dc-4b54-863d-f59a3cb297d4 req-6dc32589-8f54-4061-b768-7202602cbeeb tempest-VolumesTestJSON-420672692 tempest-VolumesTestJSON-420672692-project] Volume info retrieved successfully.
May 26 14:47:39.744191 dv-cinder-784140-4-smb devstack@c-api.service[105361]: DEBUG cinder.api.openstack.wsgi [None req-57cf902a-8955-47d7-815a-b065f0b66797 tempest-GroupSnapshotsTest-2115220202 tempest-GroupSnapshotsTest-2115220202-project] Action: 'action', calling method: version_select, body: {"create-from-src": {"group_snapshot_id": "eae1b4e0-e8a3-41d1-8818-203180f2fd2c", "name": "tempest-Group_from_snap-1973746635"}} {{(pid=105361) _process_stack /opt/stack/cinder/cinder/api/openstack/wsgi.py:864}}
May 26 14:47:39.750166 dv-cinder-784140-4-smb devstack@c-api.service[105361]: DEBUG cinder.api.v3.groups [None req-57cf902a-8955-47d7-815a-b065f0b66797 tempest-GroupSnapshotsTest-2115220202 tempest-GroupSnapshotsTest-2115220202-project] Creating new group {'create-from-src': {'group_snapshot_id': 'eae1b4e0-e8a3-41d1-8818-203180f2fd2c', 'name': 'tempest-Group_from_snap-1973746635'}}. {{(pid=105361) create_from_src /opt/stack/cinder/cinder/api/v3/groups.py:236}}
May 26 14:47:39.750636 dv-cinder-784140-4-smb devstack@c-api.service[105361]: INFO cinder.api.v3.groups [None req-57cf902a-8955-47d7-815a-b065f0b66797 tempest-GroupSnapshotsTest-2115220202 tempest-GroupSnapshotsTest-2115220202-project] Creating group tempest-Group_from_snap-1973746635 from group_snapshot eae1b4e0-e8a3-41d1-8818-203180f2fd2c.
May 26 14:47:39.775196 dv-cinder-784140-4-smb devstack@c-api.service[105361]: /usr/local/lib/python3.8/dist-packages/oslo_context/context.py:105: DeprecationWarning: Policy enforcement is depending on the value of is_admin. This key is deprecated. Please update your policy file to use the standard policy values.
May 26 14:47:39.775196 dv-cinder-784140-4-smb devstack@c-api.service[105361]: warnings.warn('Policy enforcement is depending on the value of '
May 26 14:47:39.789373 dv-cinder-784140-4-smb devstack@c-api.service[105362]: INFO cinder.api.openstack.wsgi [req-4d5dddb9-a0dc-4b54-863d-f59a3cb297d4 req-6dc32589-8f54-4061-b768-7202602cbeeb tempest-VolumesTestJSON-420672692 tempest-VolumesTestJSON-420672692-project] http://10.222.0.84/volume/v3/da9f4bc9b07444aab1e8b3291670098e/volumes/269321f3-f35e-4e25-be3b-8bf73aa6a0e3 returned with HTTP 200
May 26 14:47:39.790290 dv-cinder-784140-4-smb devstack@c-api.service[105362]: [pid: 105362|app: 0|req: 30/61] 10.222.0.84 () {60 vars in 1579 bytes} [Wed May 26 14:47:39 2021] GET /volume/v3/da9f4bc9b07444aab1e8b3291670098e/volumes/269321f3-f35e-4e25-be3b-8bf73aa6a0e3 => generated 921 bytes in 197 msecs (HTTP/1.1 200) 7 headers in 285 bytes (2 switches on core 0)
May 26 14:47:39.805802 dv-cinder-784140-4-smb devstack@c-api.service[105362]: INFO cinder.api.openstack.wsgi [None req-f9b49a5d-dd18-4caf-901f-7f9426dcfbb2 tempest-SnapshotsActionsTest-1006048306 tempest-SnapshotsActionsTest-1006048306-project-admin] POST http://10.222.0.84/volume/v3/669149c4c7d8412faf027c06eceebaa6/snapshots/aca6e711-d69e-4ff2-8051-6c71848f4331/action
May 26 14:47:39.806275 dv-cinder-784140-4-smb devstack@c-api.service[105362]: /usr/local/lib/python3.8/dist-packages/webob/acceptparse.py:1047: DeprecationWarning: The behavior of AcceptValidHeader.best_match is currently being maintained for backward compatibility, but it will be deprecated in the future, as it does not conform to the RFC.
May 26 14:47:39.806275 dv-cinder-784140-4-smb devstack@c-api.service[105362]: warnings.warn(
May 26 14:47:39.806734 dv-cinder-784140-4-smb devstack@c-api.service[105362]: DEBUG cinder.api.openstack.wsgi [None req-f9b49a5d-dd18-4caf-901f-7f9426dcfbb2 tempest-SnapshotsActionsTest-1006048306 tempest-SnapshotsActionsTest-1006048306-project-admin] Action body: b'{"os-reset_status": {"status": "available"}}' {{(pid=105362) get_method /opt/stack/cinder/cinder/api/openstack/wsgi.py:981}}
May 26 14:47:39.812425 dv-cinder-784140-4-smb devstack@c-api.service[105362]: DEBUG cinder.api.openstack.wsgi [None req-f9b49a5d-dd18-4caf-901f-7f9426dcfbb2 tempest-SnapshotsActionsTest-1006048306 tempest-SnapshotsActionsTest-1006048306-project-admin] Action: 'action', calling method: _reset_status, body: {"os-reset_status": {"status": "available"}} {{(pid=105362) _process_stack /opt/stack/cinder/cinder/api/openstack/wsgi.py:864}}
May 26 14:47:39.813517 dv-cinder-784140-4-smb devstack@c-api.service[105362]: DEBUG cinder.api.contrib.admin_actions [None req-f9b49a5d-dd18-4caf-901f-7f9426dcfbb2 tempest-SnapshotsActionsTest-1006048306 tempest-SnapshotsActionsTest-1006048306-project-admin] Updating snapshot 'aca6e711-d69e-4ff2-8051-6c71848f4331' with '{'status': 'available'}' {{(pid=105362) _reset_status /opt/stack/cinder/cinder/api/contrib/admin_actions.py:100}}
May 26 14:47:39.839211 dv-cinder-784140-4-smb devstack@c-api.service[105361]: /usr/local/lib/python3.8/dist-packages/oslo_context/context.py:105: DeprecationWarning: Policy enforcement is depending on the value of is_admin. This key is deprecated. Please update your policy file to use the standard policy values.
May 26 14:47:39.839211 dv-cinder-784140-4-smb devstack@c-api.service[105361]: warnings.warn('Policy enforcement is depending on the value of '
May 26 14:47:39.875486 dv-cinder-784140-4-smb devstack@c-api.service[105361]: /usr/local/lib/python3.8/dist-packages/oslo_context/context.py:105: DeprecationWarning: Policy enforcement is depending on the value of is_admin. This key is deprecated. Please update your policy file to use the standard policy values.
May 26 14:47:39.875486 dv-cinder-784140-4-smb devstack@c-api.service[105361]: warnings.warn('Policy enforcement is depending on the value of '
May 26 14:47:39.895644 dv-cinder-784140-4-smb devstack@c-api.service[105362]: /usr/local/lib/python3.8/dist-packages/oslo_context/context.py:105: DeprecationWarning: Policy enforcement is depending on the value of is_admin. This key is deprecated. Please update your policy file to use the standard policy values.
May 26 14:47:39.895644 dv-cinder-784140-4-smb devstack@c-api.service[105362]: warnings.warn('Policy enforcement is depending on the value of '
May 26 14:47:39.940694 dv-cinder-784140-4-smb devstack@c-api.service[105362]: INFO cinder.api.openstack.wsgi [None req-f9b49a5d-dd18-4caf-901f-7f9426dcfbb2 tempest-SnapshotsActionsTest-1006048306 tempest-SnapshotsActionsTest-1006048306-project-admin] http://10.222.0.84/volume/v3/669149c4c7d8412faf027c06eceebaa6/snapshots/aca6e711-d69e-4ff2-8051-6c71848f4331/action returned with HTTP 202
May 26 14:47:39.941610 dv-cinder-784140-4-smb devstack@c-api.service[105362]: [pid: 105362|app: 0|req: 31/62] 10.222.0.84 () {60 vars in 1373 bytes} [Wed May 26 14:47:39 2021] POST /volume/v3/669149c4c7d8412faf027c06eceebaa6/snapshots/aca6e711-d69e-4ff2-8051-6c71848f4331/action => generated 0 bytes in 151 msecs (HTTP/1.1 202) 7 headers in 289 bytes (1 switches on core 0)
May 26 14:47:39.948745 dv-cinder-784140-4-smb devstack@c-api.service[105362]: INFO cinder.api.openstack.wsgi [req-d928cf96-e46d-43fb-9787-ec2dc8c95054 req-3c783b58-fd76-44a1-8bca-fe2120238adf tempest-VolumesSnapshotsTestJSON-1921014968 tempest-VolumesSnapshotsTestJSON-1921014968-project] GET http://10.222.0.84/volume/v3/e2039e856cd349e5861a3b78cf20023a/volumes/c198ca80-e3b1-4a1c-8626-3ba52bb3b166
May 26 14:47:39.949218 dv-cinder-784140-4-smb devstack@c-api.service[105362]: DEBUG cinder.api.openstack.wsgi [req-d928cf96-e46d-43fb-9787-ec2dc8c95054 req-3c783b58-fd76-44a1-8bca-fe2120238adf tempest-VolumesSnapshotsTestJSON-1921014968 tempest-VolumesSnapshotsTestJSON-1921014968-project] Empty body provided in request {{(pid=105362) get_body /opt/stack/cinder/cinder/api/openstack/wsgi.py:713}}
May 26 14:47:39.949412 dv-cinder-784140-4-smb devstack@c-api.service[105362]: /usr/local/lib/python3.8/dist-packages/webob/acceptparse.py:1047: DeprecationWarning: The behavior of AcceptValidHeader.best_match is currently being maintained for backward compatibility, but it will be deprecated in the future, as it does not conform to the RFC.
May 26 14:47:39.949412 dv-cinder-784140-4-smb devstack@c-api.service[105362]: warnings.warn(
May 26 14:47:39.949716 dv-cinder-784140-4-smb devstack@c-api.service[105362]: DEBUG cinder.api.openstack.wsgi [req-d928cf96-e46d-43fb-9787-ec2dc8c95054 req-3c783b58-fd76-44a1-8bca-fe2120238adf tempest-VolumesSnapshotsTestJSON-1921014968 tempest-VolumesSnapshotsTestJSON-1921014968-project] Calling method 'show' {{(pid=105362) _process_stack /opt/stack/cinder/cinder/api/openstack/wsgi.py:866}}
May 26 14:47:40.005069 dv-cinder-784140-4-smb devstack@c-api.service[105362]: INFO cinder.api.openstack.wsgi [req-d928cf96-e46d-43fb-9787-ec2dc8c95054 req-3c783b58-fd76-44a1-8bca-fe2120238adf tempest-VolumesSnapshotsTestJSON-1921014968 tempest-VolumesSnapshotsTestJSON-1921014968-project] http://10.222.0.84/volume/v3/e2039e856cd349e5861a3b78cf20023a/volumes/c198ca80-e3b1-4a1c-8626-3ba52bb3b166 returned with HTTP 404
May 26 14:47:40.006765 dv-cinder-784140-4-smb devstack@c-api.service[105362]: [pid: 105362|app: 0|req: 32/63] 10.222.0.84 () {60 vars in 1579 bytes} [Wed May 26 14:47:39 2021] GET /volume/v3/e2039e856cd349e5861a3b78cf20023a/volumes/c198ca80-e3b1-4a1c-8626-3ba52bb3b166 => generated 109 bytes in 64 msecs (HTTP/1.1 404) 7 headers in 292 bytes (1 switches on core 0)
May 26 14:47:40.011716 dv-cinder-784140-4-smb devstack@c-api.service[105362]: INFO cinder.api.openstack.wsgi [None req-67f0c595-7009-41ce-b948-5aa4339654c9 tempest-SnapshotsActionsTest-1430961552 tempest-SnapshotsActionsTest-1430961552-project] GET http://10.222.0.84/volume/v3/92d333afe5d34d7ba6b4d6adce345767/snapshots/aca6e711-d69e-4ff2-8051-6c71848f4331
May 26 14:47:40.012341 dv-cinder-784140-4-smb devstack@c-api.service[105362]: DEBUG cinder.api.openstack.wsgi [None req-67f0c595-7009-41ce-b948-5aa4339654c9 tempest-SnapshotsActionsTest-1430961552 tempest-SnapshotsActionsTest-1430961552-project] Empty body provided in request {{(pid=105362) get_body /opt/stack/cinder/cinder/api/openstack/wsgi.py:713}}
May 26 14:47:40.016001 dv-cinder-784140-4-smb devstack@c-api.service[105362]: DEBUG cinder.api.openstack.wsgi [None req-67f0c595-7009-41ce-b948-5aa4339654c9 tempest-SnapshotsActionsTest-1430961552 tempest-SnapshotsActionsTest-1430961552-project] Calling method 'show' {{(pid=105362) _process_stack /opt/stack/cinder/cinder/api/openstack/wsgi.py:866}}
May 26 14:47:40.042532 dv-cinder-784140-4-smb devstack@c-api.service[105362]: /usr/local/lib/python3.8/dist-packages/oslo_context/context.py:105: DeprecationWarning: Policy enforcement is depending on the value of is_admin. This key is deprecated. Please update your policy file to use the standard policy values.
May 26 14:47:40.042532 dv-cinder-784140-4-smb devstack@c-api.service[105362]: warnings.warn('Policy enforcement is depending on the value of '
May 26 14:47:40.045203 dv-cinder-784140-4-smb devstack@c-api.service[105362]: INFO cinder.volume.api [None req-67f0c595-7009-41ce-b948-5aa4339654c9 tempest-SnapshotsActionsTest-1430961552 tempest-SnapshotsActionsTest-1430961552-project] Snapshot retrieved successfully.
May 26 14:47:40.048112 dv-cinder-784140-4-smb devstack@c-api.service[105362]: INFO cinder.api.openstack.wsgi [None req-67f0c595-7009-41ce-b948-5aa4339654c9 tempest-SnapshotsActionsTest-1430961552 tempest-SnapshotsActionsTest-1430961552-project] http://10.222.0.84/volume/v3/92d333afe5d34d7ba6b4d6adce345767/snapshots/aca6e711-d69e-4ff2-8051-6c71848f4331 returned with HTTP 200
May 26 14:47:40.049423 dv-cinder-784140-4-smb devstack@c-api.service[105362]: [pid: 105362|app: 0|req: 33/64] 10.222.0.84 () {58 vars in 1331 bytes} [Wed May 26 14:47:40 2021] GET /volume/v3/92d333afe5d34d7ba6b4d6adce345767/snapshots/aca6e711-d69e-4ff2-8051-6c71848f4331 => generated 532 bytes in 42 msecs (HTTP/1.1 200) 7 headers in 285 bytes (1 switches on core 0)
May 26 14:47:40.070820 dv-cinder-784140-4-smb devstack@c-api.service[105362]: INFO cinder.api.openstack.wsgi [req-11f6cbfb-2d41-4a79-a1b3-8b68282ad195 req-3d516112-f3d7-4fc6-9820-6e382bab8b7e tempest-VolumesTestJSON-420672692 tempest-VolumesTestJSON-420672692-project] GET http://10.222.0.84/volume/v3/da9f4bc9b07444aab1e8b3291670098e/volumes/detail
May 26 14:47:40.071547 dv-cinder-784140-4-smb devstack@c-api.service[105362]: DEBUG cinder.api.openstack.wsgi [req-11f6cbfb-2d41-4a79-a1b3-8b68282ad195 req-3d516112-f3d7-4fc6-9820-6e382bab8b7e tempest-VolumesTestJSON-420672692 tempest-VolumesTestJSON-420672692-project] Empty body provided in request {{(pid=105362) get_body /opt/stack/cinder/cinder/api/openstack/wsgi.py:713}}
May 26 14:47:40.073116 dv-cinder-784140-4-smb devstack@c-api.service[105362]: /usr/local/lib/python3.8/dist-packages/webob/acceptparse.py:1047: DeprecationWarning: The behavior of AcceptValidHeader.best_match is currently being maintained for backward compatibility, but it will be deprecated in the future, as it does not conform to the RFC.
May 26 14:47:40.073116 dv-cinder-784140-4-smb devstack@c-api.service[105362]: warnings.warn(
