May 26 14:57:37.759213 dv-cinder-784140-4-iscsi devstack@c-api.service[110797]: INFO cinder.volume.api [req-eb1687eb-0a94-4622-9959-74ca22bed0c5 req-f70ab126-6457-42af-9f0d-38356bdc3932 tempest-VolumesSnapshotsTestJSON-816552212 tempest-VolumesSnapshotsTestJSON-816552212-project] Snapshot retrieved successfully.
May 26 14:57:37.759982 dv-cinder-784140-4-iscsi devstack@c-api.service[110796]: INFO cinder.api.openstack.wsgi [req-aa63220f-b7a3-45ab-8561-26ab45d72d3e req-cfc58130-523f-498a-a89c-34dd766f6d13 tempest-VolumesGetTestJSON-1492919946 tempest-VolumesGetTestJSON-1492919946-project] http://10.222.0.81/volume/v3/b18f34c706ca44beb099f58943688637/volumes/2b1f4d19-dc3a-482b-8b5d-8af08613ccb8 returned with HTTP 200
May 26 14:57:37.760774 dv-cinder-784140-4-iscsi devstack@c-api.service[110796]: [pid: 110796|app: 0|req: 15/33] 10.222.0.81 () {60 vars in 1579 bytes} [Wed May 26 14:57:37 2021] GET /volume/v3/b18f34c706ca44beb099f58943688637/volumes/2b1f4d19-dc3a-482b-8b5d-8af08613ccb8 => generated 924 bytes in 160 msecs (HTTP/1.1 200) 7 headers in 285 bytes (1 switches on core 0)
May 26 14:57:37.794319 dv-cinder-784140-4-iscsi devstack@c-api.service[110797]: INFO cinder.api.openstack.wsgi [req-eb1687eb-0a94-4622-9959-74ca22bed0c5 req-f70ab126-6457-42af-9f0d-38356bdc3932 tempest-VolumesSnapshotsTestJSON-816552212 tempest-VolumesSnapshotsTestJSON-816552212-project] http://10.222.0.81/volume/v3/b77ead9a04b646e3828a946710206567/snapshots/647c2b7b-265a-4fe7-a321-f3e116bf3140 returned with HTTP 200
May 26 14:57:37.798509 dv-cinder-784140-4-iscsi devstack@c-api.service[110797]: [pid: 110797|app: 0|req: 19/34] 10.222.0.81 () {60 vars in 1585 bytes} [Wed May 26 14:57:37 2021] GET /volume/v3/b77ead9a04b646e3828a946710206567/snapshots/647c2b7b-265a-4fe7-a321-f3e116bf3140 => generated 442 bytes in 129 msecs (HTTP/1.1 200) 7 headers in 285 bytes (1 switches on core 0)
May 26 14:57:38.827674 dv-cinder-784140-4-iscsi devstack@c-api.service[110796]: INFO cinder.api.openstack.wsgi [req-76359a7e-fca9-41b3-8f3c-cdfae87fc11b req-023dc7bf-2106-490e-aea0-cd443ee109ca tempest-VolumesGetTestJSON-1492919946 tempest-VolumesGetTestJSON-1492919946-project] GET http://10.222.0.81/volume/v3/b18f34c706ca44beb099f58943688637/volumes/2b1f4d19-dc3a-482b-8b5d-8af08613ccb8
May 26 14:57:38.831297 dv-cinder-784140-4-iscsi devstack@c-api.service[110796]: DEBUG cinder.api.openstack.wsgi [req-76359a7e-fca9-41b3-8f3c-cdfae87fc11b req-023dc7bf-2106-490e-aea0-cd443ee109ca tempest-VolumesGetTestJSON-1492919946 tempest-VolumesGetTestJSON-1492919946-project] Empty body provided in request {{(pid=110796) get_body /opt/stack/cinder/cinder/api/openstack/wsgi.py:713}}
May 26 14:57:38.832973 dv-cinder-784140-4-iscsi devstack@c-api.service[110796]: /usr/local/lib/python3.8/dist-packages/webob/acceptparse.py:1047: DeprecationWarning: The behavior of AcceptValidHeader.best_match is currently being maintained for backward compatibility, but it will be deprecated in the future, as it does not conform to the RFC.
May 26 14:57:38.832973 dv-cinder-784140-4-iscsi devstack@c-api.service[110796]: warnings.warn(
May 26 14:57:38.833578 dv-cinder-784140-4-iscsi devstack@c-api.service[110796]: DEBUG cinder.api.openstack.wsgi [req-76359a7e-fca9-41b3-8f3c-cdfae87fc11b req-023dc7bf-2106-490e-aea0-cd443ee109ca tempest-VolumesGetTestJSON-1492919946 tempest-VolumesGetTestJSON-1492919946-project] Calling method 'show' {{(pid=110796) _process_stack /opt/stack/cinder/cinder/api/openstack/wsgi.py:866}}
May 26 14:57:38.848423 dv-cinder-784140-4-iscsi devstack@c-api.service[110797]: INFO cinder.api.openstack.wsgi [req-17cc3b9a-e109-41d9-a805-61dcae18595e req-ce1f3c43-bda9-4351-98fb-cec4f12ccd81 tempest-VolumesSnapshotsTestJSON-816552212 tempest-VolumesSnapshotsTestJSON-816552212-project] GET http://10.222.0.81/volume/v3/b77ead9a04b646e3828a946710206567/snapshots/647c2b7b-265a-4fe7-a321-f3e116bf3140
May 26 14:57:38.850241 dv-cinder-784140-4-iscsi devstack@c-api.service[110797]: DEBUG cinder.api.openstack.wsgi [req-17cc3b9a-e109-41d9-a805-61dcae18595e req-ce1f3c43-bda9-4351-98fb-cec4f12ccd81 tempest-VolumesSnapshotsTestJSON-816552212 tempest-VolumesSnapshotsTestJSON-816552212-project] Empty body provided in request {{(pid=110797) get_body /opt/stack/cinder/cinder/api/openstack/wsgi.py:713}}
May 26 14:57:38.850241 dv-cinder-784140-4-iscsi devstack@c-api.service[110797]: /usr/local/lib/python3.8/dist-packages/webob/acceptparse.py:1047: DeprecationWarning: The behavior of AcceptValidHeader.best_match is currently being maintained for backward compatibility, but it will be deprecated in the future, as it does not conform to the RFC.
May 26 14:57:38.850241 dv-cinder-784140-4-iscsi devstack@c-api.service[110797]: warnings.warn(
May 26 14:57:38.850241 dv-cinder-784140-4-iscsi devstack@c-api.service[110797]: DEBUG cinder.api.openstack.wsgi [req-17cc3b9a-e109-41d9-a805-61dcae18595e req-ce1f3c43-bda9-4351-98fb-cec4f12ccd81 tempest-VolumesSnapshotsTestJSON-816552212 tempest-VolumesSnapshotsTestJSON-816552212-project] Calling method 'show' {{(pid=110797) _process_stack /opt/stack/cinder/cinder/api/openstack/wsgi.py:866}}
May 26 14:57:38.920997 dv-cinder-784140-4-iscsi devstack@c-api.service[110797]: /usr/local/lib/python3.8/dist-packages/oslo_context/context.py:105: DeprecationWarning: Policy enforcement is depending on the value of is_admin. This key is deprecated. Please update your policy file to use the standard policy values.
May 26 14:57:38.920997 dv-cinder-784140-4-iscsi devstack@c-api.service[110797]: warnings.warn('Policy enforcement is depending on the value of '
May 26 14:57:38.926214 dv-cinder-784140-4-iscsi devstack@c-api.service[110797]: INFO cinder.volume.api [req-17cc3b9a-e109-41d9-a805-61dcae18595e req-ce1f3c43-bda9-4351-98fb-cec4f12ccd81 tempest-VolumesSnapshotsTestJSON-816552212 tempest-VolumesSnapshotsTestJSON-816552212-project] Snapshot retrieved successfully.
May 26 14:57:38.935269 dv-cinder-784140-4-iscsi devstack@c-api.service[110797]: INFO cinder.api.openstack.wsgi [req-17cc3b9a-e109-41d9-a805-61dcae18595e req-ce1f3c43-bda9-4351-98fb-cec4f12ccd81 tempest-VolumesSnapshotsTestJSON-816552212 tempest-VolumesSnapshotsTestJSON-816552212-project] http://10.222.0.81/volume/v3/b77ead9a04b646e3828a946710206567/snapshots/647c2b7b-265a-4fe7-a321-f3e116bf3140 returned with HTTP 200
May 26 14:57:38.946855 dv-cinder-784140-4-iscsi devstack@c-api.service[110797]: [pid: 110797|app: 0|req: 20/35] 10.222.0.81 () {60 vars in 1585 bytes} [Wed May 26 14:57:38 2021] GET /volume/v3/b77ead9a04b646e3828a946710206567/snapshots/647c2b7b-265a-4fe7-a321-f3e116bf3140 => generated 469 bytes in 103 msecs (HTTP/1.1 200) 7 headers in 285 bytes (1 switches on core 0)
May 26 14:57:38.979726 dv-cinder-784140-4-iscsi devstack@c-api.service[110797]: INFO cinder.api.openstack.wsgi [req-eac37b1a-8717-4240-9df7-dd00f31600a2 req-1cb45c5b-5f85-4605-8e47-97e0d0bbdb69 tempest-VolumesSnapshotsTestJSON-816552212 tempest-VolumesSnapshotsTestJSON-816552212-project] DELETE http://10.222.0.81/volume/v3/b77ead9a04b646e3828a946710206567/snapshots/647c2b7b-265a-4fe7-a321-f3e116bf3140
May 26 14:57:38.985262 dv-cinder-784140-4-iscsi devstack@c-api.service[110797]: DEBUG cinder.api.openstack.wsgi [req-eac37b1a-8717-4240-9df7-dd00f31600a2 req-1cb45c5b-5f85-4605-8e47-97e0d0bbdb69 tempest-VolumesSnapshotsTestJSON-816552212 tempest-VolumesSnapshotsTestJSON-816552212-project] Empty body provided in request {{(pid=110797) get_body /opt/stack/cinder/cinder/api/openstack/wsgi.py:713}}
May 26 14:57:38.985558 dv-cinder-784140-4-iscsi devstack@c-api.service[110797]: /usr/local/lib/python3.8/dist-packages/webob/acceptparse.py:1047: DeprecationWarning: The behavior of AcceptValidHeader.best_match is currently being maintained for backward compatibility, but it will be deprecated in the future, as it does not conform to the RFC.
May 26 14:57:38.985558 dv-cinder-784140-4-iscsi devstack@c-api.service[110797]: warnings.warn(
May 26 14:57:38.986472 dv-cinder-784140-4-iscsi devstack@c-api.service[110797]: DEBUG cinder.api.openstack.wsgi [req-eac37b1a-8717-4240-9df7-dd00f31600a2 req-1cb45c5b-5f85-4605-8e47-97e0d0bbdb69 tempest-VolumesSnapshotsTestJSON-816552212 tempest-VolumesSnapshotsTestJSON-816552212-project] Calling method 'delete' {{(pid=110797) _process_stack /opt/stack/cinder/cinder/api/openstack/wsgi.py:866}}
May 26 14:57:38.986887 dv-cinder-784140-4-iscsi devstack@c-api.service[110797]: INFO cinder.api.v2.snapshots [req-eac37b1a-8717-4240-9df7-dd00f31600a2 req-1cb45c5b-5f85-4605-8e47-97e0d0bbdb69 tempest-VolumesSnapshotsTestJSON-816552212 tempest-VolumesSnapshotsTestJSON-816552212-project] Delete snapshot with id: 647c2b7b-265a-4fe7-a321-f3e116bf3140
May 26 14:57:39.022825 dv-cinder-784140-4-iscsi devstack@c-api.service[110796]: INFO cinder.api.openstack.wsgi [req-76359a7e-fca9-41b3-8f3c-cdfae87fc11b req-023dc7bf-2106-490e-aea0-cd443ee109ca tempest-VolumesGetTestJSON-1492919946 tempest-VolumesGetTestJSON-1492919946-project] http://10.222.0.81/volume/v3/b18f34c706ca44beb099f58943688637/volumes/2b1f4d19-dc3a-482b-8b5d-8af08613ccb8 returned with HTTP 404
May 26 14:57:39.038279 dv-cinder-784140-4-iscsi devstack@c-api.service[110796]: [pid: 110796|app: 0|req: 16/36] 10.222.0.81 () {60 vars in 1579 bytes} [Wed May 26 14:57:38 2021] GET /volume/v3/b18f34c706ca44beb099f58943688637/volumes/2b1f4d19-dc3a-482b-8b5d-8af08613ccb8 => generated 109 bytes in 214 msecs (HTTP/1.1 404) 7 headers in 292 bytes (1 switches on core 0)
May 26 14:57:39.094051 dv-cinder-784140-4-iscsi devstack@c-api.service[110797]: /usr/local/lib/python3.8/dist-packages/oslo_context/context.py:105: DeprecationWarning: Policy enforcement is depending on the value of is_admin. This key is deprecated. Please update your policy file to use the standard policy values.
May 26 14:57:39.094051 dv-cinder-784140-4-iscsi devstack@c-api.service[110797]: warnings.warn('Policy enforcement is depending on the value of '
May 26 14:57:39.097449 dv-cinder-784140-4-iscsi devstack@c-api.service[110797]: INFO cinder.volume.api [req-eac37b1a-8717-4240-9df7-dd00f31600a2 req-1cb45c5b-5f85-4605-8e47-97e0d0bbdb69 tempest-VolumesSnapshotsTestJSON-816552212 tempest-VolumesSnapshotsTestJSON-816552212-project] Snapshot retrieved successfully.
May 26 14:57:39.295687 dv-cinder-784140-4-iscsi devstack@c-api.service[110797]: INFO cinder.volume.api [req-eac37b1a-8717-4240-9df7-dd00f31600a2 req-1cb45c5b-5f85-4605-8e47-97e0d0bbdb69 tempest-VolumesSnapshotsTestJSON-816552212 tempest-VolumesSnapshotsTestJSON-816552212-project] Snapshot delete request issued successfully.
May 26 14:57:39.297009 dv-cinder-784140-4-iscsi devstack@c-api.service[110797]: INFO cinder.api.openstack.wsgi [req-eac37b1a-8717-4240-9df7-dd00f31600a2 req-1cb45c5b-5f85-4605-8e47-97e0d0bbdb69 tempest-VolumesSnapshotsTestJSON-816552212 tempest-VolumesSnapshotsTestJSON-816552212-project] http://10.222.0.81/volume/v3/b77ead9a04b646e3828a946710206567/snapshots/647c2b7b-265a-4fe7-a321-f3e116bf3140 returned with HTTP 202
May 26 14:57:39.298289 dv-cinder-784140-4-iscsi devstack@c-api.service[110797]: [pid: 110797|app: 0|req: 21/37] 10.222.0.81 () {62 vars in 1607 bytes} [Wed May 26 14:57:38 2021] DELETE /volume/v3/b77ead9a04b646e3828a946710206567/snapshots/647c2b7b-265a-4fe7-a321-f3e116bf3140 => generated 0 bytes in 323 msecs (HTTP/1.1 202) 6 headers in 233 bytes (2 switches on core 0)
May 26 14:57:39.344433 dv-cinder-784140-4-iscsi devstack@c-api.service[110797]: INFO cinder.api.openstack.wsgi [req-cdf6e5d1-38ee-4d0f-af13-689f7da0ded0 req-684d8b1f-113a-47d3-9438-7b4abd3ba9ab tempest-VolumesSnapshotsTestJSON-816552212 tempest-VolumesSnapshotsTestJSON-816552212-project] GET http://10.222.0.81/volume/v3/b77ead9a04b646e3828a946710206567/snapshots/647c2b7b-265a-4fe7-a321-f3e116bf3140
May 26 14:57:39.345877 dv-cinder-784140-4-iscsi devstack@c-api.service[110797]: DEBUG cinder.api.openstack.wsgi [req-cdf6e5d1-38ee-4d0f-af13-689f7da0ded0 req-684d8b1f-113a-47d3-9438-7b4abd3ba9ab tempest-VolumesSnapshotsTestJSON-816552212 tempest-VolumesSnapshotsTestJSON-816552212-project] Empty body provided in request {{(pid=110797) get_body /opt/stack/cinder/cinder/api/openstack/wsgi.py:713}}
May 26 14:57:39.346285 dv-cinder-784140-4-iscsi devstack@c-api.service[110797]: /usr/local/lib/python3.8/dist-packages/webob/acceptparse.py:1047: DeprecationWarning: The behavior of AcceptValidHeader.best_match is currently being maintained for backward compatibility, but it will be deprecated in the future, as it does not conform to the RFC.
May 26 14:57:39.346285 dv-cinder-784140-4-iscsi devstack@c-api.service[110797]: warnings.warn(
May 26 14:57:39.346909 dv-cinder-784140-4-iscsi devstack@c-api.service[110797]: DEBUG cinder.api.openstack.wsgi [req-cdf6e5d1-38ee-4d0f-af13-689f7da0ded0 req-684d8b1f-113a-47d3-9438-7b4abd3ba9ab tempest-VolumesSnapshotsTestJSON-816552212 tempest-VolumesSnapshotsTestJSON-816552212-project] Calling method 'show' {{(pid=110797) _process_stack /opt/stack/cinder/cinder/api/openstack/wsgi.py:866}}
May 26 14:57:39.420391 dv-cinder-784140-4-iscsi devstack@c-api.service[110797]: /usr/local/lib/python3.8/dist-packages/oslo_context/context.py:105: DeprecationWarning: Policy enforcement is depending on the value of is_admin. This key is deprecated. Please update your policy file to use the standard policy values.
May 26 14:57:39.420391 dv-cinder-784140-4-iscsi devstack@c-api.service[110797]: warnings.warn('Policy enforcement is depending on the value of '
May 26 14:57:39.421838 dv-cinder-784140-4-iscsi devstack@c-api.service[110797]: INFO cinder.volume.api [req-cdf6e5d1-38ee-4d0f-af13-689f7da0ded0 req-684d8b1f-113a-47d3-9438-7b4abd3ba9ab tempest-VolumesSnapshotsTestJSON-816552212 tempest-VolumesSnapshotsTestJSON-816552212-project] Snapshot retrieved successfully.
May 26 14:57:39.424111 dv-cinder-784140-4-iscsi devstack@c-api.service[110797]: INFO cinder.api.openstack.wsgi [req-cdf6e5d1-38ee-4d0f-af13-689f7da0ded0 req-684d8b1f-113a-47d3-9438-7b4abd3ba9ab tempest-VolumesSnapshotsTestJSON-816552212 tempest-VolumesSnapshotsTestJSON-816552212-project] http://10.222.0.81/volume/v3/b77ead9a04b646e3828a946710206567/snapshots/647c2b7b-265a-4fe7-a321-f3e116bf3140 returned with HTTP 200
May 26 14:57:39.425635 dv-cinder-784140-4-iscsi devstack@c-api.service[110797]: [pid: 110797|app: 0|req: 22/38] 10.222.0.81 () {60 vars in 1585 bytes} [Wed May 26 14:57:39 2021] GET /volume/v3/b77ead9a04b646e3828a946710206567/snapshots/647c2b7b-265a-4fe7-a321-f3e116bf3140 => generated 468 bytes in 88 msecs (HTTP/1.1 200) 7 headers in 285 bytes (1 switches on core 0)
May 26 14:57:39.567745 dv-cinder-784140-4-iscsi devstack@c-api.service[110796]: INFO cinder.api.openstack.wsgi [None req-2ea732bd-1384-42c9-8379-8a0538a01676 tempest-GroupTypeSpecsTest-677553424 tempest-GroupTypeSpecsTest-677553424-project-admin] POST http://10.222.0.81/volume/v3/e1602f854c3144e789e077395e580447/group_types
May 26 14:57:39.568675 dv-cinder-784140-4-iscsi devstack@c-api.service[110796]: DEBUG cinder.api.openstack.wsgi [None req-2ea732bd-1384-42c9-8379-8a0538a01676 tempest-GroupTypeSpecsTest-677553424 tempest-GroupTypeSpecsTest-677553424-project-admin] Action: 'create', calling method: version_select, body: {"group_type": {"name": "tempest-GroupTypeSpecsTest-group-type-610277468"}} {{(pid=110796) _process_stack /opt/stack/cinder/cinder/api/openstack/wsgi.py:864}}
May 26 14:57:39.728946 dv-cinder-784140-4-iscsi devstack@c-api.service[110796]: INFO cinder.api.openstack.wsgi [None req-2ea732bd-1384-42c9-8379-8a0538a01676 tempest-GroupTypeSpecsTest-677553424 tempest-GroupTypeSpecsTest-677553424-project-admin] http://10.222.0.81/volume/v3/e1602f854c3144e789e077395e580447/group_types returned with HTTP 202
May 26 14:57:39.733668 dv-cinder-784140-4-iscsi devstack@c-api.service[110796]: [pid: 110796|app: 0|req: 17/39] 10.222.0.81 () {62 vars in 1288 bytes} [Wed May 26 14:57:39 2021] POST /volume/v3/e1602f854c3144e789e077395e580447/group_types => generated 180 bytes in 417 msecs (HTTP/1.1 202) 7 headers in 292 bytes (1 switches on core 0)
May 26 14:57:39.737715 dv-cinder-784140-4-iscsi devstack@c-api.service[110797]: INFO cinder.api.openstack.wsgi [None req-1a497600-4d9f-497f-b7af-5e6a15a4ec65 tempest-GroupTypeSpecsTest-677553424 tempest-GroupTypeSpecsTest-677553424-project-admin] POST http://10.222.0.81/volume/v3/e1602f854c3144e789e077395e580447/group_types/f90643dc-9690-442f-b32c-8580e9f85556/group_specs
May 26 14:57:39.738497 dv-cinder-784140-4-iscsi devstack@c-api.service[110797]: /usr/local/lib/python3.8/dist-packages/webob/acceptparse.py:1047: DeprecationWarning: The behavior of AcceptValidHeader.best_match is currently being maintained for backward compatibility, but it will be deprecated in the future, as it does not conform to the RFC.
May 26 14:57:39.738497 dv-cinder-784140-4-iscsi devstack@c-api.service[110797]: warnings.warn(
May 26 14:57:39.739136 dv-cinder-784140-4-iscsi devstack@c-api.service[110797]: DEBUG cinder.api.openstack.wsgi [None req-1a497600-4d9f-497f-b7af-5e6a15a4ec65 tempest-GroupTypeSpecsTest-677553424 tempest-GroupTypeSpecsTest-677553424-project-admin] Action: 'create', calling method: version_select, body: {"group_specs": {"key1": "value1", "key2": "value2"}} {{(pid=110797) _process_stack /opt/stack/cinder/cinder/api/openstack/wsgi.py:864}}
May 26 14:57:39.907185 dv-cinder-784140-4-iscsi devstack@c-api.service[110797]: INFO cinder.api.openstack.wsgi [None req-1a497600-4d9f-497f-b7af-5e6a15a4ec65 tempest-GroupTypeSpecsTest-677553424 tempest-GroupTypeSpecsTest-677553424-project-admin] http://10.222.0.81/volume/v3/e1602f854c3144e789e077395e580447/group_types/f90643dc-9690-442f-b32c-8580e9f85556/group_specs returned with HTTP 202
May 26 14:57:39.910653 dv-cinder-784140-4-iscsi devstack@c-api.service[110797]: [pid: 110797|app: 0|req: 23/40] 10.222.0.81 () {62 vars in 1435 bytes} [Wed May 26 14:57:39 2021] POST /volume/v3/e1602f854c3144e789e077395e580447/group_types/f90643dc-9690-442f-b32c-8580e9f85556/group_specs => generated 53 bytes in 175 msecs (HTTP/1.1 202) 7 headers in 291 bytes (2 switches on core 0)
May 26 14:57:39.918376 dv-cinder-784140-4-iscsi devstack@c-api.service[110796]: INFO cinder.api.openstack.wsgi [None req-bd10a2f0-07e7-46b9-8f97-d184e6470d95 tempest-GroupTypeSpecsTest-677553424 tempest-GroupTypeSpecsTest-677553424-project-admin] POST http://10.222.0.81/volume/v3/e1602f854c3144e789e077395e580447/group_types/f90643dc-9690-442f-b32c-8580e9f85556/group_specs
May 26 14:57:39.919125 dv-cinder-784140-4-iscsi devstack@c-api.service[110796]: DEBUG cinder.api.openstack.wsgi [None req-bd10a2f0-07e7-46b9-8f97-d184e6470d95 tempest-GroupTypeSpecsTest-677553424 tempest-GroupTypeSpecsTest-677553424-project-admin] Action: 'create', calling method: version_select, body: {"group_specs": {"key2": "value2-updated", "key3": "value3"}} {{(pid=110796) _process_stack /opt/stack/cinder/cinder/api/openstack/wsgi.py:864}}
May 26 14:57:40.053444 dv-cinder-784140-4-iscsi devstack@c-api.service[110796]: INFO cinder.api.openstack.wsgi [None req-bd10a2f0-07e7-46b9-8f97-d184e6470d95 tempest-GroupTypeSpecsTest-677553424 tempest-GroupTypeSpecsTest-677553424-project-admin] http://10.222.0.81/volume/v3/e1602f854c3144e789e077395e580447/group_types/f90643dc-9690-442f-b32c-8580e9f85556/group_specs returned with HTTP 202
May 26 14:57:40.054303 dv-cinder-784140-4-iscsi devstack@c-api.service[110796]: [pid: 110796|app: 0|req: 18/41] 10.222.0.81 () {62 vars in 1435 bytes} [Wed May 26 14:57:39 2021] POST /volume/v3/e1602f854c3144e789e077395e580447/group_types/f90643dc-9690-442f-b32c-8580e9f85556/group_specs => generated 61 bytes in 140 msecs (HTTP/1.1 202) 7 headers in 291 bytes (1 switches on core 0)
May 26 14:57:40.065694 dv-cinder-784140-4-iscsi devstack@c-api.service[110797]: INFO cinder.api.openstack.wsgi [None req-3f36987e-3199-4633-ad15-6825df4ae080 tempest-GroupTypeSpecsTest-677553424 tempest-GroupTypeSpecsTest-677553424-project-admin] GET http://10.222.0.81/volume/v3/e1602f854c3144e789e077395e580447/group_types/f90643dc-9690-442f-b32c-8580e9f85556/group_specs/key2
May 26 14:57:40.065694 dv-cinder-784140-4-iscsi devstack@c-api.service[110797]: DEBUG cinder.api.openstack.wsgi [None req-3f36987e-3199-4633-ad15-6825df4ae080 tempest-GroupTypeSpecsTest-677553424 tempest-GroupTypeSpecsTest-677553424-project-admin] Empty body provided in request {{(pid=110797) get_body /opt/stack/cinder/cinder/api/openstack/wsgi.py:713}}
May 26 14:57:40.065694 dv-cinder-784140-4-iscsi devstack@c-api.service[110797]: DEBUG cinder.api.openstack.wsgi [None req-3f36987e-3199-4633-ad15-6825df4ae080 tempest-GroupTypeSpecsTest-677553424 tempest-GroupTypeSpecsTest-677553424-project-admin] Calling method 'version_select' {{(pid=110797) _process_stack /opt/stack/cinder/cinder/api/openstack/wsgi.py:866}}
May 26 14:57:40.095922 dv-cinder-784140-4-iscsi devstack@c-api.service[110797]: INFO cinder.api.openstack.wsgi [None req-3f36987e-3199-4633-ad15-6825df4ae080 tempest-GroupTypeSpecsTest-677553424 tempest-GroupTypeSpecsTest-677553424-project-admin] http://10.222.0.81/volume/v3/e1602f854c3144e789e077395e580447/group_types/f90643dc-9690-442f-b32c-8580e9f85556/group_specs/key2 returned with HTTP 200
May 26 14:57:40.096736 dv-cinder-784140-4-iscsi devstack@c-api.service[110797]: [pid: 110797|app: 0|req: 24/42] 10.222.0.81 () {60 vars in 1429 bytes} [Wed May 26 14:57:40 2021] GET /volume/v3/e1602f854c3144e789e077395e580447/group_types/f90643dc-9690-442f-b32c-8580e9f85556/group_specs/key2 => generated 26 bytes in 38 msecs (HTTP/1.1 200) 7 headers in 285 bytes (1 switches on core 0)
May 26 14:57:40.106362 dv-cinder-784140-4-iscsi devstack@c-api.service[110796]: INFO cinder.api.openstack.wsgi [None req-c90440d5-8ff9-451a-882c-e9a1818f9d24 tempest-GroupTypeSpecsTest-677553424 tempest-GroupTypeSpecsTest-677553424-project-admin] GET http://10.222.0.81/volume/v3/e1602f854c3144e789e077395e580447/group_types/f90643dc-9690-442f-b32c-8580e9f85556/group_specs/key3
May 26 14:57:40.106951 dv-cinder-784140-4-iscsi devstack@c-api.service[110796]: DEBUG cinder.api.openstack.wsgi [None req-c90440d5-8ff9-451a-882c-e9a1818f9d24 tempest-GroupTypeSpecsTest-677553424 tempest-GroupTypeSpecsTest-677553424-project-admin] Empty body provided in request {{(pid=110796) get_body /opt/stack/cinder/cinder/api/openstack/wsgi.py:713}}
May 26 14:57:40.107294 dv-cinder-784140-4-iscsi devstack@c-api.service[110796]: DEBUG cinder.api.openstack.wsgi [None req-c90440d5-8ff9-451a-882c-e9a1818f9d24 tempest-GroupTypeSpecsTest-677553424 tempest-GroupTypeSpecsTest-677553424-project-admin] Calling method 'version_select' {{(pid=110796) _process_stack /opt/stack/cinder/cinder/api/openstack/wsgi.py:866}}
May 26 14:57:40.138895 dv-cinder-784140-4-iscsi devstack@c-api.service[110796]: INFO cinder.api.openstack.wsgi [None req-c90440d5-8ff9-451a-882c-e9a1818f9d24 tempest-GroupTypeSpecsTest-677553424 tempest-GroupTypeSpecsTest-677553424-project-admin] http://10.222.0.81/volume/v3/e1602f854c3144e789e077395e580447/group_types/f90643dc-9690-442f-b32c-8580e9f85556/group_specs/key3 returned with HTTP 200
May 26 14:57:40.144607 dv-cinder-784140-4-iscsi devstack@c-api.service[110796]: [pid: 110796|app: 0|req: 19/43] 10.222.0.81 () {60 vars in 1429 bytes} [Wed May 26 14:57:40 2021] GET /volume/v3/e1602f854c3144e789e077395e580447/group_types/f90643dc-9690-442f-b32c-8580e9f85556/group_specs/key3 => generated 18 bytes in 41 msecs (HTTP/1.1 200) 7 headers in 285 bytes (1 switches on core 0)
May 26 14:57:40.149199 dv-cinder-784140-4-iscsi devstack@c-api.service[110797]: INFO cinder.api.openstack.wsgi [None req-5396a420-41bf-4140-8384-5de86d8e0a03 tempest-GroupTypeSpecsTest-677553424 tempest-GroupTypeSpecsTest-677553424-project-admin] PUT http://10.222.0.81/volume/v3/e1602f854c3144e789e077395e580447/group_types/f90643dc-9690-442f-b32c-8580e9f85556/group_specs/key3
May 26 14:57:40.149990 dv-cinder-784140-4-iscsi devstack@c-api.service[110797]: DEBUG cinder.api.openstack.wsgi [None req-5396a420-41bf-4140-8384-5de86d8e0a03 tempest-GroupTypeSpecsTest-677553424 tempest-GroupTypeSpecsTest-677553424-project-admin] Action: 'update', calling method: version_select, body: {"key3": "value3-updated"} {{(pid=110797) _process_stack /opt/stack/cinder/cinder/api/openstack/wsgi.py:864}}
May 26 14:57:40.275668 dv-cinder-784140-4-iscsi devstack@c-api.service[110797]: INFO cinder.api.openstack.wsgi [None req-5396a420-41bf-4140-8384-5de86d8e0a03 tempest-GroupTypeSpecsTest-677553424 tempest-GroupTypeSpecsTest-677553424-project-admin] http://10.222.0.81/volume/v3/e1602f854c3144e789e077395e580447/group_types/f90643dc-9690-442f-b32c-8580e9f85556/group_specs/key3 returned with HTTP 200
May 26 14:57:40.278282 dv-cinder-784140-4-iscsi devstack@c-api.service[110797]: [pid: 110797|app: 0|req: 25/44] 10.222.0.81 () {62 vars in 1449 bytes} [Wed May 26 14:57:40 2021] PUT /volume/v3/e1602f854c3144e789e077395e580447/group_types/f90643dc-9690-442f-b32c-8580e9f85556/group_specs/key3 => generated 26 bytes in 133 msecs (HTTP/1.1 200) 7 headers in 285 bytes (1 switches on core 0)
May 26 14:57:40.286440 dv-cinder-784140-4-iscsi devstack@c-api.service[110796]: INFO cinder.api.openstack.wsgi [None req-fdd2f41c-5a20-4140-9bcf-7e61e89e3c40 tempest-GroupTypeSpecsTest-677553424 tempest-GroupTypeSpecsTest-677553424-project-admin] GET http://10.222.0.81/volume/v3/e1602f854c3144e789e077395e580447/group_types/f90643dc-9690-442f-b32c-8580e9f85556/group_specs
May 26 14:57:40.287151 dv-cinder-784140-4-iscsi devstack@c-api.service[110796]: DEBUG cinder.api.openstack.wsgi [None req-fdd2f41c-5a20-4140-9bcf-7e61e89e3c40 tempest-GroupTypeSpecsTest-677553424 tempest-GroupTypeSpecsTest-677553424-project-admin] Empty body provided in request {{(pid=110796) get_body /opt/stack/cinder/cinder/api/openstack/wsgi.py:713}}
May 26 14:57:40.287593 dv-cinder-784140-4-iscsi devstack@c-api.service[110796]: DEBUG cinder.api.openstack.wsgi [None req-fdd2f41c-5a20-4140-9bcf-7e61e89e3c40 tempest-GroupTypeSpecsTest-677553424 tempest-GroupTypeSpecsTest-677553424-project-admin] Calling method 'version_select' {{(pid=110796) _process_stack /opt/stack/cinder/cinder/api/openstack/wsgi.py:866}}
May 26 14:57:40.322032 dv-cinder-784140-4-iscsi devstack@c-api.service[110796]: INFO cinder.api.openstack.wsgi [None req-fdd2f41c-5a20-4140-9bcf-7e61e89e3c40 tempest-GroupTypeSpecsTest-677553424 tempest-GroupTypeSpecsTest-677553424-project-admin] http://10.222.0.81/volume/v3/e1602f854c3144e789e077395e580447/group_types/f90643dc-9690-442f-b32c-8580e9f85556/group_specs returned with HTTP 200
May 26 14:57:40.331271 dv-cinder-784140-4-iscsi devstack@c-api.service[110797]: INFO cinder.api.openstack.wsgi [None req-8eeca1ed-6cb9-4b47-a232-2b30affe42dc tempest-GroupTypeSpecsTest-677553424 tempest-GroupTypeSpecsTest-677553424-project-admin] DELETE http://10.222.0.81/volume/v3/e1602f854c3144e789e077395e580447/group_types/f90643dc-9690-442f-b32c-8580e9f85556/group_specs/key1
May 26 14:57:40.332368 dv-cinder-784140-4-iscsi devstack@c-api.service[110797]: DEBUG cinder.api.openstack.wsgi [None req-8eeca1ed-6cb9-4b47-a232-2b30affe42dc tempest-GroupTypeSpecsTest-677553424 tempest-GroupTypeSpecsTest-677553424-project-admin] Empty body provided in request {{(pid=110797) get_body /opt/stack/cinder/cinder/api/openstack/wsgi.py:713}}
May 26 14:57:40.332778 dv-cinder-784140-4-iscsi devstack@c-api.service[110797]: DEBUG cinder.api.openstack.wsgi [None req-8eeca1ed-6cb9-4b47-a232-2b30affe42dc tempest-GroupTypeSpecsTest-677553424 tempest-GroupTypeSpecsTest-677553424-project-admin] Calling method 'version_select' {{(pid=110797) _process_stack /opt/stack/cinder/cinder/api/openstack/wsgi.py:866}}
May 26 14:57:40.332995 dv-cinder-784140-4-iscsi devstack@c-api.service[110796]: [pid: 110796|app: 0|req: 20/45] 10.222.0.81 () {60 vars in 1414 bytes} [Wed May 26 14:57:40 2021] GET /volume/v3/e1602f854c3144e789e077395e580447/group_types/f90643dc-9690-442f-b32c-8580e9f85556/group_specs => generated 87 bytes in 46 msecs (HTTP/1.1 200) 7 headers in 285 bytes (1 switches on core 0)
May 26 14:57:40.452156 dv-cinder-784140-4-iscsi devstack@c-api.service[110796]: INFO cinder.api.openstack.wsgi [req-56ada76f-f0c0-42f2-b37d-b22045598851 req-f589ab10-16f1-443e-b175-ba603c5153d1 tempest-VolumesSnapshotsTestJSON-816552212 tempest-VolumesSnapshotsTestJSON-816552212-project] GET http://10.222.0.81/volume/v3/b77ead9a04b646e3828a946710206567/snapshots/647c2b7b-265a-4fe7-a321-f3e116bf3140
May 26 14:57:40.452882 dv-cinder-784140-4-iscsi devstack@c-api.service[110796]: DEBUG cinder.api.openstack.wsgi [req-56ada76f-f0c0-42f2-b37d-b22045598851 req-f589ab10-16f1-443e-b175-ba603c5153d1 tempest-VolumesSnapshotsTestJSON-816552212 tempest-VolumesSnapshotsTestJSON-816552212-project] Empty body provided in request {{(pid=110796) get_body /opt/stack/cinder/cinder/api/openstack/wsgi.py:713}}
May 26 14:57:40.453506 dv-cinder-784140-4-iscsi devstack@c-api.service[110796]: DEBUG cinder.api.openstack.wsgi [req-56ada76f-f0c0-42f2-b37d-b22045598851 req-f589ab10-16f1-443e-b175-ba603c5153d1 tempest-VolumesSnapshotsTestJSON-816552212 tempest-VolumesSnapshotsTestJSON-816552212-project] Calling method 'show' {{(pid=110796) _process_stack /opt/stack/cinder/cinder/api/openstack/wsgi.py:866}}
May 26 14:57:40.466301 dv-cinder-784140-4-iscsi devstack@c-api.service[110797]: INFO cinder.api.openstack.wsgi [None req-8eeca1ed-6cb9-4b47-a232-2b30affe42dc tempest-GroupTypeSpecsTest-677553424 tempest-GroupTypeSpecsTest-677553424-project-admin] http://10.222.0.81/volume/v3/e1602f854c3144e789e077395e580447/group_types/f90643dc-9690-442f-b32c-8580e9f85556/group_specs/key1 returned with HTTP 202
May 26 14:57:40.467115 dv-cinder-784140-4-iscsi devstack@c-api.service[110797]: [pid: 110797|app: 0|req: 26/46] 10.222.0.81 () {60 vars in 1432 bytes} [Wed May 26 14:57:40 2021] DELETE /volume/v3/e1602f854c3144e789e077395e580447/group_types/f90643dc-9690-442f-b32c-8580e9f85556/group_specs/key1 => generated 0 bytes in 140 msecs (HTTP/1.1 202) 6 headers in 234 bytes (1 switches on core 0)
May 26 14:57:40.475055 dv-cinder-784140-4-iscsi devstack@c-api.service[110797]: INFO cinder.api.openstack.wsgi [None req-46b26787-0008-4648-af7c-156b078c9cc4 tempest-GroupTypeSpecsTest-677553424 tempest-GroupTypeSpecsTest-677553424-project-admin] GET http://10.222.0.81/volume/v3/e1602f854c3144e789e077395e580447/group_types/f90643dc-9690-442f-b32c-8580e9f85556/group_specs/key1
May 26 14:57:40.475590 dv-cinder-784140-4-iscsi devstack@c-api.service[110797]: DEBUG cinder.api.openstack.wsgi [None req-46b26787-0008-4648-af7c-156b078c9cc4 tempest-GroupTypeSpecsTest-677553424 tempest-GroupTypeSpecsTest-677553424-project-admin] Empty body provided in request {{(pid=110797) get_body /opt/stack/cinder/cinder/api/openstack/wsgi.py:713}}
May 26 14:57:40.476076 dv-cinder-784140-4-iscsi devstack@c-api.service[110797]: DEBUG cinder.api.openstack.wsgi [None req-46b26787-0008-4648-af7c-156b078c9cc4 tempest-GroupTypeSpecsTest-677553424 tempest-GroupTypeSpecsTest-677553424-project-admin] Calling method 'version_select' {{(pid=110797) _process_stack /opt/stack/cinder/cinder/api/openstack/wsgi.py:866}}
May 26 14:57:40.525871 dv-cinder-784140-4-iscsi devstack@c-api.service[110797]: INFO cinder.api.openstack.wsgi [None req-46b26787-0008-4648-af7c-156b078c9cc4 tempest-GroupTypeSpecsTest-677553424 tempest-GroupTypeSpecsTest-677553424-project-admin] HTTP exception thrown: Group Type f90643dc-9690-442f-b32c-8580e9f85556 has no extra spec with key key1.
May 26 14:57:40.526249 dv-cinder-784140-4-iscsi devstack@c-api.service[110797]: INFO cinder.api.openstack.wsgi [None req-46b26787-0008-4648-af7c-156b078c9cc4 tempest-GroupTypeSpecsTest-677553424 tempest-GroupTypeSpecsTest-677553424-project-admin] http://10.222.0.81/volume/v3/e1602f854c3144e789e077395e580447/group_types/f90643dc-9690-442f-b32c-8580e9f85556/group_specs/key1 returned with HTTP 404
May 26 14:57:40.533112 dv-cinder-784140-4-iscsi devstack@c-api.service[110796]: INFO cinder.api.openstack.wsgi [req-56ada76f-f0c0-42f2-b37d-b22045598851 req-f589ab10-16f1-443e-b175-ba603c5153d1 tempest-VolumesSnapshotsTestJSON-816552212 tempest-VolumesSnapshotsTestJSON-816552212-project] http://10.222.0.81/volume/v3/b77ead9a04b646e3828a946710206567/snapshots/647c2b7b-265a-4fe7-a321-f3e116bf3140 returned with HTTP 404
May 26 14:57:40.540857 dv-cinder-784140-4-iscsi devstack@c-api.service[110797]: [pid: 110797|app: 0|req: 27/47] 10.222.0.81 () {60 vars in 1429 bytes} [Wed May 26 14:57:40 2021] GET /volume/v3/e1602f854c3144e789e077395e580447/group_types/f90643dc-9690-442f-b32c-8580e9f85556/group_specs/key1 => generated 126 bytes in 70 msecs (HTTP/1.1 404) 7 headers in 293 bytes (2 switches on core 0)
May 26 14:57:40.544795 dv-cinder-784140-4-iscsi devstack@c-api.service[110796]: [pid: 110796|app: 0|req: 21/48] 10.222.0.81 () {60 vars in 1585 bytes} [Wed May 26 14:57:40 2021] GET /volume/v3/b77ead9a04b646e3828a946710206567/snapshots/647c2b7b-265a-4fe7-a321-f3e116bf3140 => generated 111 bytes in 97 msecs (HTTP/1.1 404) 7 headers in 292 bytes (2 switches on core 0)
May 26 14:57:40.548126 dv-cinder-784140-4-iscsi devstack@c-api.service[110797]: INFO cinder.api.openstack.wsgi [None req-f5df46f1-d912-4dcc-ba9b-14d4619085ef tempest-GroupTypeSpecsTest-677553424 tempest-GroupTypeSpecsTest-677553424-project-admin] DELETE http://10.222.0.81/volume/v3/e1602f854c3144e789e077395e580447/group_types/f90643dc-9690-442f-b32c-8580e9f85556
May 26 14:57:40.554330 dv-cinder-784140-4-iscsi devstack@c-api.service[110797]: DEBUG cinder.api.openstack.wsgi [None req-f5df46f1-d912-4dcc-ba9b-14d4619085ef tempest-GroupTypeSpecsTest-677553424 tempest-GroupTypeSpecsTest-677553424-project-admin] Empty body provided in request {{(pid=110797) get_body /opt/stack/cinder/cinder/api/openstack/wsgi.py:713}}
May 26 14:57:40.555076 dv-cinder-784140-4-iscsi devstack@c-api.service[110797]: DEBUG cinder.api.openstack.wsgi [None req-f5df46f1-d912-4dcc-ba9b-14d4619085ef tempest-GroupTypeSpecsTest-677553424 tempest-GroupTypeSpecsTest-677553424-project-admin] Calling method 'version_select' {{(pid=110797) _process_stack /opt/stack/cinder/cinder/api/openstack/wsgi.py:866}}
May 26 14:57:40.586238 dv-cinder-784140-4-iscsi devstack@c-api.service[110796]: INFO cinder.api.openstack.wsgi [req-ce76e560-f308-4086-9c39-da23d7699421 req-e9ce5dfa-bee0-4cf4-a8ce-defeaced3cac tempest-VolumesSnapshotsTestJSON-816552212 tempest-VolumesSnapshotsTestJSON-816552212-project] DELETE http://10.222.0.81/volume/v3/b77ead9a04b646e3828a946710206567/volumes/5b9af6e1-7015-47a5-b75c-6a3542c33a14
May 26 14:57:40.586665 dv-cinder-784140-4-iscsi devstack@c-api.service[110796]: DEBUG cinder.api.openstack.wsgi [req-ce76e560-f308-4086-9c39-da23d7699421 req-e9ce5dfa-bee0-4cf4-a8ce-defeaced3cac tempest-VolumesSnapshotsTestJSON-816552212 tempest-VolumesSnapshotsTestJSON-816552212-project] Empty body provided in request {{(pid=110796) get_body /opt/stack/cinder/cinder/api/openstack/wsgi.py:713}}
May 26 14:57:40.587095 dv-cinder-784140-4-iscsi devstack@c-api.service[110796]: DEBUG cinder.api.openstack.wsgi [req-ce76e560-f308-4086-9c39-da23d7699421 req-e9ce5dfa-bee0-4cf4-a8ce-defeaced3cac tempest-VolumesSnapshotsTestJSON-816552212 tempest-VolumesSnapshotsTestJSON-816552212-project] Calling method 'delete' {{(pid=110796) _process_stack /opt/stack/cinder/cinder/api/openstack/wsgi.py:866}}
May 26 14:57:40.587512 dv-cinder-784140-4-iscsi devstack@c-api.service[110796]: INFO cinder.api.v3.volumes [req-ce76e560-f308-4086-9c39-da23d7699421 req-e9ce5dfa-bee0-4cf4-a8ce-defeaced3cac tempest-VolumesSnapshotsTestJSON-816552212 tempest-VolumesSnapshotsTestJSON-816552212-project] Delete volume with id: 5b9af6e1-7015-47a5-b75c-6a3542c33a14
May 26 14:57:40.676667 dv-cinder-784140-4-iscsi devstack@c-api.service[110797]: INFO cinder.api.openstack.wsgi [None req-f5df46f1-d912-4dcc-ba9b-14d4619085ef tempest-GroupTypeSpecsTest-677553424 tempest-GroupTypeSpecsTest-677553424-project-admin] http://10.222.0.81/volume/v3/e1602f854c3144e789e077395e580447/group_types/f90643dc-9690-442f-b32c-8580e9f85556 returned with HTTP 202
May 26 14:57:40.682179 dv-cinder-784140-4-iscsi devstack@c-api.service[110797]: [pid: 110797|app: 0|req: 28/49] 10.222.0.81 () {60 vars in 1381 bytes} [Wed May 26 14:57:40 2021] DELETE /volume/v3/e1602f854c3144e789e077395e580447/group_types/f90643dc-9690-442f-b32c-8580e9f85556 => generated 0 bytes in 137 msecs (HTTP/1.1 202) 6 headers in 234 bytes (1 switches on core 0)
May 26 14:57:40.715247 dv-cinder-784140-4-iscsi devstack@c-api.service[110796]: /usr/local/lib/python3.8/dist-packages/oslo_context/context.py:105: DeprecationWarning: Policy enforcement is depending on the value of is_admin. This key is deprecated. Please update your policy file to use the standard policy values.
May 26 14:57:40.715247 dv-cinder-784140-4-iscsi devstack@c-api.service[110796]: warnings.warn('Policy enforcement is depending on the value of '
May 26 14:57:40.716354 dv-cinder-784140-4-iscsi devstack@c-api.service[110796]: INFO cinder.volume.api [req-ce76e560-f308-4086-9c39-da23d7699421 req-e9ce5dfa-bee0-4cf4-a8ce-defeaced3cac tempest-VolumesSnapshotsTestJSON-816552212 tempest-VolumesSnapshotsTestJSON-816552212-project] Volume info retrieved successfully.
May 26 14:57:40.915740 dv-cinder-784140-4-iscsi devstack@c-api.service[110796]: INFO cinder.volume.api [req-ce76e560-f308-4086-9c39-da23d7699421 req-e9ce5dfa-bee0-4cf4-a8ce-defeaced3cac tempest-VolumesSnapshotsTestJSON-816552212 tempest-VolumesSnapshotsTestJSON-816552212-project] Delete volume request issued successfully.
May 26 14:57:40.916462 dv-cinder-784140-4-iscsi devstack@c-api.service[110796]: INFO cinder.api.openstack.wsgi [req-ce76e560-f308-4086-9c39-da23d7699421 req-e9ce5dfa-bee0-4cf4-a8ce-defeaced3cac tempest-VolumesSnapshotsTestJSON-816552212 tempest-VolumesSnapshotsTestJSON-816552212-project] http://10.222.0.81/volume/v3/b77ead9a04b646e3828a946710206567/volumes/5b9af6e1-7015-47a5-b75c-6a3542c33a14 returned with HTTP 202
May 26 14:57:40.917773 dv-cinder-784140-4-iscsi devstack@c-api.service[110796]: [pid: 110796|app: 0|req: 22/50] 10.222.0.81 () {62 vars in 1601 bytes} [Wed May 26 14:57:40 2021] DELETE /volume/v3/b77ead9a04b646e3828a946710206567/volumes/5b9af6e1-7015-47a5-b75c-6a3542c33a14 => generated 0 bytes in 339 msecs (HTTP/1.1 202) 6 headers in 233 bytes (1 switches on core 0)
May 26 14:57:40.960059 dv-cinder-784140-4-iscsi devstack@c-api.service[110797]: INFO cinder.api.openstack.wsgi [req-e6803c4c-e147-4a7b-926a-541e99cfe12d req-d6794017-ffc7-4453-af7f-e3cd00504148 tempest-VolumesSnapshotsTestJSON-816552212 tempest-VolumesSnapshotsTestJSON-816552212-project] GET http://10.222.0.81/volume/v3/b77ead9a04b646e3828a946710206567/volumes/5b9af6e1-7015-47a5-b75c-6a3542c33a14
May 26 14:57:40.960632 dv-cinder-784140-4-iscsi devstack@c-api.service[110797]: DEBUG cinder.api.openstack.wsgi [req-e6803c4c-e147-4a7b-926a-541e99cfe12d req-d6794017-ffc7-4453-af7f-e3cd00504148 tempest-VolumesSnapshotsTestJSON-816552212 tempest-VolumesSnapshotsTestJSON-816552212-project] Empty body provided in request {{(pid=110797) get_body /opt/stack/cinder/cinder/api/openstack/wsgi.py:713}}
May 26 14:57:40.960974 dv-cinder-784140-4-iscsi devstack@c-api.service[110797]: DEBUG cinder.api.openstack.wsgi [req-e6803c4c-e147-4a7b-926a-541e99cfe12d req-d6794017-ffc7-4453-af7f-e3cd00504148 tempest-VolumesSnapshotsTestJSON-816552212 tempest-VolumesSnapshotsTestJSON-816552212-project] Calling method 'show' {{(pid=110797) _process_stack /opt/stack/cinder/cinder/api/openstack/wsgi.py:866}}
May 26 14:57:41.080741 dv-cinder-784140-4-iscsi devstack@c-api.service[110797]: /usr/local/lib/python3.8/dist-packages/oslo_context/context.py:105: DeprecationWarning: Policy enforcement is depending on the value of is_admin. This key is deprecated. Please update your policy file to use the standard policy values.
May 26 14:57:41.080741 dv-cinder-784140-4-iscsi devstack@c-api.service[110797]: warnings.warn('Policy enforcement is depending on the value of '
May 26 14:57:41.095008 dv-cinder-784140-4-iscsi devstack@c-api.service[110797]: INFO cinder.volume.api [req-e6803c4c-e147-4a7b-926a-541e99cfe12d req-d6794017-ffc7-4453-af7f-e3cd00504148 tempest-VolumesSnapshotsTestJSON-816552212 tempest-VolumesSnapshotsTestJSON-816552212-project] Volume info retrieved successfully.
May 26 14:57:41.123571 dv-cinder-784140-4-iscsi devstack@c-api.service[110797]: INFO cinder.api.openstack.wsgi [req-e6803c4c-e147-4a7b-926a-541e99cfe12d req-d6794017-ffc7-4453-af7f-e3cd00504148 tempest-VolumesSnapshotsTestJSON-816552212 tempest-VolumesSnapshotsTestJSON-816552212-project] http://10.222.0.81/volume/v3/b77ead9a04b646e3828a946710206567/volumes/5b9af6e1-7015-47a5-b75c-6a3542c33a14 returned with HTTP 200
May 26 14:57:41.125112 dv-cinder-784140-4-iscsi devstack@c-api.service[110797]: [pid: 110797|app: 0|req: 29/51] 10.222.0.81 () {60 vars in 1579 bytes} [Wed May 26 14:57:40 2021] GET /volume/v3/b77ead9a04b646e3828a946710206567/volumes/5b9af6e1-7015-47a5-b75c-6a3542c33a14 => generated 914 bytes in 170 msecs (HTTP/1.1 200) 7 headers in 285 bytes (1 switches on core 0)
May 26 14:57:42.169142 dv-cinder-784140-4-iscsi devstack@c-api.service[110796]: INFO cinder.api.openstack.wsgi [req-70b74a61-cf70-49b7-8761-0705c8ddf22d req-4e5a40f1-41be-434e-909a-a4a092f75289 tempest-VolumesSnapshotsTestJSON-816552212 tempest-VolumesSnapshotsTestJSON-816552212-project] GET http://10.222.0.81/volume/v3/b77ead9a04b646e3828a946710206567/volumes/5b9af6e1-7015-47a5-b75c-6a3542c33a14
May 26 14:57:42.169740 dv-cinder-784140-4-iscsi devstack@c-api.service[110796]: DEBUG cinder.api.openstack.wsgi [req-70b74a61-cf70-49b7-8761-0705c8ddf22d req-4e5a40f1-41be-434e-909a-a4a092f75289 tempest-VolumesSnapshotsTestJSON-816552212 tempest-VolumesSnapshotsTestJSON-816552212-project] Empty body provided in request {{(pid=110796) get_body /opt/stack/cinder/cinder/api/openstack/wsgi.py:713}}
May 26 14:57:42.169843 dv-cinder-784140-4-iscsi devstack@c-api.service[110796]: /usr/local/lib/python3.8/dist-packages/webob/acceptparse.py:1047: DeprecationWarning: The behavior of AcceptValidHeader.best_match is currently being maintained for backward compatibility, but it will be deprecated in the future, as it does not conform to the RFC.
May 26 14:57:42.169843 dv-cinder-784140-4-iscsi devstack@c-api.service[110796]: warnings.warn(
May 26 14:57:42.170223 dv-cinder-784140-4-iscsi devstack@c-api.service[110796]: DEBUG cinder.api.openstack.wsgi [req-70b74a61-cf70-49b7-8761-0705c8ddf22d req-4e5a40f1-41be-434e-909a-a4a092f75289 tempest-VolumesSnapshotsTestJSON-816552212 tempest-VolumesSnapshotsTestJSON-816552212-project] Calling method 'show' {{(pid=110796) _process_stack /opt/stack/cinder/cinder/api/openstack/wsgi.py:866}}
May 26 14:57:42.282909 dv-cinder-784140-4-iscsi devstack@c-api.service[110796]: INFO cinder.api.openstack.wsgi [req-70b74a61-cf70-49b7-8761-0705c8ddf22d req-4e5a40f1-41be-434e-909a-a4a092f75289 tempest-VolumesSnapshotsTestJSON-816552212 tempest-VolumesSnapshotsTestJSON-816552212-project] http://10.222.0.81/volume/v3/b77ead9a04b646e3828a946710206567/volumes/5b9af6e1-7015-47a5-b75c-6a3542c33a14 returned with HTTP 404
May 26 14:57:42.284435 dv-cinder-784140-4-iscsi devstack@c-api.service[110796]: [pid: 110796|app: 0|req: 23/52] 10.222.0.81 () {60 vars in 1579 bytes} [Wed May 26 14:57:42 2021] GET /volume/v3/b77ead9a04b646e3828a946710206567/volumes/5b9af6e1-7015-47a5-b75c-6a3542c33a14 => generated 109 bytes in 119 msecs (HTTP/1.1 404) 7 headers in 292 bytes (1 switches on core 0)
May 26 14:57:42.326199 dv-cinder-784140-4-iscsi devstack@c-api.service[110797]: INFO cinder.api.openstack.wsgi [req-46788026-f52b-42c3-a409-b5b128fc61cb req-fb0988e9-ead1-4570-b1d1-c5cef44fdeab tempest-VolumesSnapshotsTestJSON-816552212 tempest-VolumesSnapshotsTestJSON-816552212-project] DELETE http://10.222.0.81/volume/v3/b77ead9a04b646e3828a946710206567/volumes/5b9af6e1-7015-47a5-b75c-6a3542c33a14
May 26 14:57:42.328986 dv-cinder-784140-4-iscsi devstack@c-api.service[110797]: DEBUG cinder.api.openstack.wsgi [req-46788026-f52b-42c3-a409-b5b128fc61cb req-fb0988e9-ead1-4570-b1d1-c5cef44fdeab tempest-VolumesSnapshotsTestJSON-816552212 tempest-VolumesSnapshotsTestJSON-816552212-project] Empty body provided in request {{(pid=110797) get_body /opt/stack/cinder/cinder/api/openstack/wsgi.py:713}}
May 26 14:57:42.328986 dv-cinder-784140-4-iscsi devstack@c-api.service[110797]: /usr/local/lib/python3.8/dist-packages/webob/acceptparse.py:1047: DeprecationWarning: The behavior of AcceptValidHeader.best_match is currently being maintained for backward compatibility, but it will be deprecated in the future, as it does not conform to the RFC.
May 26 14:57:42.328986 dv-cinder-784140-4-iscsi devstack@c-api.service[110797]: warnings.warn(
May 26 14:57:42.328986 dv-cinder-784140-4-iscsi devstack@c-api.service[110797]: DEBUG cinder.api.openstack.wsgi [req-46788026-f52b-42c3-a409-b5b128fc61cb req-fb0988e9-ead1-4570-b1d1-c5cef44fdeab tempest-VolumesSnapshotsTestJSON-816552212 tempest-VolumesSnapshotsTestJSON-816552212-project] Calling method 'delete' {{(pid=110797) _process_stack /opt/stack/cinder/cinder/api/openstack/wsgi.py:866}}
May 26 14:57:42.328986 dv-cinder-784140-4-iscsi devstack@c-api.service[110797]: INFO cinder.api.v3.volumes [req-46788026-f52b-42c3-a409-b5b128fc61cb req-fb0988e9-ead1-4570-b1d1-c5cef44fdeab tempest-VolumesSnapshotsTestJSON-816552212 tempest-VolumesSnapshotsTestJSON-816552212-project] Delete volume with id: 5b9af6e1-7015-47a5-b75c-6a3542c33a14
May 26 14:57:42.428280 dv-cinder-784140-4-iscsi devstack@c-api.service[110797]: INFO cinder.api.openstack.wsgi [req-46788026-f52b-42c3-a409-b5b128fc61cb req-fb0988e9-ead1-4570-b1d1-c5cef44fdeab tempest-VolumesSnapshotsTestJSON-816552212 tempest-VolumesSnapshotsTestJSON-816552212-project] http://10.222.0.81/volume/v3/b77ead9a04b646e3828a946710206567/volumes/5b9af6e1-7015-47a5-b75c-6a3542c33a14 returned with HTTP 404
May 26 14:57:42.435991 dv-cinder-784140-4-iscsi devstack@c-api.service[110797]: [pid: 110797|app: 0|req: 30/53] 10.222.0.81 () {62 vars in 1601 bytes} [Wed May 26 14:57:42 2021] DELETE /volume/v3/b77ead9a04b646e3828a946710206567/volumes/5b9af6e1-7015-47a5-b75c-6a3542c33a14 => generated 109 bytes in 109 msecs (HTTP/1.1 404) 7 headers in 292 bytes (2 switches on core 0)
May 26 14:57:42.471603 dv-cinder-784140-4-iscsi devstack@c-api.service[110797]: INFO cinder.api.openstack.wsgi [req-f9ef2c24-e432-4a0c-aadf-caca92f733e0 req-8febcf1e-4cac-4c10-b362-f449dedb43b1 tempest-VolumesSnapshotsTestJSON-816552212 tempest-VolumesSnapshotsTestJSON-816552212-project] GET http://10.222.0.81/volume/v3/b77ead9a04b646e3828a946710206567/volumes/5b9af6e1-7015-47a5-b75c-6a3542c33a14
May 26 14:57:42.473111 dv-cinder-784140-4-iscsi devstack@c-api.service[110797]: DEBUG cinder.api.openstack.wsgi [req-f9ef2c24-e432-4a0c-aadf-caca92f733e0 req-8febcf1e-4cac-4c10-b362-f449dedb43b1 tempest-VolumesSnapshotsTestJSON-816552212 tempest-VolumesSnapshotsTestJSON-816552212-project] Empty body provided in request {{(pid=110797) get_body /opt/stack/cinder/cinder/api/openstack/wsgi.py:713}}
May 26 14:57:42.473797 dv-cinder-784140-4-iscsi devstack@c-api.service[110797]: DEBUG cinder.api.openstack.wsgi [req-f9ef2c24-e432-4a0c-aadf-caca92f733e0 req-8febcf1e-4cac-4c10-b362-f449dedb43b1 tempest-VolumesSnapshotsTestJSON-816552212 tempest-VolumesSnapshotsTestJSON-816552212-project] Calling method 'show' {{(pid=110797) _process_stack /opt/stack/cinder/cinder/api/openstack/wsgi.py:866}}
May 26 14:57:42.585642 dv-cinder-784140-4-iscsi devstack@c-api.service[110797]: INFO cinder.api.openstack.wsgi [req-f9ef2c24-e432-4a0c-aadf-caca92f733e0 req-8febcf1e-4cac-4c10-b362-f449dedb43b1 tempest-VolumesSnapshotsTestJSON-816552212 tempest-VolumesSnapshotsTestJSON-816552212-project] http://10.222.0.81/volume/v3/b77ead9a04b646e3828a946710206567/volumes/5b9af6e1-7015-47a5-b75c-6a3542c33a14 returned with HTTP 404
May 26 14:57:42.592735 dv-cinder-784140-4-iscsi devstack@c-api.service[110797]: [pid: 110797|app: 0|req: 31/54] 10.222.0.81 () {60 vars in 1579 bytes} [Wed May 26 14:57:42 2021] GET /volume/v3/b77ead9a04b646e3828a946710206567/volumes/5b9af6e1-7015-47a5-b75c-6a3542c33a14 => generated 109 bytes in 125 msecs (HTTP/1.1 404) 7 headers in 292 bytes (1 switches on core 0)
May 26 14:57:42.761769 dv-cinder-784140-4-iscsi devstack@c-api.service[110796]: INFO cinder.api.openstack.wsgi [None req-5c1061c6-3b90-4eef-9e64-70809f6e2251 tempest-GroupsV314Test-749196755 tempest-GroupsV314Test-749196755-project-admin] POST http://10.222.0.81/volume/v3/d4d0bb66c9e341c19ce1701e7de034b0/types
May 26 14:57:42.762476 dv-cinder-784140-4-iscsi devstack@c-api.service[110796]: DEBUG cinder.api.openstack.wsgi [None req-5c1061c6-3b90-4eef-9e64-70809f6e2251 tempest-GroupsV314Test-749196755 tempest-GroupsV314Test-749196755-project-admin] Action: 'create', calling method: _create, body: {"volume_type": {"name": "tempest-GroupsV314Test-volume-type-1603645368"}} {{(pid=110796) _process_stack /opt/stack/cinder/cinder/api/openstack/wsgi.py:864}}
May 26 14:57:42.942718 dv-cinder-784140-4-iscsi devstack@c-api.service[110796]: INFO cinder.api.openstack.wsgi [None req-5c1061c6-3b90-4eef-9e64-70809f6e2251 tempest-GroupsV314Test-749196755 tempest-GroupsV314Test-749196755-project-admin] http://10.222.0.81/volume/v3/d4d0bb66c9e341c19ce1701e7de034b0/types returned with HTTP 200
May 26 14:57:42.945719 dv-cinder-784140-4-iscsi devstack@c-api.service[110796]: [pid: 110796|app: 0|req: 24/55] 10.222.0.81 () {60 vars in 1229 bytes} [Wed May 26 14:57:42 2021] POST /volume/v3/d4d0bb66c9e341c19ce1701e7de034b0/types => generated 220 bytes in 522 msecs (HTTP/1.1 200) 7 headers in 285 bytes (1 switches on core 0)
May 26 14:57:42.954131 dv-cinder-784140-4-iscsi devstack@c-api.service[110797]: INFO cinder.api.openstack.wsgi [None req-bc29564d-8166-46f2-8c55-dcfdec1b7bd7 tempest-GroupsV314Test-749196755 tempest-GroupsV314Test-749196755-project-admin] POST http://10.222.0.81/volume/v3/d4d0bb66c9e341c19ce1701e7de034b0/group_types
