Aug 18 19:20:18.928067 dv-cinder-784092-14-iscsi devstack@n-api.service[108013]: INFO nova.api.openstack.requestlog [None req-2827771b-329c-45d5-8720-15b387a786d2 tempest-DeleteServersTestJSON-858688875 tempest-DeleteServersTestJSON-858688875-project] 10.222.0.25 "GET /compute/v2.1/servers/ea96cc0b-addc-4287-9221-8d854b6ff1c5" status: 200 len: 1214 microversion: 2.1 time: 0.177592
Aug 18 19:20:18.929226 dv-cinder-784092-14-iscsi devstack@n-api.service[108013]: [pid: 108013|app: 0|req: 6/11] 10.222.0.25 () {58 vars in 1236 bytes} [Wed Aug 18 19:20:18 2021] GET /compute/v2.1/servers/ea96cc0b-addc-4287-9221-8d854b6ff1c5 => generated 1214 bytes in 179 msecs (HTTP/1.1 200) 9 headers in 358 bytes (1 switches on core 0)
Aug 18 19:20:19.382347 dv-cinder-784092-14-iscsi devstack@n-api.service[108012]: DEBUG nova.api.openstack.wsgi [None req-aa246405-44ab-49bc-9a0e-47d26c650ded tempest-VolumesTestJSON-518509114 tempest-VolumesTestJSON-518509114-project] Calling method '.version_select at 0x7feb5deffa60>' {{(pid=108012) _process_stack /opt/stack/nova/nova/api/openstack/wsgi.py:513}}
Aug 18 19:20:19.508760 dv-cinder-784092-14-iscsi devstack@n-api.service[108012]: INFO nova.api.openstack.requestlog [None req-aa246405-44ab-49bc-9a0e-47d26c650ded tempest-VolumesTestJSON-518509114 tempest-VolumesTestJSON-518509114-project] 10.222.0.25 "GET /compute/v2.1/os-volumes/a58e9c09-4658-4a39-ba78-68a523e0ee16" status: 200 len: 351 microversion: 2.1 time: 0.132710
Aug 18 19:20:19.509322 dv-cinder-784092-14-iscsi devstack@n-api.service[108012]: [pid: 108012|app: 0|req: 6/12] 10.222.0.25 () {58 vars in 1245 bytes} [Wed Aug 18 19:20:19 2021] GET /compute/v2.1/os-volumes/a58e9c09-4658-4a39-ba78-68a523e0ee16 => generated 351 bytes in 134 msecs (HTTP/1.1 200) 9 headers in 357 bytes (1 switches on core 0)
Aug 18 19:20:19.945403 dv-cinder-784092-14-iscsi devstack@n-api.service[108013]: DEBUG nova.api.openstack.wsgi [None req-25e268fe-7169-42bf-a2fb-498e681b3e41 tempest-DeleteServersTestJSON-858688875 tempest-DeleteServersTestJSON-858688875-project] Calling method '>' {{(pid=108013) _process_stack /opt/stack/nova/nova/api/openstack/wsgi.py:513}}
Aug 18 19:20:19.946429 dv-cinder-784092-14-iscsi devstack@n-api.service[108013]: DEBUG nova.compute.api [None req-25e268fe-7169-42bf-a2fb-498e681b3e41 tempest-DeleteServersTestJSON-858688875 tempest-DeleteServersTestJSON-858688875-project] [instance: ea96cc0b-addc-4287-9221-8d854b6ff1c5] Fetching instance by UUID {{(pid=108013) get /opt/stack/nova/nova/compute/api.py:2791}}
Aug 18 19:20:20.190878 dv-cinder-784092-14-iscsi devstack@n-api.service[108013]: DEBUG nova.policy [None req-25e268fe-7169-42bf-a2fb-498e681b3e41 tempest-DeleteServersTestJSON-858688875 tempest-DeleteServersTestJSON-858688875-project] Policy check for os_compute_api:os-extended-server-attributes failed with credentials {'is_admin': False, 'user_id': '35667a007ce94eee9d5fa256e803c396', 'user_domain_id': 'default', 'system_scope': None, 'domain_id': None, 'project_id': 'f381dad60fc54431a76b5c1d77e20564', 'project_domain_id': 'default', 'roles': ['reader', 'member'], 'is_admin_project': True, 'service_user_id': None, 'service_user_domain_id': None, 'service_project_id': None, 'service_project_domain_id': None, 'service_roles': []} {{(pid=108013) authorize /opt/stack/nova/nova/policy.py:199}}
Aug 18 19:20:20.198539 dv-cinder-784092-14-iscsi devstack@n-api.service[108013]: INFO nova.api.openstack.requestlog [None req-25e268fe-7169-42bf-a2fb-498e681b3e41 tempest-DeleteServersTestJSON-858688875 tempest-DeleteServersTestJSON-858688875-project] 10.222.0.25 "GET /compute/v2.1/servers/ea96cc0b-addc-4287-9221-8d854b6ff1c5" status: 200 len: 1214 microversion: 2.1 time: 0.257037
Aug 18 19:20:20.199312 dv-cinder-784092-14-iscsi devstack@n-api.service[108013]: [pid: 108013|app: 0|req: 7/13] 10.222.0.25 () {58 vars in 1236 bytes} [Wed Aug 18 19:20:19 2021] GET /compute/v2.1/servers/ea96cc0b-addc-4287-9221-8d854b6ff1c5 => generated 1214 bytes in 258 msecs (HTTP/1.1 200) 9 headers in 358 bytes (1 switches on core 0)
Aug 18 19:20:20.346580 dv-cinder-784092-14-iscsi devstack@n-api.service[108012]: DEBUG nova.api.openstack.wsgi [None req-f04d7dff-ae92-46f4-8219-ca39352b6355 tempest-AttachVolumeNegativeTest-772012094 tempest-AttachVolumeNegativeTest-772012094-project] Action: 'create', calling method: >, body: {"server": {"name": "tempest-AttachVolumeNegativeTest-server-1059560182", "imageRef": "e79af2e4-59c7-41ce-bc79-ca80f01c59a0", "flavorRef": "452", "networks": [{"uuid": "b9596b8c-9cbd-42c9-9809-d6eff356fe98"}]}} {{(pid=108012) _process_stack /opt/stack/nova/nova/api/openstack/wsgi.py:511}}
Aug 18 19:20:20.462904 dv-cinder-784092-14-iscsi devstack@n-api.service[108012]: DEBUG nova.network.neutron [None req-f04d7dff-ae92-46f4-8219-ca39352b6355 tempest-AttachVolumeNegativeTest-772012094 tempest-AttachVolumeNegativeTest-772012094-project] validate_networks() for [('b9596b8c-9cbd-42c9-9809-d6eff356fe98', None, None, None)] {{(pid=108012) validate_networks /opt/stack/nova/nova/network/neutron.py:2255}}
Aug 18 19:20:21.217221 dv-cinder-784092-14-iscsi devstack@n-api.service[108013]: DEBUG nova.api.openstack.wsgi [None req-30b37a4a-8b2e-4a5d-a99f-0882c852fbf4 tempest-DeleteServersTestJSON-858688875 tempest-DeleteServersTestJSON-858688875-project] Calling method '>' {{(pid=108013) _process_stack /opt/stack/nova/nova/api/openstack/wsgi.py:513}}
Aug 18 19:20:21.217824 dv-cinder-784092-14-iscsi devstack@n-api.service[108013]: DEBUG nova.compute.api [None req-30b37a4a-8b2e-4a5d-a99f-0882c852fbf4 tempest-DeleteServersTestJSON-858688875 tempest-DeleteServersTestJSON-858688875-project] [instance: ea96cc0b-addc-4287-9221-8d854b6ff1c5] Fetching instance by UUID {{(pid=108013) get /opt/stack/nova/nova/compute/api.py:2791}}
Aug 18 19:20:21.231224 dv-cinder-784092-14-iscsi devstack@n-api.service[108013]: DEBUG oslo_concurrency.lockutils [None req-30b37a4a-8b2e-4a5d-a99f-0882c852fbf4 tempest-DeleteServersTestJSON-858688875 tempest-DeleteServersTestJSON-858688875-project] Lock "d9c5218c-f549-4a75-80f7-c332825922a3" acquired by "nova.context.set_target_cell..get_or_set_cached_cell_and_set_connections" :: waited 0.000s {{(pid=108013) inner /usr/local/lib/python3.8/dist-packages/oslo_concurrency/lockutils.py:355}}
Aug 18 19:20:21.240616 dv-cinder-784092-14-iscsi devstack@n-api.service[108013]: DEBUG oslo_concurrency.lockutils [None req-30b37a4a-8b2e-4a5d-a99f-0882c852fbf4 tempest-DeleteServersTestJSON-858688875 tempest-DeleteServersTestJSON-858688875-project] Lock "d9c5218c-f549-4a75-80f7-c332825922a3" released by "nova.context.set_target_cell..get_or_set_cached_cell_and_set_connections" :: held 0.001s {{(pid=108013) inner /usr/local/lib/python3.8/dist-packages/oslo_concurrency/lockutils.py:367}}
Aug 18 19:20:21.241553 dv-cinder-784092-14-iscsi devstack@n-api.service[108013]: DEBUG oslo_concurrency.lockutils [None req-30b37a4a-8b2e-4a5d-a99f-0882c852fbf4 tempest-DeleteServersTestJSON-858688875 tempest-DeleteServersTestJSON-858688875-project] Lock "d9c5218c-f549-4a75-80f7-c332825922a3" acquired by "nova.context.set_target_cell..get_or_set_cached_cell_and_set_connections" :: waited 0.000s {{(pid=108013) inner /usr/local/lib/python3.8/dist-packages/oslo_concurrency/lockutils.py:355}}
Aug 18 19:20:21.245881 dv-cinder-784092-14-iscsi devstack@n-api.service[108013]: DEBUG oslo_concurrency.lockutils [None req-30b37a4a-8b2e-4a5d-a99f-0882c852fbf4 tempest-DeleteServersTestJSON-858688875 tempest-DeleteServersTestJSON-858688875-project] Lock "d9c5218c-f549-4a75-80f7-c332825922a3" released by "nova.context.set_target_cell..get_or_set_cached_cell_and_set_connections" :: held 0.004s {{(pid=108013) inner /usr/local/lib/python3.8/dist-packages/oslo_concurrency/lockutils.py:367}}
Aug 18 19:20:21.514984 dv-cinder-784092-14-iscsi devstack@n-api.service[108012]: DEBUG nova.virt.hardware [None req-f04d7dff-ae92-46f4-8219-ca39352b6355 tempest-AttachVolumeNegativeTest-772012094 tempest-AttachVolumeNegativeTest-772012094-project] Flavor limits 0:0:0 {{(pid=108012) get_cpu_topology_constraints /opt/stack/nova/nova/virt/hardware.py:343}}
Aug 18 19:20:21.515542 dv-cinder-784092-14-iscsi devstack@n-api.service[108012]: DEBUG nova.virt.hardware [None req-f04d7dff-ae92-46f4-8219-ca39352b6355 tempest-AttachVolumeNegativeTest-772012094 tempest-AttachVolumeNegativeTest-772012094-project] Image limits 0:0:0 {{(pid=108012) get_cpu_topology_constraints /opt/stack/nova/nova/virt/hardware.py:347}}
Aug 18 19:20:21.516096 dv-cinder-784092-14-iscsi devstack@n-api.service[108012]: DEBUG nova.virt.hardware [None req-f04d7dff-ae92-46f4-8219-ca39352b6355 tempest-AttachVolumeNegativeTest-772012094 tempest-AttachVolumeNegativeTest-772012094-project] Flavor pref 0:0:0 {{(pid=108012) get_cpu_topology_constraints /opt/stack/nova/nova/virt/hardware.py:383}}
Aug 18 19:20:21.516585 dv-cinder-784092-14-iscsi devstack@n-api.service[108012]: DEBUG nova.virt.hardware [None req-f04d7dff-ae92-46f4-8219-ca39352b6355 tempest-AttachVolumeNegativeTest-772012094 tempest-AttachVolumeNegativeTest-772012094-project] Image pref 0:0:0 {{(pid=108012) get_cpu_topology_constraints /opt/stack/nova/nova/virt/hardware.py:387}}
Aug 18 19:20:21.517217 dv-cinder-784092-14-iscsi devstack@n-api.service[108012]: DEBUG nova.virt.hardware [None req-f04d7dff-ae92-46f4-8219-ca39352b6355 tempest-AttachVolumeNegativeTest-772012094 tempest-AttachVolumeNegativeTest-772012094-project] Chose sockets=0, cores=0, threads=0; limits were sockets=65536, cores=65536, threads=65536 {{(pid=108012) get_cpu_topology_constraints /opt/stack/nova/nova/virt/hardware.py:425}}
Aug 18 19:20:21.532114 dv-cinder-784092-14-iscsi devstack@n-api.service[108012]: DEBUG oslo_concurrency.lockutils [None req-f04d7dff-ae92-46f4-8219-ca39352b6355 tempest-AttachVolumeNegativeTest-772012094 tempest-AttachVolumeNegativeTest-772012094-project] Lock "00000000-0000-0000-0000-000000000000" acquired by "nova.context.set_target_cell..get_or_set_cached_cell_and_set_connections" :: waited 0.000s {{(pid=108012) inner /usr/local/lib/python3.8/dist-packages/oslo_concurrency/lockutils.py:355}}
Aug 18 19:20:21.536462 dv-cinder-784092-14-iscsi devstack@n-api.service[108012]: DEBUG oslo_concurrency.lockutils [None req-f04d7dff-ae92-46f4-8219-ca39352b6355 tempest-AttachVolumeNegativeTest-772012094 tempest-AttachVolumeNegativeTest-772012094-project] Lock "00000000-0000-0000-0000-000000000000" released by "nova.context.set_target_cell..get_or_set_cached_cell_and_set_connections" :: held 0.005s {{(pid=108012) inner /usr/local/lib/python3.8/dist-packages/oslo_concurrency/lockutils.py:367}}
Aug 18 19:20:21.538036 dv-cinder-784092-14-iscsi devstack@n-api.service[108012]: DEBUG oslo_concurrency.lockutils [None req-f04d7dff-ae92-46f4-8219-ca39352b6355 tempest-AttachVolumeNegativeTest-772012094 tempest-AttachVolumeNegativeTest-772012094-project] Lock "d9c5218c-f549-4a75-80f7-c332825922a3" acquired by "nova.context.set_target_cell..get_or_set_cached_cell_and_set_connections" :: waited 0.000s {{(pid=108012) inner /usr/local/lib/python3.8/dist-packages/oslo_concurrency/lockutils.py:355}}
Aug 18 19:20:21.538608 dv-cinder-784092-14-iscsi devstack@n-api.service[108012]: DEBUG oslo_concurrency.lockutils [None req-f04d7dff-ae92-46f4-8219-ca39352b6355 tempest-AttachVolumeNegativeTest-772012094 tempest-AttachVolumeNegativeTest-772012094-project] Lock "d9c5218c-f549-4a75-80f7-c332825922a3" released by "nova.context.set_target_cell..get_or_set_cached_cell_and_set_connections" :: held 0.001s {{(pid=108012) inner /usr/local/lib/python3.8/dist-packages/oslo_concurrency/lockutils.py:367}}
Aug 18 19:20:21.580226 dv-cinder-784092-14-iscsi devstack@n-api.service[108012]: DEBUG nova.quota [None req-f04d7dff-ae92-46f4-8219-ca39352b6355 tempest-AttachVolumeNegativeTest-772012094 tempest-AttachVolumeNegativeTest-772012094-project] Getting quotas for project 494203d6a445471bb6f57c89a8744c87. Resources: {'instances', 'cores', 'ram'} {{(pid=108012) _get_quotas /opt/stack/nova/nova/quota.py:387}}
Aug 18 19:20:21.594430 dv-cinder-784092-14-iscsi devstack@n-api.service[108012]: DEBUG nova.quota [None req-f04d7dff-ae92-46f4-8219-ca39352b6355 tempest-AttachVolumeNegativeTest-772012094 tempest-AttachVolumeNegativeTest-772012094-project] Getting quotas for user bd64e14242d049b994eda819c8be7b33 and project 494203d6a445471bb6f57c89a8744c87. Resources: {'instances', 'cores', 'ram'} {{(pid=108012) _get_quotas /opt/stack/nova/nova/quota.py:377}}
Aug 18 19:20:21.616020 dv-cinder-784092-14-iscsi devstack@n-api.service[108012]: DEBUG nova.compute.api [None req-f04d7dff-ae92-46f4-8219-ca39352b6355 tempest-AttachVolumeNegativeTest-772012094 tempest-AttachVolumeNegativeTest-772012094-project] Going to run 1 instances... {{(pid=108012) _provision_instances /opt/stack/nova/nova/compute/api.py:1280}}
Aug 18 19:20:21.616475 dv-cinder-784092-14-iscsi devstack@n-api.service[108013]: DEBUG nova.policy [None req-30b37a4a-8b2e-4a5d-a99f-0882c852fbf4 tempest-DeleteServersTestJSON-858688875 tempest-DeleteServersTestJSON-858688875-project] Policy check for os_compute_api:os-extended-server-attributes failed with credentials {'is_admin': False, 'user_id': '35667a007ce94eee9d5fa256e803c396', 'user_domain_id': 'default', 'system_scope': None, 'domain_id': None, 'project_id': 'f381dad60fc54431a76b5c1d77e20564', 'project_domain_id': 'default', 'roles': ['reader', 'member'], 'is_admin_project': True, 'service_user_id': None, 'service_user_domain_id': None, 'service_project_id': None, 'service_project_domain_id': None, 'service_roles': []} {{(pid=108013) authorize /opt/stack/nova/nova/policy.py:199}}
Aug 18 19:20:21.627372 dv-cinder-784092-14-iscsi devstack@n-api.service[108012]: DEBUG nova.compute.api [None req-f04d7dff-ae92-46f4-8219-ca39352b6355 tempest-AttachVolumeNegativeTest-772012094 tempest-AttachVolumeNegativeTest-772012094-project] [instance: 2e43ba4e-2964-4fd5-bed5-7a6475bfcbf5] block_device_mapping [BlockDeviceMapping(attachment_id=,boot_index=0,connection_info=None,created_at=,delete_on_termination=True,deleted=,deleted_at=,destination_type='local',device_name=None,device_type='disk',disk_bus=None,guest_format=None,id=,image_id='e79af2e4-59c7-41ce-bc79-ca80f01c59a0',instance=,instance_uuid=,no_device=False,snapshot_id=None,source_type='image',tag=None,updated_at=,uuid=,volume_id=None,volume_size=None,volume_type=None)] {{(pid=108012) _bdm_validate_set_size_and_instance /opt/stack/nova/nova/compute/api.py:1685}}
Aug 18 19:20:21.651103 dv-cinder-784092-14-iscsi devstack@n-api.service[108013]: INFO nova.api.openstack.requestlog [None req-30b37a4a-8b2e-4a5d-a99f-0882c852fbf4 tempest-DeleteServersTestJSON-858688875 tempest-DeleteServersTestJSON-858688875-project] 10.222.0.25 "GET /compute/v2.1/servers/ea96cc0b-addc-4287-9221-8d854b6ff1c5" status: 200 len: 1210 microversion: 2.1 time: 0.437047
Aug 18 19:20:21.653727 dv-cinder-784092-14-iscsi devstack@n-api.service[108013]: [pid: 108013|app: 0|req: 8/14] 10.222.0.25 () {58 vars in 1236 bytes} [Wed Aug 18 19:20:21 2021] GET /compute/v2.1/servers/ea96cc0b-addc-4287-9221-8d854b6ff1c5 => generated 1210 bytes in 442 msecs (HTTP/1.1 200) 9 headers in 358 bytes (1 switches on core 0)
Aug 18 19:20:21.665231 dv-cinder-784092-14-iscsi devstack@n-api.service[108013]: DEBUG nova.api.openstack.wsgi [None req-303796fa-7844-4699-a633-5988ee8a1edd tempest-VolumesTestJSON-518509114 tempest-VolumesTestJSON-518509114-project] Calling method '.version_select at 0x7feb5df4c1f0>' {{(pid=108013) _process_stack /opt/stack/nova/nova/api/openstack/wsgi.py:513}}
Aug 18 19:20:21.737889 dv-cinder-784092-14-iscsi devstack@n-api.service[108012]: INFO nova.api.openstack.requestlog [None req-f04d7dff-ae92-46f4-8219-ca39352b6355 tempest-AttachVolumeNegativeTest-772012094 tempest-AttachVolumeNegativeTest-772012094-project] 10.222.0.25 "POST /compute/v2.1/servers" status: 202 len: 380 microversion: 2.1 time: 1.696210
Aug 18 19:20:21.745203 dv-cinder-784092-14-iscsi devstack@n-api.service[108012]: [pid: 108012|app: 0|req: 7/15] 10.222.0.25 () {60 vars in 1147 bytes} [Wed Aug 18 19:20:20 2021] POST /compute/v2.1/servers => generated 380 bytes in 1704 msecs (HTTP/1.1 202) 10 headers in 451 bytes (1 switches on core 0)
Aug 18 19:20:21.750302 dv-cinder-784092-14-iscsi devstack@n-api.service[108012]: DEBUG nova.api.openstack.wsgi [None req-ad0d3ddd-ef72-4931-a313-b440741f09ea tempest-AttachVolumeNegativeTest-772012094 tempest-AttachVolumeNegativeTest-772012094-project] Calling method '>' {{(pid=108012) _process_stack /opt/stack/nova/nova/api/openstack/wsgi.py:513}}
Aug 18 19:20:21.750913 dv-cinder-784092-14-iscsi devstack@n-api.service[108012]: DEBUG nova.compute.api [None req-ad0d3ddd-ef72-4931-a313-b440741f09ea tempest-AttachVolumeNegativeTest-772012094 tempest-AttachVolumeNegativeTest-772012094-project] [instance: 2e43ba4e-2964-4fd5-bed5-7a6475bfcbf5] Fetching instance by UUID {{(pid=108012) get /opt/stack/nova/nova/compute/api.py:2791}}
Aug 18 19:20:21.809583 dv-cinder-784092-14-iscsi devstack@n-api.service[108013]: INFO nova.api.openstack.requestlog [None req-303796fa-7844-4699-a633-5988ee8a1edd tempest-VolumesTestJSON-518509114 tempest-VolumesTestJSON-518509114-project] 10.222.0.25 "GET /compute/v2.1/os-volumes/d9d8eaba-e5ed-4613-a679-76d43dfe033a" status: 200 len: 350 microversion: 2.1 time: 0.153848
Aug 18 19:20:21.817710 dv-cinder-784092-14-iscsi devstack@n-api.service[108013]: [pid: 108013|app: 0|req: 9/16] 10.222.0.25 () {58 vars in 1245 bytes} [Wed Aug 18 19:20:21 2021] GET /compute/v2.1/os-volumes/d9d8eaba-e5ed-4613-a679-76d43dfe033a => generated 350 bytes in 163 msecs (HTTP/1.1 200) 9 headers in 357 bytes (1 switches on core 0)
Aug 18 19:20:21.825663 dv-cinder-784092-14-iscsi devstack@n-api.service[108013]: DEBUG nova.api.openstack.wsgi [None req-2bf1afcb-a403-42cb-b82d-4f742f02cc44 tempest-VolumesTestJSON-518509114 tempest-VolumesTestJSON-518509114-project] Calling method '.version_select at 0x7feb5df635e0>' {{(pid=108013) _process_stack /opt/stack/nova/nova/api/openstack/wsgi.py:513}}
Aug 18 19:20:21.933611 dv-cinder-784092-14-iscsi devstack@n-api.service[108012]: DEBUG nova.policy [None req-ad0d3ddd-ef72-4931-a313-b440741f09ea tempest-AttachVolumeNegativeTest-772012094 tempest-AttachVolumeNegativeTest-772012094-project] Policy check for os_compute_api:os-extended-server-attributes failed with credentials {'is_admin': False, 'user_id': 'bd64e14242d049b994eda819c8be7b33', 'user_domain_id': 'default', 'system_scope': None, 'domain_id': None, 'project_id': '494203d6a445471bb6f57c89a8744c87', 'project_domain_id': 'default', 'roles': ['reader', 'member'], 'is_admin_project': True, 'service_user_id': None, 'service_user_domain_id': None, 'service_project_id': None, 'service_project_domain_id': None, 'service_roles': []} {{(pid=108012) authorize /opt/stack/nova/nova/policy.py:199}}
Aug 18 19:20:21.964931 dv-cinder-784092-14-iscsi devstack@n-api.service[108012]: INFO nova.api.openstack.requestlog [None req-ad0d3ddd-ef72-4931-a313-b440741f09ea tempest-AttachVolumeNegativeTest-772012094 tempest-AttachVolumeNegativeTest-772012094-project] 10.222.0.25 "GET /compute/v2.1/servers/2e43ba4e-2964-4fd5-bed5-7a6475bfcbf5" status: 200 len: 1218 microversion: 2.1 time: 0.218510
Aug 18 19:20:21.966234 dv-cinder-784092-14-iscsi devstack@n-api.service[108012]: [pid: 108012|app: 0|req: 8/17] 10.222.0.25 () {58 vars in 1236 bytes} [Wed Aug 18 19:20:21 2021] GET /compute/v2.1/servers/2e43ba4e-2964-4fd5-bed5-7a6475bfcbf5 => generated 1218 bytes in 220 msecs (HTTP/1.1 200) 9 headers in 358 bytes (1 switches on core 0)
Aug 18 19:20:22.074067 dv-cinder-784092-14-iscsi devstack@n-api.service[108013]: INFO nova.api.openstack.requestlog [None req-2bf1afcb-a403-42cb-b82d-4f742f02cc44 tempest-VolumesTestJSON-518509114 tempest-VolumesTestJSON-518509114-project] 10.222.0.25 "GET /compute/v2.1/os-volumes" status: 200 len: 1035 microversion: 2.1 time: 0.254918
Aug 18 19:20:22.074944 dv-cinder-784092-14-iscsi devstack@n-api.service[108013]: [pid: 108013|app: 0|req: 10/18] 10.222.0.25 () {58 vars in 1134 bytes} [Wed Aug 18 19:20:21 2021] GET /compute/v2.1/os-volumes => generated 1035 bytes in 257 msecs (HTTP/1.1 200) 9 headers in 358 bytes (2 switches on core 0)
Aug 18 19:20:22.087125 dv-cinder-784092-14-iscsi devstack@n-api.service[108012]: DEBUG nova.api.openstack.wsgi [None req-368e4c8b-21b2-4c8c-835e-1e80743db4d5 tempest-VolumesTestJSON-518509114 tempest-VolumesTestJSON-518509114-project] Calling method '.version_select at 0x7feb5df2a700>' {{(pid=108012) _process_stack /opt/stack/nova/nova/api/openstack/wsgi.py:513}}
Aug 18 19:20:22.326990 dv-cinder-784092-14-iscsi devstack@n-api.service[108012]: INFO nova.api.openstack.requestlog [None req-368e4c8b-21b2-4c8c-835e-1e80743db4d5 tempest-VolumesTestJSON-518509114 tempest-VolumesTestJSON-518509114-project] 10.222.0.25 "GET /compute/v2.1/os-volumes?limit=2" status: 200 len: 694 microversion: 2.1 time: 0.243689
Aug 18 19:20:22.330044 dv-cinder-784092-14-iscsi devstack@n-api.service[108012]: [pid: 108012|app: 0|req: 9/19] 10.222.0.25 () {58 vars in 1149 bytes} [Wed Aug 18 19:20:22 2021] GET /compute/v2.1/os-volumes?limit=2 => generated 694 bytes in 247 msecs (HTTP/1.1 200) 9 headers in 357 bytes (1 switches on core 0)
Aug 18 19:20:22.350976 dv-cinder-784092-14-iscsi devstack@n-api.service[108013]: DEBUG nova.api.openstack.wsgi [None req-442e0f6b-9f3c-4301-8368-f3ff0ea6f89c tempest-VolumesTestJSON-518509114 tempest-VolumesTestJSON-518509114-project] Calling method '.version_select at 0x7feb5df631f0>' {{(pid=108013) _process_stack /opt/stack/nova/nova/api/openstack/wsgi.py:513}}
Aug 18 19:20:22.477172 dv-cinder-784092-14-iscsi devstack@n-api.service[108013]: INFO nova.api.openstack.requestlog [None req-442e0f6b-9f3c-4301-8368-f3ff0ea6f89c tempest-VolumesTestJSON-518509114 tempest-VolumesTestJSON-518509114-project] 10.222.0.25 "GET /compute/v2.1/os-volumes" status: 200 len: 1035 microversion: 2.1 time: 0.131192
Aug 18 19:20:22.478435 dv-cinder-784092-14-iscsi devstack@n-api.service[108013]: [pid: 108013|app: 0|req: 11/20] 10.222.0.25 () {58 vars in 1134 bytes} [Wed Aug 18 19:20:22 2021] GET /compute/v2.1/os-volumes => generated 1035 bytes in 134 msecs (HTTP/1.1 200) 9 headers in 358 bytes (1 switches on core 0)
Aug 18 19:20:22.496750 dv-cinder-784092-14-iscsi devstack@n-api.service[108012]: DEBUG nova.api.openstack.wsgi [None req-af58d0f5-2367-4a0b-b057-23b9def92a7e tempest-VolumesTestJSON-518509114 tempest-VolumesTestJSON-518509114-project] Calling method '.version_select at 0x7feb5d6b6a60>' {{(pid=108012) _process_stack /opt/stack/nova/nova/api/openstack/wsgi.py:513}}
Aug 18 19:20:22.635919 dv-cinder-784092-14-iscsi devstack@n-api.service[108012]: INFO nova.api.openstack.requestlog [None req-af58d0f5-2367-4a0b-b057-23b9def92a7e tempest-VolumesTestJSON-518509114 tempest-VolumesTestJSON-518509114-project] 10.222.0.25 "GET /compute/v2.1/os-volumes?offset=1&limit=1" status: 200 len: 354 microversion: 2.1 time: 0.147682
Aug 18 19:20:22.651053 dv-cinder-784092-14-iscsi devstack@n-api.service[108013]: DEBUG nova.api.openstack.wsgi [None req-2b1c65d8-3137-4d93-b294-5955e6c2d7aa tempest-VolumesTestJSON-518509114 tempest-VolumesTestJSON-518509114-project] Calling method '.version_select at 0x7feb5df4c0d0>' {{(pid=108013) _process_stack /opt/stack/nova/nova/api/openstack/wsgi.py:513}}
Aug 18 19:20:22.653997 dv-cinder-784092-14-iscsi devstack@n-api.service[108012]: [pid: 108012|app: 0|req: 10/21] 10.222.0.25 () {58 vars in 1167 bytes} [Wed Aug 18 19:20:22 2021] GET /compute/v2.1/os-volumes?offset=1&limit=1 => generated 354 bytes in 168 msecs (HTTP/1.1 200) 9 headers in 357 bytes (1 switches on core 0)
Aug 18 19:20:22.670219 dv-cinder-784092-14-iscsi devstack@n-api.service[108012]: DEBUG nova.api.openstack.wsgi [None req-75972352-ed97-4f45-a887-d925b38b611f tempest-DeleteServersTestJSON-858688875 tempest-DeleteServersTestJSON-858688875-project] Calling method '>' {{(pid=108012) _process_stack /opt/stack/nova/nova/api/openstack/wsgi.py:513}}
Aug 18 19:20:22.670844 dv-cinder-784092-14-iscsi devstack@n-api.service[108012]: DEBUG nova.compute.api [None req-75972352-ed97-4f45-a887-d925b38b611f tempest-DeleteServersTestJSON-858688875 tempest-DeleteServersTestJSON-858688875-project] [instance: ea96cc0b-addc-4287-9221-8d854b6ff1c5] Fetching instance by UUID {{(pid=108012) get /opt/stack/nova/nova/compute/api.py:2791}}
Aug 18 19:20:22.749007 dv-cinder-784092-14-iscsi devstack@n-api.service[108012]: DEBUG oslo_concurrency.lockutils [None req-75972352-ed97-4f45-a887-d925b38b611f tempest-DeleteServersTestJSON-858688875 tempest-DeleteServersTestJSON-858688875-project] Lock "d9c5218c-f549-4a75-80f7-c332825922a3" acquired by "nova.context.set_target_cell..get_or_set_cached_cell_and_set_connections" :: waited 0.000s {{(pid=108012) inner /usr/local/lib/python3.8/dist-packages/oslo_concurrency/lockutils.py:355}}
Aug 18 19:20:22.749523 dv-cinder-784092-14-iscsi devstack@n-api.service[108012]: DEBUG oslo_concurrency.lockutils [None req-75972352-ed97-4f45-a887-d925b38b611f tempest-DeleteServersTestJSON-858688875 tempest-DeleteServersTestJSON-858688875-project] Lock "d9c5218c-f549-4a75-80f7-c332825922a3" released by "nova.context.set_target_cell..get_or_set_cached_cell_and_set_connections" :: held 0.001s {{(pid=108012) inner /usr/local/lib/python3.8/dist-packages/oslo_concurrency/lockutils.py:367}}
Aug 18 19:20:22.750310 dv-cinder-784092-14-iscsi devstack@n-api.service[108012]: DEBUG oslo_concurrency.lockutils [None req-75972352-ed97-4f45-a887-d925b38b611f tempest-DeleteServersTestJSON-858688875 tempest-DeleteServersTestJSON-858688875-project] Lock "d9c5218c-f549-4a75-80f7-c332825922a3" acquired by "nova.context.set_target_cell..get_or_set_cached_cell_and_set_connections" :: waited 0.000s {{(pid=108012) inner /usr/local/lib/python3.8/dist-packages/oslo_concurrency/lockutils.py:355}}
Aug 18 19:20:22.768292 dv-cinder-784092-14-iscsi devstack@n-api.service[108012]: DEBUG oslo_concurrency.lockutils [None req-75972352-ed97-4f45-a887-d925b38b611f tempest-DeleteServersTestJSON-858688875 tempest-DeleteServersTestJSON-858688875-project] Lock "d9c5218c-f549-4a75-80f7-c332825922a3" released by "nova.context.set_target_cell..get_or_set_cached_cell_and_set_connections" :: held 0.000s {{(pid=108012) inner /usr/local/lib/python3.8/dist-packages/oslo_concurrency/lockutils.py:367}}
Aug 18 19:20:22.869401 dv-cinder-784092-14-iscsi devstack@n-api.service[108013]: INFO nova.api.openstack.requestlog [None req-2b1c65d8-3137-4d93-b294-5955e6c2d7aa tempest-VolumesTestJSON-518509114 tempest-VolumesTestJSON-518509114-project] 10.222.0.25 "GET /compute/v2.1/os-volumes/detail?limit=2" status: 200 len: 694 microversion: 2.1 time: 0.221864
Aug 18 19:20:22.883888 dv-cinder-784092-14-iscsi devstack@n-api.service[108013]: [pid: 108013|app: 0|req: 12/22] 10.222.0.25 () {58 vars in 1170 bytes} [Wed Aug 18 19:20:22 2021] GET /compute/v2.1/os-volumes/detail?limit=2 => generated 694 bytes in 237 msecs (HTTP/1.1 200) 9 headers in 357 bytes (1 switches on core 0)
Aug 18 19:20:22.925962 dv-cinder-784092-14-iscsi devstack@n-api.service[108013]: DEBUG nova.api.openstack.wsgi [None req-3431a02b-fcc2-453b-9978-0d952ff239d2 tempest-VolumesTestJSON-518509114 tempest-VolumesTestJSON-518509114-project] Calling method '.version_select at 0x7feb5df3ec10>' {{(pid=108013) _process_stack /opt/stack/nova/nova/api/openstack/wsgi.py:513}}
Aug 18 19:20:23.219172 dv-cinder-784092-14-iscsi devstack@n-api.service[108013]: INFO nova.api.openstack.requestlog [None req-3431a02b-fcc2-453b-9978-0d952ff239d2 tempest-VolumesTestJSON-518509114 tempest-VolumesTestJSON-518509114-project] 10.222.0.25 "GET /compute/v2.1/os-volumes/detail" status: 200 len: 1035 microversion: 2.1 time: 0.332952
Aug 18 19:20:23.232136 dv-cinder-784092-14-iscsi devstack@n-api.service[108013]: [pid: 108013|app: 0|req: 13/23] 10.222.0.25 () {58 vars in 1155 bytes} [Wed Aug 18 19:20:22 2021] GET /compute/v2.1/os-volumes/detail => generated 1035 bytes in 347 msecs (HTTP/1.1 200) 9 headers in 358 bytes (1 switches on core 0)
Aug 18 19:20:23.256747 dv-cinder-784092-14-iscsi devstack@n-api.service[108013]: DEBUG nova.api.openstack.wsgi [None req-188259cd-ec68-4340-87e0-c25f69e7ec70 tempest-AttachVolumeNegativeTest-772012094 tempest-AttachVolumeNegativeTest-772012094-project] Calling method '>' {{(pid=108013) _process_stack /opt/stack/nova/nova/api/openstack/wsgi.py:513}}
Aug 18 19:20:23.258461 dv-cinder-784092-14-iscsi devstack@n-api.service[108013]: DEBUG nova.compute.api [None req-188259cd-ec68-4340-87e0-c25f69e7ec70 tempest-AttachVolumeNegativeTest-772012094 tempest-AttachVolumeNegativeTest-772012094-project] [instance: 2e43ba4e-2964-4fd5-bed5-7a6475bfcbf5] Fetching instance by UUID {{(pid=108013) get /opt/stack/nova/nova/compute/api.py:2791}}
Aug 18 19:20:23.608809 dv-cinder-784092-14-iscsi devstack@n-api.service[108012]: DEBUG nova.policy [None req-75972352-ed97-4f45-a887-d925b38b611f tempest-DeleteServersTestJSON-858688875 tempest-DeleteServersTestJSON-858688875-project] Policy check for os_compute_api:os-extended-server-attributes failed with credentials {'is_admin': False, 'user_id': '35667a007ce94eee9d5fa256e803c396', 'user_domain_id': 'default', 'system_scope': None, 'domain_id': None, 'project_id': 'f381dad60fc54431a76b5c1d77e20564', 'project_domain_id': 'default', 'roles': ['reader', 'member'], 'is_admin_project': True, 'service_user_id': None, 'service_user_domain_id': None, 'service_project_id': None, 'service_project_domain_id': None, 'service_roles': []} {{(pid=108012) authorize /opt/stack/nova/nova/policy.py:199}}
Aug 18 19:20:23.630269 dv-cinder-784092-14-iscsi devstack@n-api.service[108012]: INFO nova.api.openstack.requestlog [None req-75972352-ed97-4f45-a887-d925b38b611f tempest-DeleteServersTestJSON-858688875 tempest-DeleteServersTestJSON-858688875-project] 10.222.0.25 "GET /compute/v2.1/servers/ea96cc0b-addc-4287-9221-8d854b6ff1c5" status: 200 len: 1272 microversion: 2.1 time: 0.964674
Aug 18 19:20:23.631482 dv-cinder-784092-14-iscsi devstack@n-api.service[108012]: [pid: 108012|app: 0|req: 11/24] 10.222.0.25 () {58 vars in 1236 bytes} [Wed Aug 18 19:20:22 2021] GET /compute/v2.1/servers/ea96cc0b-addc-4287-9221-8d854b6ff1c5 => generated 1272 bytes in 966 msecs (HTTP/1.1 200) 9 headers in 358 bytes (2 switches on core 0)
Aug 18 19:20:23.636311 dv-cinder-784092-14-iscsi devstack@n-api.service[108012]: DEBUG nova.api.openstack.wsgi [None req-1159cbfd-574b-4d6d-b9ab-0941186bc12d tempest-VolumesTestJSON-518509114 tempest-VolumesTestJSON-518509114-project] Calling method '.version_select at 0x7feb5d6b6430>' {{(pid=108012) _process_stack /opt/stack/nova/nova/api/openstack/wsgi.py:513}}
Aug 18 19:20:23.858975 dv-cinder-784092-14-iscsi devstack@n-api.service[108012]: INFO nova.api.openstack.requestlog [None req-1159cbfd-574b-4d6d-b9ab-0941186bc12d tempest-VolumesTestJSON-518509114 tempest-VolumesTestJSON-518509114-project] 10.222.0.25 "GET /compute/v2.1/os-volumes/detail?offset=1&limit=1" status: 200 len: 354 microversion: 2.1 time: 0.225993
Aug 18 19:20:23.859658 dv-cinder-784092-14-iscsi devstack@n-api.service[108012]: [pid: 108012|app: 0|req: 12/25] 10.222.0.25 () {58 vars in 1188 bytes} [Wed Aug 18 19:20:23 2021] GET /compute/v2.1/os-volumes/detail?offset=1&limit=1 => generated 354 bytes in 227 msecs (HTTP/1.1 200) 9 headers in 357 bytes (1 switches on core 0)
Aug 18 19:20:23.872511 dv-cinder-784092-14-iscsi devstack@n-api.service[108012]: DEBUG nova.api.openstack.wsgi [None req-2d4d0dd9-91ce-4023-8058-17feead386d8 tempest-VolumesTestJSON-518509114 tempest-VolumesTestJSON-518509114-project] Calling method '.version_select at 0x7feb5d6555e0>' {{(pid=108012) _process_stack /opt/stack/nova/nova/api/openstack/wsgi.py:513}}
Aug 18 19:20:24.002030 dv-cinder-784092-14-iscsi devstack@n-api.service[108012]: INFO nova.api.openstack.requestlog [None req-2d4d0dd9-91ce-4023-8058-17feead386d8 tempest-VolumesTestJSON-518509114 tempest-VolumesTestJSON-518509114-project] 10.222.0.25 "GET /compute/v2.1/os-volumes/detail" status: 200 len: 1035 microversion: 2.1 time: 0.133473
Aug 18 19:20:24.002601 dv-cinder-784092-14-iscsi devstack@n-api.service[108012]: [pid: 108012|app: 0|req: 13/26] 10.222.0.25 () {58 vars in 1155 bytes} [Wed Aug 18 19:20:23 2021] GET /compute/v2.1/os-volumes/detail => generated 1035 bytes in 135 msecs (HTTP/1.1 200) 9 headers in 358 bytes (2 switches on core 0)
Aug 18 19:20:24.039356 dv-cinder-784092-14-iscsi devstack@n-api.service[108013]: DEBUG nova.policy [None req-188259cd-ec68-4340-87e0-c25f69e7ec70 tempest-AttachVolumeNegativeTest-772012094 tempest-AttachVolumeNegativeTest-772012094-project] Policy check for os_compute_api:os-extended-server-attributes failed with credentials {'is_admin': False, 'user_id': 'bd64e14242d049b994eda819c8be7b33', 'user_domain_id': 'default', 'system_scope': None, 'domain_id': None, 'project_id': '494203d6a445471bb6f57c89a8744c87', 'project_domain_id': 'default', 'roles': ['reader', 'member'], 'is_admin_project': True, 'service_user_id': None, 'service_user_domain_id': None, 'service_project_id': None, 'service_project_domain_id': None, 'service_roles': []} {{(pid=108013) authorize /opt/stack/nova/nova/policy.py:199}}
Aug 18 19:20:24.047755 dv-cinder-784092-14-iscsi devstack@n-api.service[108013]: INFO nova.api.openstack.requestlog [None req-188259cd-ec68-4340-87e0-c25f69e7ec70 tempest-AttachVolumeNegativeTest-772012094 tempest-AttachVolumeNegativeTest-772012094-project] 10.222.0.25 "GET /compute/v2.1/servers/2e43ba4e-2964-4fd5-bed5-7a6475bfcbf5" status: 200 len: 1218 microversion: 2.1 time: 0.813749
Aug 18 19:20:24.051392 dv-cinder-784092-14-iscsi devstack@n-api.service[108013]: [pid: 108013|app: 0|req: 14/27] 10.222.0.25 () {58 vars in 1236 bytes} [Wed Aug 18 19:20:23 2021] GET /compute/v2.1/servers/2e43ba4e-2964-4fd5-bed5-7a6475bfcbf5 => generated 1218 bytes in 818 msecs (HTTP/1.1 200) 9 headers in 358 bytes (1 switches on core 0)
Aug 18 19:20:24.655800 dv-cinder-784092-14-iscsi devstack@n-api.service[108012]: DEBUG nova.api.openstack.wsgi [None req-9f005013-3a04-4c7d-a6fc-8c41df916e20 tempest-DeleteServersTestJSON-858688875 tempest-DeleteServersTestJSON-858688875-project] Calling method '>' {{(pid=108012) _process_stack /opt/stack/nova/nova/api/openstack/wsgi.py:513}}
Aug 18 19:20:24.656640 dv-cinder-784092-14-iscsi devstack@n-api.service[108012]: DEBUG nova.compute.api [None req-9f005013-3a04-4c7d-a6fc-8c41df916e20 tempest-DeleteServersTestJSON-858688875 tempest-DeleteServersTestJSON-858688875-project] [instance: ea96cc0b-addc-4287-9221-8d854b6ff1c5] Fetching instance by UUID {{(pid=108012) get /opt/stack/nova/nova/compute/api.py:2791}}
Aug 18 19:20:24.691339 dv-cinder-784092-14-iscsi devstack@n-api.service[108012]: DEBUG oslo_concurrency.lockutils [None req-9f005013-3a04-4c7d-a6fc-8c41df916e20 tempest-DeleteServersTestJSON-858688875 tempest-DeleteServersTestJSON-858688875-project] Lock "d9c5218c-f549-4a75-80f7-c332825922a3" acquired by "nova.context.set_target_cell..get_or_set_cached_cell_and_set_connections" :: waited 0.000s {{(pid=108012) inner /usr/local/lib/python3.8/dist-packages/oslo_concurrency/lockutils.py:355}}
Aug 18 19:20:24.704680 dv-cinder-784092-14-iscsi devstack@n-api.service[108012]: DEBUG oslo_concurrency.lockutils [None req-9f005013-3a04-4c7d-a6fc-8c41df916e20 tempest-DeleteServersTestJSON-858688875 tempest-DeleteServersTestJSON-858688875-project] Lock "d9c5218c-f549-4a75-80f7-c332825922a3" released by "nova.context.set_target_cell..get_or_set_cached_cell_and_set_connections" :: held 0.030s {{(pid=108012) inner /usr/local/lib/python3.8/dist-packages/oslo_concurrency/lockutils.py:367}}
Aug 18 19:20:24.708799 dv-cinder-784092-14-iscsi devstack@n-api.service[108012]: DEBUG oslo_concurrency.lockutils [None req-9f005013-3a04-4c7d-a6fc-8c41df916e20 tempest-DeleteServersTestJSON-858688875 tempest-DeleteServersTestJSON-858688875-project] Lock "d9c5218c-f549-4a75-80f7-c332825922a3" acquired by "nova.context.set_target_cell..get_or_set_cached_cell_and_set_connections" :: waited 0.000s {{(pid=108012) inner /usr/local/lib/python3.8/dist-packages/oslo_concurrency/lockutils.py:355}}
Aug 18 19:20:24.724753 dv-cinder-784092-14-iscsi devstack@n-api.service[108012]: DEBUG oslo_concurrency.lockutils [None req-9f005013-3a04-4c7d-a6fc-8c41df916e20 tempest-DeleteServersTestJSON-858688875 tempest-DeleteServersTestJSON-858688875-project] Lock "d9c5218c-f549-4a75-80f7-c332825922a3" released by "nova.context.set_target_cell..get_or_set_cached_cell_and_set_connections" :: held 0.004s {{(pid=108012) inner /usr/local/lib/python3.8/dist-packages/oslo_concurrency/lockutils.py:367}}
Aug 18 19:20:25.086184 dv-cinder-784092-14-iscsi devstack@n-api.service[108013]: DEBUG nova.api.openstack.wsgi [None req-33782a8b-9d6d-49c1-b071-47da3f4da339 tempest-AttachVolumeNegativeTest-772012094 tempest-AttachVolumeNegativeTest-772012094-project] Calling method '>' {{(pid=108013) _process_stack /opt/stack/nova/nova/api/openstack/wsgi.py:513}}
Aug 18 19:20:25.086917 dv-cinder-784092-14-iscsi devstack@n-api.service[108013]: DEBUG nova.compute.api [None req-33782a8b-9d6d-49c1-b071-47da3f4da339 tempest-AttachVolumeNegativeTest-772012094 tempest-AttachVolumeNegativeTest-772012094-project] [instance: 2e43ba4e-2964-4fd5-bed5-7a6475bfcbf5] Fetching instance by UUID {{(pid=108013) get /opt/stack/nova/nova/compute/api.py:2791}}
Aug 18 19:20:25.107930 dv-cinder-784092-14-iscsi devstack@n-api.service[108013]: DEBUG oslo_concurrency.lockutils [None req-33782a8b-9d6d-49c1-b071-47da3f4da339 tempest-AttachVolumeNegativeTest-772012094 tempest-AttachVolumeNegativeTest-772012094-project] Lock "d9c5218c-f549-4a75-80f7-c332825922a3" acquired by "nova.context.set_target_cell..get_or_set_cached_cell_and_set_connections" :: waited 0.000s {{(pid=108013) inner /usr/local/lib/python3.8/dist-packages/oslo_concurrency/lockutils.py:355}}
Aug 18 19:20:25.108683 dv-cinder-784092-14-iscsi devstack@n-api.service[108013]: DEBUG oslo_concurrency.lockutils [None req-33782a8b-9d6d-49c1-b071-47da3f4da339 tempest-AttachVolumeNegativeTest-772012094 tempest-AttachVolumeNegativeTest-772012094-project] Lock "d9c5218c-f549-4a75-80f7-c332825922a3" released by "nova.context.set_target_cell..get_or_set_cached_cell_and_set_connections" :: held 0.001s {{(pid=108013) inner /usr/local/lib/python3.8/dist-packages/oslo_concurrency/lockutils.py:367}}
Aug 18 19:20:25.109680 dv-cinder-784092-14-iscsi devstack@n-api.service[108013]: DEBUG oslo_concurrency.lockutils [None req-33782a8b-9d6d-49c1-b071-47da3f4da339 tempest-AttachVolumeNegativeTest-772012094 tempest-AttachVolumeNegativeTest-772012094-project] Lock "d9c5218c-f549-4a75-80f7-c332825922a3" acquired by "nova.context.set_target_cell..get_or_set_cached_cell_and_set_connections" :: waited 0.000s {{(pid=108013) inner /usr/local/lib/python3.8/dist-packages/oslo_concurrency/lockutils.py:355}}
Aug 18 19:20:25.113474 dv-cinder-784092-14-iscsi devstack@n-api.service[108013]: DEBUG oslo_concurrency.lockutils [None req-33782a8b-9d6d-49c1-b071-47da3f4da339 tempest-AttachVolumeNegativeTest-772012094 tempest-AttachVolumeNegativeTest-772012094-project] Lock "d9c5218c-f549-4a75-80f7-c332825922a3" released by "nova.context.set_target_cell..get_or_set_cached_cell_and_set_connections" :: held 0.003s {{(pid=108013) inner /usr/local/lib/python3.8/dist-packages/oslo_concurrency/lockutils.py:367}}
Aug 18 19:20:25.235348 dv-cinder-784092-14-iscsi devstack@n-api.service[108012]: DEBUG nova.policy [None req-9f005013-3a04-4c7d-a6fc-8c41df916e20 tempest-DeleteServersTestJSON-858688875 tempest-DeleteServersTestJSON-858688875-project] Policy check for os_compute_api:os-extended-server-attributes failed with credentials {'is_admin': False, 'user_id': '35667a007ce94eee9d5fa256e803c396', 'user_domain_id': 'default', 'system_scope': None, 'domain_id': None, 'project_id': 'f381dad60fc54431a76b5c1d77e20564', 'project_domain_id': 'default', 'roles': ['reader', 'member'], 'is_admin_project': True, 'service_user_id': None, 'service_user_domain_id': None, 'service_project_id': None, 'service_project_domain_id': None, 'service_roles': []} {{(pid=108012) authorize /opt/stack/nova/nova/policy.py:199}}
Aug 18 19:20:25.252323 dv-cinder-784092-14-iscsi devstack@n-api.service[108012]: INFO nova.api.openstack.requestlog [None req-9f005013-3a04-4c7d-a6fc-8c41df916e20 tempest-DeleteServersTestJSON-858688875 tempest-DeleteServersTestJSON-858688875-project] 10.222.0.25 "GET /compute/v2.1/servers/ea96cc0b-addc-4287-9221-8d854b6ff1c5" status: 200 len: 1272 microversion: 2.1 time: 0.600791
Aug 18 19:20:25.255117 dv-cinder-784092-14-iscsi devstack@n-api.service[108012]: [pid: 108012|app: 0|req: 14/28] 10.222.0.25 () {58 vars in 1236 bytes} [Wed Aug 18 19:20:24 2021] GET /compute/v2.1/servers/ea96cc0b-addc-4287-9221-8d854b6ff1c5 => generated 1272 bytes in 605 msecs (HTTP/1.1 200) 9 headers in 358 bytes (1 switches on core 0)
Aug 18 19:20:25.326242 dv-cinder-784092-14-iscsi devstack@n-api.service[108013]: DEBUG nova.policy [None req-33782a8b-9d6d-49c1-b071-47da3f4da339 tempest-AttachVolumeNegativeTest-772012094 tempest-AttachVolumeNegativeTest-772012094-project] Policy check for os_compute_api:os-extended-server-attributes failed with credentials {'is_admin': False, 'user_id': 'bd64e14242d049b994eda819c8be7b33', 'user_domain_id': 'default', 'system_scope': None, 'domain_id': None, 'project_id': '494203d6a445471bb6f57c89a8744c87', 'project_domain_id': 'default', 'roles': ['reader', 'member'], 'is_admin_project': True, 'service_user_id': None, 'service_user_domain_id': None, 'service_project_id': None, 'service_project_domain_id': None, 'service_roles': []} {{(pid=108013) authorize /opt/stack/nova/nova/policy.py:199}}
Aug 18 19:20:25.334523 dv-cinder-784092-14-iscsi devstack@n-api.service[108013]: INFO nova.api.openstack.requestlog [None req-33782a8b-9d6d-49c1-b071-47da3f4da339 tempest-AttachVolumeNegativeTest-772012094 tempest-AttachVolumeNegativeTest-772012094-project] 10.222.0.25 "GET /compute/v2.1/servers/2e43ba4e-2964-4fd5-bed5-7a6475bfcbf5" status: 200 len: 1288 microversion: 2.1 time: 0.265331
Aug 18 19:20:25.339133 dv-cinder-784092-14-iscsi devstack@n-api.service[108013]: [pid: 108013|app: 0|req: 15/29] 10.222.0.25 () {58 vars in 1236 bytes} [Wed Aug 18 19:20:25 2021] GET /compute/v2.1/servers/2e43ba4e-2964-4fd5-bed5-7a6475bfcbf5 => generated 1288 bytes in 271 msecs (HTTP/1.1 200) 9 headers in 358 bytes (1 switches on core 0)
Aug 18 19:20:26.274630 dv-cinder-784092-14-iscsi devstack@n-api.service[108012]: DEBUG nova.api.openstack.wsgi [None req-92378a88-cb1e-44d1-b311-9851fe2ac9a1 tempest-DeleteServersTestJSON-858688875 tempest-DeleteServersTestJSON-858688875-project] Calling method '>' {{(pid=108012) _process_stack /opt/stack/nova/nova/api/openstack/wsgi.py:513}}
Aug 18 19:20:26.274630 dv-cinder-784092-14-iscsi devstack@n-api.service[108012]: DEBUG nova.compute.api [None req-92378a88-cb1e-44d1-b311-9851fe2ac9a1 tempest-DeleteServersTestJSON-858688875 tempest-DeleteServersTestJSON-858688875-project] [instance: ea96cc0b-addc-4287-9221-8d854b6ff1c5] Fetching instance by UUID {{(pid=108012) get /opt/stack/nova/nova/compute/api.py:2791}}
Aug 18 19:20:26.289502 dv-cinder-784092-14-iscsi devstack@n-api.service[108012]: DEBUG oslo_concurrency.lockutils [None req-92378a88-cb1e-44d1-b311-9851fe2ac9a1 tempest-DeleteServersTestJSON-858688875 tempest-DeleteServersTestJSON-858688875-project] Lock "d9c5218c-f549-4a75-80f7-c332825922a3" acquired by "nova.context.set_target_cell..get_or_set_cached_cell_and_set_connections" :: waited 0.000s {{(pid=108012) inner /usr/local/lib/python3.8/dist-packages/oslo_concurrency/lockutils.py:355}}
Aug 18 19:20:26.289944 dv-cinder-784092-14-iscsi devstack@n-api.service[108012]: DEBUG oslo_concurrency.lockutils [None req-92378a88-cb1e-44d1-b311-9851fe2ac9a1 tempest-DeleteServersTestJSON-858688875 tempest-DeleteServersTestJSON-858688875-project] Lock "d9c5218c-f549-4a75-80f7-c332825922a3" released by "nova.context.set_target_cell..get_or_set_cached_cell_and_set_connections" :: held 0.001s {{(pid=108012) inner /usr/local/lib/python3.8/dist-packages/oslo_concurrency/lockutils.py:367}}
Aug 18 19:20:26.301202 dv-cinder-784092-14-iscsi devstack@n-api.service[108012]: DEBUG oslo_concurrency.lockutils [None req-92378a88-cb1e-44d1-b311-9851fe2ac9a1 tempest-DeleteServersTestJSON-858688875 tempest-DeleteServersTestJSON-858688875-project] Lock "d9c5218c-f549-4a75-80f7-c332825922a3" acquired by "nova.context.set_target_cell..get_or_set_cached_cell_and_set_connections" :: waited 0.000s {{(pid=108012) inner /usr/local/lib/python3.8/dist-packages/oslo_concurrency/lockutils.py:355}}
Aug 18 19:20:26.301963 dv-cinder-784092-14-iscsi devstack@n-api.service[108012]: DEBUG oslo_concurrency.lockutils [None req-92378a88-cb1e-44d1-b311-9851fe2ac9a1 tempest-DeleteServersTestJSON-858688875 tempest-DeleteServersTestJSON-858688875-project] Lock "d9c5218c-f549-4a75-80f7-c332825922a3" released by "nova.context.set_target_cell..get_or_set_cached_cell_and_set_connections" :: held 0.005s {{(pid=108012) inner /usr/local/lib/python3.8/dist-packages/oslo_concurrency/lockutils.py:367}}
Aug 18 19:20:26.358494 dv-cinder-784092-14-iscsi devstack@n-api.service[108013]: DEBUG nova.api.openstack.wsgi [None req-057ee6ee-a1bd-491a-8d58-eb6c7ee8028e tempest-AttachVolumeNegativeTest-772012094 tempest-AttachVolumeNegativeTest-772012094-project] Calling method '>' {{(pid=108013) _process_stack /opt/stack/nova/nova/api/openstack/wsgi.py:513}}
Aug 18 19:20:26.359095 dv-cinder-784092-14-iscsi devstack@n-api.service[108013]: DEBUG nova.compute.api [None req-057ee6ee-a1bd-491a-8d58-eb6c7ee8028e tempest-AttachVolumeNegativeTest-772012094 tempest-AttachVolumeNegativeTest-772012094-project] [instance: 2e43ba4e-2964-4fd5-bed5-7a6475bfcbf5] Fetching instance by UUID {{(pid=108013) get /opt/stack/nova/nova/compute/api.py:2791}}
Aug 18 19:20:26.372828 dv-cinder-784092-14-iscsi devstack@n-api.service[108013]: DEBUG oslo_concurrency.lockutils [None req-057ee6ee-a1bd-491a-8d58-eb6c7ee8028e tempest-AttachVolumeNegativeTest-772012094 tempest-AttachVolumeNegativeTest-772012094-project] Lock "d9c5218c-f549-4a75-80f7-c332825922a3" acquired by "nova.context.set_target_cell..get_or_set_cached_cell_and_set_connections" :: waited 0.000s {{(pid=108013) inner /usr/local/lib/python3.8/dist-packages/oslo_concurrency/lockutils.py:355}}
Aug 18 19:20:26.376897 dv-cinder-784092-14-iscsi devstack@n-api.service[108013]: DEBUG oslo_concurrency.lockutils [None req-057ee6ee-a1bd-491a-8d58-eb6c7ee8028e tempest-AttachVolumeNegativeTest-772012094 tempest-AttachVolumeNegativeTest-772012094-project] Lock "d9c5218c-f549-4a75-80f7-c332825922a3" released by "nova.context.set_target_cell..get_or_set_cached_cell_and_set_connections" :: held 0.004s {{(pid=108013) inner /usr/local/lib/python3.8/dist-packages/oslo_concurrency/lockutils.py:367}}
Aug 18 19:20:26.378772 dv-cinder-784092-14-iscsi devstack@n-api.service[108013]: DEBUG oslo_concurrency.lockutils [None req-057ee6ee-a1bd-491a-8d58-eb6c7ee8028e tempest-AttachVolumeNegativeTest-772012094 tempest-AttachVolumeNegativeTest-772012094-project] Lock "d9c5218c-f549-4a75-80f7-c332825922a3" acquired by "nova.context.set_target_cell..get_or_set_cached_cell_and_set_connections" :: waited 0.000s {{(pid=108013) inner /usr/local/lib/python3.8/dist-packages/oslo_concurrency/lockutils.py:355}}
Aug 18 19:20:26.380878 dv-cinder-784092-14-iscsi devstack@n-api.service[108013]: DEBUG oslo_concurrency.lockutils [None req-057ee6ee-a1bd-491a-8d58-eb6c7ee8028e tempest-AttachVolumeNegativeTest-772012094 tempest-AttachVolumeNegativeTest-772012094-project] Lock "d9c5218c-f549-4a75-80f7-c332825922a3" released by "nova.context.set_target_cell..get_or_set_cached_cell_and_set_connections" :: held 0.002s {{(pid=108013) inner /usr/local/lib/python3.8/dist-packages/oslo_concurrency/lockutils.py:367}}
Aug 18 19:20:26.717706 dv-cinder-784092-14-iscsi devstack@n-api.service[108013]: DEBUG nova.policy [None req-057ee6ee-a1bd-491a-8d58-eb6c7ee8028e tempest-AttachVolumeNegativeTest-772012094 tempest-AttachVolumeNegativeTest-772012094-project] Policy check for os_compute_api:os-extended-server-attributes failed with credentials {'is_admin': False, 'user_id': 'bd64e14242d049b994eda819c8be7b33', 'user_domain_id': 'default', 'system_scope': None, 'domain_id': None, 'project_id': '494203d6a445471bb6f57c89a8744c87', 'project_domain_id': 'default', 'roles': ['reader', 'member'], 'is_admin_project': True, 'service_user_id': None, 'service_user_domain_id': None, 'service_project_id': None, 'service_project_domain_id': None, 'service_roles': []} {{(pid=108013) authorize /opt/stack/nova/nova/policy.py:199}}
Aug 18 19:20:26.725339 dv-cinder-784092-14-iscsi devstack@n-api.service[108013]: INFO nova.api.openstack.requestlog [None req-057ee6ee-a1bd-491a-8d58-eb6c7ee8028e tempest-AttachVolumeNegativeTest-772012094 tempest-AttachVolumeNegativeTest-772012094-project] 10.222.0.25 "GET /compute/v2.1/servers/2e43ba4e-2964-4fd5-bed5-7a6475bfcbf5" status: 200 len: 1276 microversion: 2.1 time: 0.371087
Aug 18 19:20:26.725920 dv-cinder-784092-14-iscsi devstack@n-api.service[108013]: [pid: 108013|app: 0|req: 16/30] 10.222.0.25 () {58 vars in 1236 bytes} [Wed Aug 18 19:20:26 2021] GET /compute/v2.1/servers/2e43ba4e-2964-4fd5-bed5-7a6475bfcbf5 => generated 1276 bytes in 372 msecs (HTTP/1.1 200) 9 headers in 358 bytes (1 switches on core 0)
