Aug 18 19:21:18.155515 dv-cinder-784092-14-iscsi devstack@c-api.service[100622]: DEBUG cinder.api.openstack.wsgi [None req-905f5f72-fe6d-47bd-9798-eec61109c57c tempest-VolumesSnapshotNegativeTestJSON-1986002890 tempest-VolumesSnapshotNegativeTestJSON-1986002890-project] Calling method 'show' {{(pid=100622) _process_stack /opt/stack/cinder/cinder/api/openstack/wsgi.py:856}}
Aug 18 19:21:18.171870 dv-cinder-784092-14-iscsi devstack@c-api.service[100622]: INFO cinder.api.openstack.wsgi [None req-905f5f72-fe6d-47bd-9798-eec61109c57c tempest-VolumesSnapshotNegativeTestJSON-1986002890 tempest-VolumesSnapshotNegativeTestJSON-1986002890-project] http://10.222.0.25/volume/v3/7f2aeeebc5f34a10a5a4f01cd883ce9c/volumes/59db04d2-d81d-425d-8f6e-66aa6fc32c9a returned with HTTP 404
Aug 18 19:21:18.172794 dv-cinder-784092-14-iscsi devstack@c-api.service[100622]: [pid: 100622|app: 0|req: 179/356] 10.222.0.25 () {58 vars in 1325 bytes} [Wed Aug 18 19:21:18 2021] GET /volume/v3/7f2aeeebc5f34a10a5a4f01cd883ce9c/volumes/59db04d2-d81d-425d-8f6e-66aa6fc32c9a => generated 109 bytes in 24 msecs (HTTP/1.1 404) 7 headers in 292 bytes (1 switches on core 0)
Aug 18 19:21:18.323130 dv-cinder-784092-14-iscsi devstack@c-api.service[100621]: DEBUG cinder.volume.api [req-6fc60199-5926-49bb-9ecf-6e325b58ecab req-d3f931db-2156-4558-af69-3a83ad9ca80e tempest-DeleteServersTestJSON-858688875 tempest-DeleteServersTestJSON-858688875-project] Remaining volume attachments: VolumeAttachmentList(objects=[]) {{(pid=100621) attachment_delete /opt/stack/cinder/cinder/volume/api.py:2271}}
Aug 18 19:21:18.323496 dv-cinder-784092-14-iscsi devstack@c-api.service[100621]: DEBUG cinder.volume.api [req-6fc60199-5926-49bb-9ecf-6e325b58ecab req-d3f931db-2156-4558-af69-3a83ad9ca80e tempest-DeleteServersTestJSON-858688875 tempest-DeleteServersTestJSON-858688875-project] Pending status list for volume during attachment-delete: [] {{(pid=100621) attachment_delete /opt/stack/cinder/cinder/volume/api.py:2283}}
Aug 18 19:21:18.332848 dv-cinder-784092-14-iscsi devstack@c-api.service[100621]: INFO cinder.api.openstack.wsgi [req-6fc60199-5926-49bb-9ecf-6e325b58ecab req-d3f931db-2156-4558-af69-3a83ad9ca80e tempest-DeleteServersTestJSON-858688875 tempest-DeleteServersTestJSON-858688875-project] http://10.222.0.25/volume/v3/f381dad60fc54431a76b5c1d77e20564/attachments/04fe93c7-9433-4623-8c1f-4a5185c07135 returned with HTTP 200
Aug 18 19:21:18.333620 dv-cinder-784092-14-iscsi devstack@c-api.service[100621]: [pid: 100621|app: 0|req: 178/357] 10.222.0.67 () {62 vars in 1447 bytes} [Wed Aug 18 19:21:18 2021] DELETE /volume/v3/f381dad60fc54431a76b5c1d77e20564/attachments/04fe93c7-9433-4623-8c1f-4a5185c07135 => generated 19 bytes in 267 msecs (HTTP/1.1 200) 7 headers in 285 bytes (2 switches on core 0)
Aug 18 19:21:18.684678 dv-cinder-784092-14-iscsi devstack@c-api.service[100622]: INFO cinder.api.openstack.wsgi [None req-5f4c9310-b5f4-4382-b05e-d673ffb273e3 tempest-SnapshotMetadataTestJSON-1555894570 tempest-SnapshotMetadataTestJSON-1555894570-project] GET http://10.222.0.25/volume/v3/ec71d53ac60e471e9f096457e00a7306/snapshots/a76a8274-b6fb-43b8-9cc5-b638b593a0df
Aug 18 19:21:18.685023 dv-cinder-784092-14-iscsi devstack@c-api.service[100622]: DEBUG cinder.api.openstack.wsgi [None req-5f4c9310-b5f4-4382-b05e-d673ffb273e3 tempest-SnapshotMetadataTestJSON-1555894570 tempest-SnapshotMetadataTestJSON-1555894570-project] Empty body provided in request {{(pid=100622) get_body /opt/stack/cinder/cinder/api/openstack/wsgi.py:703}}
Aug 18 19:21:18.686519 dv-cinder-784092-14-iscsi devstack@c-api.service[100622]: DEBUG cinder.api.openstack.wsgi [None req-5f4c9310-b5f4-4382-b05e-d673ffb273e3 tempest-SnapshotMetadataTestJSON-1555894570 tempest-SnapshotMetadataTestJSON-1555894570-project] Calling method 'show' {{(pid=100622) _process_stack /opt/stack/cinder/cinder/api/openstack/wsgi.py:856}}
Aug 18 19:21:18.699390 dv-cinder-784092-14-iscsi devstack@c-api.service[100622]: INFO cinder.api.openstack.wsgi [None req-5f4c9310-b5f4-4382-b05e-d673ffb273e3 tempest-SnapshotMetadataTestJSON-1555894570 tempest-SnapshotMetadataTestJSON-1555894570-project] http://10.222.0.25/volume/v3/ec71d53ac60e471e9f096457e00a7306/snapshots/a76a8274-b6fb-43b8-9cc5-b638b593a0df returned with HTTP 404
Aug 18 19:21:18.702884 dv-cinder-784092-14-iscsi devstack@c-api.service[100622]: [pid: 100622|app: 0|req: 180/358] 10.222.0.25 () {58 vars in 1331 bytes} [Wed Aug 18 19:21:18 2021] GET /volume/v3/ec71d53ac60e471e9f096457e00a7306/snapshots/a76a8274-b6fb-43b8-9cc5-b638b593a0df => generated 111 bytes in 22 msecs (HTTP/1.1 404) 7 headers in 292 bytes (1 switches on core 0)
Aug 18 19:21:18.715040 dv-cinder-784092-14-iscsi devstack@c-api.service[100621]: INFO cinder.api.openstack.wsgi [None req-02ff3b9d-c7d1-47b7-a34f-6f1d51cf1c76 tempest-SnapshotMetadataTestJSON-1555894570 tempest-SnapshotMetadataTestJSON-1555894570-project] DELETE http://10.222.0.25/volume/v3/ec71d53ac60e471e9f096457e00a7306/volumes/7c085573-97e3-4712-8a18-a592eff22303
Aug 18 19:21:18.715683 dv-cinder-784092-14-iscsi devstack@c-api.service[100621]: DEBUG cinder.api.openstack.wsgi [None req-02ff3b9d-c7d1-47b7-a34f-6f1d51cf1c76 tempest-SnapshotMetadataTestJSON-1555894570 tempest-SnapshotMetadataTestJSON-1555894570-project] Empty body provided in request {{(pid=100621) get_body /opt/stack/cinder/cinder/api/openstack/wsgi.py:703}}
Aug 18 19:21:18.716236 dv-cinder-784092-14-iscsi devstack@c-api.service[100621]: /usr/local/lib/python3.8/dist-packages/webob/acceptparse.py:1047: DeprecationWarning: The behavior of AcceptValidHeader.best_match is currently being maintained for backward compatibility, but it will be deprecated in the future, as it does not conform to the RFC.
Aug 18 19:21:18.716236 dv-cinder-784092-14-iscsi devstack@c-api.service[100621]: warnings.warn(
Aug 18 19:21:18.716553 dv-cinder-784092-14-iscsi devstack@c-api.service[100621]: DEBUG cinder.api.openstack.wsgi [None req-02ff3b9d-c7d1-47b7-a34f-6f1d51cf1c76 tempest-SnapshotMetadataTestJSON-1555894570 tempest-SnapshotMetadataTestJSON-1555894570-project] Calling method 'delete' {{(pid=100621) _process_stack /opt/stack/cinder/cinder/api/openstack/wsgi.py:856}}
Aug 18 19:21:18.716951 dv-cinder-784092-14-iscsi devstack@c-api.service[100621]: INFO cinder.api.v3.volumes [None req-02ff3b9d-c7d1-47b7-a34f-6f1d51cf1c76 tempest-SnapshotMetadataTestJSON-1555894570 tempest-SnapshotMetadataTestJSON-1555894570-project] Delete volume with id: 7c085573-97e3-4712-8a18-a592eff22303
Aug 18 19:21:18.733186 dv-cinder-784092-14-iscsi devstack@c-api.service[100621]: /usr/local/lib/python3.8/dist-packages/oslo_context/context.py:105: DeprecationWarning: Policy enforcement is depending on the value of is_admin. This key is deprecated. Please update your policy file to use the standard policy values.
Aug 18 19:21:18.733186 dv-cinder-784092-14-iscsi devstack@c-api.service[100621]: warnings.warn('Policy enforcement is depending on the value of '
Aug 18 19:21:18.734547 dv-cinder-784092-14-iscsi devstack@c-api.service[100621]: INFO cinder.volume.api [None req-02ff3b9d-c7d1-47b7-a34f-6f1d51cf1c76 tempest-SnapshotMetadataTestJSON-1555894570 tempest-SnapshotMetadataTestJSON-1555894570-project] Volume info retrieved successfully.
Aug 18 19:21:18.775546 dv-cinder-784092-14-iscsi devstack@c-api.service[100621]: INFO cinder.volume.api [None req-02ff3b9d-c7d1-47b7-a34f-6f1d51cf1c76 tempest-SnapshotMetadataTestJSON-1555894570 tempest-SnapshotMetadataTestJSON-1555894570-project] Delete volume request issued successfully.
Aug 18 19:21:18.776147 dv-cinder-784092-14-iscsi devstack@c-api.service[100621]: INFO cinder.api.openstack.wsgi [None req-02ff3b9d-c7d1-47b7-a34f-6f1d51cf1c76 tempest-SnapshotMetadataTestJSON-1555894570 tempest-SnapshotMetadataTestJSON-1555894570-project] http://10.222.0.25/volume/v3/ec71d53ac60e471e9f096457e00a7306/volumes/7c085573-97e3-4712-8a18-a592eff22303 returned with HTTP 202
Aug 18 19:21:18.776945 dv-cinder-784092-14-iscsi devstack@c-api.service[100621]: [pid: 100621|app: 0|req: 179/359] 10.222.0.25 () {58 vars in 1328 bytes} [Wed Aug 18 19:21:18 2021] DELETE /volume/v3/ec71d53ac60e471e9f096457e00a7306/volumes/7c085573-97e3-4712-8a18-a592eff22303 => generated 0 bytes in 65 msecs (HTTP/1.1 202) 6 headers in 233 bytes (1 switches on core 0)
Aug 18 19:21:18.784515 dv-cinder-784092-14-iscsi devstack@c-api.service[100622]: INFO cinder.api.openstack.wsgi [None req-acc22baa-35c6-47b9-b8f3-360e95d46ec2 tempest-SnapshotMetadataTestJSON-1555894570 tempest-SnapshotMetadataTestJSON-1555894570-project] GET http://10.222.0.25/volume/v3/ec71d53ac60e471e9f096457e00a7306/volumes/7c085573-97e3-4712-8a18-a592eff22303
Aug 18 19:21:18.784961 dv-cinder-784092-14-iscsi devstack@c-api.service[100622]: DEBUG cinder.api.openstack.wsgi [None req-acc22baa-35c6-47b9-b8f3-360e95d46ec2 tempest-SnapshotMetadataTestJSON-1555894570 tempest-SnapshotMetadataTestJSON-1555894570-project] Empty body provided in request {{(pid=100622) get_body /opt/stack/cinder/cinder/api/openstack/wsgi.py:703}}
Aug 18 19:21:18.785443 dv-cinder-784092-14-iscsi devstack@c-api.service[100622]: DEBUG cinder.api.openstack.wsgi [None req-acc22baa-35c6-47b9-b8f3-360e95d46ec2 tempest-SnapshotMetadataTestJSON-1555894570 tempest-SnapshotMetadataTestJSON-1555894570-project] Calling method 'show' {{(pid=100622) _process_stack /opt/stack/cinder/cinder/api/openstack/wsgi.py:856}}
Aug 18 19:21:18.799745 dv-cinder-784092-14-iscsi devstack@c-api.service[100622]: /usr/local/lib/python3.8/dist-packages/oslo_context/context.py:105: DeprecationWarning: Policy enforcement is depending on the value of is_admin. This key is deprecated. Please update your policy file to use the standard policy values.
Aug 18 19:21:18.799745 dv-cinder-784092-14-iscsi devstack@c-api.service[100622]: warnings.warn('Policy enforcement is depending on the value of '
Aug 18 19:21:18.809823 dv-cinder-784092-14-iscsi devstack@c-api.service[100622]: INFO cinder.volume.api [None req-acc22baa-35c6-47b9-b8f3-360e95d46ec2 tempest-SnapshotMetadataTestJSON-1555894570 tempest-SnapshotMetadataTestJSON-1555894570-project] Volume info retrieved successfully.
Aug 18 19:21:18.828360 dv-cinder-784092-14-iscsi devstack@c-api.service[100622]: INFO cinder.api.openstack.wsgi [None req-acc22baa-35c6-47b9-b8f3-360e95d46ec2 tempest-SnapshotMetadataTestJSON-1555894570 tempest-SnapshotMetadataTestJSON-1555894570-project] http://10.222.0.25/volume/v3/ec71d53ac60e471e9f096457e00a7306/volumes/7c085573-97e3-4712-8a18-a592eff22303 returned with HTTP 200
Aug 18 19:21:18.830242 dv-cinder-784092-14-iscsi devstack@c-api.service[100622]: [pid: 100622|app: 0|req: 181/360] 10.222.0.25 () {58 vars in 1325 bytes} [Wed Aug 18 19:21:18 2021] GET /volume/v3/ec71d53ac60e471e9f096457e00a7306/volumes/7c085573-97e3-4712-8a18-a592eff22303 => generated 916 bytes in 49 msecs (HTTP/1.1 200) 7 headers in 285 bytes (1 switches on core 0)
Aug 18 19:21:19.768885 dv-cinder-784092-14-iscsi devstack@c-api.service[100621]: INFO cinder.api.openstack.wsgi [None req-bb19e436-cfb0-4cf7-bcbd-e0c3e5b1c160 tempest-DeleteServersTestJSON-858688875 tempest-DeleteServersTestJSON-858688875-project] GET http://10.222.0.25/volume/v3/f381dad60fc54431a76b5c1d77e20564/volumes/95825729-b094-467a-8c96-8e07320d684a
Aug 18 19:21:19.769385 dv-cinder-784092-14-iscsi devstack@c-api.service[100621]: DEBUG cinder.api.openstack.wsgi [None req-bb19e436-cfb0-4cf7-bcbd-e0c3e5b1c160 tempest-DeleteServersTestJSON-858688875 tempest-DeleteServersTestJSON-858688875-project] Empty body provided in request {{(pid=100621) get_body /opt/stack/cinder/cinder/api/openstack/wsgi.py:703}}
Aug 18 19:21:19.769638 dv-cinder-784092-14-iscsi devstack@c-api.service[100621]: /usr/local/lib/python3.8/dist-packages/webob/acceptparse.py:1047: DeprecationWarning: The behavior of AcceptValidHeader.best_match is currently being maintained for backward compatibility, but it will be deprecated in the future, as it does not conform to the RFC.
Aug 18 19:21:19.769638 dv-cinder-784092-14-iscsi devstack@c-api.service[100621]: warnings.warn(
Aug 18 19:21:19.769960 dv-cinder-784092-14-iscsi devstack@c-api.service[100621]: DEBUG cinder.api.openstack.wsgi [None req-bb19e436-cfb0-4cf7-bcbd-e0c3e5b1c160 tempest-DeleteServersTestJSON-858688875 tempest-DeleteServersTestJSON-858688875-project] Calling method 'show' {{(pid=100621) _process_stack /opt/stack/cinder/cinder/api/openstack/wsgi.py:856}}
Aug 18 19:21:19.794902 dv-cinder-784092-14-iscsi devstack@c-api.service[100621]: /usr/local/lib/python3.8/dist-packages/oslo_context/context.py:105: DeprecationWarning: Policy enforcement is depending on the value of is_admin. This key is deprecated. Please update your policy file to use the standard policy values.
Aug 18 19:21:19.794902 dv-cinder-784092-14-iscsi devstack@c-api.service[100621]: warnings.warn('Policy enforcement is depending on the value of '
Aug 18 19:21:19.812657 dv-cinder-784092-14-iscsi devstack@c-api.service[100621]: INFO cinder.volume.api [None req-bb19e436-cfb0-4cf7-bcbd-e0c3e5b1c160 tempest-DeleteServersTestJSON-858688875 tempest-DeleteServersTestJSON-858688875-project] Volume info retrieved successfully.
Aug 18 19:21:19.845039 dv-cinder-784092-14-iscsi devstack@c-api.service[100622]: INFO cinder.api.openstack.wsgi [None req-066150a6-e863-4fbf-8bbc-dab1b760ead3 tempest-SnapshotMetadataTestJSON-1555894570 tempest-SnapshotMetadataTestJSON-1555894570-project] GET http://10.222.0.25/volume/v3/ec71d53ac60e471e9f096457e00a7306/volumes/7c085573-97e3-4712-8a18-a592eff22303
Aug 18 19:21:19.845862 dv-cinder-784092-14-iscsi devstack@c-api.service[100621]: INFO cinder.api.openstack.wsgi [None req-bb19e436-cfb0-4cf7-bcbd-e0c3e5b1c160 tempest-DeleteServersTestJSON-858688875 tempest-DeleteServersTestJSON-858688875-project] http://10.222.0.25/volume/v3/f381dad60fc54431a76b5c1d77e20564/volumes/95825729-b094-467a-8c96-8e07320d684a returned with HTTP 200
Aug 18 19:21:19.846244 dv-cinder-784092-14-iscsi devstack@c-api.service[100622]: DEBUG cinder.api.openstack.wsgi [None req-066150a6-e863-4fbf-8bbc-dab1b760ead3 tempest-SnapshotMetadataTestJSON-1555894570 tempest-SnapshotMetadataTestJSON-1555894570-project] Empty body provided in request {{(pid=100622) get_body /opt/stack/cinder/cinder/api/openstack/wsgi.py:703}}
Aug 18 19:21:19.846599 dv-cinder-784092-14-iscsi devstack@c-api.service[100622]: /usr/local/lib/python3.8/dist-packages/webob/acceptparse.py:1047: DeprecationWarning: The behavior of AcceptValidHeader.best_match is currently being maintained for backward compatibility, but it will be deprecated in the future, as it does not conform to the RFC.
Aug 18 19:21:19.846599 dv-cinder-784092-14-iscsi devstack@c-api.service[100622]: warnings.warn(
Aug 18 19:21:19.846778 dv-cinder-784092-14-iscsi devstack@c-api.service[100621]: [pid: 100621|app: 0|req: 180/361] 10.222.0.25 () {58 vars in 1325 bytes} [Wed Aug 18 19:21:19 2021] GET /volume/v3/f381dad60fc54431a76b5c1d77e20564/volumes/95825729-b094-467a-8c96-8e07320d684a => generated 913 bytes in 82 msecs (HTTP/1.1 200) 7 headers in 285 bytes (1 switches on core 0)
Aug 18 19:21:19.857861 dv-cinder-784092-14-iscsi devstack@c-api.service[100622]: DEBUG cinder.api.openstack.wsgi [None req-066150a6-e863-4fbf-8bbc-dab1b760ead3 tempest-SnapshotMetadataTestJSON-1555894570 tempest-SnapshotMetadataTestJSON-1555894570-project] Calling method 'show' {{(pid=100622) _process_stack /opt/stack/cinder/cinder/api/openstack/wsgi.py:856}}
Aug 18 19:21:19.862329 dv-cinder-784092-14-iscsi devstack@c-api.service[100621]: INFO cinder.api.openstack.wsgi [None req-7cdab659-1d38-41ba-a0cc-a498a2f6ee58 tempest-DeleteServersTestJSON-858688875 tempest-DeleteServersTestJSON-858688875-project] GET http://10.222.0.25/volume/v3/f381dad60fc54431a76b5c1d77e20564/volumes/95825729-b094-467a-8c96-8e07320d684a
Aug 18 19:21:19.862329 dv-cinder-784092-14-iscsi devstack@c-api.service[100621]: DEBUG cinder.api.openstack.wsgi [None req-7cdab659-1d38-41ba-a0cc-a498a2f6ee58 tempest-DeleteServersTestJSON-858688875 tempest-DeleteServersTestJSON-858688875-project] Empty body provided in request {{(pid=100621) get_body /opt/stack/cinder/cinder/api/openstack/wsgi.py:703}}
Aug 18 19:21:19.862570 dv-cinder-784092-14-iscsi devstack@c-api.service[100621]: /usr/local/lib/python3.8/dist-packages/webob/acceptparse.py:1047: DeprecationWarning: The behavior of AcceptValidHeader.best_match is currently being maintained for backward compatibility, but it will be deprecated in the future, as it does not conform to the RFC.
Aug 18 19:21:19.862570 dv-cinder-784092-14-iscsi devstack@c-api.service[100621]: warnings.warn(
Aug 18 19:21:19.862857 dv-cinder-784092-14-iscsi devstack@c-api.service[100621]: DEBUG cinder.api.openstack.wsgi [None req-7cdab659-1d38-41ba-a0cc-a498a2f6ee58 tempest-DeleteServersTestJSON-858688875 tempest-DeleteServersTestJSON-858688875-project] Calling method 'show' {{(pid=100621) _process_stack /opt/stack/cinder/cinder/api/openstack/wsgi.py:856}}
Aug 18 19:21:19.872377 dv-cinder-784092-14-iscsi devstack@c-api.service[100622]: INFO cinder.api.openstack.wsgi [None req-066150a6-e863-4fbf-8bbc-dab1b760ead3 tempest-SnapshotMetadataTestJSON-1555894570 tempest-SnapshotMetadataTestJSON-1555894570-project] http://10.222.0.25/volume/v3/ec71d53ac60e471e9f096457e00a7306/volumes/7c085573-97e3-4712-8a18-a592eff22303 returned with HTTP 404
Aug 18 19:21:19.873576 dv-cinder-784092-14-iscsi devstack@c-api.service[100622]: [pid: 100622|app: 0|req: 182/362] 10.222.0.25 () {58 vars in 1325 bytes} [Wed Aug 18 19:21:19 2021] GET /volume/v3/ec71d53ac60e471e9f096457e00a7306/volumes/7c085573-97e3-4712-8a18-a592eff22303 => generated 109 bytes in 33 msecs (HTTP/1.1 404) 7 headers in 292 bytes (2 switches on core 0)
Aug 18 19:21:19.893887 dv-cinder-784092-14-iscsi devstack@c-api.service[100621]: /usr/local/lib/python3.8/dist-packages/oslo_context/context.py:105: DeprecationWarning: Policy enforcement is depending on the value of is_admin. This key is deprecated. Please update your policy file to use the standard policy values.
Aug 18 19:21:19.893887 dv-cinder-784092-14-iscsi devstack@c-api.service[100621]: warnings.warn('Policy enforcement is depending on the value of '
Aug 18 19:21:19.906964 dv-cinder-784092-14-iscsi devstack@c-api.service[100621]: INFO cinder.volume.api [None req-7cdab659-1d38-41ba-a0cc-a498a2f6ee58 tempest-DeleteServersTestJSON-858688875 tempest-DeleteServersTestJSON-858688875-project] Volume info retrieved successfully.
Aug 18 19:21:19.923314 dv-cinder-784092-14-iscsi devstack@c-api.service[100621]: INFO cinder.api.openstack.wsgi [None req-7cdab659-1d38-41ba-a0cc-a498a2f6ee58 tempest-DeleteServersTestJSON-858688875 tempest-DeleteServersTestJSON-858688875-project] http://10.222.0.25/volume/v3/f381dad60fc54431a76b5c1d77e20564/volumes/95825729-b094-467a-8c96-8e07320d684a returned with HTTP 200
Aug 18 19:21:19.924291 dv-cinder-784092-14-iscsi devstack@c-api.service[100621]: [pid: 100621|app: 0|req: 181/363] 10.222.0.25 () {58 vars in 1325 bytes} [Wed Aug 18 19:21:19 2021] GET /volume/v3/f381dad60fc54431a76b5c1d77e20564/volumes/95825729-b094-467a-8c96-8e07320d684a => generated 913 bytes in 67 msecs (HTTP/1.1 200) 7 headers in 285 bytes (2 switches on core 0)
Aug 18 19:21:20.001641 dv-cinder-784092-14-iscsi devstack@c-api.service[100622]: INFO cinder.api.openstack.wsgi [None req-59ff4f80-9602-4c93-9040-54c1c2557cc0 tempest-DeleteServersTestJSON-858688875 tempest-DeleteServersTestJSON-858688875-project] GET http://10.222.0.25/volume/v3/f381dad60fc54431a76b5c1d77e20564/volumes/95825729-b094-467a-8c96-8e07320d684a
Aug 18 19:21:20.002093 dv-cinder-784092-14-iscsi devstack@c-api.service[100622]: DEBUG cinder.api.openstack.wsgi [None req-59ff4f80-9602-4c93-9040-54c1c2557cc0 tempest-DeleteServersTestJSON-858688875 tempest-DeleteServersTestJSON-858688875-project] Empty body provided in request {{(pid=100622) get_body /opt/stack/cinder/cinder/api/openstack/wsgi.py:703}}
Aug 18 19:21:20.002626 dv-cinder-784092-14-iscsi devstack@c-api.service[100622]: DEBUG cinder.api.openstack.wsgi [None req-59ff4f80-9602-4c93-9040-54c1c2557cc0 tempest-DeleteServersTestJSON-858688875 tempest-DeleteServersTestJSON-858688875-project] Calling method 'show' {{(pid=100622) _process_stack /opt/stack/cinder/cinder/api/openstack/wsgi.py:856}}
Aug 18 19:21:20.020273 dv-cinder-784092-14-iscsi devstack@c-api.service[100622]: /usr/local/lib/python3.8/dist-packages/oslo_context/context.py:105: DeprecationWarning: Policy enforcement is depending on the value of is_admin. This key is deprecated. Please update your policy file to use the standard policy values.
Aug 18 19:21:20.020273 dv-cinder-784092-14-iscsi devstack@c-api.service[100622]: warnings.warn('Policy enforcement is depending on the value of '
Aug 18 19:21:20.028153 dv-cinder-784092-14-iscsi devstack@c-api.service[100622]: INFO cinder.volume.api [None req-59ff4f80-9602-4c93-9040-54c1c2557cc0 tempest-DeleteServersTestJSON-858688875 tempest-DeleteServersTestJSON-858688875-project] Volume info retrieved successfully.
Aug 18 19:21:20.050630 dv-cinder-784092-14-iscsi devstack@c-api.service[100622]: INFO cinder.api.openstack.wsgi [None req-59ff4f80-9602-4c93-9040-54c1c2557cc0 tempest-DeleteServersTestJSON-858688875 tempest-DeleteServersTestJSON-858688875-project] http://10.222.0.25/volume/v3/f381dad60fc54431a76b5c1d77e20564/volumes/95825729-b094-467a-8c96-8e07320d684a returned with HTTP 200
Aug 18 19:21:20.062642 dv-cinder-784092-14-iscsi devstack@c-api.service[100622]: [pid: 100622|app: 0|req: 183/364] 10.222.0.25 () {58 vars in 1325 bytes} [Wed Aug 18 19:21:19 2021] GET /volume/v3/f381dad60fc54431a76b5c1d77e20564/volumes/95825729-b094-467a-8c96-8e07320d684a => generated 913 bytes in 65 msecs (HTTP/1.1 200) 7 headers in 285 bytes (1 switches on core 0)
Aug 18 19:21:20.076955 dv-cinder-784092-14-iscsi devstack@c-api.service[100621]: INFO cinder.api.openstack.wsgi [None req-91241a17-c1b0-48fb-96af-80d225430dd5 tempest-DeleteServersTestJSON-858688875 tempest-DeleteServersTestJSON-858688875-project] DELETE http://10.222.0.25/volume/v3/f381dad60fc54431a76b5c1d77e20564/volumes/95825729-b094-467a-8c96-8e07320d684a
Aug 18 19:21:20.077631 dv-cinder-784092-14-iscsi devstack@c-api.service[100621]: DEBUG cinder.api.openstack.wsgi [None req-91241a17-c1b0-48fb-96af-80d225430dd5 tempest-DeleteServersTestJSON-858688875 tempest-DeleteServersTestJSON-858688875-project] Empty body provided in request {{(pid=100621) get_body /opt/stack/cinder/cinder/api/openstack/wsgi.py:703}}
Aug 18 19:21:20.077842 dv-cinder-784092-14-iscsi devstack@c-api.service[100621]: /usr/local/lib/python3.8/dist-packages/webob/acceptparse.py:1047: DeprecationWarning: The behavior of AcceptValidHeader.best_match is currently being maintained for backward compatibility, but it will be deprecated in the future, as it does not conform to the RFC.
Aug 18 19:21:20.077842 dv-cinder-784092-14-iscsi devstack@c-api.service[100621]: warnings.warn(
Aug 18 19:21:20.078089 dv-cinder-784092-14-iscsi devstack@c-api.service[100621]: DEBUG cinder.api.openstack.wsgi [None req-91241a17-c1b0-48fb-96af-80d225430dd5 tempest-DeleteServersTestJSON-858688875 tempest-DeleteServersTestJSON-858688875-project] Calling method 'delete' {{(pid=100621) _process_stack /opt/stack/cinder/cinder/api/openstack/wsgi.py:856}}
Aug 18 19:21:20.078496 dv-cinder-784092-14-iscsi devstack@c-api.service[100621]: INFO cinder.api.v3.volumes [None req-91241a17-c1b0-48fb-96af-80d225430dd5 tempest-DeleteServersTestJSON-858688875 tempest-DeleteServersTestJSON-858688875-project] Delete volume with id: 95825729-b094-467a-8c96-8e07320d684a
Aug 18 19:21:20.091629 dv-cinder-784092-14-iscsi devstack@c-api.service[100621]: /usr/local/lib/python3.8/dist-packages/oslo_context/context.py:105: DeprecationWarning: Policy enforcement is depending on the value of is_admin. This key is deprecated. Please update your policy file to use the standard policy values.
Aug 18 19:21:20.091629 dv-cinder-784092-14-iscsi devstack@c-api.service[100621]: warnings.warn('Policy enforcement is depending on the value of '
Aug 18 19:21:20.092738 dv-cinder-784092-14-iscsi devstack@c-api.service[100621]: INFO cinder.volume.api [None req-91241a17-c1b0-48fb-96af-80d225430dd5 tempest-DeleteServersTestJSON-858688875 tempest-DeleteServersTestJSON-858688875-project] Volume info retrieved successfully.
Aug 18 19:21:20.131556 dv-cinder-784092-14-iscsi devstack@c-api.service[100621]: INFO cinder.volume.api [None req-91241a17-c1b0-48fb-96af-80d225430dd5 tempest-DeleteServersTestJSON-858688875 tempest-DeleteServersTestJSON-858688875-project] Delete volume request issued successfully.
Aug 18 19:21:20.133462 dv-cinder-784092-14-iscsi devstack@c-api.service[100621]: INFO cinder.api.openstack.wsgi [None req-91241a17-c1b0-48fb-96af-80d225430dd5 tempest-DeleteServersTestJSON-858688875 tempest-DeleteServersTestJSON-858688875-project] http://10.222.0.25/volume/v3/f381dad60fc54431a76b5c1d77e20564/volumes/95825729-b094-467a-8c96-8e07320d684a returned with HTTP 202
Aug 18 19:21:20.135162 dv-cinder-784092-14-iscsi devstack@c-api.service[100621]: [pid: 100621|app: 0|req: 182/365] 10.222.0.25 () {58 vars in 1328 bytes} [Wed Aug 18 19:21:20 2021] DELETE /volume/v3/f381dad60fc54431a76b5c1d77e20564/volumes/95825729-b094-467a-8c96-8e07320d684a => generated 0 bytes in 62 msecs (HTTP/1.1 202) 6 headers in 233 bytes (1 switches on core 0)
Aug 18 19:21:20.146799 dv-cinder-784092-14-iscsi devstack@c-api.service[100622]: INFO cinder.api.openstack.wsgi [None req-d117d034-94dd-4420-91e1-4c693b393e32 tempest-DeleteServersTestJSON-858688875 tempest-DeleteServersTestJSON-858688875-project] GET http://10.222.0.25/volume/v3/f381dad60fc54431a76b5c1d77e20564/volumes/95825729-b094-467a-8c96-8e07320d684a
Aug 18 19:21:20.146799 dv-cinder-784092-14-iscsi devstack@c-api.service[100622]: DEBUG cinder.api.openstack.wsgi [None req-d117d034-94dd-4420-91e1-4c693b393e32 tempest-DeleteServersTestJSON-858688875 tempest-DeleteServersTestJSON-858688875-project] Empty body provided in request {{(pid=100622) get_body /opt/stack/cinder/cinder/api/openstack/wsgi.py:703}}
Aug 18 19:21:20.146799 dv-cinder-784092-14-iscsi devstack@c-api.service[100622]: /usr/local/lib/python3.8/dist-packages/webob/acceptparse.py:1047: DeprecationWarning: The behavior of AcceptValidHeader.best_match is currently being maintained for backward compatibility, but it will be deprecated in the future, as it does not conform to the RFC.
Aug 18 19:21:20.146799 dv-cinder-784092-14-iscsi devstack@c-api.service[100622]: warnings.warn(
Aug 18 19:21:20.146799 dv-cinder-784092-14-iscsi devstack@c-api.service[100622]: DEBUG cinder.api.openstack.wsgi [None req-d117d034-94dd-4420-91e1-4c693b393e32 tempest-DeleteServersTestJSON-858688875 tempest-DeleteServersTestJSON-858688875-project] Calling method 'show' {{(pid=100622) _process_stack /opt/stack/cinder/cinder/api/openstack/wsgi.py:856}}
Aug 18 19:21:20.163121 dv-cinder-784092-14-iscsi devstack@c-api.service[100622]: /usr/local/lib/python3.8/dist-packages/oslo_context/context.py:105: DeprecationWarning: Policy enforcement is depending on the value of is_admin. This key is deprecated. Please update your policy file to use the standard policy values.
Aug 18 19:21:20.163121 dv-cinder-784092-14-iscsi devstack@c-api.service[100622]: warnings.warn('Policy enforcement is depending on the value of '
Aug 18 19:21:20.174556 dv-cinder-784092-14-iscsi devstack@c-api.service[100622]: INFO cinder.volume.api [None req-d117d034-94dd-4420-91e1-4c693b393e32 tempest-DeleteServersTestJSON-858688875 tempest-DeleteServersTestJSON-858688875-project] Volume info retrieved successfully.
Aug 18 19:21:20.193453 dv-cinder-784092-14-iscsi devstack@c-api.service[100622]: INFO cinder.api.openstack.wsgi [None req-d117d034-94dd-4420-91e1-4c693b393e32 tempest-DeleteServersTestJSON-858688875 tempest-DeleteServersTestJSON-858688875-project] http://10.222.0.25/volume/v3/f381dad60fc54431a76b5c1d77e20564/volumes/95825729-b094-467a-8c96-8e07320d684a returned with HTTP 200
Aug 18 19:21:20.194694 dv-cinder-784092-14-iscsi devstack@c-api.service[100622]: [pid: 100622|app: 0|req: 184/366] 10.222.0.25 () {58 vars in 1325 bytes} [Wed Aug 18 19:21:20 2021] GET /volume/v3/f381dad60fc54431a76b5c1d77e20564/volumes/95825729-b094-467a-8c96-8e07320d684a => generated 912 bytes in 56 msecs (HTTP/1.1 200) 7 headers in 285 bytes (1 switches on core 0)
Aug 18 19:21:21.208878 dv-cinder-784092-14-iscsi devstack@c-api.service[100621]: INFO cinder.api.openstack.wsgi [None req-3a68c5b9-d793-48a2-9130-ae6a1b83559c tempest-DeleteServersTestJSON-858688875 tempest-DeleteServersTestJSON-858688875-project] GET http://10.222.0.25/volume/v3/f381dad60fc54431a76b5c1d77e20564/volumes/95825729-b094-467a-8c96-8e07320d684a
Aug 18 19:21:21.209415 dv-cinder-784092-14-iscsi devstack@c-api.service[100621]: DEBUG cinder.api.openstack.wsgi [None req-3a68c5b9-d793-48a2-9130-ae6a1b83559c tempest-DeleteServersTestJSON-858688875 tempest-DeleteServersTestJSON-858688875-project] Empty body provided in request {{(pid=100621) get_body /opt/stack/cinder/cinder/api/openstack/wsgi.py:703}}
Aug 18 19:21:21.209521 dv-cinder-784092-14-iscsi devstack@c-api.service[100621]: /usr/local/lib/python3.8/dist-packages/webob/acceptparse.py:1047: DeprecationWarning: The behavior of AcceptValidHeader.best_match is currently being maintained for backward compatibility, but it will be deprecated in the future, as it does not conform to the RFC.
Aug 18 19:21:21.209521 dv-cinder-784092-14-iscsi devstack@c-api.service[100621]: warnings.warn(
Aug 18 19:21:21.209778 dv-cinder-784092-14-iscsi devstack@c-api.service[100621]: DEBUG cinder.api.openstack.wsgi [None req-3a68c5b9-d793-48a2-9130-ae6a1b83559c tempest-DeleteServersTestJSON-858688875 tempest-DeleteServersTestJSON-858688875-project] Calling method 'show' {{(pid=100621) _process_stack /opt/stack/cinder/cinder/api/openstack/wsgi.py:856}}
Aug 18 19:21:21.230711 dv-cinder-784092-14-iscsi devstack@c-api.service[100621]: INFO cinder.api.openstack.wsgi [None req-3a68c5b9-d793-48a2-9130-ae6a1b83559c tempest-DeleteServersTestJSON-858688875 tempest-DeleteServersTestJSON-858688875-project] http://10.222.0.25/volume/v3/f381dad60fc54431a76b5c1d77e20564/volumes/95825729-b094-467a-8c96-8e07320d684a returned with HTTP 404
Aug 18 19:21:21.232251 dv-cinder-784092-14-iscsi devstack@c-api.service[100621]: [pid: 100621|app: 0|req: 183/367] 10.222.0.25 () {58 vars in 1325 bytes} [Wed Aug 18 19:21:21 2021] GET /volume/v3/f381dad60fc54431a76b5c1d77e20564/volumes/95825729-b094-467a-8c96-8e07320d684a => generated 109 bytes in 27 msecs (HTTP/1.1 404) 7 headers in 292 bytes (1 switches on core 0)
Aug 18 19:21:22.563157 dv-cinder-784092-14-iscsi devstack@c-api.service[100622]: INFO cinder.api.openstack.wsgi [None req-96c84fb7-abd9-4862-b885-984bcbdc1f74 tempest-VolumesCloneNegativeTest-857498411 tempest-VolumesCloneNegativeTest-857498411-project] POST http://10.222.0.25/volume/v3/a8111aefc2254115b300eb6dde16bdd9/volumes
Aug 18 19:21:22.563666 dv-cinder-784092-14-iscsi devstack@c-api.service[100622]: /usr/local/lib/python3.8/dist-packages/webob/acceptparse.py:1047: DeprecationWarning: The behavior of AcceptValidHeader.best_match is currently being maintained for backward compatibility, but it will be deprecated in the future, as it does not conform to the RFC.
Aug 18 19:21:22.563666 dv-cinder-784092-14-iscsi devstack@c-api.service[100622]: warnings.warn(
Aug 18 19:21:22.563968 dv-cinder-784092-14-iscsi devstack@c-api.service[100622]: DEBUG cinder.api.openstack.wsgi [None req-96c84fb7-abd9-4862-b885-984bcbdc1f74 tempest-VolumesCloneNegativeTest-857498411 tempest-VolumesCloneNegativeTest-857498411-project] Action: 'create', calling method: create, body: {"volume": {"size": 2, "name": "tempest-VolumesCloneNegativeTest-Volume-1543761781"}} {{(pid=100622) _process_stack /opt/stack/cinder/cinder/api/openstack/wsgi.py:854}}
Aug 18 19:21:22.564904 dv-cinder-784092-14-iscsi devstack@c-api.service[100622]: DEBUG cinder.api.v3.volumes [None req-96c84fb7-abd9-4862-b885-984bcbdc1f74 tempest-VolumesCloneNegativeTest-857498411 tempest-VolumesCloneNegativeTest-857498411-project] Create volume request body: {'volume': {'size': 2, 'name': 'tempest-VolumesCloneNegativeTest-Volume-1543761781'}} {{(pid=100622) create /opt/stack/cinder/cinder/api/v3/volumes.py:290}}
Aug 18 19:21:22.565211 dv-cinder-784092-14-iscsi devstack@c-api.service[100622]: INFO cinder.api.v3.volumes [None req-96c84fb7-abd9-4862-b885-984bcbdc1f74 tempest-VolumesCloneNegativeTest-857498411 tempest-VolumesCloneNegativeTest-857498411-project] Create volume of 2 GB
Aug 18 19:21:22.588913 dv-cinder-784092-14-iscsi devstack@c-api.service[100622]: INFO cinder.volume.api [None req-96c84fb7-abd9-4862-b885-984bcbdc1f74 tempest-VolumesCloneNegativeTest-857498411 tempest-VolumesCloneNegativeTest-857498411-project] Availability Zones retrieved successfully.
Aug 18 19:21:22.610790 dv-cinder-784092-14-iscsi devstack@c-api.service[100622]: DEBUG cinder.volume.api [None req-96c84fb7-abd9-4862-b885-984bcbdc1f74 tempest-VolumesCloneNegativeTest-857498411 tempest-VolumesCloneNegativeTest-857498411-project] Flow 'volume_create_api' (16001af3-43e6-43a2-acd3-78862f4b5f48) transitioned into state 'RUNNING' from state 'PENDING' {{(pid=100622) _flow_receiver /usr/local/lib/python3.8/dist-packages/taskflow/listeners/logging.py:141}}
Aug 18 19:21:22.614293 dv-cinder-784092-14-iscsi devstack@c-api.service[100622]: DEBUG cinder.volume.api [None req-96c84fb7-abd9-4862-b885-984bcbdc1f74 tempest-VolumesCloneNegativeTest-857498411 tempest-VolumesCloneNegativeTest-857498411-project] Task 'cinder.volume.flows.api.create_volume.ExtractVolumeRequestTask;volume:create' (68499dac-e8e5-4c32-8aa0-ef9d02bdccff) transitioned into state 'RUNNING' from state 'PENDING' {{(pid=100622) _task_receiver /usr/local/lib/python3.8/dist-packages/taskflow/listeners/logging.py:190}}
Aug 18 19:21:22.616514 dv-cinder-784092-14-iscsi devstack@c-api.service[100622]: DEBUG cinder.volume.flows.api.create_volume [None req-96c84fb7-abd9-4862-b885-984bcbdc1f74 tempest-VolumesCloneNegativeTest-857498411 tempest-VolumesCloneNegativeTest-857498411-project] Validating volume size '2' using validate_int {{(pid=100622) _extract_size /opt/stack/cinder/cinder/volume/flows/api/create_volume.py:201}}
Aug 18 19:21:22.723268 dv-cinder-784092-14-iscsi devstack@c-api.service[100622]: DEBUG cinder.volume.api [None req-96c84fb7-abd9-4862-b885-984bcbdc1f74 tempest-VolumesCloneNegativeTest-857498411 tempest-VolumesCloneNegativeTest-857498411-project] Task 'cinder.volume.flows.api.create_volume.ExtractVolumeRequestTask;volume:create' (68499dac-e8e5-4c32-8aa0-ef9d02bdccff) transitioned into state 'SUCCESS' from state 'RUNNING' with result '{'size': 2, 'snapshot_id': None, 'source_volid': None, 'volume_type': VolumeType(created_at=2021-08-18T19:11:07Z,deleted=False,deleted_at=None,description='Default Volume Type',extra_specs={},id=822a91a5-1820-4696-9668-99e29ade436d,is_public=True,name='__DEFAULT__',projects=[],qos_specs=,qos_specs_id=None,updated_at=2021-08-18T19:11:07Z), 'volume_type_id': '822a91a5-1820-4696-9668-99e29ade436d', 'encryption_key_id': None, 'qos_specs': None, 'consistencygroup_id': None, 'cgsnapshot_id': None, 'group_id': None, 'replication_status': 'disabled', 'refresh_az': False, 'backup_id': None, 'multiattach': False, 'availability_zones': ['nova']}' {{(pid=100622) _task_receiver /usr/local/lib/python3.8/dist-packages/taskflow/listeners/logging.py:178}}
Aug 18 19:21:22.725436 dv-cinder-784092-14-iscsi devstack@c-api.service[100622]: DEBUG cinder.volume.api [None req-96c84fb7-abd9-4862-b885-984bcbdc1f74 tempest-VolumesCloneNegativeTest-857498411 tempest-VolumesCloneNegativeTest-857498411-project] Task 'cinder.volume.flows.api.create_volume.QuotaReserveTask;volume:create' (3325e51a-ed88-4bed-a1de-f43fcddd81da) transitioned into state 'RUNNING' from state 'PENDING' {{(pid=100622) _task_receiver /usr/local/lib/python3.8/dist-packages/taskflow/listeners/logging.py:190}}
Aug 18 19:21:22.855638 dv-cinder-784092-14-iscsi devstack@c-api.service[100622]: DEBUG cinder.quota [None req-96c84fb7-abd9-4862-b885-984bcbdc1f74 tempest-VolumesCloneNegativeTest-857498411 tempest-VolumesCloneNegativeTest-857498411-project] Created reservations ['6cc0a0a9-b971-4212-8919-902504ce851d', '521d2a52-b180-4d83-8ee4-e3c4c8e441c8', 'e01f2596-187e-48c1-94e2-48e9772e80c0', '028b5fa8-014b-45e3-ac34-7ee6ababdbbb'] {{(pid=100622) reserve /opt/stack/cinder/cinder/quota.py:755}}
Aug 18 19:21:22.857932 dv-cinder-784092-14-iscsi devstack@c-api.service[100622]: DEBUG cinder.volume.api [None req-96c84fb7-abd9-4862-b885-984bcbdc1f74 tempest-VolumesCloneNegativeTest-857498411 tempest-VolumesCloneNegativeTest-857498411-project] Task 'cinder.volume.flows.api.create_volume.QuotaReserveTask;volume:create' (3325e51a-ed88-4bed-a1de-f43fcddd81da) transitioned into state 'SUCCESS' from state 'RUNNING' with result '{'reservations': ['6cc0a0a9-b971-4212-8919-902504ce851d', '521d2a52-b180-4d83-8ee4-e3c4c8e441c8', 'e01f2596-187e-48c1-94e2-48e9772e80c0', '028b5fa8-014b-45e3-ac34-7ee6ababdbbb']}' {{(pid=100622) _task_receiver /usr/local/lib/python3.8/dist-packages/taskflow/listeners/logging.py:178}}
Aug 18 19:21:22.862724 dv-cinder-784092-14-iscsi devstack@c-api.service[100622]: DEBUG cinder.volume.api [None req-96c84fb7-abd9-4862-b885-984bcbdc1f74 tempest-VolumesCloneNegativeTest-857498411 tempest-VolumesCloneNegativeTest-857498411-project] Task 'cinder.volume.flows.api.create_volume.EntryCreateTask;volume:create' (dd760d27-a610-456b-818c-b6f2028684d9) transitioned into state 'RUNNING' from state 'PENDING' {{(pid=100622) _task_receiver /usr/local/lib/python3.8/dist-packages/taskflow/listeners/logging.py:190}}
Aug 18 19:21:22.900850 dv-cinder-784092-14-iscsi devstack@c-api.service[100622]: DEBUG cinder.volume.api [None req-96c84fb7-abd9-4862-b885-984bcbdc1f74 tempest-VolumesCloneNegativeTest-857498411 tempest-VolumesCloneNegativeTest-857498411-project] Task 'cinder.volume.flows.api.create_volume.EntryCreateTask;volume:create' (dd760d27-a610-456b-818c-b6f2028684d9) transitioned into state 'SUCCESS' from state 'RUNNING' with result '{'volume_id': '21a047f8-8368-491a-8e86-8cc98c82fe14', 'volume_properties': VolumeProperties(attach_status='detached',availability_zone='nova',cgsnapshot_id=None,consistencygroup_id=None,display_description=None,display_name='tempest-VolumesCloneNegativeTest-Volume-1543761781',encryption_key_id=None,group_id=None,group_type_id=,metadata={},multiattach=False,project_id='a8111aefc2254115b300eb6dde16bdd9',qos_specs=None,replication_status=,reservations=['6cc0a0a9-b971-4212-8919-902504ce851d','521d2a52-b180-4d83-8ee4-e3c4c8e441c8','e01f2596-187e-48c1-94e2-48e9772e80c0','028b5fa8-014b-45e3-ac34-7ee6ababdbbb'],size=2,snapshot_id=None,source_replicaid=,source_volid=None,status='creating',user_id='3a47256ed4de48cd9e54c0872e3c23b1',volume_type_id=822a91a5-1820-4696-9668-99e29ade436d), 'volume': Volume(_name_id=None,admin_metadata=,attach_status='detached',availability_zone='nova',bootable=False,cluster=,cluster_name=None,consistencygroup=,consistencygroup_id=None,created_at=2021-08-18T19:21:22Z,deleted=False,deleted_at=None,display_description=None,display_name='tempest-VolumesCloneNegativeTest-Volume-1543761781',ec2_id=None,encryption_key_id=None,glance_metadata=,group=,group_id=None,host=None,id=21a047f8-8368-491a-8e86-8cc98c82fe14,launched_at=None,metadata={},migration_status=None,multiattach=False,previous_status=None,project_id='a8111aefc2254115b300eb6dde16bdd9',provider_auth=None,provider_geometry=None,provider_id=None,provider_location=None,replication_driver_data=None,replication_extended_status=None,replication_status=None,scheduled_at=None,service_uuid=None,shared_targets=True,size=2,snapshot_id=None,snapshots=,source_volid=None,status='creating',terminated_at=None,updated_at=None,user_id='3a47256ed4de48cd9e54c0872e3c23b1',volume_attachment=,volume_type=VolumeType(822a91a5-1820-4696-9668-99e29ade436d),volume_type_id=822a91a5-1820-4696-9668-99e29ade436d)}' {{(pid=100622) _task_receiver /usr/local/lib/python3.8/dist-packages/taskflow/listeners/logging.py:178}}
Aug 18 19:21:22.904402 dv-cinder-784092-14-iscsi devstack@c-api.service[100622]: DEBUG cinder.volume.api [None req-96c84fb7-abd9-4862-b885-984bcbdc1f74 tempest-VolumesCloneNegativeTest-857498411 tempest-VolumesCloneNegativeTest-857498411-project] Task 'cinder.volume.flows.api.create_volume.QuotaCommitTask;volume:create' (62aa524b-c189-4dc5-8dd2-c30c56ba4c72) transitioned into state 'RUNNING' from state 'PENDING' {{(pid=100622) _task_receiver /usr/local/lib/python3.8/dist-packages/taskflow/listeners/logging.py:190}}
Aug 18 19:21:22.944168 dv-cinder-784092-14-iscsi devstack@c-api.service[100622]: DEBUG cinder.volume.api [None req-96c84fb7-abd9-4862-b885-984bcbdc1f74 tempest-VolumesCloneNegativeTest-857498411 tempest-VolumesCloneNegativeTest-857498411-project] Task 'cinder.volume.flows.api.create_volume.QuotaCommitTask;volume:create' (62aa524b-c189-4dc5-8dd2-c30c56ba4c72) transitioned into state 'SUCCESS' from state 'RUNNING' with result '{'volume_properties': VolumeProperties(attach_status='detached',availability_zone='nova',cgsnapshot_id=None,consistencygroup_id=None,display_description=None,display_name='tempest-VolumesCloneNegativeTest-Volume-1543761781',encryption_key_id=None,group_id=None,group_type_id=,metadata={},multiattach=False,project_id='a8111aefc2254115b300eb6dde16bdd9',qos_specs=None,replication_status=,reservations=['6cc0a0a9-b971-4212-8919-902504ce851d','521d2a52-b180-4d83-8ee4-e3c4c8e441c8','e01f2596-187e-48c1-94e2-48e9772e80c0','028b5fa8-014b-45e3-ac34-7ee6ababdbbb'],size=2,snapshot_id=None,source_replicaid=,source_volid=None,status='creating',user_id='3a47256ed4de48cd9e54c0872e3c23b1',volume_type_id=822a91a5-1820-4696-9668-99e29ade436d)}' {{(pid=100622) _task_receiver /usr/local/lib/python3.8/dist-packages/taskflow/listeners/logging.py:178}}
Aug 18 19:21:22.947513 dv-cinder-784092-14-iscsi devstack@c-api.service[100622]: DEBUG cinder.volume.api [None req-96c84fb7-abd9-4862-b885-984bcbdc1f74 tempest-VolumesCloneNegativeTest-857498411 tempest-VolumesCloneNegativeTest-857498411-project] Task 'cinder.volume.flows.api.create_volume.VolumeCastTask;volume:create' (7330ab9a-5607-45ae-8a5f-dd42d002fae2) transitioned into state 'RUNNING' from state 'PENDING' {{(pid=100622) _task_receiver /usr/local/lib/python3.8/dist-packages/taskflow/listeners/logging.py:190}}
Aug 18 19:21:22.967105 dv-cinder-784092-14-iscsi devstack@c-api.service[100622]: DEBUG cinder.volume.api [None req-96c84fb7-abd9-4862-b885-984bcbdc1f74 tempest-VolumesCloneNegativeTest-857498411 tempest-VolumesCloneNegativeTest-857498411-project] Task 'cinder.volume.flows.api.create_volume.VolumeCastTask;volume:create' (7330ab9a-5607-45ae-8a5f-dd42d002fae2) transitioned into state 'SUCCESS' from state 'RUNNING' with result 'None' {{(pid=100622) _task_receiver /usr/local/lib/python3.8/dist-packages/taskflow/listeners/logging.py:178}}
Aug 18 19:21:22.969664 dv-cinder-784092-14-iscsi devstack@c-api.service[100622]: DEBUG cinder.volume.api [None req-96c84fb7-abd9-4862-b885-984bcbdc1f74 tempest-VolumesCloneNegativeTest-857498411 tempest-VolumesCloneNegativeTest-857498411-project] Flow 'volume_create_api' (16001af3-43e6-43a2-acd3-78862f4b5f48) transitioned into state 'SUCCESS' from state 'RUNNING' {{(pid=100622) _flow_receiver /usr/local/lib/python3.8/dist-packages/taskflow/listeners/logging.py:141}}
Aug 18 19:21:22.970580 dv-cinder-784092-14-iscsi devstack@c-api.service[100622]: INFO cinder.volume.api [None req-96c84fb7-abd9-4862-b885-984bcbdc1f74 tempest-VolumesCloneNegativeTest-857498411 tempest-VolumesCloneNegativeTest-857498411-project] Create volume request issued successfully.
Aug 18 19:21:22.978536 dv-cinder-784092-14-iscsi devstack@c-api.service[100622]: INFO cinder.api.openstack.wsgi [None req-96c84fb7-abd9-4862-b885-984bcbdc1f74 tempest-VolumesCloneNegativeTest-857498411 tempest-VolumesCloneNegativeTest-857498411-project] http://10.222.0.25/volume/v3/a8111aefc2254115b300eb6dde16bdd9/volumes returned with HTTP 202
Aug 18 19:21:22.992373 dv-cinder-784092-14-iscsi devstack@c-api.service[100621]: INFO cinder.api.openstack.wsgi [None req-d50e14c5-60f6-4dfa-bf1c-fe0fa1ae45c7 tempest-VolumesCloneNegativeTest-857498411 tempest-VolumesCloneNegativeTest-857498411-project] GET http://10.222.0.25/volume/v3/a8111aefc2254115b300eb6dde16bdd9/volumes/21a047f8-8368-491a-8e86-8cc98c82fe14
Aug 18 19:21:22.993590 dv-cinder-784092-14-iscsi devstack@c-api.service[100621]: DEBUG cinder.api.openstack.wsgi [None req-d50e14c5-60f6-4dfa-bf1c-fe0fa1ae45c7 tempest-VolumesCloneNegativeTest-857498411 tempest-VolumesCloneNegativeTest-857498411-project] Empty body provided in request {{(pid=100621) get_body /opt/stack/cinder/cinder/api/openstack/wsgi.py:703}}
Aug 18 19:21:22.994210 dv-cinder-784092-14-iscsi devstack@c-api.service[100621]: DEBUG cinder.api.openstack.wsgi [None req-d50e14c5-60f6-4dfa-bf1c-fe0fa1ae45c7 tempest-VolumesCloneNegativeTest-857498411 tempest-VolumesCloneNegativeTest-857498411-project] Calling method 'show' {{(pid=100621) _process_stack /opt/stack/cinder/cinder/api/openstack/wsgi.py:856}}
Aug 18 19:21:22.997615 dv-cinder-784092-14-iscsi devstack@c-api.service[100622]: [pid: 100622|app: 0|req: 185/368] 10.222.0.25 () {60 vars in 1235 bytes} [Wed Aug 18 19:21:22 2021] POST /volume/v3/a8111aefc2254115b300eb6dde16bdd9/volumes => generated 824 bytes in 651 msecs (HTTP/1.1 202) 7 headers in 291 bytes (1 switches on core 0)
Aug 18 19:21:23.015184 dv-cinder-784092-14-iscsi devstack@c-api.service[100621]: /usr/local/lib/python3.8/dist-packages/oslo_context/context.py:105: DeprecationWarning: Policy enforcement is depending on the value of is_admin. This key is deprecated. Please update your policy file to use the standard policy values.
Aug 18 19:21:23.015184 dv-cinder-784092-14-iscsi devstack@c-api.service[100621]: warnings.warn('Policy enforcement is depending on the value of '
Aug 18 19:21:23.030296 dv-cinder-784092-14-iscsi devstack@c-api.service[100621]: INFO cinder.volume.api [None req-d50e14c5-60f6-4dfa-bf1c-fe0fa1ae45c7 tempest-VolumesCloneNegativeTest-857498411 tempest-VolumesCloneNegativeTest-857498411-project] Volume info retrieved successfully.
Aug 18 19:21:23.054436 dv-cinder-784092-14-iscsi devstack@c-api.service[100621]: INFO cinder.api.openstack.wsgi [None req-d50e14c5-60f6-4dfa-bf1c-fe0fa1ae45c7 tempest-VolumesCloneNegativeTest-857498411 tempest-VolumesCloneNegativeTest-857498411-project] http://10.222.0.25/volume/v3/a8111aefc2254115b300eb6dde16bdd9/volumes/21a047f8-8368-491a-8e86-8cc98c82fe14 returned with HTTP 200
Aug 18 19:21:23.056332 dv-cinder-784092-14-iscsi devstack@c-api.service[100621]: [pid: 100621|app: 0|req: 184/369] 10.222.0.25 () {58 vars in 1325 bytes} [Wed Aug 18 19:21:22 2021] GET /volume/v3/a8111aefc2254115b300eb6dde16bdd9/volumes/21a047f8-8368-491a-8e86-8cc98c82fe14 => generated 892 bytes in 67 msecs (HTTP/1.1 200) 7 headers in 285 bytes (1 switches on core 0)
Aug 18 19:21:23.998297 dv-cinder-784092-14-iscsi devstack@c-api.service[100622]: INFO cinder.api.openstack.wsgi [None req-b06b720a-367a-4667-84ad-24b69f9f5363 tempest-VolumesSnapshotTestJSON-1118519759 tempest-VolumesSnapshotTestJSON-1118519759-project] POST http://10.222.0.25/volume/v3/c6e36c6c07d540f8b1218c533ffdb359/volumes
Aug 18 19:21:23.998881 dv-cinder-784092-14-iscsi devstack@c-api.service[100622]: /usr/local/lib/python3.8/dist-packages/webob/acceptparse.py:1047: DeprecationWarning: The behavior of AcceptValidHeader.best_match is currently being maintained for backward compatibility, but it will be deprecated in the future, as it does not conform to the RFC.
Aug 18 19:21:23.998881 dv-cinder-784092-14-iscsi devstack@c-api.service[100622]: warnings.warn(
Aug 18 19:21:24.000067 dv-cinder-784092-14-iscsi devstack@c-api.service[100622]: DEBUG cinder.api.openstack.wsgi [None req-b06b720a-367a-4667-84ad-24b69f9f5363 tempest-VolumesSnapshotTestJSON-1118519759 tempest-VolumesSnapshotTestJSON-1118519759-project] Action: 'create', calling method: create, body: {"volume": {"size": 1, "name": "tempest-VolumesSnapshotTestJSON-Volume-1465998776"}} {{(pid=100622) _process_stack /opt/stack/cinder/cinder/api/openstack/wsgi.py:854}}
Aug 18 19:21:24.000960 dv-cinder-784092-14-iscsi devstack@c-api.service[100622]: DEBUG cinder.api.v3.volumes [None req-b06b720a-367a-4667-84ad-24b69f9f5363 tempest-VolumesSnapshotTestJSON-1118519759 tempest-VolumesSnapshotTestJSON-1118519759-project] Create volume request body: {'volume': {'size': 1, 'name': 'tempest-VolumesSnapshotTestJSON-Volume-1465998776'}} {{(pid=100622) create /opt/stack/cinder/cinder/api/v3/volumes.py:290}}
Aug 18 19:21:24.001437 dv-cinder-784092-14-iscsi devstack@c-api.service[100622]: INFO cinder.api.v3.volumes [None req-b06b720a-367a-4667-84ad-24b69f9f5363 tempest-VolumesSnapshotTestJSON-1118519759 tempest-VolumesSnapshotTestJSON-1118519759-project] Create volume of 1 GB
Aug 18 19:21:24.002332 dv-cinder-784092-14-iscsi devstack@c-api.service[100622]: /usr/local/lib/python3.8/dist-packages/oslo_context/context.py:105: DeprecationWarning: Policy enforcement is depending on the value of is_admin. This key is deprecated. Please update your policy file to use the standard policy values.
Aug 18 19:21:24.002332 dv-cinder-784092-14-iscsi devstack@c-api.service[100622]: warnings.warn('Policy enforcement is depending on the value of '
Aug 18 19:21:24.008388 dv-cinder-784092-14-iscsi devstack@c-api.service[100622]: INFO cinder.volume.api [None req-b06b720a-367a-4667-84ad-24b69f9f5363 tempest-VolumesSnapshotTestJSON-1118519759 tempest-VolumesSnapshotTestJSON-1118519759-project] Availability Zones retrieved successfully.
