May 20 04:22:24.197426 dv-cinder-782405-9-smb devstack@n-api.service[105788]: DEBUG nova.context [None req-7c18b29e-b4bc-4148-8652-46d5fbf622b7 None None] Found 2 cells: 00000000-0000-0000-0000-000000000000(cell0),d2adce89-f01a-495e-969f-c716364744ec(cell1) {{(pid=105788) load_cells /opt/stack/nova/nova/context.py:464}}
May 20 04:22:24.202433 dv-cinder-782405-9-smb devstack@n-api.service[105788]: DEBUG oslo_concurrency.lockutils [None req-7c18b29e-b4bc-4148-8652-46d5fbf622b7 None None] Lock "00000000-0000-0000-0000-000000000000" acquired by "nova.context.set_target_cell..get_or_set_cached_cell_and_set_connections" :: waited 0.000s {{(pid=105788) inner /usr/local/lib/python3.8/dist-packages/oslo_concurrency/lockutils.py:355}}
May 20 04:22:24.204218 dv-cinder-782405-9-smb devstack@n-api.service[105788]: DEBUG oslo_concurrency.lockutils [None req-7c18b29e-b4bc-4148-8652-46d5fbf622b7 None None] Lock "00000000-0000-0000-0000-000000000000" released by "nova.context.set_target_cell..get_or_set_cached_cell_and_set_connections" :: held 0.002s {{(pid=105788) inner /usr/local/lib/python3.8/dist-packages/oslo_concurrency/lockutils.py:367}}
May 20 04:22:24.205034 dv-cinder-782405-9-smb devstack@n-api.service[105788]: DEBUG oslo_concurrency.lockutils [None req-7c18b29e-b4bc-4148-8652-46d5fbf622b7 None None] Lock "d2adce89-f01a-495e-969f-c716364744ec" acquired by "nova.context.set_target_cell..get_or_set_cached_cell_and_set_connections" :: waited 0.000s {{(pid=105788) inner /usr/local/lib/python3.8/dist-packages/oslo_concurrency/lockutils.py:355}}
May 20 04:22:24.207052 dv-cinder-782405-9-smb devstack@n-api.service[105788]: DEBUG oslo_concurrency.lockutils [None req-7c18b29e-b4bc-4148-8652-46d5fbf622b7 None None] Lock "d2adce89-f01a-495e-969f-c716364744ec" released by "nova.context.set_target_cell..get_or_set_cached_cell_and_set_connections" :: held 0.002s {{(pid=105788) inner /usr/local/lib/python3.8/dist-packages/oslo_concurrency/lockutils.py:367}}
May 20 04:22:24.223995 dv-cinder-782405-9-smb devstack@n-api.service[105787]: DEBUG oslo_db.sqlalchemy.engines [None req-59a67f2f-dc62-4454-abbf-16dc60d806b8 None None] MySQL server mode set to STRICT_TRANS_TABLES,STRICT_ALL_TABLES,NO_ZERO_IN_DATE,NO_ZERO_DATE,ERROR_FOR_DIVISION_BY_ZERO,TRADITIONAL,NO_ENGINE_SUBSTITUTION {{(pid=105787) _check_effective_sql_mode /usr/local/lib/python3.8/dist-packages/oslo_db/sqlalchemy/engines.py:314}}
May 20 04:22:24.226867 dv-cinder-782405-9-smb devstack@n-api.service[105787]: DEBUG oslo_db.sqlalchemy.engines [None req-59a67f2f-dc62-4454-abbf-16dc60d806b8 None None] MySQL server mode set to STRICT_TRANS_TABLES,STRICT_ALL_TABLES,NO_ZERO_IN_DATE,NO_ZERO_DATE,ERROR_FOR_DIVISION_BY_ZERO,TRADITIONAL,NO_ENGINE_SUBSTITUTION {{(pid=105787) _check_effective_sql_mode /usr/local/lib/python3.8/dist-packages/oslo_db/sqlalchemy/engines.py:314}}
May 20 04:22:24.231999 dv-cinder-782405-9-smb devstack@n-api.service[105788]: DEBUG oslo_db.sqlalchemy.engines [None req-7c18b29e-b4bc-4148-8652-46d5fbf622b7 None None] MySQL server mode set to STRICT_TRANS_TABLES,STRICT_ALL_TABLES,NO_ZERO_IN_DATE,NO_ZERO_DATE,ERROR_FOR_DIVISION_BY_ZERO,TRADITIONAL,NO_ENGINE_SUBSTITUTION {{(pid=105788) _check_effective_sql_mode /usr/local/lib/python3.8/dist-packages/oslo_db/sqlalchemy/engines.py:314}}
May 20 04:22:24.238870 dv-cinder-782405-9-smb devstack@n-api.service[105788]: DEBUG oslo_db.sqlalchemy.engines [None req-7c18b29e-b4bc-4148-8652-46d5fbf622b7 None None] MySQL server mode set to STRICT_TRANS_TABLES,STRICT_ALL_TABLES,NO_ZERO_IN_DATE,NO_ZERO_DATE,ERROR_FOR_DIVISION_BY_ZERO,TRADITIONAL,NO_ENGINE_SUBSTITUTION {{(pid=105788) _check_effective_sql_mode /usr/local/lib/python3.8/dist-packages/oslo_db/sqlalchemy/engines.py:314}}
May 20 04:22:24.257238 dv-cinder-782405-9-smb devstack@n-api.service[105787]: DEBUG oslo_db.sqlalchemy.engines [None req-59a67f2f-dc62-4454-abbf-16dc60d806b8 None None] MySQL server mode set to STRICT_TRANS_TABLES,STRICT_ALL_TABLES,NO_ZERO_IN_DATE,NO_ZERO_DATE,ERROR_FOR_DIVISION_BY_ZERO,TRADITIONAL,NO_ENGINE_SUBSTITUTION {{(pid=105787) _check_effective_sql_mode /usr/local/lib/python3.8/dist-packages/oslo_db/sqlalchemy/engines.py:314}}
May 20 04:22:24.263740 dv-cinder-782405-9-smb devstack@n-api.service[105788]: DEBUG oslo_db.sqlalchemy.engines [None req-7c18b29e-b4bc-4148-8652-46d5fbf622b7 None None] MySQL server mode set to STRICT_TRANS_TABLES,STRICT_ALL_TABLES,NO_ZERO_IN_DATE,NO_ZERO_DATE,ERROR_FOR_DIVISION_BY_ZERO,TRADITIONAL,NO_ENGINE_SUBSTITUTION {{(pid=105788) _check_effective_sql_mode /usr/local/lib/python3.8/dist-packages/oslo_db/sqlalchemy/engines.py:314}}
May 20 04:22:24.566498 dv-cinder-782405-9-smb devstack@n-api.service[105787]: WARNING keystonemiddleware.auth_token [None req-59a67f2f-dc62-4454-abbf-16dc60d806b8 None None] AuthToken middleware is set with keystone_authtoken.service_token_roles_required set to False. This is backwards compatible but deprecated behaviour. Please set this to True.
May 20 04:22:24.573507 dv-cinder-782405-9-smb devstack@n-api.service[105787]: WARNING keystonemiddleware.auth_token [None req-59a67f2f-dc62-4454-abbf-16dc60d806b8 None None] Configuring www_authenticate_uri to point to the public identity endpoint is required; clients may not be able to authenticate against an admin endpoint
May 20 04:22:24.577958 dv-cinder-782405-9-smb devstack@n-api.service[105788]: WARNING keystonemiddleware.auth_token [None req-7c18b29e-b4bc-4148-8652-46d5fbf622b7 None None] AuthToken middleware is set with keystone_authtoken.service_token_roles_required set to False. This is backwards compatible but deprecated behaviour. Please set this to True.
May 20 04:22:24.584761 dv-cinder-782405-9-smb devstack@n-api.service[105788]: WARNING keystonemiddleware.auth_token [None req-7c18b29e-b4bc-4148-8652-46d5fbf622b7 None None] Configuring www_authenticate_uri to point to the public identity endpoint is required; clients may not be able to authenticate against an admin endpoint
May 20 04:22:24.791330 dv-cinder-782405-9-smb devstack@n-api.service[105787]: WARNING keystonemiddleware.auth_token [None req-59a67f2f-dc62-4454-abbf-16dc60d806b8 None None] AuthToken middleware is set with keystone_authtoken.service_token_roles_required set to False. This is backwards compatible but deprecated behaviour. Please set this to True.
May 20 04:22:24.797252 dv-cinder-782405-9-smb devstack@n-api.service[105787]: WARNING keystonemiddleware.auth_token [None req-59a67f2f-dc62-4454-abbf-16dc60d806b8 None None] Configuring www_authenticate_uri to point to the public identity endpoint is required; clients may not be able to authenticate against an admin endpoint
May 20 04:22:24.802352 dv-cinder-782405-9-smb devstack@n-api.service[105787]: WSGI app 0 (mountpoint='') ready in 5 seconds on interpreter 0x55783b6d49c0 pid: 105787 (default app)
May 20 04:22:24.805935 dv-cinder-782405-9-smb devstack@n-api.service[105788]: WARNING keystonemiddleware.auth_token [None req-7c18b29e-b4bc-4148-8652-46d5fbf622b7 None None] AuthToken middleware is set with keystone_authtoken.service_token_roles_required set to False. This is backwards compatible but deprecated behaviour. Please set this to True.
May 20 04:22:24.812363 dv-cinder-782405-9-smb devstack@n-api.service[105788]: WARNING keystonemiddleware.auth_token [None req-7c18b29e-b4bc-4148-8652-46d5fbf622b7 None None] Configuring www_authenticate_uri to point to the public identity endpoint is required; clients may not be able to authenticate against an admin endpoint
May 20 04:22:24.817522 dv-cinder-782405-9-smb devstack@n-api.service[105788]: WSGI app 0 (mountpoint='') ready in 5 seconds on interpreter 0x55783b6d49c0 pid: 105788 (default app)
May 20 04:22:56.657187 dv-cinder-782405-9-smb devstack@n-api.service[105787]: DEBUG nova.api.openstack.wsgi [None req-0a6c9e38-acf6-41dc-b98b-02cae85f1825 tempest-VolumesTestJSON-1445915868 tempest-VolumesTestJSON-1445915868-project] Calling method '.version_select at 0x7f17aaab1b80>' {{(pid=105787) _process_stack /opt/stack/nova/nova/api/openstack/wsgi.py:513}}
May 20 04:22:57.475784 dv-cinder-782405-9-smb devstack@n-api.service[105788]: DEBUG nova.api.openstack.wsgi [None req-26237fc7-51a4-4367-ada2-833348ad465c tempest-VolumesSnapshotsTestJSON-581096477 tempest-VolumesSnapshotsTestJSON-581096477-project] Action: 'create', calling method: .version_select at 0x7f17aab3ff70>, body: {"volume": {"size": 1, "display_name": "tempest-VolumesSnapshotsTestJSON-volume-1049484341"}} {{(pid=105788) _process_stack /opt/stack/nova/nova/api/openstack/wsgi.py:511}}
May 20 04:22:57.712588 dv-cinder-782405-9-smb devstack@n-api.service[105787]: INFO nova.api.openstack.requestlog [None req-0a6c9e38-acf6-41dc-b98b-02cae85f1825 tempest-VolumesTestJSON-1445915868 tempest-VolumesTestJSON-1445915868-project] 10.222.0.72 "GET /compute/v2.1/os-volumes/f200f7f7-0cde-4364-9087-f093de2bceba" status: 200 len: 350 microversion: 2.1 time: 1.416530
May 20 04:22:57.713799 dv-cinder-782405-9-smb devstack@n-api.service[105787]: [pid: 105787|app: 0|req: 1/1] 10.222.0.72 () {58 vars in 1245 bytes} [Thu May 20 04:22:56 2021] GET /compute/v2.1/os-volumes/f200f7f7-0cde-4364-9087-f093de2bceba => generated 350 bytes in 1419 msecs (HTTP/1.1 200) 9 headers in 357 bytes (1 switches on core 0)
May 20 04:22:58.080733 dv-cinder-782405-9-smb devstack@n-api.service[105787]: DEBUG nova.api.openstack.wsgi [None req-ec2b080b-1220-41c7-805c-289fcc050ef9 tempest-VolumesNegativeTest-1062590699 tempest-VolumesNegativeTest-1062590699-project] Action: 'create', calling method: .version_select at 0x7f17aaa03040>, body: {"volume": {"size": "#$%", "display_name": "tempest-VolumesNegativeTest-Volume-1956352256", "metadata": {"Type": "work"}}} {{(pid=105787) _process_stack /opt/stack/nova/nova/api/openstack/wsgi.py:511}}
May 20 04:22:58.083707 dv-cinder-782405-9-smb devstack@n-api.service[105787]: DEBUG nova.api.openstack.wsgi [None req-ec2b080b-1220-41c7-805c-289fcc050ef9 tempest-VolumesNegativeTest-1062590699 tempest-VolumesNegativeTest-1062590699-project] Returning 400 to user: Invalid input for field/attribute size. Value: #$%. '#$%' does not match '^[0-9]+$' {{(pid=105787) __call__ /opt/stack/nova/nova/api/openstack/wsgi.py:927}}
May 20 04:22:58.085063 dv-cinder-782405-9-smb devstack@n-api.service[105787]: INFO nova.api.openstack.requestlog [None req-ec2b080b-1220-41c7-805c-289fcc050ef9 tempest-VolumesNegativeTest-1062590699 tempest-VolumesNegativeTest-1062590699-project] 10.222.0.72 "POST /compute/v2.1/os-volumes" status: 400 len: 127 microversion: 2.1 time: 0.369682
May 20 04:22:58.087014 dv-cinder-782405-9-smb devstack@n-api.service[105787]: [pid: 105787|app: 0|req: 2/2] 10.222.0.72 () {60 vars in 1156 bytes} [Thu May 20 04:22:57 2021] POST /compute/v2.1/os-volumes => generated 127 bytes in 372 msecs (HTTP/1.1 400) 9 headers in 381 bytes (1 switches on core 0)
May 20 04:22:58.098040 dv-cinder-782405-9-smb devstack@n-api.service[105787]: DEBUG nova.api.openstack.wsgi [None req-b3415565-0105-4439-a9a6-e45ca1823fc3 tempest-VolumesNegativeTest-1062590699 tempest-VolumesNegativeTest-1062590699-project] Action: 'create', calling method: .version_select at 0x7f17aaa03040>, body: {"volume": {"size": "0", "display_name": "tempest-VolumesNegativeTest-Volume-1638852696", "metadata": {"Type": "work"}}} {{(pid=105787) _process_stack /opt/stack/nova/nova/api/openstack/wsgi.py:511}}
May 20 04:22:58.099633 dv-cinder-782405-9-smb devstack@n-api.service[105787]: DEBUG nova.api.openstack.wsgi [None req-b3415565-0105-4439-a9a6-e45ca1823fc3 tempest-VolumesNegativeTest-1062590699 tempest-VolumesNegativeTest-1062590699-project] Returning 400 to user: Invalid input for field/attribute size. Value: 0. 0 is less than the minimum of 1 {{(pid=105787) __call__ /opt/stack/nova/nova/api/openstack/wsgi.py:927}}
May 20 04:22:58.100759 dv-cinder-782405-9-smb devstack@n-api.service[105787]: INFO nova.api.openstack.requestlog [None req-b3415565-0105-4439-a9a6-e45ca1823fc3 tempest-VolumesNegativeTest-1062590699 tempest-VolumesNegativeTest-1062590699-project] 10.222.0.72 "POST /compute/v2.1/os-volumes" status: 400 len: 125 microversion: 2.1 time: 0.007682
May 20 04:22:58.108074 dv-cinder-782405-9-smb devstack@n-api.service[105787]: [pid: 105787|app: 0|req: 3/3] 10.222.0.72 () {60 vars in 1156 bytes} [Thu May 20 04:22:58 2021] POST /compute/v2.1/os-volumes => generated 125 bytes in 15 msecs (HTTP/1.1 400) 9 headers in 381 bytes (1 switches on core 0)
May 20 04:22:58.113419 dv-cinder-782405-9-smb devstack@n-api.service[105787]: DEBUG nova.api.openstack.wsgi [None req-600ededb-8915-4100-a465-6f0066f65437 tempest-VolumesNegativeTest-1062590699 tempest-VolumesNegativeTest-1062590699-project] Action: 'create', calling method: .version_select at 0x7f17aa904d30>, body: {"volume": {"size": "", "display_name": "tempest-VolumesNegativeTest-Volume-728514204", "metadata": {"Type": "work"}}} {{(pid=105787) _process_stack /opt/stack/nova/nova/api/openstack/wsgi.py:511}}
May 20 04:22:58.114907 dv-cinder-782405-9-smb devstack@n-api.service[105787]: DEBUG nova.api.openstack.wsgi [None req-600ededb-8915-4100-a465-6f0066f65437 tempest-VolumesNegativeTest-1062590699 tempest-VolumesNegativeTest-1062590699-project] Returning 400 to user: Invalid input for field/attribute size. Value: . '' does not match '^[0-9]+$' {{(pid=105787) __call__ /opt/stack/nova/nova/api/openstack/wsgi.py:927}}
May 20 04:22:58.116064 dv-cinder-782405-9-smb devstack@n-api.service[105787]: INFO nova.api.openstack.requestlog [None req-600ededb-8915-4100-a465-6f0066f65437 tempest-VolumesNegativeTest-1062590699 tempest-VolumesNegativeTest-1062590699-project] 10.222.0.72 "POST /compute/v2.1/os-volumes" status: 400 len: 121 microversion: 2.1 time: 0.006552
May 20 04:22:58.123531 dv-cinder-782405-9-smb devstack@n-api.service[105787]: [pid: 105787|app: 0|req: 4/4] 10.222.0.72 () {60 vars in 1156 bytes} [Thu May 20 04:22:58 2021] POST /compute/v2.1/os-volumes => generated 121 bytes in 14 msecs (HTTP/1.1 400) 9 headers in 381 bytes (1 switches on core 0)
May 20 04:22:58.129403 dv-cinder-782405-9-smb devstack@n-api.service[105787]: DEBUG nova.api.openstack.wsgi [None req-f077f7c7-8cb6-4bb5-8897-59e1e4e7a658 tempest-VolumesNegativeTest-1062590699 tempest-VolumesNegativeTest-1062590699-project] Calling method '.version_select at 0x7f17ab115940>' {{(pid=105787) _process_stack /opt/stack/nova/nova/api/openstack/wsgi.py:513}}
May 20 04:22:58.649711 dv-cinder-782405-9-smb devstack@n-api.service[105787]: INFO nova.api.openstack.wsgi [None req-f077f7c7-8cb6-4bb5-8897-59e1e4e7a658 tempest-VolumesNegativeTest-1062590699 tempest-VolumesNegativeTest-1062590699-project] HTTP exception thrown: Volume tempest-invalid-2024275019 could not be found.
May 20 04:22:58.651422 dv-cinder-782405-9-smb devstack@n-api.service[105787]: DEBUG nova.api.openstack.wsgi [None req-f077f7c7-8cb6-4bb5-8897-59e1e4e7a658 tempest-VolumesNegativeTest-1062590699 tempest-VolumesNegativeTest-1062590699-project] Returning 404 to user: Volume tempest-invalid-2024275019 could not be found. {{(pid=105787) __call__ /opt/stack/nova/nova/api/openstack/wsgi.py:927}}
May 20 04:22:58.652488 dv-cinder-782405-9-smb devstack@n-api.service[105787]: INFO nova.api.openstack.requestlog [None req-f077f7c7-8cb6-4bb5-8897-59e1e4e7a658 tempest-VolumesNegativeTest-1062590699 tempest-VolumesNegativeTest-1062590699-project] 10.222.0.72 "DELETE /compute/v2.1/os-volumes/tempest-invalid-2024275019" status: 404 len: 99 microversion: 2.1 time: 0.527751
May 20 04:22:58.653555 dv-cinder-782405-9-smb devstack@n-api.service[105787]: [pid: 105787|app: 0|req: 5/5] 10.222.0.72 () {58 vars in 1218 bytes} [Thu May 20 04:22:58 2021] DELETE /compute/v2.1/os-volumes/tempest-invalid-2024275019 => generated 99 bytes in 529 msecs (HTTP/1.1 404) 9 headers in 378 bytes (1 switches on core 0)
May 20 04:22:58.669526 dv-cinder-782405-9-smb devstack@n-api.service[105787]: INFO nova.api.openstack.requestlog [None req-26bfb857-a470-487d-bc31-5c104bafe0d0 tempest-VolumesNegativeTest-1062590699 tempest-VolumesNegativeTest-1062590699-project] 10.222.0.72 "DELETE /compute/v2.1/os-volumes/" status: 404 len: 112 microversion: - time: 0.004519
May 20 04:22:58.670447 dv-cinder-782405-9-smb devstack@n-api.service[105787]: [pid: 105787|app: 0|req: 6/6] 10.222.0.72 () {58 vars in 1140 bytes} [Thu May 20 04:22:58 2021] DELETE /compute/v2.1/os-volumes/ => generated 112 bytes in 6 msecs (HTTP/1.1 404) 5 headers in 228 bytes (2 switches on core 0)
May 20 04:22:58.691585 dv-cinder-782405-9-smb devstack@n-api.service[105787]: INFO nova.api.openstack.requestlog [None req-8748b16e-48d1-4f54-9b31-cb4e24cbe84a tempest-VolumesNegativeTest-1062590699 tempest-VolumesNegativeTest-1062590699-project] 10.222.0.72 "GET /compute/v2.1/os-volumes/" status: 404 len: 112 microversion: - time: 0.005351
May 20 04:22:58.700109 dv-cinder-782405-9-smb devstack@n-api.service[105787]: [pid: 105787|app: 0|req: 7/7] 10.222.0.72 () {58 vars in 1137 bytes} [Thu May 20 04:22:58 2021] GET /compute/v2.1/os-volumes/ => generated 112 bytes in 22 msecs (HTTP/1.1 404) 5 headers in 228 bytes (1 switches on core 0)
May 20 04:22:58.718118 dv-cinder-782405-9-smb devstack@n-api.service[105787]: DEBUG nova.api.openstack.wsgi [None req-8f3676c9-e8e0-4df4-9ddb-a28a761fe0ec tempest-VolumesNegativeTest-1062590699 tempest-VolumesNegativeTest-1062590699-project] Calling method '.version_select at 0x7f17aa904790>' {{(pid=105787) _process_stack /opt/stack/nova/nova/api/openstack/wsgi.py:513}}
May 20 04:22:58.921406 dv-cinder-782405-9-smb devstack@n-api.service[105787]: INFO nova.api.openstack.wsgi [None req-8f3676c9-e8e0-4df4-9ddb-a28a761fe0ec tempest-VolumesNegativeTest-1062590699 tempest-VolumesNegativeTest-1062590699-project] HTTP exception thrown: Volume 6a580b36-2c17-4839-a6fa-8392a1aaeaea could not be found.
May 20 04:22:58.922020 dv-cinder-782405-9-smb devstack@n-api.service[105787]: DEBUG nova.api.openstack.wsgi [None req-8f3676c9-e8e0-4df4-9ddb-a28a761fe0ec tempest-VolumesNegativeTest-1062590699 tempest-VolumesNegativeTest-1062590699-project] Returning 404 to user: Volume 6a580b36-2c17-4839-a6fa-8392a1aaeaea could not be found. {{(pid=105787) __call__ /opt/stack/nova/nova/api/openstack/wsgi.py:927}}
May 20 04:22:58.922839 dv-cinder-782405-9-smb devstack@n-api.service[105787]: INFO nova.api.openstack.requestlog [None req-8f3676c9-e8e0-4df4-9ddb-a28a761fe0ec tempest-VolumesNegativeTest-1062590699 tempest-VolumesNegativeTest-1062590699-project] 10.222.0.72 "DELETE /compute/v2.1/os-volumes/6a580b36-2c17-4839-a6fa-8392a1aaeaea" status: 404 len: 109 microversion: 2.1 time: 0.215334
May 20 04:22:58.927235 dv-cinder-782405-9-smb devstack@n-api.service[105787]: [pid: 105787|app: 0|req: 8/8] 10.222.0.72 () {58 vars in 1248 bytes} [Thu May 20 04:22:58 2021] DELETE /compute/v2.1/os-volumes/6a580b36-2c17-4839-a6fa-8392a1aaeaea => generated 109 bytes in 220 msecs (HTTP/1.1 404) 9 headers in 379 bytes (1 switches on core 0)
May 20 04:22:59.063661 dv-cinder-782405-9-smb devstack@n-api.service[105787]: DEBUG nova.api.openstack.wsgi [None req-6939f289-2705-4761-83a4-e6e31963927d tempest-DeleteServersTestJSON-940845909 tempest-DeleteServersTestJSON-940845909-project] Action: 'create', calling method: >, body: {"server": {"name": "tempest-DeleteServersTestJSON-server-653301850", "imageRef": "1139a88b-c9b5-4773-93b2-36c2fe07b2c1", "flavorRef": "452", "networks": [{"uuid": "5da0db70-167f-4c44-816e-b5f53d627150"}]}} {{(pid=105787) _process_stack /opt/stack/nova/nova/api/openstack/wsgi.py:511}}
May 20 04:22:59.076731 dv-cinder-782405-9-smb devstack@n-api.service[105788]: INFO nova.api.openstack.requestlog [None req-26237fc7-51a4-4367-ada2-833348ad465c tempest-VolumesSnapshotsTestJSON-581096477 tempest-VolumesSnapshotsTestJSON-581096477-project] 10.222.0.72 "POST /compute/v2.1/os-volumes" status: 200 len: 345 microversion: 2.1 time: 2.677415
May 20 04:22:59.077362 dv-cinder-782405-9-smb devstack@n-api.service[105788]: [pid: 105788|app: 0|req: 1/9] 10.222.0.72 () {60 vars in 1155 bytes} [Thu May 20 04:22:56 2021] POST /compute/v2.1/os-volumes => generated 345 bytes in 2681 msecs (HTTP/1.1 200) 10 headers in 448 bytes (1 switches on core 0)
May 20 04:22:59.085895 dv-cinder-782405-9-smb devstack@n-api.service[105788]: DEBUG nova.api.openstack.wsgi [None req-37ec0887-8638-487f-b5e8-80d5e2354334 tempest-VolumesNegativeTest-1062590699 tempest-VolumesNegativeTest-1062590699-project] Calling method '.version_select at 0x7f17aa93b280>' {{(pid=105788) _process_stack /opt/stack/nova/nova/api/openstack/wsgi.py:513}}
May 20 04:22:59.239253 dv-cinder-782405-9-smb devstack@n-api.service[105788]: INFO nova.api.openstack.wsgi [None req-37ec0887-8638-487f-b5e8-80d5e2354334 tempest-VolumesNegativeTest-1062590699 tempest-VolumesNegativeTest-1062590699-project] HTTP exception thrown: Volume e7ad61f7-27b1-4562-b8d6-302de9c10f9a could not be found.
May 20 04:22:59.241670 dv-cinder-782405-9-smb devstack@n-api.service[105788]: DEBUG nova.api.openstack.wsgi [None req-37ec0887-8638-487f-b5e8-80d5e2354334 tempest-VolumesNegativeTest-1062590699 tempest-VolumesNegativeTest-1062590699-project] Returning 404 to user: Volume e7ad61f7-27b1-4562-b8d6-302de9c10f9a could not be found. {{(pid=105788) __call__ /opt/stack/nova/nova/api/openstack/wsgi.py:927}}
May 20 04:22:59.242454 dv-cinder-782405-9-smb devstack@n-api.service[105788]: INFO nova.api.openstack.requestlog [None req-37ec0887-8638-487f-b5e8-80d5e2354334 tempest-VolumesNegativeTest-1062590699 tempest-VolumesNegativeTest-1062590699-project] 10.222.0.72 "GET /compute/v2.1/os-volumes/e7ad61f7-27b1-4562-b8d6-302de9c10f9a" status: 404 len: 109 microversion: 2.1 time: 0.163735
May 20 04:22:59.243020 dv-cinder-782405-9-smb devstack@n-api.service[105788]: [pid: 105788|app: 0|req: 2/10] 10.222.0.72 () {58 vars in 1245 bytes} [Thu May 20 04:22:59 2021] GET /compute/v2.1/os-volumes/e7ad61f7-27b1-4562-b8d6-302de9c10f9a => generated 109 bytes in 165 msecs (HTTP/1.1 404) 9 headers in 379 bytes (1 switches on core 0)
May 20 04:22:59.256811 dv-cinder-782405-9-smb devstack@n-api.service[105788]: DEBUG nova.api.openstack.wsgi [None req-b83a2528-04d0-4754-8927-f8bfd93b69b5 tempest-VolumesSnapshotsTestJSON-581096477 tempest-VolumesSnapshotsTestJSON-581096477-project] Calling method '.version_select at 0x7f17aa93b550>' {{(pid=105788) _process_stack /opt/stack/nova/nova/api/openstack/wsgi.py:513}}
May 20 04:22:59.268150 dv-cinder-782405-9-smb devstack@n-api.service[105787]: DEBUG nova.network.neutron [None req-6939f289-2705-4761-83a4-e6e31963927d tempest-DeleteServersTestJSON-940845909 tempest-DeleteServersTestJSON-940845909-project] validate_networks() for [('5da0db70-167f-4c44-816e-b5f53d627150', None, None, None)] {{(pid=105787) validate_networks /opt/stack/nova/nova/network/neutron.py:2374}}
May 20 04:22:59.437662 dv-cinder-782405-9-smb devstack@n-api.service[105788]: INFO nova.api.openstack.requestlog [None req-b83a2528-04d0-4754-8927-f8bfd93b69b5 tempest-VolumesSnapshotsTestJSON-581096477 tempest-VolumesSnapshotsTestJSON-581096477-project] 10.222.0.72 "GET /compute/v2.1/os-volumes/2462d1f9-c08d-4f8b-a1b1-9b447d6f5be1" status: 200 len: 345 microversion: 2.1 time: 0.190862
May 20 04:22:59.438618 dv-cinder-782405-9-smb devstack@n-api.service[105788]: [pid: 105788|app: 0|req: 3/11] 10.222.0.72 () {58 vars in 1245 bytes} [Thu May 20 04:22:59 2021] GET /compute/v2.1/os-volumes/2462d1f9-c08d-4f8b-a1b1-9b447d6f5be1 => generated 345 bytes in 195 msecs (HTTP/1.1 200) 9 headers in 357 bytes (1 switches on core 0)
May 20 04:23:00.094585 dv-cinder-782405-9-smb devstack@n-api.service[105788]: DEBUG nova.api.openstack.wsgi [None req-1978a69f-eb80-44f2-97c4-97e2a1c1ffee tempest-VolumesTestJSON-1445915868 tempest-VolumesTestJSON-1445915868-project] Calling method '.version_select at 0x7f17aa8d71f0>' {{(pid=105788) _process_stack /opt/stack/nova/nova/api/openstack/wsgi.py:513}}
May 20 04:23:00.284791 dv-cinder-782405-9-smb devstack@n-api.service[105788]: INFO nova.api.openstack.requestlog [None req-1978a69f-eb80-44f2-97c4-97e2a1c1ffee tempest-VolumesTestJSON-1445915868 tempest-VolumesTestJSON-1445915868-project] 10.222.0.72 "GET /compute/v2.1/os-volumes/a214cc31-04e4-409f-bbcb-bd7793624308" status: 200 len: 350 microversion: 2.1 time: 0.194982
May 20 04:23:00.285909 dv-cinder-782405-9-smb devstack@n-api.service[105788]: [pid: 105788|app: 0|req: 4/12] 10.222.0.72 () {58 vars in 1245 bytes} [Thu May 20 04:23:00 2021] GET /compute/v2.1/os-volumes/a214cc31-04e4-409f-bbcb-bd7793624308 => generated 350 bytes in 197 msecs (HTTP/1.1 200) 9 headers in 357 bytes (2 switches on core 0)
May 20 04:23:00.451058 dv-cinder-782405-9-smb devstack@n-api.service[105788]: DEBUG nova.api.openstack.wsgi [None req-1098cc87-1ecb-46fa-b133-439c9858e809 tempest-VolumesSnapshotsTestJSON-581096477 tempest-VolumesSnapshotsTestJSON-581096477-project] Calling method '.version_select at 0x7f17aa93bee0>' {{(pid=105788) _process_stack /opt/stack/nova/nova/api/openstack/wsgi.py:513}}
May 20 04:23:00.670299 dv-cinder-782405-9-smb devstack@n-api.service[105788]: INFO nova.api.openstack.requestlog [None req-1098cc87-1ecb-46fa-b133-439c9858e809 tempest-VolumesSnapshotsTestJSON-581096477 tempest-VolumesSnapshotsTestJSON-581096477-project] 10.222.0.72 "GET /compute/v2.1/os-volumes/2462d1f9-c08d-4f8b-a1b1-9b447d6f5be1" status: 200 len: 346 microversion: 2.1 time: 0.223877
May 20 04:23:00.671321 dv-cinder-782405-9-smb devstack@n-api.service[105788]: [pid: 105788|app: 0|req: 5/13] 10.222.0.72 () {58 vars in 1245 bytes} [Thu May 20 04:23:00 2021] GET /compute/v2.1/os-volumes/2462d1f9-c08d-4f8b-a1b1-9b447d6f5be1 => generated 346 bytes in 225 msecs (HTTP/1.1 200) 9 headers in 357 bytes (2 switches on core 0)
May 20 04:23:00.684381 dv-cinder-782405-9-smb devstack@n-api.service[105788]: DEBUG nova.api.openstack.wsgi [None req-12e1be25-8c30-4008-91b8-92ca8e2a7a08 tempest-VolumesSnapshotsTestJSON-581096477 tempest-VolumesSnapshotsTestJSON-581096477-project] Action: 'create', calling method: .version_select at 0x7f17aa8d7940>, body: {"snapshot": {"volume_id": "2462d1f9-c08d-4f8b-a1b1-9b447d6f5be1", "display_name": "tempest-VolumesSnapshotsTestJSON-Snapshot-556944132"}} {{(pid=105788) _process_stack /opt/stack/nova/nova/api/openstack/wsgi.py:511}}
May 20 04:23:01.175588 dv-cinder-782405-9-smb devstack@n-api.service[105788]: INFO nova.api.openstack.requestlog [None req-12e1be25-8c30-4008-91b8-92ca8e2a7a08 tempest-VolumesSnapshotsTestJSON-581096477 tempest-VolumesSnapshotsTestJSON-581096477-project] 10.222.0.72 "POST /compute/v2.1/os-snapshots" status: 200 len: 286 microversion: 2.1 time: 0.496325
May 20 04:23:01.176573 dv-cinder-782405-9-smb devstack@n-api.service[105788]: [pid: 105788|app: 0|req: 6/14] 10.222.0.72 () {60 vars in 1162 bytes} [Thu May 20 04:23:00 2021] POST /compute/v2.1/os-snapshots => generated 286 bytes in 498 msecs (HTTP/1.1 200) 9 headers in 357 bytes (1 switches on core 0)
May 20 04:23:01.186933 dv-cinder-782405-9-smb devstack@n-api.service[105788]: DEBUG nova.api.openstack.wsgi [None req-f599f4c3-a3ef-4b73-95ec-5cd617766185 tempest-VolumesSnapshotsTestJSON-581096477 tempest-VolumesSnapshotsTestJSON-581096477-project] Calling method '.version_select at 0x7f17aa8d7f70>' {{(pid=105788) _process_stack /opt/stack/nova/nova/api/openstack/wsgi.py:513}}
May 20 04:23:01.240721 dv-cinder-782405-9-smb devstack@n-api.service[105787]: DEBUG nova.virt.hardware [None req-6939f289-2705-4761-83a4-e6e31963927d tempest-DeleteServersTestJSON-940845909 tempest-DeleteServersTestJSON-940845909-project] Flavor limits 0:0:0 {{(pid=105787) get_cpu_topology_constraints /opt/stack/nova/nova/virt/hardware.py:344}}
May 20 04:23:01.241182 dv-cinder-782405-9-smb devstack@n-api.service[105787]: DEBUG nova.virt.hardware [None req-6939f289-2705-4761-83a4-e6e31963927d tempest-DeleteServersTestJSON-940845909 tempest-DeleteServersTestJSON-940845909-project] Image limits 0:0:0 {{(pid=105787) get_cpu_topology_constraints /opt/stack/nova/nova/virt/hardware.py:348}}
May 20 04:23:01.241611 dv-cinder-782405-9-smb devstack@n-api.service[105787]: DEBUG nova.virt.hardware [None req-6939f289-2705-4761-83a4-e6e31963927d tempest-DeleteServersTestJSON-940845909 tempest-DeleteServersTestJSON-940845909-project] Flavor pref 0:0:0 {{(pid=105787) get_cpu_topology_constraints /opt/stack/nova/nova/virt/hardware.py:384}}
May 20 04:23:01.242013 dv-cinder-782405-9-smb devstack@n-api.service[105787]: DEBUG nova.virt.hardware [None req-6939f289-2705-4761-83a4-e6e31963927d tempest-DeleteServersTestJSON-940845909 tempest-DeleteServersTestJSON-940845909-project] Image pref 0:0:0 {{(pid=105787) get_cpu_topology_constraints /opt/stack/nova/nova/virt/hardware.py:388}}
May 20 04:23:01.242420 dv-cinder-782405-9-smb devstack@n-api.service[105787]: DEBUG nova.virt.hardware [None req-6939f289-2705-4761-83a4-e6e31963927d tempest-DeleteServersTestJSON-940845909 tempest-DeleteServersTestJSON-940845909-project] Chose sockets=0, cores=0, threads=0; limits were sockets=65536, cores=65536, threads=65536 {{(pid=105787) get_cpu_topology_constraints /opt/stack/nova/nova/virt/hardware.py:426}}
May 20 04:23:01.264959 dv-cinder-782405-9-smb devstack@n-api.service[105787]: DEBUG oslo_concurrency.lockutils [None req-6939f289-2705-4761-83a4-e6e31963927d tempest-DeleteServersTestJSON-940845909 tempest-DeleteServersTestJSON-940845909-project] Lock "00000000-0000-0000-0000-000000000000" acquired by "nova.context.set_target_cell..get_or_set_cached_cell_and_set_connections" :: waited 0.000s {{(pid=105787) inner /usr/local/lib/python3.8/dist-packages/oslo_concurrency/lockutils.py:355}}
May 20 04:23:01.265401 dv-cinder-782405-9-smb devstack@n-api.service[105787]: DEBUG oslo_concurrency.lockutils [None req-6939f289-2705-4761-83a4-e6e31963927d tempest-DeleteServersTestJSON-940845909 tempest-DeleteServersTestJSON-940845909-project] Lock "00000000-0000-0000-0000-000000000000" released by "nova.context.set_target_cell..get_or_set_cached_cell_and_set_connections" :: held 0.001s {{(pid=105787) inner /usr/local/lib/python3.8/dist-packages/oslo_concurrency/lockutils.py:367}}
May 20 04:23:01.266200 dv-cinder-782405-9-smb devstack@n-api.service[105787]: DEBUG oslo_concurrency.lockutils [None req-6939f289-2705-4761-83a4-e6e31963927d tempest-DeleteServersTestJSON-940845909 tempest-DeleteServersTestJSON-940845909-project] Lock "d2adce89-f01a-495e-969f-c716364744ec" acquired by "nova.context.set_target_cell..get_or_set_cached_cell_and_set_connections" :: waited 0.000s {{(pid=105787) inner /usr/local/lib/python3.8/dist-packages/oslo_concurrency/lockutils.py:355}}
May 20 04:23:01.266631 dv-cinder-782405-9-smb devstack@n-api.service[105787]: DEBUG oslo_concurrency.lockutils [None req-6939f289-2705-4761-83a4-e6e31963927d tempest-DeleteServersTestJSON-940845909 tempest-DeleteServersTestJSON-940845909-project] Lock "d2adce89-f01a-495e-969f-c716364744ec" released by "nova.context.set_target_cell..get_or_set_cached_cell_and_set_connections" :: held 0.000s {{(pid=105787) inner /usr/local/lib/python3.8/dist-packages/oslo_concurrency/lockutils.py:367}}
May 20 04:23:01.289108 dv-cinder-782405-9-smb devstack@n-api.service[105788]: INFO nova.api.openstack.requestlog [None req-f599f4c3-a3ef-4b73-95ec-5cd617766185 tempest-VolumesSnapshotsTestJSON-581096477 tempest-VolumesSnapshotsTestJSON-581096477-project] 10.222.0.72 "GET /compute/v2.1/os-snapshots/c36e549a-c728-4031-9e26-ee4580878b2b" status: 200 len: 286 microversion: 2.1 time: 0.105811
May 20 04:23:01.290038 dv-cinder-782405-9-smb devstack@n-api.service[105788]: [pid: 105788|app: 0|req: 7/15] 10.222.0.72 () {58 vars in 1251 bytes} [Thu May 20 04:23:01 2021] GET /compute/v2.1/os-snapshots/c36e549a-c728-4031-9e26-ee4580878b2b => generated 286 bytes in 108 msecs (HTTP/1.1 200) 9 headers in 357 bytes (1 switches on core 0)
May 20 04:23:01.299770 dv-cinder-782405-9-smb devstack@n-api.service[105788]: DEBUG nova.api.openstack.wsgi [None req-d362461d-ffcd-4a5a-9d27-678f25222c49 tempest-VolumesSnapshotsTestJSON-581096477 tempest-VolumesSnapshotsTestJSON-581096477-project] Calling method '.version_select at 0x7f17aa8d7820>' {{(pid=105788) _process_stack /opt/stack/nova/nova/api/openstack/wsgi.py:513}}
May 20 04:23:01.345926 dv-cinder-782405-9-smb devstack@n-api.service[105787]: DEBUG nova.quota [None req-6939f289-2705-4761-83a4-e6e31963927d tempest-DeleteServersTestJSON-940845909 tempest-DeleteServersTestJSON-940845909-project] Getting quotas for project 69184aaba608473bab5df670af3d83a4. Resources: {'instances', 'ram', 'cores'} {{(pid=105787) _get_quotas /opt/stack/nova/nova/quota.py:387}}
May 20 04:23:01.357843 dv-cinder-782405-9-smb devstack@n-api.service[105787]: DEBUG nova.quota [None req-6939f289-2705-4761-83a4-e6e31963927d tempest-DeleteServersTestJSON-940845909 tempest-DeleteServersTestJSON-940845909-project] Getting quotas for user f7d6488bbd5546c3b0caa311292f6634 and project 69184aaba608473bab5df670af3d83a4. Resources: {'instances', 'ram', 'cores'} {{(pid=105787) _get_quotas /opt/stack/nova/nova/quota.py:377}}
May 20 04:23:01.361615 dv-cinder-782405-9-smb devstack@n-api.service[105788]: INFO nova.api.openstack.requestlog [None req-d362461d-ffcd-4a5a-9d27-678f25222c49 tempest-VolumesSnapshotsTestJSON-581096477 tempest-VolumesSnapshotsTestJSON-581096477-project] 10.222.0.72 "GET /compute/v2.1/os-snapshots" status: 200 len: 289 microversion: 2.1 time: 0.065322
May 20 04:23:01.362836 dv-cinder-782405-9-smb devstack@n-api.service[105788]: [pid: 105788|app: 0|req: 8/16] 10.222.0.72 () {58 vars in 1140 bytes} [Thu May 20 04:23:01 2021] GET /compute/v2.1/os-snapshots => generated 289 bytes in 67 msecs (HTTP/1.1 200) 9 headers in 357 bytes (2 switches on core 0)
May 20 04:23:01.375884 dv-cinder-782405-9-smb devstack@n-api.service[105788]: DEBUG nova.api.openstack.wsgi [None req-6601d847-7360-486a-b463-fcf81109967f tempest-VolumesSnapshotsTestJSON-581096477 tempest-VolumesSnapshotsTestJSON-581096477-project] Calling method '.version_select at 0x7f17aa93bf70>' {{(pid=105788) _process_stack /opt/stack/nova/nova/api/openstack/wsgi.py:513}}
May 20 04:23:01.403844 dv-cinder-782405-9-smb devstack@n-api.service[105787]: DEBUG nova.compute.api [None req-6939f289-2705-4761-83a4-e6e31963927d tempest-DeleteServersTestJSON-940845909 tempest-DeleteServersTestJSON-940845909-project] Going to run 1 instances... {{(pid=105787) _provision_instances /opt/stack/nova/nova/compute/api.py:1283}}
May 20 04:23:01.407544 dv-cinder-782405-9-smb devstack@n-api.service[105787]: DEBUG nova.compute.api [None req-6939f289-2705-4761-83a4-e6e31963927d tempest-DeleteServersTestJSON-940845909 tempest-DeleteServersTestJSON-940845909-project] [instance: 3856cc10-1152-44fc-b43e-4e2011057869] block_device_mapping [BlockDeviceMapping(attachment_id=,boot_index=0,connection_info=None,created_at=,delete_on_termination=True,deleted=,deleted_at=,destination_type='local',device_name=None,device_type='disk',disk_bus=None,guest_format=None,id=,image_id='1139a88b-c9b5-4773-93b2-36c2fe07b2c1',instance=,instance_uuid=,no_device=False,snapshot_id=None,source_type='image',tag=None,updated_at=,uuid=,volume_id=None,volume_size=None,volume_type=None)] {{(pid=105787) _bdm_validate_set_size_and_instance /opt/stack/nova/nova/compute/api.py:1685}}
May 20 04:23:01.482706 dv-cinder-782405-9-smb devstack@n-api.service[105788]: INFO nova.api.openstack.requestlog [None req-6601d847-7360-486a-b463-fcf81109967f tempest-VolumesSnapshotsTestJSON-581096477 tempest-VolumesSnapshotsTestJSON-581096477-project] 10.222.0.72 "GET /compute/v2.1/os-snapshots/c36e549a-c728-4031-9e26-ee4580878b2b" status: 200 len: 286 microversion: 2.1 time: 0.112362
May 20 04:23:01.483679 dv-cinder-782405-9-smb devstack@n-api.service[105788]: [pid: 105788|app: 0|req: 9/17] 10.222.0.72 () {58 vars in 1251 bytes} [Thu May 20 04:23:01 2021] GET /compute/v2.1/os-snapshots/c36e549a-c728-4031-9e26-ee4580878b2b => generated 286 bytes in 115 msecs (HTTP/1.1 200) 9 headers in 357 bytes (2 switches on core 0)
May 20 04:23:01.538547 dv-cinder-782405-9-smb devstack@n-api.service[105787]: INFO nova.api.openstack.requestlog [None req-6939f289-2705-4761-83a4-e6e31963927d tempest-DeleteServersTestJSON-940845909 tempest-DeleteServersTestJSON-940845909-project] 10.222.0.72 "POST /compute/v2.1/servers" status: 202 len: 380 microversion: 2.1 time: 2.610140
May 20 04:23:01.539231 dv-cinder-782405-9-smb devstack@n-api.service[105787]: [pid: 105787|app: 0|req: 9/18] 10.222.0.72 () {60 vars in 1147 bytes} [Thu May 20 04:22:58 2021] POST /compute/v2.1/servers => generated 380 bytes in 2611 msecs (HTTP/1.1 202) 10 headers in 451 bytes (1 switches on core 0)
May 20 04:23:01.550351 dv-cinder-782405-9-smb devstack@n-api.service[105788]: DEBUG nova.api.openstack.wsgi [None req-87512b10-77dd-4059-a4d2-5ac0ebb6f834 tempest-DeleteServersTestJSON-940845909 tempest-DeleteServersTestJSON-940845909-project] Calling method '>' {{(pid=105788) _process_stack /opt/stack/nova/nova/api/openstack/wsgi.py:513}}
May 20 04:23:01.551347 dv-cinder-782405-9-smb devstack@n-api.service[105788]: DEBUG nova.compute.api [None req-87512b10-77dd-4059-a4d2-5ac0ebb6f834 tempest-DeleteServersTestJSON-940845909 tempest-DeleteServersTestJSON-940845909-project] [instance: 3856cc10-1152-44fc-b43e-4e2011057869] Fetching instance by UUID {{(pid=105788) get /opt/stack/nova/nova/compute/api.py:2790}}
May 20 04:23:01.836069 dv-cinder-782405-9-smb devstack@n-api.service[105788]: DEBUG nova.policy [None req-87512b10-77dd-4059-a4d2-5ac0ebb6f834 tempest-DeleteServersTestJSON-940845909 tempest-DeleteServersTestJSON-940845909-project] Policy check for os_compute_api:os-extended-server-attributes failed with credentials {'is_admin': False, 'user_id': 'f7d6488bbd5546c3b0caa311292f6634', 'user_domain_id': 'default', 'system_scope': None, 'domain_id': None, 'project_id': '69184aaba608473bab5df670af3d83a4', 'project_domain_id': 'default', 'roles': ['reader', 'member'], 'is_admin_project': True, 'service_user_id': None, 'service_user_domain_id': None, 'service_project_id': None, 'service_project_domain_id': None, 'service_roles': []} {{(pid=105788) authorize /opt/stack/nova/nova/policy.py:199}}
May 20 04:23:01.859384 dv-cinder-782405-9-smb devstack@n-api.service[105788]: INFO nova.api.openstack.requestlog [None req-87512b10-77dd-4059-a4d2-5ac0ebb6f834 tempest-DeleteServersTestJSON-940845909 tempest-DeleteServersTestJSON-940845909-project] 10.222.0.72 "GET /compute/v2.1/servers/3856cc10-1152-44fc-b43e-4e2011057869" status: 200 len: 1214 microversion: 2.1 time: 0.311587
May 20 04:23:01.861546 dv-cinder-782405-9-smb devstack@n-api.service[105788]: [pid: 105788|app: 0|req: 10/19] 10.222.0.72 () {58 vars in 1236 bytes} [Thu May 20 04:23:01 2021] GET /compute/v2.1/servers/3856cc10-1152-44fc-b43e-4e2011057869 => generated 1214 bytes in 316 msecs (HTTP/1.1 200) 9 headers in 358 bytes (1 switches on core 0)
May 20 04:23:02.390013 dv-cinder-782405-9-smb devstack@n-api.service[105787]: DEBUG nova.api.openstack.wsgi [None req-e5f7a279-7ca3-42af-b2b5-e4d23dd3e324 tempest-VolumesTestJSON-1445915868 tempest-VolumesTestJSON-1445915868-project] Calling method '.version_select at 0x7f17aa81b040>' {{(pid=105787) _process_stack /opt/stack/nova/nova/api/openstack/wsgi.py:513}}
May 20 04:23:02.493936 dv-cinder-782405-9-smb devstack@n-api.service[105788]: DEBUG nova.api.openstack.wsgi [None req-ac02d84e-4d29-4633-9cab-2147672784a0 tempest-VolumesSnapshotsTestJSON-581096477 tempest-VolumesSnapshotsTestJSON-581096477-project] Calling method '.version_select at 0x7f17aa8d7550>' {{(pid=105788) _process_stack /opt/stack/nova/nova/api/openstack/wsgi.py:513}}
May 20 04:23:02.502818 dv-cinder-782405-9-smb devstack@n-api.service[105787]: INFO nova.api.openstack.requestlog [None req-e5f7a279-7ca3-42af-b2b5-e4d23dd3e324 tempest-VolumesTestJSON-1445915868 tempest-VolumesTestJSON-1445915868-project] 10.222.0.72 "GET /compute/v2.1/os-volumes/d9da221b-4261-439d-b6ba-41b5e8bbd07f" status: 200 len: 351 microversion: 2.1 time: 0.114361
May 20 04:23:02.503084 dv-cinder-782405-9-smb devstack@n-api.service[105787]: [pid: 105787|app: 0|req: 10/20] 10.222.0.72 () {58 vars in 1245 bytes} [Thu May 20 04:23:02 2021] GET /compute/v2.1/os-volumes/d9da221b-4261-439d-b6ba-41b5e8bbd07f => generated 351 bytes in 118 msecs (HTTP/1.1 200) 9 headers in 357 bytes (1 switches on core 0)
May 20 04:23:02.515049 dv-cinder-782405-9-smb devstack@n-api.service[105787]: DEBUG nova.api.openstack.wsgi [None req-30ce1a0a-1a9e-47fb-8f5f-09e61ae7bddd tempest-VolumesTestJSON-1445915868 tempest-VolumesTestJSON-1445915868-project] Calling method '.version_select at 0x7f17aa81bca0>' {{(pid=105787) _process_stack /opt/stack/nova/nova/api/openstack/wsgi.py:513}}
May 20 04:23:02.612715 dv-cinder-782405-9-smb devstack@n-api.service[105788]: INFO nova.api.openstack.requestlog [None req-ac02d84e-4d29-4633-9cab-2147672784a0 tempest-VolumesSnapshotsTestJSON-581096477 tempest-VolumesSnapshotsTestJSON-581096477-project] 10.222.0.72 "GET /compute/v2.1/os-snapshots/c36e549a-c728-4031-9e26-ee4580878b2b" status: 200 len: 287 microversion: 2.1 time: 0.122240
May 20 04:23:02.618259 dv-cinder-782405-9-smb devstack@n-api.service[105788]: [pid: 105788|app: 0|req: 11/21] 10.222.0.72 () {58 vars in 1251 bytes} [Thu May 20 04:23:02 2021] GET /compute/v2.1/os-snapshots/c36e549a-c728-4031-9e26-ee4580878b2b => generated 287 bytes in 124 msecs (HTTP/1.1 200) 9 headers in 357 bytes (1 switches on core 0)
May 20 04:23:02.624290 dv-cinder-782405-9-smb devstack@n-api.service[105788]: DEBUG nova.api.openstack.wsgi [None req-ef1f6e91-4215-4f9d-8e13-10df852a7fe4 tempest-VolumesSnapshotsTestJSON-581096477 tempest-VolumesSnapshotsTestJSON-581096477-project] Calling method '.version_select at 0x7f17aa8d7dc0>' {{(pid=105788) _process_stack /opt/stack/nova/nova/api/openstack/wsgi.py:513}}
May 20 04:23:02.764513 dv-cinder-782405-9-smb devstack@n-api.service[105787]: INFO nova.api.openstack.requestlog [None req-30ce1a0a-1a9e-47fb-8f5f-09e61ae7bddd tempest-VolumesTestJSON-1445915868 tempest-VolumesTestJSON-1445915868-project] 10.222.0.72 "GET /compute/v2.1/os-volumes" status: 200 len: 1034 microversion: 2.1 time: 0.254239
May 20 04:23:02.765567 dv-cinder-782405-9-smb devstack@n-api.service[105787]: [pid: 105787|app: 0|req: 11/22] 10.222.0.72 () {58 vars in 1134 bytes} [Thu May 20 04:23:02 2021] GET /compute/v2.1/os-volumes => generated 1034 bytes in 256 msecs (HTTP/1.1 200) 9 headers in 358 bytes (1 switches on core 0)
May 20 04:23:02.778276 dv-cinder-782405-9-smb devstack@n-api.service[105787]: DEBUG nova.api.openstack.wsgi [None req-80852a48-511a-479e-a7c9-8a3244af0500 tempest-VolumesTestJSON-1445915868 tempest-VolumesTestJSON-1445915868-project] Calling method '.version_select at 0x7f17aa80bf70>' {{(pid=105787) _process_stack /opt/stack/nova/nova/api/openstack/wsgi.py:513}}
May 20 04:23:02.853161 dv-cinder-782405-9-smb devstack@n-api.service[105788]: INFO nova.api.openstack.requestlog [None req-ef1f6e91-4215-4f9d-8e13-10df852a7fe4 tempest-VolumesSnapshotsTestJSON-581096477 tempest-VolumesSnapshotsTestJSON-581096477-project] 10.222.0.72 "DELETE /compute/v2.1/os-snapshots/c36e549a-c728-4031-9e26-ee4580878b2b" status: 202 len: 0 microversion: 2.1 time: 0.233267
May 20 04:23:02.854051 dv-cinder-782405-9-smb devstack@n-api.service[105788]: [pid: 105788|app: 0|req: 12/23] 10.222.0.72 () {58 vars in 1254 bytes} [Thu May 20 04:23:02 2021] DELETE /compute/v2.1/os-snapshots/c36e549a-c728-4031-9e26-ee4580878b2b => generated 0 bytes in 235 msecs (HTTP/1.1 202) 9 headers in 361 bytes (1 switches on core 0)
May 20 04:23:02.861937 dv-cinder-782405-9-smb devstack@n-api.service[105788]: DEBUG nova.api.openstack.wsgi [None req-e9237836-f4bc-4124-afbe-f01f155782b2 tempest-VolumesSnapshotsTestJSON-581096477 tempest-VolumesSnapshotsTestJSON-581096477-project] Calling method '.version_select at 0x7f17aa8d7160>' {{(pid=105788) _process_stack /opt/stack/nova/nova/api/openstack/wsgi.py:513}}
May 20 04:23:02.943977 dv-cinder-782405-9-smb devstack@n-api.service[105787]: INFO nova.api.openstack.requestlog [None req-80852a48-511a-479e-a7c9-8a3244af0500 tempest-VolumesTestJSON-1445915868 tempest-VolumesTestJSON-1445915868-project] 10.222.0.72 "GET /compute/v2.1/os-volumes?limit=2" status: 200 len: 694 microversion: 2.1 time: 0.169593
May 20 04:23:02.944561 dv-cinder-782405-9-smb devstack@n-api.service[105787]: [pid: 105787|app: 0|req: 12/24] 10.222.0.72 () {58 vars in 1149 bytes} [Thu May 20 04:23:02 2021] GET /compute/v2.1/os-volumes?limit=2 => generated 694 bytes in 171 msecs (HTTP/1.1 200) 9 headers in 357 bytes (2 switches on core 0)
May 20 04:23:02.949252 dv-cinder-782405-9-smb devstack@n-api.service[105787]: DEBUG nova.api.openstack.wsgi [None req-e254a041-aaf7-415a-8753-dbd52f1a60f8 tempest-DeleteServersTestJSON-940845909 tempest-DeleteServersTestJSON-940845909-project] Calling method '>' {{(pid=105787) _process_stack /opt/stack/nova/nova/api/openstack/wsgi.py:513}}
May 20 04:23:02.949876 dv-cinder-782405-9-smb devstack@n-api.service[105787]: DEBUG nova.compute.api [None req-e254a041-aaf7-415a-8753-dbd52f1a60f8 tempest-DeleteServersTestJSON-940845909 tempest-DeleteServersTestJSON-940845909-project] [instance: 3856cc10-1152-44fc-b43e-4e2011057869] Fetching instance by UUID {{(pid=105787) get /opt/stack/nova/nova/compute/api.py:2790}}
May 20 04:23:02.964894 dv-cinder-782405-9-smb devstack@n-api.service[105788]: INFO nova.api.openstack.requestlog [None req-e9237836-f4bc-4124-afbe-f01f155782b2 tempest-VolumesSnapshotsTestJSON-581096477 tempest-VolumesSnapshotsTestJSON-581096477-project] 10.222.0.72 "GET /compute/v2.1/os-snapshots/c36e549a-c728-4031-9e26-ee4580878b2b" status: 200 len: 286 microversion: 2.1 time: 0.106523
May 20 04:23:02.965877 dv-cinder-782405-9-smb devstack@n-api.service[105788]: [pid: 105788|app: 0|req: 13/25] 10.222.0.72 () {58 vars in 1251 bytes} [Thu May 20 04:23:02 2021] GET /compute/v2.1/os-snapshots/c36e549a-c728-4031-9e26-ee4580878b2b => generated 286 bytes in 108 msecs (HTTP/1.1 200) 9 headers in 357 bytes (1 switches on core 0)
May 20 04:23:02.971444 dv-cinder-782405-9-smb devstack@n-api.service[105788]: DEBUG nova.api.openstack.wsgi [None req-43adc35d-8cf1-45a9-9c82-4bf5ac362ae5 tempest-VolumesTestJSON-1445915868 tempest-VolumesTestJSON-1445915868-project] Calling method '.version_select at 0x7f17aa8a2790>' {{(pid=105788) _process_stack /opt/stack/nova/nova/api/openstack/wsgi.py:513}}
May 20 04:23:03.143387 dv-cinder-782405-9-smb devstack@n-api.service[105788]: INFO nova.api.openstack.requestlog [None req-43adc35d-8cf1-45a9-9c82-4bf5ac362ae5 tempest-VolumesTestJSON-1445915868 tempest-VolumesTestJSON-1445915868-project] 10.222.0.72 "GET /compute/v2.1/os-volumes" status: 200 len: 1034 microversion: 2.1 time: 0.175701
May 20 04:23:03.144279 dv-cinder-782405-9-smb devstack@n-api.service[105788]: [pid: 105788|app: 0|req: 14/26] 10.222.0.72 () {58 vars in 1134 bytes} [Thu May 20 04:23:02 2021] GET /compute/v2.1/os-volumes => generated 1034 bytes in 178 msecs (HTTP/1.1 200) 9 headers in 358 bytes (1 switches on core 0)
May 20 04:23:03.156732 dv-cinder-782405-9-smb devstack@n-api.service[105788]: DEBUG nova.api.openstack.wsgi [None req-9f258ff4-4976-47d9-bfe7-2b3908a30c96 tempest-VolumesTestJSON-1445915868 tempest-VolumesTestJSON-1445915868-project] Calling method '.version_select at 0x7f17aa8a2c10>' {{(pid=105788) _process_stack /opt/stack/nova/nova/api/openstack/wsgi.py:513}}
May 20 04:23:03.330910 dv-cinder-782405-9-smb devstack@n-api.service[105788]: INFO nova.api.openstack.requestlog [None req-9f258ff4-4976-47d9-bfe7-2b3908a30c96 tempest-VolumesTestJSON-1445915868 tempest-VolumesTestJSON-1445915868-project] 10.222.0.72 "GET /compute/v2.1/os-volumes?offset=1&limit=1" status: 200 len: 353 microversion: 2.1 time: 0.178553
May 20 04:23:03.331573 dv-cinder-782405-9-smb devstack@n-api.service[105788]: [pid: 105788|app: 0|req: 15/27] 10.222.0.72 () {58 vars in 1167 bytes} [Thu May 20 04:23:03 2021] GET /compute/v2.1/os-volumes?offset=1&limit=1 => generated 353 bytes in 181 msecs (HTTP/1.1 200) 9 headers in 357 bytes (2 switches on core 0)
May 20 04:23:03.348086 dv-cinder-782405-9-smb devstack@n-api.service[105788]: DEBUG nova.api.openstack.wsgi [None req-df52d093-db90-43a0-9678-48b73fbce5ef tempest-VolumesTestJSON-1445915868 tempest-VolumesTestJSON-1445915868-project] Calling method '.version_select at 0x7f17aa8d7790>' {{(pid=105788) _process_stack /opt/stack/nova/nova/api/openstack/wsgi.py:513}}
May 20 04:23:03.496043 dv-cinder-782405-9-smb devstack@n-api.service[105788]: INFO nova.api.openstack.requestlog [None req-df52d093-db90-43a0-9678-48b73fbce5ef tempest-VolumesTestJSON-1445915868 tempest-VolumesTestJSON-1445915868-project] 10.222.0.72 "GET /compute/v2.1/os-volumes/detail?limit=2" status: 200 len: 694 microversion: 2.1 time: 0.151663
May 20 04:23:03.496935 dv-cinder-782405-9-smb devstack@n-api.service[105788]: [pid: 105788|app: 0|req: 16/28] 10.222.0.72 () {58 vars in 1170 bytes} [Thu May 20 04:23:03 2021] GET /compute/v2.1/os-volumes/detail?limit=2 => generated 694 bytes in 153 msecs (HTTP/1.1 200) 9 headers in 357 bytes (1 switches on core 0)
May 20 04:23:03.510784 dv-cinder-782405-9-smb devstack@n-api.service[105788]: DEBUG nova.api.openstack.wsgi [None req-f791cc95-04a8-4e69-a1ea-a07a34b6ce47 tempest-VolumesTestJSON-1445915868 tempest-VolumesTestJSON-1445915868-project] Calling method '.version_select at 0x7f17aa93b820>' {{(pid=105788) _process_stack /opt/stack/nova/nova/api/openstack/wsgi.py:513}}
May 20 04:23:03.644705 dv-cinder-782405-9-smb devstack@n-api.service[105788]: INFO nova.api.openstack.requestlog [None req-f791cc95-04a8-4e69-a1ea-a07a34b6ce47 tempest-VolumesTestJSON-1445915868 tempest-VolumesTestJSON-1445915868-project] 10.222.0.72 "GET /compute/v2.1/os-volumes/detail" status: 200 len: 1034 microversion: 2.1 time: 0.137970
