May 05 13:06:57.747744 dv-cinder-782405-6-iscsi neutron-server[74411]: INFO neutron.wsgi [req-970d0d6a-848d-4299-b3f7-e7d414c344e5 req-a1fe003e-aad2-419e-91e0-21c47c581961 tempest-AttachVolumeNegativeTest-2012076051 tempest-AttachVolumeNegativeTest-2012076051-project] 10.222.0.44 "GET /v2.0/ports?device_id=35b1a834-be1f-471c-9367-f47a06048c2d HTTP/1.1" status: 200 len: 943 time: 0.2310810
May 05 13:06:57.789760 dv-cinder-782405-6-iscsi neutron-server[74410]: DEBUG neutron.pecan_wsgi.hooks.policy_enforcement [req-ffbffc48-80e8-4591-b7fd-88e08391e179 req-65ee0741-418c-45b7-847e-32ce204dd193 tempest-ServerRescueNegativeTestJSON-1102570948 tempest-ServerRescueNegativeTestJSON-1102570948-project] Attributes excluded by policy engine: ['standard_attr_id', 'vlan_transparent', 'provider:network_type', 'provider:physical_network', 'provider:segmentation_id'] {{(pid=74410) _exclude_attributes_by_policy /opt/stack/neutron/neutron/pecan_wsgi/hooks/policy_enforcement.py:255}}
May 05 13:06:57.791545 dv-cinder-782405-6-iscsi neutron-server[74410]: INFO neutron.wsgi [req-ffbffc48-80e8-4591-b7fd-88e08391e179 req-65ee0741-418c-45b7-847e-32ce204dd193 tempest-ServerRescueNegativeTestJSON-1102570948 tempest-ServerRescueNegativeTestJSON-1102570948-project] 10.222.0.32 "GET /v2.0/networks?id=34095645-6a6b-45e5-b2ef-b4eb90aa53ec HTTP/1.1" status: 200 len: 819 time: 0.5752676
May 05 13:06:57.823789 dv-cinder-782405-6-iscsi neutron-server[74410]: INFO neutron.wsgi [req-eb9195f6-4687-454c-80ad-a1d3b2100159 req-574f003b-9657-471e-8f07-466b9ef3fe92 service neutron] 10.222.0.32 "GET /v2.0/networks/3a7956a7-f297-4bad-8273-86af1000b1c2?fields=segments HTTP/1.1" status: 200 len: 212 time: 0.3922882
May 05 13:06:57.832701 dv-cinder-782405-6-iscsi neutron-server[74412]: DEBUG neutron.plugins.ml2.rpc [None req-715755e9-c205-46c8-9470-172995b45071 None None] Device 017ddf06-fde2-4ff2-b46f-e48bdd6404f0 up at agent ovs-agent-dv-cinder-782405-6-iscsi {{(pid=74412) update_device_up /opt/stack/neutron/neutron/plugins/ml2/rpc.py:278}}
May 05 13:06:57.880207 dv-cinder-782405-6-iscsi neutron-server[74410]: DEBUG neutron.api.v2.base [req-ffbffc48-80e8-4591-b7fd-88e08391e179 req-88bca667-0915-45c0-bf58-7fe4d53115de tempest-ServerRescueNegativeTestJSON-1102570948 tempest-ServerRescueNegativeTestJSON-1102570948-project] Request body: {'port': {'device_id': 'ed246430-8b08-4a12-abd1-715be571af21', 'network_id': '34095645-6a6b-45e5-b2ef-b4eb90aa53ec', 'admin_state_up': True, 'tenant_id': '07301341c0764fea9c82151f7b2b378f'}} {{(pid=74410) prepare_request_body /opt/stack/neutron/neutron/api/v2/base.py:729}}
May 05 13:06:57.888199 dv-cinder-782405-6-iscsi neutron-server[74411]: INFO neutron.wsgi [req-d2ebfc62-dad7-4f0c-9754-d41bb0e7caa2 req-c5e63a5b-b438-40de-b0a8-19f097697c16 service neutron] 10.222.0.32 "GET /v2.0/ports?network_id=0c352aa8-55a2-406f-b1c1-82d05a31c6b7&device_owner=network%3Adhcp HTTP/1.1" status: 200 len: 210 time: 0.1391473
May 05 13:06:57.953942 dv-cinder-782405-6-iscsi neutron-server[74412]: DEBUG neutron.db.provisioning_blocks [None req-715755e9-c205-46c8-9470-172995b45071 None None] Provisioning complete for port 017ddf06-fde2-4ff2-b46f-e48bdd6404f0 triggered by entity L2. {{(pid=74412) provisioning_complete /opt/stack/neutron/neutron/db/provisioning_blocks.py:139}}
May 05 13:06:57.954824 dv-cinder-782405-6-iscsi neutron-server[74412]: DEBUG neutron_lib.callbacks.manager [None req-715755e9-c205-46c8-9470-172995b45071 None None] Notify callbacks ['neutron.plugins.ml2.plugin.Ml2Plugin._port_provisioned-1932132'] for port, provisioning_complete {{(pid=74412) _notify_loop /usr/local/lib/python3.8/dist-packages/neutron_lib/callbacks/manager.py:192}}
May 05 13:06:57.980018 dv-cinder-782405-6-iscsi neutron-server[74411]: INFO neutron.wsgi [req-970d0d6a-848d-4299-b3f7-e7d414c344e5 req-6660cfe2-50e0-41b9-8b37-197d261ae727 tempest-AttachVolumeNegativeTest-2012076051 tempest-AttachVolumeNegativeTest-2012076051-project] 10.222.0.44 "GET /v2.0/security-groups?id=2fd5f81d-97a4-4d2d-a621-bb8052772143&fields=id&fields=name HTTP/1.1" status: 200 len: 286 time: 0.1480463
May 05 13:06:58.411102 dv-cinder-782405-6-iscsi neutron-server[74411]: INFO neutron.wsgi [req-4276e7ea-b8f1-41d1-9321-c125b062380a req-5c3c1492-f016-4f7a-97b7-a1490a676b27 tempest-ServerRescueNegativeTestJSON-1102570948 tempest-ServerRescueNegativeTestJSON-1102570948-project] 10.222.0.44 "GET /v2.0/ports?device_id=a81de672-8b2d-46f0-bcc5-1ded2aeafe64 HTTP/1.1" status: 200 len: 210 time: 0.1103132
May 05 13:06:58.441516 dv-cinder-782405-6-iscsi neutron-server[74411]: DEBUG neutron.quota.resource [req-68959712-5514-41d7-8a61-54fa05ffb2e7 req-fe839845-bdd3-4fa3-b644-c23dbdfed0dc tempest-AttachVolumeShelveTestJSON-1914755594 tempest-AttachVolumeShelveTestJSON-1914755594-project] Synchronizing usage tracker for tenant:76a65df892a64c5285ea4737bd9c9192 on resource:security_group {{(pid=74411) resync /opt/stack/neutron/neutron/quota/resource.py:241}}
May 05 13:06:58.475497 dv-cinder-782405-6-iscsi neutron-server[74411]: INFO neutron.wsgi [req-d2ebfc62-dad7-4f0c-9754-d41bb0e7caa2 req-28443eb6-360d-4ea2-998e-7e24f334c2fc service neutron] 10.222.0.32 "GET /v2.0/networks/0c352aa8-55a2-406f-b1c1-82d05a31c6b7?fields=segments HTTP/1.1" status: 200 len: 212 time: 0.5479600
May 05 13:06:58.551557 dv-cinder-782405-6-iscsi neutron-server[74412]: DEBUG neutron_lib.callbacks.manager [None req-e602280c-5e1c-4b0a-ba9e-b4a84bdeda88 None None] Notify callbacks ['neutron.services.segments.db._update_segment_host_mapping_for_agent-8789013785766', 'neutron.plugins.ml2.plugin.Ml2Plugin._retry_binding_revived_agents-1932245'] for agent, after_update {{(pid=74412) _notify_loop /usr/local/lib/python3.8/dist-packages/neutron_lib/callbacks/manager.py:192}}
May 05 13:06:58.552083 dv-cinder-782405-6-iscsi neutron-server[74411]: DEBUG neutron.quota.resource [req-68959712-5514-41d7-8a61-54fa05ffb2e7 req-fe839845-bdd3-4fa3-b644-c23dbdfed0dc tempest-AttachVolumeShelveTestJSON-1914755594 tempest-AttachVolumeShelveTestJSON-1914755594-project] Unset dirty status for tenant:76a65df892a64c5285ea4737bd9c9192 on resource:security_group {{(pid=74411) _resync /opt/stack/neutron/neutron/quota/resource.py:233}}
May 05 13:06:58.553098 dv-cinder-782405-6-iscsi neutron-server[74411]: INFO neutron.wsgi [req-68959712-5514-41d7-8a61-54fa05ffb2e7 req-fe839845-bdd3-4fa3-b644-c23dbdfed0dc tempest-AttachVolumeShelveTestJSON-1914755594 tempest-AttachVolumeShelveTestJSON-1914755594-project] 10.222.0.44 "GET /v2.0/security-groups?name=tempest-securitygroup--1651859954&fields=id&tenant_id=76a65df892a64c5285ea4737bd9c9192 HTTP/1.1" status: 200 len: 267 time: 0.3230150
May 05 13:06:58.590702 dv-cinder-782405-6-iscsi neutron-server[74410]: DEBUG neutron.db.quota.driver [req-ffbffc48-80e8-4591-b7fd-88e08391e179 req-88bca667-0915-45c0-bf58-7fe4d53115de tempest-ServerRescueNegativeTestJSON-1102570948 tempest-ServerRescueNegativeTestJSON-1102570948-project] Resources subnetpool have unlimited quota limit. It is not required to calculate headroom {{(pid=74410) make_reservation /opt/stack/neutron/neutron/db/quota/driver.py:219}}
May 05 13:06:58.609332 dv-cinder-782405-6-iscsi neutron-server[74410]: INFO neutron.wsgi [req-eb9195f6-4687-454c-80ad-a1d3b2100159 req-6e64270a-ce18-48ba-894a-4e14ac8f0d0b service neutron] 10.222.0.32 "GET /v2.0/networks/3a7956a7-f297-4bad-8273-86af1000b1c2?fields=provider%3Aphysical_network&fields=provider%3Anetwork_type HTTP/1.1" status: 200 len: 281 time: 0.7325695
May 05 13:06:58.610421 dv-cinder-782405-6-iscsi neutron-server[74410]: DEBUG neutron.db.quota.driver [req-ffbffc48-80e8-4591-b7fd-88e08391e179 req-88bca667-0915-45c0-bf58-7fe4d53115de tempest-ServerRescueNegativeTestJSON-1102570948 tempest-ServerRescueNegativeTestJSON-1102570948-project] Attempting to reserve 1 items for resource port. Total usage: 1; quota limit: 500; headroom:499 {{(pid=74410) make_reservation /opt/stack/neutron/neutron/db/quota/driver.py:246}}
May 05 13:06:58.737143 dv-cinder-782405-6-iscsi neutron-server[74410]: DEBUG neutron.pecan_wsgi.hooks.quota_enforcement [req-ffbffc48-80e8-4591-b7fd-88e08391e179 req-88bca667-0915-45c0-bf58-7fe4d53115de tempest-ServerRescueNegativeTestJSON-1102570948 tempest-ServerRescueNegativeTestJSON-1102570948-project] Made reservation on behalf of 07301341c0764fea9c82151f7b2b378f for: {'port': 1} {{(pid=74410) before /opt/stack/neutron/neutron/pecan_wsgi/hooks/quota_enforcement.py:53}}
May 05 13:06:58.741194 dv-cinder-782405-6-iscsi neutron-server[74410]: DEBUG neutron_lib.callbacks.manager [req-ffbffc48-80e8-4591-b7fd-88e08391e179 req-88bca667-0915-45c0-bf58-7fe4d53115de tempest-ServerRescueNegativeTestJSON-1102570948 tempest-ServerRescueNegativeTestJSON-1102570948-project] Notify callbacks ['neutron.plugins.ml2.plugin.SecurityGroupDbMixin._ensure_default_security_group_handler-1979640'] for port, before_create {{(pid=74410) _notify_loop /usr/local/lib/python3.8/dist-packages/neutron_lib/callbacks/manager.py:192}}
May 05 13:06:58.749795 dv-cinder-782405-6-iscsi neutron-server[74411]: DEBUG neutron.pecan_wsgi.hooks.policy_enforcement [req-68959712-5514-41d7-8a61-54fa05ffb2e7 req-6197f4d5-d6af-4257-9eeb-4c5fb8fd6f01 tempest-AttachVolumeShelveTestJSON-1914755594 tempest-AttachVolumeShelveTestJSON-1914755594-project] Attributes excluded by policy engine: ['standard_attr_id', 'vlan_transparent', 'provider:network_type', 'provider:physical_network', 'provider:segmentation_id'] {{(pid=74411) _exclude_attributes_by_policy /opt/stack/neutron/neutron/pecan_wsgi/hooks/policy_enforcement.py:255}}
May 05 13:06:58.771427 dv-cinder-782405-6-iscsi neutron-server[74411]: INFO neutron.wsgi [req-68959712-5514-41d7-8a61-54fa05ffb2e7 req-6197f4d5-d6af-4257-9eeb-4c5fb8fd6f01 tempest-AttachVolumeShelveTestJSON-1914755594 tempest-AttachVolumeShelveTestJSON-1914755594-project] 10.222.0.44 "GET /v2.0/networks?id=4d9037b9-93d0-4d9f-92d2-01d74ae3f2dc HTTP/1.1" status: 200 len: 817 time: 0.1996751
May 05 13:06:58.862935 dv-cinder-782405-6-iscsi neutron-server[74411]: INFO neutron.wsgi [req-68959712-5514-41d7-8a61-54fa05ffb2e7 req-cd090a24-ceca-4d44-82dc-8ade6570fdb6 tempest-AttachVolumeShelveTestJSON-1914755594 tempest-AttachVolumeShelveTestJSON-1914755594-project] 10.222.0.44 "GET /v2.0/quotas/76a65df892a64c5285ea4737bd9c9192 HTTP/1.1" status: 200 len: 375 time: 0.0819228
May 05 13:06:58.978394 dv-cinder-782405-6-iscsi neutron-server[74411]: DEBUG neutron.pecan_wsgi.hooks.policy_enforcement [req-b846e2c8-164b-443b-9059-6deb12d5b67e req-5404d527-6c67-4058-9988-9fc0c9073f12 tempest-DeleteServersTestJSON-984868596 tempest-DeleteServersTestJSON-984868596-project] Attributes excluded by policy engine: ['standard_attr_id', 'binding:profile', 'binding:host_id', 'binding:vif_type', 'binding:vif_details'] {{(pid=74411) _exclude_attributes_by_policy /opt/stack/neutron/neutron/pecan_wsgi/hooks/policy_enforcement.py:255}}
May 05 13:06:58.987896 dv-cinder-782405-6-iscsi neutron-server[74411]: INFO neutron.wsgi [req-b846e2c8-164b-443b-9059-6deb12d5b67e req-5404d527-6c67-4058-9988-9fc0c9073f12 tempest-DeleteServersTestJSON-984868596 tempest-DeleteServersTestJSON-984868596-project] 10.222.0.44 "GET /v2.0/ports?device_id=c0147f13-0c86-4376-a9d0-7c7e091c34c2 HTTP/1.1" status: 200 len: 943 time: 0.2080405
May 05 13:06:59.059590 dv-cinder-782405-6-iscsi neutron-server[74411]: INFO neutron.wsgi [req-b846e2c8-164b-443b-9059-6deb12d5b67e req-3070f9e8-4f78-4095-9ee9-100eaab15f4d tempest-DeleteServersTestJSON-984868596 tempest-DeleteServersTestJSON-984868596-project] 10.222.0.44 "GET /v2.0/security-groups?id=efe8ae1a-8c31-44eb-8991-61c9968b87cb&fields=id&fields=name HTTP/1.1" status: 200 len: 286 time: 0.0704222
May 05 13:06:59.075598 dv-cinder-782405-6-iscsi neutron-server[74411]: INFO neutron.wsgi [req-68959712-5514-41d7-8a61-54fa05ffb2e7 req-6d8b4746-b1b9-48e1-8837-8bccf6c097c9 tempest-AttachVolumeShelveTestJSON-1914755594 tempest-AttachVolumeShelveTestJSON-1914755594-project] 10.222.0.44 "GET /v2.0/ports?tenant_id=76a65df892a64c5285ea4737bd9c9192&fields=id HTTP/1.1" status: 200 len: 348 time: 0.2026227
May 05 13:06:59.152943 dv-cinder-782405-6-iscsi neutron-server[74410]: DEBUG neutron.db.db_base_plugin_common [req-ffbffc48-80e8-4591-b7fd-88e08391e179 req-88bca667-0915-45c0-bf58-7fe4d53115de tempest-ServerRescueNegativeTestJSON-1102570948 tempest-ServerRescueNegativeTestJSON-1102570948-project] Allocated IP 172.20.0.6 (34095645-6a6b-45e5-b2ef-b4eb90aa53ec/7e75e61a-4c8f-4af4-a44a-f4a1a8c68b45/dd3a6ff8-e61d-4f8b-92d9-523a4c123b52) {{(pid=74410) _store_ip_allocation /opt/stack/neutron/neutron/db/db_base_plugin_common.py:131}}
May 05 13:06:59.325660 dv-cinder-782405-6-iscsi neutron-server[74411]: INFO neutron.wsgi [req-68959712-5514-41d7-8a61-54fa05ffb2e7 req-b1963a92-5dd9-4b94-be71-33ad5bf23bbd service neutron] 10.222.0.44 "GET /v2.0/networks/4d9037b9-93d0-4d9f-92d2-01d74ae3f2dc?fields=segments HTTP/1.1" status: 200 len: 212 time: 0.2273540
May 05 13:06:59.423442 dv-cinder-782405-6-iscsi neutron-server[74413]: DEBUG neutron.db.agents_db [None req-e5c3665c-aae2-4ad3-b820-53f45c8f0d5f None None] Agent healthcheck: found 6 active agents {{(pid=74413) agent_health_check /opt/stack/neutron/neutron/db/agents_db.py:325}}
May 05 13:06:59.549092 dv-cinder-782405-6-iscsi neutron-server[74410]: DEBUG neutron_lib.callbacks.manager [req-ffbffc48-80e8-4591-b7fd-88e08391e179 req-88bca667-0915-45c0-bf58-7fe4d53115de tempest-ServerRescueNegativeTestJSON-1102570948 tempest-ServerRescueNegativeTestJSON-1102570948-project] Notify callbacks [] for port, precommit_create {{(pid=74410) _notify_loop /usr/local/lib/python3.8/dist-packages/neutron_lib/callbacks/manager.py:192}}
May 05 13:06:59.910796 dv-cinder-782405-6-iscsi neutron-server[74411]: INFO neutron.wsgi [req-68959712-5514-41d7-8a61-54fa05ffb2e7 req-f9ccbc3b-1076-4423-91c3-e226b75c3418 service neutron] 10.222.0.44 "GET /v2.0/networks/4d9037b9-93d0-4d9f-92d2-01d74ae3f2dc?fields=provider%3Aphysical_network&fields=provider%3Anetwork_type HTTP/1.1" status: 200 len: 281 time: 0.5840936
May 05 13:06:59.941688 dv-cinder-782405-6-iscsi neutron-server[74411]: INFO neutron.wsgi [req-d2ebfc62-dad7-4f0c-9754-d41bb0e7caa2 req-e6ce0890-2caf-425b-aaf4-a320041cdfb7 service neutron] 10.222.0.32 "GET /v2.0/networks/0c352aa8-55a2-406f-b1c1-82d05a31c6b7?fields=provider%3Aphysical_network&fields=provider%3Anetwork_type HTTP/1.1" status: 200 len: 281 time: 0.4066110
May 05 13:06:59.969926 dv-cinder-782405-6-iscsi neutron-server[74411]: DEBUG neutron.pecan_wsgi.hooks.policy_enforcement [req-76824a73-6790-47fa-af35-c54e4642f9d8 req-d08a692b-a51c-4998-922c-e70cae33ce43 tempest-AttachVolumeNegativeTest-2012076051 tempest-AttachVolumeNegativeTest-2012076051-project] Attributes excluded by policy engine: ['standard_attr_id', 'binding:profile', 'binding:host_id', 'binding:vif_type', 'binding:vif_details'] {{(pid=74411) _exclude_attributes_by_policy /opt/stack/neutron/neutron/pecan_wsgi/hooks/policy_enforcement.py:255}}
May 05 13:06:59.971519 dv-cinder-782405-6-iscsi neutron-server[74411]: INFO neutron.wsgi [req-76824a73-6790-47fa-af35-c54e4642f9d8 req-d08a692b-a51c-4998-922c-e70cae33ce43 tempest-AttachVolumeNegativeTest-2012076051 tempest-AttachVolumeNegativeTest-2012076051-project] 10.222.0.44 "GET /v2.0/ports?device_id=35b1a834-be1f-471c-9367-f47a06048c2d HTTP/1.1" status: 200 len: 943 time: 0.2572701
May 05 13:07:00.019560 dv-cinder-782405-6-iscsi neutron-server[74411]: INFO neutron.wsgi [req-76824a73-6790-47fa-af35-c54e4642f9d8 req-4f692fce-7709-42d1-a30a-23eba3aa36f6 tempest-AttachVolumeNegativeTest-2012076051 tempest-AttachVolumeNegativeTest-2012076051-project] 10.222.0.44 "GET /v2.0/security-groups?id=2fd5f81d-97a4-4d2d-a621-bb8052772143&fields=id&fields=name HTTP/1.1" status: 200 len: 286 time: 0.0403898
May 05 13:07:00.181480 dv-cinder-782405-6-iscsi neutron-server[74411]: INFO neutron.wsgi [req-ac4937b9-0e2c-490b-897e-4408dd215ad4 req-c45271da-02f6-4af2-af9f-7cf8929d45d3 tempest-ServerRescueNegativeTestJSON-1102570948 tempest-ServerRescueNegativeTestJSON-1102570948-project] 10.222.0.44 "GET /v2.0/ports?device_id=a81de672-8b2d-46f0-bcc5-1ded2aeafe64 HTTP/1.1" status: 200 len: 210 time: 0.0537095
May 05 13:07:00.375543 dv-cinder-782405-6-iscsi neutron-server[74411]: DEBUG neutron.pecan_wsgi.hooks.policy_enforcement [req-2cb26576-e539-4286-ba90-f5fd0b089b5e req-e171300c-c7f0-4881-abc8-2f2fe5ee4d1c tempest-DeleteServersTestJSON-984868596 tempest-DeleteServersTestJSON-984868596-project] Attributes excluded by policy engine: ['standard_attr_id', 'binding:profile', 'binding:host_id', 'binding:vif_type', 'binding:vif_details'] {{(pid=74411) _exclude_attributes_by_policy /opt/stack/neutron/neutron/pecan_wsgi/hooks/policy_enforcement.py:255}}
May 05 13:07:00.377122 dv-cinder-782405-6-iscsi neutron-server[74411]: INFO neutron.wsgi [req-2cb26576-e539-4286-ba90-f5fd0b089b5e req-e171300c-c7f0-4881-abc8-2f2fe5ee4d1c tempest-DeleteServersTestJSON-984868596 tempest-DeleteServersTestJSON-984868596-project] 10.222.0.44 "GET /v2.0/ports?device_id=c0147f13-0c86-4376-a9d0-7c7e091c34c2 HTTP/1.1" status: 200 len: 943 time: 0.0900054
May 05 13:07:00.433416 dv-cinder-782405-6-iscsi neutron-server[74411]: INFO neutron.wsgi [req-2cb26576-e539-4286-ba90-f5fd0b089b5e req-5f6253ff-d175-4801-8462-29121ded5a6b tempest-DeleteServersTestJSON-984868596 tempest-DeleteServersTestJSON-984868596-project] 10.222.0.44 "GET /v2.0/security-groups?id=efe8ae1a-8c31-44eb-8991-61c9968b87cb&fields=id&fields=name HTTP/1.1" status: 200 len: 286 time: 0.0501659
May 05 13:07:00.598186 dv-cinder-782405-6-iscsi neutron-server[74410]: DEBUG neutron_lib.callbacks.manager [req-ffbffc48-80e8-4591-b7fd-88e08391e179 req-88bca667-0915-45c0-bf58-7fe4d53115de tempest-ServerRescueNegativeTestJSON-1102570948 tempest-ServerRescueNegativeTestJSON-1102570948-project] Notify callbacks ['neutron.plugins.ml2.plugin.SecurityGroupServerNotifierRpcMixin.notify_sg_on_port_change-1979579', 'neutron.plugins.ml2.ovo_rpc._ObjectChangeHandler.handle_event-111529', 'neutron.api.rpc.agentnotifiers.dhcp_rpc_agent_api.DhcpAgentNotifyAPI._native_event_send_dhcp_notification-548235', 'neutron.db.l3_dvrscheduler_db._notify_l3_agent_new_port-8789013342742'] for port, after_create {{(pid=74410) _notify_loop /usr/local/lib/python3.8/dist-packages/neutron_lib/callbacks/manager.py:192}}
May 05 13:07:00.623643 dv-cinder-782405-6-iscsi neutron-server[74410]: DEBUG oslo_concurrency.lockutils [-] Lock "event-dispatch" acquired by "neutron.plugins.ml2.ovo_rpc._ObjectChangeHandler.dispatch_events" :: waited 0.000s {{(pid=74410) inner /usr/local/lib/python3.8/dist-packages/oslo_concurrency/lockutils.py:355}}
May 05 13:07:00.689415 dv-cinder-782405-6-iscsi neutron-server[74410]: DEBUG neutron.scheduler.dhcp_agent_scheduler [req-ffbffc48-80e8-4591-b7fd-88e08391e179 req-88bca667-0915-45c0-bf58-7fe4d53115de tempest-ServerRescueNegativeTestJSON-1102570948 tempest-ServerRescueNegativeTestJSON-1102570948-project] Network 34095645-6a6b-45e5-b2ef-b4eb90aa53ec is already hosted by enough agents. {{(pid=74410) _get_dhcp_agents_hosting_network /opt/stack/neutron/neutron/scheduler/dhcp_agent_scheduler.py:275}}
May 05 13:07:00.692522 dv-cinder-782405-6-iscsi neutron-server[74410]: DEBUG neutron.scheduler.base_scheduler [req-ffbffc48-80e8-4591-b7fd-88e08391e179 req-88bca667-0915-45c0-bf58-7fe4d53115de tempest-ServerRescueNegativeTestJSON-1102570948 tempest-ServerRescueNegativeTestJSON-1102570948-project] Resources bound (agent type, host, resource id): {{(pid=74410) schedule /opt/stack/neutron/neutron/scheduler/base_scheduler.py:57}}
May 05 13:07:00.701572 dv-cinder-782405-6-iscsi neutron-server[74410]: DEBUG neutron.db.l3_dvrscheduler_db [req-ffbffc48-80e8-4591-b7fd-88e08391e179 req-88bca667-0915-45c0-bf58-7fe4d53115de tempest-ServerRescueNegativeTestJSON-1102570948 tempest-ServerRescueNegativeTestJSON-1102570948-project] Received port after_create {{(pid=74410) _notify_l3_agent_new_port /opt/stack/neutron/neutron/db/l3_dvrscheduler_db.py:537}}
May 05 13:07:00.721618 dv-cinder-782405-6-iscsi neutron-server[74410]: DEBUG neutron.pecan_wsgi.hooks.policy_enforcement [req-ffbffc48-80e8-4591-b7fd-88e08391e179 req-88bca667-0915-45c0-bf58-7fe4d53115de tempest-ServerRescueNegativeTestJSON-1102570948 tempest-ServerRescueNegativeTestJSON-1102570948-project] Attributes excluded by policy engine: ['standard_attr_id', 'binding:profile', 'binding:host_id', 'binding:vif_type', 'binding:vif_details', 'network'] {{(pid=74410) _exclude_attributes_by_policy /opt/stack/neutron/neutron/pecan_wsgi/hooks/policy_enforcement.py:255}}
May 05 13:07:00.722401 dv-cinder-782405-6-iscsi neutron-server[74410]: DEBUG neutron_lib.callbacks.manager [req-ffbffc48-80e8-4591-b7fd-88e08391e179 req-88bca667-0915-45c0-bf58-7fe4d53115de tempest-ServerRescueNegativeTestJSON-1102570948 tempest-ServerRescueNegativeTestJSON-1102570948-project] Notify callbacks ['neutron.notifiers.nova.Notifier._send_nova_notification-334840', 'neutron.api.rpc.agentnotifiers.dhcp_rpc_agent_api.DhcpAgentNotifyAPI._send_dhcp_notification-548261'] for port, before_response {{(pid=74410) _notify_loop /usr/local/lib/python3.8/dist-packages/neutron_lib/callbacks/manager.py:192}}
May 05 13:07:00.742908 dv-cinder-782405-6-iscsi neutron-server[74412]: DEBUG neutron_lib.callbacks.manager [None req-ee481d51-13dd-4977-9ee9-d568b7d8975e None None] Notify callbacks ['neutron.services.segments.db._update_segment_host_mapping_for_agent-8789013785766', 'neutron.plugins.ml2.plugin.Ml2Plugin._retry_binding_revived_agents-1932245'] for agent, after_update {{(pid=74412) _notify_loop /usr/local/lib/python3.8/dist-packages/neutron_lib/callbacks/manager.py:192}}
May 05 13:07:00.751261 dv-cinder-782405-6-iscsi neutron-server[74410]: DEBUG neutron.api.rpc.handlers.resources_rpc [None req-88bca667-0915-45c0-bf58-7fe4d53115de tempest-ServerRescueNegativeTestJSON-1102570948 tempest-ServerRescueNegativeTestJSON-1102570948-project] Pushing event updated for resources: {'Port': ['ID=dd3a6ff8-e61d-4f8b-92d9-523a4c123b52,revision_number=1']} {{(pid=74410) push /opt/stack/neutron/neutron/api/rpc/handlers/resources_rpc.py:237}}
May 05 13:07:00.754114 dv-cinder-782405-6-iscsi neutron-server[74410]: DEBUG oslo_concurrency.lockutils [None req-88bca667-0915-45c0-bf58-7fe4d53115de tempest-ServerRescueNegativeTestJSON-1102570948 tempest-ServerRescueNegativeTestJSON-1102570948-project] Lock "event-dispatch" released by "neutron.plugins.ml2.ovo_rpc._ObjectChangeHandler.dispatch_events" :: held 0.131s {{(pid=74410) inner /usr/local/lib/python3.8/dist-packages/oslo_concurrency/lockutils.py:367}}
May 05 13:07:00.861090 dv-cinder-782405-6-iscsi neutron-server[74410]: INFO neutron.wsgi [req-ffbffc48-80e8-4591-b7fd-88e08391e179 req-88bca667-0915-45c0-bf58-7fe4d53115de tempest-ServerRescueNegativeTestJSON-1102570948 tempest-ServerRescueNegativeTestJSON-1102570948-project] 10.222.0.32 "POST /v2.0/ports HTTP/1.1" status: 201 len: 933 time: 2.9863865
May 05 13:07:00.897874 dv-cinder-782405-6-iscsi neutron-server[74411]: INFO neutron.wsgi [req-096b76f6-fb19-476d-babd-9ca88f803ccd req-b9d0c159-b9e0-4bf8-8479-9e701dfd0ab1 tempest-AttachVolumeShelveTestJSON-1914755594 tempest-AttachVolumeShelveTestJSON-1914755594-project] 10.222.0.44 "GET /v2.0/ports?device_id=2d8a8b95-3c7b-46a2-b810-36fc558002ad HTTP/1.1" status: 200 len: 210 time: 0.0650744
May 05 13:07:01.030137 dv-cinder-782405-6-iscsi neutron-server[74412]: DEBUG neutron_lib.callbacks.manager [None req-715755e9-c205-46c8-9470-172995b45071 None None] Notify callbacks ['neutron.services.segments.db._update_segment_host_mapping_for_agent-8789013785766', 'neutron.plugins.ml2.plugin.Ml2Plugin._retry_binding_revived_agents-1932245'] for agent, after_update {{(pid=74412) _notify_loop /usr/local/lib/python3.8/dist-packages/neutron_lib/callbacks/manager.py:192}}
May 05 13:07:01.303895 dv-cinder-782405-6-iscsi neutron-server[74411]: DEBUG neutron.pecan_wsgi.hooks.policy_enforcement [req-5ff303b1-ead9-4d92-a457-08cbc629fd15 req-771f2db0-98c0-4560-9b9c-16b982571741 tempest-AttachVolumeNegativeTest-2012076051 tempest-AttachVolumeNegativeTest-2012076051-project] Attributes excluded by policy engine: ['standard_attr_id', 'binding:profile', 'binding:host_id', 'binding:vif_type', 'binding:vif_details'] {{(pid=74411) _exclude_attributes_by_policy /opt/stack/neutron/neutron/pecan_wsgi/hooks/policy_enforcement.py:255}}
May 05 13:07:01.305424 dv-cinder-782405-6-iscsi neutron-server[74411]: INFO neutron.wsgi [req-5ff303b1-ead9-4d92-a457-08cbc629fd15 req-771f2db0-98c0-4560-9b9c-16b982571741 tempest-AttachVolumeNegativeTest-2012076051 tempest-AttachVolumeNegativeTest-2012076051-project] 10.222.0.44 "GET /v2.0/ports?device_id=35b1a834-be1f-471c-9367-f47a06048c2d HTTP/1.1" status: 200 len: 943 time: 0.1115830
May 05 13:07:01.370703 dv-cinder-782405-6-iscsi neutron-server[74411]: INFO neutron.wsgi [req-d56eabdf-c166-4153-9938-c47a7dd7bb6f req-649250a7-834b-4c3c-ab46-9bacc295bd21 tempest-ServerRescueNegativeTestJSON-1102570948 tempest-ServerRescueNegativeTestJSON-1102570948-project] 10.222.0.44 "GET /v2.0/ports?device_id=a81de672-8b2d-46f0-bcc5-1ded2aeafe64 HTTP/1.1" status: 200 len: 210 time: 0.0641048
May 05 13:07:01.397720 dv-cinder-782405-6-iscsi neutron-server[74411]: INFO neutron.wsgi [req-5ff303b1-ead9-4d92-a457-08cbc629fd15 req-4878c925-76d3-4bc1-9c8b-c2178b9ef3b8 tempest-AttachVolumeNegativeTest-2012076051 tempest-AttachVolumeNegativeTest-2012076051-project] 10.222.0.44 "GET /v2.0/security-groups?id=2fd5f81d-97a4-4d2d-a621-bb8052772143&fields=id&fields=name HTTP/1.1" status: 200 len: 286 time: 0.0517199
May 05 13:07:01.619462 dv-cinder-782405-6-iscsi neutron-server[74411]: DEBUG neutron.pecan_wsgi.hooks.policy_enforcement [req-654af8f9-8d26-4ac0-82b1-ee84951c5780 req-2306e453-53da-43a2-a52a-8595c500f78b tempest-DeleteServersTestJSON-984868596 tempest-DeleteServersTestJSON-984868596-project] Attributes excluded by policy engine: ['standard_attr_id', 'binding:profile', 'binding:host_id', 'binding:vif_type', 'binding:vif_details'] {{(pid=74411) _exclude_attributes_by_policy /opt/stack/neutron/neutron/pecan_wsgi/hooks/policy_enforcement.py:255}}
May 05 13:07:01.620917 dv-cinder-782405-6-iscsi neutron-server[74411]: INFO neutron.wsgi [req-654af8f9-8d26-4ac0-82b1-ee84951c5780 req-2306e453-53da-43a2-a52a-8595c500f78b tempest-DeleteServersTestJSON-984868596 tempest-DeleteServersTestJSON-984868596-project] 10.222.0.44 "GET /v2.0/ports?device_id=c0147f13-0c86-4376-a9d0-7c7e091c34c2 HTTP/1.1" status: 200 len: 943 time: 0.0824094
May 05 13:07:01.675523 dv-cinder-782405-6-iscsi neutron-server[74411]: INFO neutron.wsgi [req-654af8f9-8d26-4ac0-82b1-ee84951c5780 req-b83f3daa-a758-4561-8208-44fd8c72bff3 tempest-DeleteServersTestJSON-984868596 tempest-DeleteServersTestJSON-984868596-project] 10.222.0.44 "GET /v2.0/security-groups?id=efe8ae1a-8c31-44eb-8991-61c9968b87cb&fields=id&fields=name HTTP/1.1" status: 200 len: 286 time: 0.0487034
May 05 13:07:01.879888 dv-cinder-782405-6-iscsi neutron-server[74412]: DEBUG neutron_lib.callbacks.manager [None req-146cef37-c0b0-4075-8c53-ed6317b5e965 None None] Notify callbacks ['neutron.services.segments.db._update_segment_host_mapping_for_agent-8789013785766', 'neutron.plugins.ml2.plugin.Ml2Plugin._retry_binding_revived_agents-1932245'] for agent, after_update {{(pid=74412) _notify_loop /usr/local/lib/python3.8/dist-packages/neutron_lib/callbacks/manager.py:192}}
May 05 13:07:02.008010 dv-cinder-782405-6-iscsi neutron-server[74411]: INFO neutron.wsgi [req-50afe030-12c3-4daf-8ea1-72ef3a34d801 req-a2fa73ca-c643-42a6-9795-a59c829aa099 tempest-AttachVolumeShelveTestJSON-1914755594 tempest-AttachVolumeShelveTestJSON-1914755594-project] 10.222.0.44 "GET /v2.0/ports?device_id=2d8a8b95-3c7b-46a2-b810-36fc558002ad HTTP/1.1" status: 200 len: 210 time: 0.0410507
May 05 13:07:02.580455 dv-cinder-782405-6-iscsi neutron-server[74411]: INFO neutron.wsgi [req-291683cd-8fe4-4cb2-958d-cb15a838684d req-092c1a07-c6be-40ec-9b4d-dbf2dd79bf86 tempest-ServerRescueNegativeTestJSON-1102570948 tempest-ServerRescueNegativeTestJSON-1102570948-project] 10.222.0.44 "GET /v2.0/ports?device_id=a81de672-8b2d-46f0-bcc5-1ded2aeafe64 HTTP/1.1" status: 200 len: 210 time: 0.0964715
May 05 13:07:02.622790 dv-cinder-782405-6-iscsi neutron-server[74411]: DEBUG neutron.pecan_wsgi.hooks.policy_enforcement [req-1bd157fb-0478-4bb7-a303-677c7a06e5b0 req-bc27a0ac-1c79-442e-9a44-f19f12216a4b tempest-AttachVolumeNegativeTest-2012076051 tempest-AttachVolumeNegativeTest-2012076051-project] Attributes excluded by policy engine: ['standard_attr_id', 'binding:profile', 'binding:host_id', 'binding:vif_type', 'binding:vif_details'] {{(pid=74411) _exclude_attributes_by_policy /opt/stack/neutron/neutron/pecan_wsgi/hooks/policy_enforcement.py:255}}
May 05 13:07:02.624236 dv-cinder-782405-6-iscsi neutron-server[74411]: INFO neutron.wsgi [req-1bd157fb-0478-4bb7-a303-677c7a06e5b0 req-bc27a0ac-1c79-442e-9a44-f19f12216a4b tempest-AttachVolumeNegativeTest-2012076051 tempest-AttachVolumeNegativeTest-2012076051-project] 10.222.0.44 "GET /v2.0/ports?device_id=35b1a834-be1f-471c-9367-f47a06048c2d HTTP/1.1" status: 200 len: 943 time: 0.0896544
May 05 13:07:02.670682 dv-cinder-782405-6-iscsi neutron-server[74411]: INFO neutron.wsgi [req-1bd157fb-0478-4bb7-a303-677c7a06e5b0 req-d23978ba-ef71-4406-a3b5-2c6760c426fa tempest-AttachVolumeNegativeTest-2012076051 tempest-AttachVolumeNegativeTest-2012076051-project] 10.222.0.44 "GET /v2.0/security-groups?id=2fd5f81d-97a4-4d2d-a621-bb8052772143&fields=id&fields=name HTTP/1.1" status: 200 len: 286 time: 0.0406358
May 05 13:07:02.855862 dv-cinder-782405-6-iscsi neutron-server[74411]: DEBUG neutron.pecan_wsgi.hooks.policy_enforcement [req-676d9764-a683-4d11-afdc-3e1f171faac0 req-73fdc5ff-ec99-4ba1-9c1f-a2ed355755ac tempest-DeleteServersTestJSON-984868596 tempest-DeleteServersTestJSON-984868596-project] Attributes excluded by policy engine: ['standard_attr_id', 'binding:profile', 'binding:host_id', 'binding:vif_type', 'binding:vif_details'] {{(pid=74411) _exclude_attributes_by_policy /opt/stack/neutron/neutron/pecan_wsgi/hooks/policy_enforcement.py:255}}
May 05 13:07:02.857259 dv-cinder-782405-6-iscsi neutron-server[74411]: INFO neutron.wsgi [req-676d9764-a683-4d11-afdc-3e1f171faac0 req-73fdc5ff-ec99-4ba1-9c1f-a2ed355755ac tempest-DeleteServersTestJSON-984868596 tempest-DeleteServersTestJSON-984868596-project] 10.222.0.44 "GET /v2.0/ports?device_id=c0147f13-0c86-4376-a9d0-7c7e091c34c2 HTTP/1.1" status: 200 len: 943 time: 0.0776234
May 05 13:07:02.901960 dv-cinder-782405-6-iscsi neutron-server[74411]: INFO neutron.wsgi [req-676d9764-a683-4d11-afdc-3e1f171faac0 req-48d83997-af87-4aa9-9c96-4e4ba683ea11 tempest-DeleteServersTestJSON-984868596 tempest-DeleteServersTestJSON-984868596-project] 10.222.0.44 "GET /v2.0/security-groups?id=efe8ae1a-8c31-44eb-8991-61c9968b87cb&fields=id&fields=name HTTP/1.1" status: 200 len: 286 time: 0.0389290
May 05 13:07:03.159017 dv-cinder-782405-6-iscsi neutron-server[74411]: INFO neutron.wsgi [req-9d60446c-deae-47a0-9c80-6b261ee9d939 req-38223d5e-7d13-484a-a274-b511d6601aad tempest-AttachVolumeShelveTestJSON-1914755594 tempest-AttachVolumeShelveTestJSON-1914755594-project] 10.222.0.44 "GET /v2.0/ports?device_id=2d8a8b95-3c7b-46a2-b810-36fc558002ad HTTP/1.1" status: 200 len: 210 time: 0.0421724
May 05 13:07:03.577064 dv-cinder-782405-6-iscsi neutron-server[74412]: DEBUG neutron_lib.callbacks.manager [None req-3fde1d26-9d71-476b-a68f-45e04a433b54 None None] Notify callbacks ['neutron.services.segments.db._update_segment_host_mapping_for_agent-8789013785766', 'neutron.plugins.ml2.plugin.Ml2Plugin._retry_binding_revived_agents-1932245'] for agent, after_update {{(pid=74412) _notify_loop /usr/local/lib/python3.8/dist-packages/neutron_lib/callbacks/manager.py:192}}
May 05 13:07:03.743184 dv-cinder-782405-6-iscsi neutron-server[74411]: INFO neutron.wsgi [req-7077b3ba-5571-4cfe-bd27-b367d06f23ba req-343590e1-b0c7-4a42-a868-1688b59b1fb5 tempest-ServerRescueNegativeTestJSON-1102570948 tempest-ServerRescueNegativeTestJSON-1102570948-project] 10.222.0.44 "GET /v2.0/ports?device_id=a81de672-8b2d-46f0-bcc5-1ded2aeafe64 HTTP/1.1" status: 200 len: 210 time: 0.0595140
May 05 13:07:03.862159 dv-cinder-782405-6-iscsi neutron-server[74411]: DEBUG neutron.pecan_wsgi.hooks.policy_enforcement [req-a1ce5a46-0276-492b-85f0-7bb89dde811b req-1d781eb9-264d-4e01-85e4-371d09c94455 tempest-AttachVolumeNegativeTest-2012076051 tempest-AttachVolumeNegativeTest-2012076051-project] Attributes excluded by policy engine: ['standard_attr_id', 'binding:profile', 'binding:host_id', 'binding:vif_type', 'binding:vif_details'] {{(pid=74411) _exclude_attributes_by_policy /opt/stack/neutron/neutron/pecan_wsgi/hooks/policy_enforcement.py:255}}
May 05 13:07:03.863635 dv-cinder-782405-6-iscsi neutron-server[74411]: INFO neutron.wsgi [req-a1ce5a46-0276-492b-85f0-7bb89dde811b req-1d781eb9-264d-4e01-85e4-371d09c94455 tempest-AttachVolumeNegativeTest-2012076051 tempest-AttachVolumeNegativeTest-2012076051-project] 10.222.0.44 "GET /v2.0/ports?device_id=35b1a834-be1f-471c-9367-f47a06048c2d HTTP/1.1" status: 200 len: 943 time: 0.0784879
May 05 13:07:03.907993 dv-cinder-782405-6-iscsi neutron-server[74411]: INFO neutron.wsgi [req-a1ce5a46-0276-492b-85f0-7bb89dde811b req-51dac54c-d16a-4368-8c58-7261cd4fa8c8 tempest-AttachVolumeNegativeTest-2012076051 tempest-AttachVolumeNegativeTest-2012076051-project] 10.222.0.44 "GET /v2.0/security-groups?id=2fd5f81d-97a4-4d2d-a621-bb8052772143&fields=id&fields=name HTTP/1.1" status: 200 len: 286 time: 0.0384982
May 05 13:07:04.092852 dv-cinder-782405-6-iscsi neutron-server[74411]: DEBUG neutron.pecan_wsgi.hooks.policy_enforcement [req-c2aa5789-4262-415c-b7f1-e394b37ed800 req-cf0670a2-a36b-4140-8a0f-353ccc33abb0 tempest-DeleteServersTestJSON-984868596 tempest-DeleteServersTestJSON-984868596-project] Attributes excluded by policy engine: ['standard_attr_id', 'binding:profile', 'binding:host_id', 'binding:vif_type', 'binding:vif_details'] {{(pid=74411) _exclude_attributes_by_policy /opt/stack/neutron/neutron/pecan_wsgi/hooks/policy_enforcement.py:255}}
May 05 13:07:04.094319 dv-cinder-782405-6-iscsi neutron-server[74411]: INFO neutron.wsgi [req-c2aa5789-4262-415c-b7f1-e394b37ed800 req-cf0670a2-a36b-4140-8a0f-353ccc33abb0 tempest-DeleteServersTestJSON-984868596 tempest-DeleteServersTestJSON-984868596-project] 10.222.0.44 "GET /v2.0/ports?device_id=c0147f13-0c86-4376-a9d0-7c7e091c34c2 HTTP/1.1" status: 200 len: 943 time: 0.0829418
May 05 13:07:04.138112 dv-cinder-782405-6-iscsi neutron-server[74411]: INFO neutron.wsgi [req-c2aa5789-4262-415c-b7f1-e394b37ed800 req-b534af4a-57fa-4694-b088-d45ffe800a67 tempest-DeleteServersTestJSON-984868596 tempest-DeleteServersTestJSON-984868596-project] 10.222.0.44 "GET /v2.0/security-groups?id=efe8ae1a-8c31-44eb-8991-61c9968b87cb&fields=id&fields=name HTTP/1.1" status: 200 len: 286 time: 0.0380089
May 05 13:07:04.318559 dv-cinder-782405-6-iscsi neutron-server[74411]: INFO neutron.wsgi [req-84bba872-5f89-4d57-8d71-997aba62ceab req-7ca7145a-b5fb-4cc7-903b-42f30fd4e3d6 tempest-AttachVolumeShelveTestJSON-1914755594 tempest-AttachVolumeShelveTestJSON-1914755594-project] 10.222.0.44 "GET /v2.0/ports?device_id=2d8a8b95-3c7b-46a2-b810-36fc558002ad HTTP/1.1" status: 200 len: 210 time: 0.0437455
May 05 13:07:04.893827 dv-cinder-782405-6-iscsi neutron-server[74411]: INFO neutron.wsgi [req-e39e4d19-b29f-418d-891e-aeb6e80b61e8 req-5fb12fbe-c11e-4048-a9c1-3703c69d6afa tempest-ServerRescueNegativeTestJSON-1102570948 tempest-ServerRescueNegativeTestJSON-1102570948-project] 10.222.0.44 "GET /v2.0/ports?device_id=a81de672-8b2d-46f0-bcc5-1ded2aeafe64 HTTP/1.1" status: 200 len: 210 time: 0.0474288
May 05 13:07:05.089865 dv-cinder-782405-6-iscsi neutron-server[74411]: DEBUG neutron.pecan_wsgi.hooks.policy_enforcement [req-7d8db33c-dbcd-4fbf-b892-d6f3548ea0bc req-7573b8ef-932e-43d0-96bc-5536d2eff49c tempest-AttachVolumeNegativeTest-2012076051 tempest-AttachVolumeNegativeTest-2012076051-project] Attributes excluded by policy engine: ['standard_attr_id', 'binding:profile', 'binding:host_id', 'binding:vif_type', 'binding:vif_details'] {{(pid=74411) _exclude_attributes_by_policy /opt/stack/neutron/neutron/pecan_wsgi/hooks/policy_enforcement.py:255}}
May 05 13:07:05.091345 dv-cinder-782405-6-iscsi neutron-server[74411]: INFO neutron.wsgi [req-7d8db33c-dbcd-4fbf-b892-d6f3548ea0bc req-7573b8ef-932e-43d0-96bc-5536d2eff49c tempest-AttachVolumeNegativeTest-2012076051 tempest-AttachVolumeNegativeTest-2012076051-project] 10.222.0.44 "GET /v2.0/ports?device_id=35b1a834-be1f-471c-9367-f47a06048c2d HTTP/1.1" status: 200 len: 943 time: 0.0788238
May 05 13:07:05.136426 dv-cinder-782405-6-iscsi neutron-server[74411]: INFO neutron.wsgi [req-7d8db33c-dbcd-4fbf-b892-d6f3548ea0bc req-2fad23cc-6c77-4080-b1f3-2d1aa8e04b99 tempest-AttachVolumeNegativeTest-2012076051 tempest-AttachVolumeNegativeTest-2012076051-project] 10.222.0.44 "GET /v2.0/security-groups?id=2fd5f81d-97a4-4d2d-a621-bb8052772143&fields=id&fields=name HTTP/1.1" status: 200 len: 286 time: 0.0393641
May 05 13:07:05.380103 dv-cinder-782405-6-iscsi neutron-server[74411]: DEBUG neutron.pecan_wsgi.hooks.policy_enforcement [req-87f6f508-67ad-4eea-9e2d-af5de80a3742 req-17b7d28e-4bff-4677-a6a9-1923c2881bf8 tempest-DeleteServersTestJSON-984868596 tempest-DeleteServersTestJSON-984868596-project] Attributes excluded by policy engine: ['standard_attr_id', 'binding:profile', 'binding:host_id', 'binding:vif_type', 'binding:vif_details'] {{(pid=74411) _exclude_attributes_by_policy /opt/stack/neutron/neutron/pecan_wsgi/hooks/policy_enforcement.py:255}}
May 05 13:07:05.381697 dv-cinder-782405-6-iscsi neutron-server[74411]: INFO neutron.wsgi [req-87f6f508-67ad-4eea-9e2d-af5de80a3742 req-17b7d28e-4bff-4677-a6a9-1923c2881bf8 tempest-DeleteServersTestJSON-984868596 tempest-DeleteServersTestJSON-984868596-project] 10.222.0.44 "GET /v2.0/ports?device_id=c0147f13-0c86-4376-a9d0-7c7e091c34c2 HTTP/1.1" status: 200 len: 943 time: 0.1371202
May 05 13:07:05.426980 dv-cinder-782405-6-iscsi neutron-server[74411]: INFO neutron.wsgi [req-87f6f508-67ad-4eea-9e2d-af5de80a3742 req-e9146a9d-d565-43f7-9e9c-6dc34f0a03ec tempest-DeleteServersTestJSON-984868596 tempest-DeleteServersTestJSON-984868596-project] 10.222.0.44 "GET /v2.0/security-groups?id=efe8ae1a-8c31-44eb-8991-61c9968b87cb&fields=id&fields=name HTTP/1.1" status: 200 len: 286 time: 0.0387645
May 05 13:07:05.469042 dv-cinder-782405-6-iscsi neutron-server[74411]: INFO neutron.wsgi [req-bb12775b-c36f-4604-9f87-06523e37dc1e req-2c1e4efb-efb4-45fa-8f6d-65eb3be17530 tempest-AttachVolumeShelveTestJSON-1914755594 tempest-AttachVolumeShelveTestJSON-1914755594-project] 10.222.0.44 "GET /v2.0/ports?device_id=2d8a8b95-3c7b-46a2-b810-36fc558002ad HTTP/1.1" status: 200 len: 210 time: 0.0411327
May 05 13:07:06.046466 dv-cinder-782405-6-iscsi neutron-server[74411]: INFO neutron.wsgi [req-bdea311b-22e4-4ed9-9a5e-3be49b382e19 req-10f119a4-c643-493b-a0c0-99498688e909 tempest-ServerRescueNegativeTestJSON-1102570948 tempest-ServerRescueNegativeTestJSON-1102570948-project] 10.222.0.44 "GET /v2.0/ports?device_id=a81de672-8b2d-46f0-bcc5-1ded2aeafe64 HTTP/1.1" status: 200 len: 210 time: 0.0440354
May 05 13:07:06.329339 dv-cinder-782405-6-iscsi neutron-server[74411]: DEBUG neutron.pecan_wsgi.hooks.policy_enforcement [req-e6ca1f0c-79ad-4787-82b6-9174f9d4f31f req-c33c5007-7a4b-41eb-8728-3361e240ac38 tempest-AttachVolumeNegativeTest-2012076051 tempest-AttachVolumeNegativeTest-2012076051-project] Attributes excluded by policy engine: ['standard_attr_id', 'binding:profile', 'binding:host_id', 'binding:vif_type', 'binding:vif_details'] {{(pid=74411) _exclude_attributes_by_policy /opt/stack/neutron/neutron/pecan_wsgi/hooks/policy_enforcement.py:255}}
May 05 13:07:06.330803 dv-cinder-782405-6-iscsi neutron-server[74411]: INFO neutron.wsgi [req-e6ca1f0c-79ad-4787-82b6-9174f9d4f31f req-c33c5007-7a4b-41eb-8728-3361e240ac38 tempest-AttachVolumeNegativeTest-2012076051 tempest-AttachVolumeNegativeTest-2012076051-project] 10.222.0.44 "GET /v2.0/ports?device_id=35b1a834-be1f-471c-9367-f47a06048c2d HTTP/1.1" status: 200 len: 943 time: 0.0845225
May 05 13:07:06.375998 dv-cinder-782405-6-iscsi neutron-server[74411]: INFO neutron.wsgi [req-e6ca1f0c-79ad-4787-82b6-9174f9d4f31f req-b8fd90dc-2b92-4656-8896-44b2ffe4d2e4 tempest-AttachVolumeNegativeTest-2012076051 tempest-AttachVolumeNegativeTest-2012076051-project] 10.222.0.44 "GET /v2.0/security-groups?id=2fd5f81d-97a4-4d2d-a621-bb8052772143&fields=id&fields=name HTTP/1.1" status: 200 len: 286 time: 0.0393953
May 05 13:07:06.623775 dv-cinder-782405-6-iscsi neutron-server[74410]: DEBUG neutron.api.v2.base [req-ffbffc48-80e8-4591-b7fd-88e08391e179 req-0d4066e4-f989-40f6-b6a8-585ef6c7925f service neutron] Request body: {'port': {'device_id': 'ed246430-8b08-4a12-abd1-715be571af21', 'device_owner': 'compute:nova', 'binding:host_id': 'hv-cinder-78240'}} {{(pid=74410) prepare_request_body /opt/stack/neutron/neutron/api/v2/base.py:729}}
May 05 13:07:06.625584 dv-cinder-782405-6-iscsi neutron-server[74411]: INFO neutron.wsgi [req-26827557-94b4-41fd-aac0-1ccf13bfdc74 req-deb34d7c-0796-46ea-9e20-a841ba1d655d tempest-AttachVolumeShelveTestJSON-1914755594 tempest-AttachVolumeShelveTestJSON-1914755594-project] 10.222.0.44 "GET /v2.0/ports?device_id=2d8a8b95-3c7b-46a2-b810-36fc558002ad HTTP/1.1" status: 200 len: 210 time: 0.0467403
May 05 13:07:06.663066 dv-cinder-782405-6-iscsi neutron-server[74411]: DEBUG neutron.pecan_wsgi.hooks.policy_enforcement [req-26914c71-a796-4667-9d8a-530d32f75231 req-85d2a8ce-5119-4c2c-b3bf-58d36b92040a tempest-DeleteServersTestJSON-984868596 tempest-DeleteServersTestJSON-984868596-project] Attributes excluded by policy engine: ['standard_attr_id', 'binding:profile', 'binding:host_id', 'binding:vif_type', 'binding:vif_details'] {{(pid=74411) _exclude_attributes_by_policy /opt/stack/neutron/neutron/pecan_wsgi/hooks/policy_enforcement.py:255}}
May 05 13:07:06.664499 dv-cinder-782405-6-iscsi neutron-server[74411]: INFO neutron.wsgi [req-26914c71-a796-4667-9d8a-530d32f75231 req-85d2a8ce-5119-4c2c-b3bf-58d36b92040a tempest-DeleteServersTestJSON-984868596 tempest-DeleteServersTestJSON-984868596-project] 10.222.0.44 "GET /v2.0/ports?device_id=c0147f13-0c86-4376-a9d0-7c7e091c34c2 HTTP/1.1" status: 200 len: 943 time: 0.1275356
May 05 13:07:06.733839 dv-cinder-782405-6-iscsi neutron-server[74410]: DEBUG neutron_lib.callbacks.manager [req-ffbffc48-80e8-4591-b7fd-88e08391e179 req-0d4066e4-f989-40f6-b6a8-585ef6c7925f service neutron] Notify callbacks ['neutron.plugins.ml2.plugin.SecurityGroupDbMixin._ensure_default_security_group_handler-1979640'] for port, before_update {{(pid=74410) _notify_loop /usr/local/lib/python3.8/dist-packages/neutron_lib/callbacks/manager.py:192}}
May 05 13:07:06.755534 dv-cinder-782405-6-iscsi neutron-server[74411]: INFO neutron.wsgi [req-26914c71-a796-4667-9d8a-530d32f75231 req-beb68540-2cb2-45bd-ab25-8e7844d2bff6 tempest-DeleteServersTestJSON-984868596 tempest-DeleteServersTestJSON-984868596-project] 10.222.0.44 "GET /v2.0/security-groups?id=efe8ae1a-8c31-44eb-8991-61c9968b87cb&fields=id&fields=name HTTP/1.1" status: 200 len: 286 time: 0.0844967
May 05 13:07:06.783760 dv-cinder-782405-6-iscsi neutron-server[74411]: DEBUG neutron.pecan_wsgi.hooks.policy_enforcement [req-88d49f42-55d4-477f-8413-9c95bdde4128 req-fffbc11a-545d-45d1-abfc-e71fa66e0db9 service neutron] Attributes excluded by policy engine: ['standard_attr_id'] {{(pid=74411) _exclude_attributes_by_policy /opt/stack/neutron/neutron/pecan_wsgi/hooks/policy_enforcement.py:255}}
May 05 13:07:06.785212 dv-cinder-782405-6-iscsi neutron-server[74411]: INFO neutron.wsgi [req-88d49f42-55d4-477f-8413-9c95bdde4128 req-fffbc11a-545d-45d1-abfc-e71fa66e0db9 service neutron] 10.222.0.32 "GET /v2.0/ports?tenant_id=ac531742671840cf90d5371d94063151&device_id=35b1a834-be1f-471c-9367-f47a06048c2d HTTP/1.1" status: 200 len: 1096 time: 0.0997019
May 05 13:07:06.964444 dv-cinder-782405-6-iscsi neutron-server[74411]: DEBUG neutron.pecan_wsgi.hooks.policy_enforcement [req-88d49f42-55d4-477f-8413-9c95bdde4128 req-3727f17c-574b-4bcd-9eb9-3e8be28c0898 service neutron] Attributes excluded by policy engine: ['standard_attr_id', 'vlan_transparent'] {{(pid=74411) _exclude_attributes_by_policy /opt/stack/neutron/neutron/pecan_wsgi/hooks/policy_enforcement.py:255}}
May 05 13:07:06.965948 dv-cinder-782405-6-iscsi neutron-server[74411]: INFO neutron.wsgi [req-88d49f42-55d4-477f-8413-9c95bdde4128 req-3727f17c-574b-4bcd-9eb9-3e8be28c0898 service neutron] 10.222.0.32 "GET /v2.0/networks?id=3a7956a7-f297-4bad-8273-86af1000b1c2 HTTP/1.1" status: 200 len: 916 time: 0.1616857
May 05 13:07:06.972973 dv-cinder-782405-6-iscsi neutron-server[74410]: DEBUG neutron.pecan_wsgi.hooks.policy_enforcement [req-f783453e-b598-4c7f-848e-fb1f93eb80f5 req-c76bf347-03ec-4b1c-8424-10a4f3fcfb62 service neutron] Attributes excluded by policy engine: ['standard_attr_id'] {{(pid=74410) _exclude_attributes_by_policy /opt/stack/neutron/neutron/pecan_wsgi/hooks/policy_enforcement.py:255}}
May 05 13:07:06.974597 dv-cinder-782405-6-iscsi neutron-server[74410]: INFO neutron.wsgi [req-f783453e-b598-4c7f-848e-fb1f93eb80f5 req-c76bf347-03ec-4b1c-8424-10a4f3fcfb62 service neutron] 10.222.0.32 "GET /v2.0/ports?tenant_id=f455008a26024be380b9cb7bde709cb9&device_id=c0147f13-0c86-4376-a9d0-7c7e091c34c2 HTTP/1.1" status: 200 len: 1096 time: 0.1702201
May 05 13:07:07.037769 dv-cinder-782405-6-iscsi neutron-server[74411]: INFO neutron.wsgi [req-88d49f42-55d4-477f-8413-9c95bdde4128 req-5f7db75f-4290-4138-bde5-42c9e30158cd service neutron] 10.222.0.32 "GET /v2.0/floatingips?fixed_ip_address=172.20.0.6&port_id=4433c3a5-1f87-45fc-8acb-d218bf1d24d2 HTTP/1.1" status: 200 len: 217 time: 0.0643671
May 05 13:07:07.269209 dv-cinder-782405-6-iscsi neutron-server[74411]: INFO neutron.wsgi [req-cd6abc0f-02e8-4f08-b103-77611c4525b9 req-367ddc42-5f31-4b9e-ab56-64c4a643798c tempest-ServerRescueNegativeTestJSON-1102570948 tempest-ServerRescueNegativeTestJSON-1102570948-project] 10.222.0.44 "GET /v2.0/ports?device_id=a81de672-8b2d-46f0-bcc5-1ded2aeafe64 HTTP/1.1" status: 200 len: 210 time: 0.0821736
May 05 13:07:07.289588 dv-cinder-782405-6-iscsi neutron-server[74411]: DEBUG neutron.pecan_wsgi.hooks.policy_enforcement [req-88d49f42-55d4-477f-8413-9c95bdde4128 req-e19c6e51-8eb9-475f-96f5-d13d5ae8c239 service neutron] Attributes excluded by policy engine: ['standard_attr_id', 'shared'] {{(pid=74411) _exclude_attributes_by_policy /opt/stack/neutron/neutron/pecan_wsgi/hooks/policy_enforcement.py:255}}
May 05 13:07:07.295046 dv-cinder-782405-6-iscsi neutron-server[74411]: INFO neutron.wsgi [req-88d49f42-55d4-477f-8413-9c95bdde4128 req-e19c6e51-8eb9-475f-96f5-d13d5ae8c239 service neutron] 10.222.0.32 "GET /v2.0/subnets?id=b65a920d-4488-4077-ab3c-67b0462c2b8e HTTP/1.1" status: 200 len: 855 time: 0.1999791
May 05 13:07:07.307257 dv-cinder-782405-6-iscsi neutron-server[74410]: DEBUG neutron.pecan_wsgi.hooks.policy_enforcement [req-f783453e-b598-4c7f-848e-fb1f93eb80f5 req-c003023a-2ebb-48e6-952e-81020010c742 service neutron] Attributes excluded by policy engine: ['standard_attr_id', 'vlan_transparent'] {{(pid=74410) _exclude_attributes_by_policy /opt/stack/neutron/neutron/pecan_wsgi/hooks/policy_enforcement.py:255}}
May 05 13:07:07.307257 dv-cinder-782405-6-iscsi neutron-server[74410]: INFO neutron.wsgi [req-f783453e-b598-4c7f-848e-fb1f93eb80f5 req-c003023a-2ebb-48e6-952e-81020010c742 service neutron] 10.222.0.32 "GET /v2.0/networks?id=0c352aa8-55a2-406f-b1c1-82d05a31c6b7 HTTP/1.1" status: 200 len: 912 time: 0.3068607
May 05 13:07:07.373126 dv-cinder-782405-6-iscsi neutron-server[74411]: INFO neutron.wsgi [req-88d49f42-55d4-477f-8413-9c95bdde4128 req-49198f21-a4ee-4528-82ad-a07546d4816f service neutron] 10.222.0.32 "GET /v2.0/ports?network_id=3a7956a7-f297-4bad-8273-86af1000b1c2&device_owner=network%3Adhcp HTTP/1.1" status: 200 len: 210 time: 0.0532928
May 05 13:07:07.423597 dv-cinder-782405-6-iscsi neutron-server[74410]: INFO neutron.wsgi [req-f783453e-b598-4c7f-848e-fb1f93eb80f5 req-9b021626-6506-4a1d-ad84-428a9fdca7a7 service neutron] 10.222.0.32 "GET /v2.0/floatingips?fixed_ip_address=172.20.0.7&port_id=5dea9a34-5885-435e-9e60-f2a91adba7f0 HTTP/1.1" status: 200 len: 217 time: 0.1025765
May 05 13:07:07.484139 dv-cinder-782405-6-iscsi neutron-server[74410]: DEBUG neutron.notifiers.nova [req-ffbffc48-80e8-4591-b7fd-88e08391e179 req-0d4066e4-f989-40f6-b6a8-585ef6c7925f service neutron] Ignoring state change previous_port_status: DOWN current_port_status: DOWN port_id dd3a6ff8-e61d-4f8b-92d9-523a4c123b52 {{(pid=74410) record_port_status_changed /opt/stack/neutron/neutron/notifiers/nova.py:224}}
May 05 13:07:07.495004 dv-cinder-782405-6-iscsi neutron-server[74410]: DEBUG neutron_lib.callbacks.manager [req-ffbffc48-80e8-4591-b7fd-88e08391e179 req-0d4066e4-f989-40f6-b6a8-585ef6c7925f service neutron] Notify callbacks [] for port, precommit_update {{(pid=74410) _notify_loop /usr/local/lib/python3.8/dist-packages/neutron_lib/callbacks/manager.py:192}}
May 05 13:07:07.503690 dv-cinder-782405-6-iscsi neutron-server[74411]: DEBUG neutron.wsgi [-] (74411) accepted ('10.222.0.32', 54981) {{(pid=74411) server /usr/local/lib/python3.8/dist-packages/eventlet/wsgi.py:992}}
May 05 13:07:07.517248 dv-cinder-782405-6-iscsi neutron-server[74410]: DEBUG neutron.pecan_wsgi.hooks.policy_enforcement [req-f783453e-b598-4c7f-848e-fb1f93eb80f5 req-38ed4e99-8695-4757-89ba-fb7fc7388e3a service neutron] Attributes excluded by policy engine: ['standard_attr_id', 'shared'] {{(pid=74410) _exclude_attributes_by_policy /opt/stack/neutron/neutron/pecan_wsgi/hooks/policy_enforcement.py:255}}
May 05 13:07:07.518716 dv-cinder-782405-6-iscsi neutron-server[74410]: INFO neutron.wsgi [req-f783453e-b598-4c7f-848e-fb1f93eb80f5 req-38ed4e99-8695-4757-89ba-fb7fc7388e3a service neutron] 10.222.0.32 "GET /v2.0/subnets?id=b527dec1-9c3a-425b-bf1c-02a7fd99aba4 HTTP/1.1" status: 200 len: 851 time: 0.0859153
