Aug 10 08:04:22.229494 dv-cinder-781032-4-smb neutron-server[104150]: DEBUG dbcounter [-] [104150] Writing DB stats neutron:SELECT=93,neutron:DELETE=2,neutron:INSERT=4,neutron:UPDATE=1 {{(pid=104150) stat_writer /usr/local/lib/python3.8/dist-packages/dbcounter.py:114}}
Aug 10 08:04:22.259557 dv-cinder-781032-4-smb neutron-server[104150]: DEBUG neutron_lib.callbacks.manager [None req-a4b629fb-0a70-44be-8436-cf7c028c5c5c admin admin] Publish callbacks [] for security_group (72a19407-89f8-42da-a016-4335bcb77900), precommit_create {{(pid=104150) _notify_loop /usr/local/lib/python3.8/dist-packages/neutron_lib/callbacks/manager.py:176}}
Aug 10 08:04:22.267231 dv-cinder-781032-4-smb neutron-server[104150]: DEBUG neutron_lib.callbacks.manager [None req-a4b629fb-0a70-44be-8436-cf7c028c5c5c admin admin] Publish callbacks ['neutron.plugins.ml2.ovo_rpc._ObjectChangeHandler.handle_event-435064'] for security_group (72a19407-89f8-42da-a016-4335bcb77900), after_create {{(pid=104150) _notify_loop /usr/local/lib/python3.8/dist-packages/neutron_lib/callbacks/manager.py:176}}
Aug 10 08:04:22.300520 dv-cinder-781032-4-smb neutron-server[104150]: DEBUG neutron.api.rpc.handlers.resources_rpc [None req-a4b629fb-0a70-44be-8436-cf7c028c5c5c admin admin] Pushing event updated for resources: {'SecurityGroup': ['ID=72a19407-89f8-42da-a016-4335bcb77900,revision_number=1']} {{(pid=104150) push /opt/stack/neutron/neutron/api/rpc/handlers/resources_rpc.py:237}}
Aug 10 08:04:22.321691 dv-cinder-781032-4-smb neutron-server[104150]: INFO neutron.wsgi [None req-a4b629fb-0a70-44be-8436-cf7c028c5c5c admin admin] 10.222.0.30 "GET /networking/v2.0/security-groups?tenant_id=8ab06fa5f1a949eab26cdae30e2b0e27&name=default HTTP/1.1" status: 200 len: 2996 time: 0.1880729
Aug 10 08:04:22.324485 dv-cinder-781032-4-smb neutron-server[104150]: DEBUG neutron.wsgi [-] (104150) accepted ('10.222.0.30', 55126) {{(pid=104150) server /usr/local/lib/python3.8/dist-packages/eventlet/wsgi.py:1004}}
Aug 10 08:04:22.422687 dv-cinder-781032-4-smb neutron-server[104150]: DEBUG neutron_lib.callbacks.manager [None req-0966e7c7-6312-406f-89d5-f179f19ca58b admin admin] Publish callbacks [] for security_group (72a19407-89f8-42da-a016-4335bcb77900), before_delete {{(pid=104150) _notify_loop /usr/local/lib/python3.8/dist-packages/neutron_lib/callbacks/manager.py:176}}
Aug 10 08:04:22.456526 dv-cinder-781032-4-smb neutron-server[104150]: DEBUG neutron_lib.callbacks.manager [None req-0966e7c7-6312-406f-89d5-f179f19ca58b admin admin] Publish callbacks [] for security_group (72a19407-89f8-42da-a016-4335bcb77900), precommit_delete {{(pid=104150) _notify_loop /usr/local/lib/python3.8/dist-packages/neutron_lib/callbacks/manager.py:176}}
Aug 10 08:04:22.489731 dv-cinder-781032-4-smb neutron-server[104150]: DEBUG dbcounter [-] [104150] Writing DB stats neutron:SELECT=91,neutron:DELETE=2,neutron:INSERT=7 {{(pid=104150) stat_writer /usr/local/lib/python3.8/dist-packages/dbcounter.py:114}}
Aug 10 08:04:22.541335 dv-cinder-781032-4-smb neutron-server[104150]: DEBUG neutron_lib.callbacks.manager [None req-0966e7c7-6312-406f-89d5-f179f19ca58b admin admin] Publish callbacks ['neutron.plugins.ml2.ovo_rpc._ObjectChangeHandler.handle_event-435064'] for security_group (72a19407-89f8-42da-a016-4335bcb77900), after_delete {{(pid=104150) _notify_loop /usr/local/lib/python3.8/dist-packages/neutron_lib/callbacks/manager.py:176}}
Aug 10 08:04:22.548515 dv-cinder-781032-4-smb neutron-server[104150]: DEBUG neutron_lib.callbacks.manager [None req-0966e7c7-6312-406f-89d5-f179f19ca58b admin admin] Publish callbacks [] for security_group (None), before_response {{(pid=104150) _notify_loop /usr/local/lib/python3.8/dist-packages/neutron_lib/callbacks/manager.py:176}}
Aug 10 08:04:22.548515 dv-cinder-781032-4-smb neutron-server[104150]: INFO neutron.wsgi [None req-0966e7c7-6312-406f-89d5-f179f19ca58b admin admin] 10.222.0.30 "DELETE /networking/v2.0/security-groups/72a19407-89f8-42da-a016-4335bcb77900 HTTP/1.1" status: 204 len: 168 time: 0.2189667
Aug 10 08:04:22.571605 dv-cinder-781032-4-smb neutron-server[104150]: DEBUG neutron.api.rpc.handlers.resources_rpc [None req-0966e7c7-6312-406f-89d5-f179f19ca58b admin admin] Pushing event deleted for resources: {'SecurityGroup': ['ID=72a19407-89f8-42da-a016-4335bcb77900,revision_number=None']} {{(pid=104150) push /opt/stack/neutron/neutron/api/rpc/handlers/resources_rpc.py:237}}
Aug 10 08:04:22.627545 dv-cinder-781032-4-smb neutron-server[104149]: DEBUG neutron.pecan_wsgi.hooks.policy_enforcement [req-515a008e-729e-4b3b-9634-dbc4227b7c47 req-8b0ed9b8-20cd-4d52-ac62-de92d3221f9f tempest-DeleteServersTestJSON-1744498585 tempest-DeleteServersTestJSON-1744498585-project] Attributes excluded by policy engine: ['standard_attr_id', 'binding:profile', 'binding:host_id', 'binding:vif_type', 'binding:vif_details'] {{(pid=104149) _exclude_attributes_by_policy /opt/stack/neutron/neutron/pecan_wsgi/hooks/policy_enforcement.py:259}}
Aug 10 08:04:22.631152 dv-cinder-781032-4-smb neutron-server[104149]: INFO neutron.wsgi [req-515a008e-729e-4b3b-9634-dbc4227b7c47 req-8b0ed9b8-20cd-4d52-ac62-de92d3221f9f tempest-DeleteServersTestJSON-1744498585 tempest-DeleteServersTestJSON-1744498585-project] 10.222.0.30 "GET /networking/v2.0/ports?device_id=c78dec99-0581-4227-868c-2718e3f2aaad HTTP/1.1" status: 200 len: 946 time: 0.1367552
Aug 10 08:04:22.720280 dv-cinder-781032-4-smb neutron-server[104149]: INFO neutron.wsgi [req-515a008e-729e-4b3b-9634-dbc4227b7c47 req-a5bc2d41-d0a1-4831-98eb-c37c126743ca tempest-DeleteServersTestJSON-1744498585 tempest-DeleteServersTestJSON-1744498585-project] 10.222.0.30 "GET /networking/v2.0/security-groups?id=ecd26240-4c8c-4736-a254-8afaacdd266b&fields=id&fields=name HTTP/1.1" status: 200 len: 286 time: 0.0768442
Aug 10 08:04:22.827908 dv-cinder-781032-4-smb neutron-server[104150]: DEBUG neutron.pecan_wsgi.hooks.policy_enforcement [req-5bbb514b-34e0-4260-9264-5fc7a2028533 req-e470ff68-b44f-488f-825d-341ce6c60e2b tempest-AttachVolumeNegativeTest-190434261 tempest-AttachVolumeNegativeTest-190434261-project] Attributes excluded by policy engine: ['standard_attr_id', 'binding:profile', 'binding:host_id', 'binding:vif_type', 'binding:vif_details'] {{(pid=104150) _exclude_attributes_by_policy /opt/stack/neutron/neutron/pecan_wsgi/hooks/policy_enforcement.py:259}}
Aug 10 08:04:22.829400 dv-cinder-781032-4-smb neutron-server[104150]: INFO neutron.wsgi [req-5bbb514b-34e0-4260-9264-5fc7a2028533 req-e470ff68-b44f-488f-825d-341ce6c60e2b tempest-AttachVolumeNegativeTest-190434261 tempest-AttachVolumeNegativeTest-190434261-project] 10.222.0.30 "GET /networking/v2.0/ports?device_id=3eeefc1e-ffc5-46fe-950c-92e4aa59f101 HTTP/1.1" status: 200 len: 946 time: 0.0633600
Aug 10 08:04:22.886438 dv-cinder-781032-4-smb neutron-server[104150]: INFO neutron.wsgi [req-5bbb514b-34e0-4260-9264-5fc7a2028533 req-d1ecff08-3e59-4b18-8bf3-c950d4ed9c3e tempest-AttachVolumeNegativeTest-190434261 tempest-AttachVolumeNegativeTest-190434261-project] 10.222.0.30 "GET /networking/v2.0/security-groups?id=2a9ef369-32e5-4730-b4dd-fa1b3096f995&fields=id&fields=name HTTP/1.1" status: 200 len: 313 time: 0.0511274
Aug 10 08:04:23.266112 dv-cinder-781032-4-smb neutron-server[104150]: DEBUG neutron.pecan_wsgi.hooks.policy_enforcement [req-7ea48e3c-12fb-41b9-adf6-71b9e3b0176a req-fbaf4ae2-b110-406d-92e7-479e33b2e481 tempest-AttachVolumeShelveTestJSON-1795417098 tempest-AttachVolumeShelveTestJSON-1795417098-project] Attributes excluded by policy engine: ['standard_attr_id', 'binding:profile', 'binding:host_id', 'binding:vif_type', 'binding:vif_details'] {{(pid=104150) _exclude_attributes_by_policy /opt/stack/neutron/neutron/pecan_wsgi/hooks/policy_enforcement.py:259}}
Aug 10 08:04:23.275045 dv-cinder-781032-4-smb neutron-server[104150]: INFO neutron.wsgi [req-7ea48e3c-12fb-41b9-adf6-71b9e3b0176a req-fbaf4ae2-b110-406d-92e7-479e33b2e481 tempest-AttachVolumeShelveTestJSON-1795417098 tempest-AttachVolumeShelveTestJSON-1795417098-project] 10.222.0.30 "GET /networking/v2.0/ports?device_id=2a1940d8-9920-4188-8bfb-e32ba5b6b90a HTTP/1.1" status: 200 len: 945 time: 0.0662990
Aug 10 08:04:23.310068 dv-cinder-781032-4-smb neutron-server[104149]: DEBUG neutron.pecan_wsgi.hooks.policy_enforcement [req-e9b37be7-d096-4f5a-bcda-eccc02d18c4e req-8a955a60-04a1-453e-8764-bf1ddeb9967e tempest-AttachVolumeTestJSON-441946266 tempest-AttachVolumeTestJSON-441946266-project] Attributes excluded by policy engine: ['standard_attr_id', 'binding:profile', 'binding:host_id', 'binding:vif_type', 'binding:vif_details'] {{(pid=104149) _exclude_attributes_by_policy /opt/stack/neutron/neutron/pecan_wsgi/hooks/policy_enforcement.py:259}}
Aug 10 08:04:23.320780 dv-cinder-781032-4-smb neutron-server[104149]: INFO neutron.wsgi [req-e9b37be7-d096-4f5a-bcda-eccc02d18c4e req-8a955a60-04a1-453e-8764-bf1ddeb9967e tempest-AttachVolumeTestJSON-441946266 tempest-AttachVolumeTestJSON-441946266-project] 10.222.0.30 "GET /networking/v2.0/ports?device_id=6279b866-3f1c-481f-b1aa-64c3c00b6516 HTTP/1.1" status: 200 len: 945 time: 0.1212475
Aug 10 08:04:23.355585 dv-cinder-781032-4-smb neutron-server[104150]: INFO neutron.wsgi [req-7ea48e3c-12fb-41b9-adf6-71b9e3b0176a req-0a911c4c-8161-47b6-8395-c3f00281e26b tempest-AttachVolumeShelveTestJSON-1795417098 tempest-AttachVolumeShelveTestJSON-1795417098-project] 10.222.0.30 "GET /networking/v2.0/security-groups?id=422a6a3a-0f8f-4429-9d56-04e6a845d437&fields=id&fields=name HTTP/1.1" status: 200 len: 313 time: 0.0794277
Aug 10 08:04:23.417066 dv-cinder-781032-4-smb neutron-server[104149]: INFO neutron.wsgi [req-e9b37be7-d096-4f5a-bcda-eccc02d18c4e req-e8570437-eeea-4683-923d-89c8597ddb1c tempest-AttachVolumeTestJSON-441946266 tempest-AttachVolumeTestJSON-441946266-project] 10.222.0.30 "GET /networking/v2.0/security-groups?id=8db5b5ca-dad0-4b4a-8f97-7e0cf96f2a86&fields=id&fields=name HTTP/1.1" status: 200 len: 313 time: 0.0954053
Aug 10 08:04:23.450952 dv-cinder-781032-4-smb neutron-server[104150]: DEBUG neutron.wsgi [-] (104150) accepted ('10.222.0.30', 55176) {{(pid=104150) server /usr/local/lib/python3.8/dist-packages/eventlet/wsgi.py:1004}}
Aug 10 08:04:23.458221 dv-cinder-781032-4-smb neutron-server[104151]: DEBUG neutron.notifiers.nova [-] Sending events: [{'server_uuid': '6279b866-3f1c-481f-b1aa-64c3c00b6516', 'name': 'network-vif-plugged', 'status': 'completed', 'tag': 'efb0a389-53a6-4b10-b9d3-0eee1ecebc84'}] {{(pid=104151) send_events /opt/stack/neutron/neutron/notifiers/nova.py:271}}
Aug 10 08:04:23.461331 dv-cinder-781032-4-smb neutron-server[104151]: DEBUG novaclient.v2.client [-] REQ: curl -g -i --cacert "/opt/stack/data/ca-bundle.pem" -X POST http://10.222.0.30/compute/v2.1/os-server-external-events -H "Accept: application/json" -H "Content-Type: application/json" -H "User-Agent: python-novaclient" -H "X-Auth-Token: {SHA256}186436c6bfb2f9d6ed7c9fb84b9bdca67c243f6e7f73d916dca2f68fd440c061" -H "X-OpenStack-Nova-API-Version: 2.1" -H "X-OpenStack-Request-ID: req-ade4d1dc-3d5a-4c63-a79e-a4a9167c3c7c" -d '{"events": [{"server_uuid": "6279b866-3f1c-481f-b1aa-64c3c00b6516", "name": "network-vif-plugged", "status": "completed", "tag": "efb0a389-53a6-4b10-b9d3-0eee1ecebc84"}]}' {{(pid=104151) _http_log_request /usr/local/lib/python3.8/dist-packages/keystoneauth1/session.py:519}}
Aug 10 08:04:23.509252 dv-cinder-781032-4-smb neutron-server[104151]: DEBUG novaclient.v2.client [-] RESP: [200] Connection: close Content-Length: 183 Content-Type: application/json Date: Wed, 10 Aug 2022 08:04:23 GMT OpenStack-API-Version: compute 2.1 Server: Apache/2.4.41 (Ubuntu) Vary: OpenStack-API-Version,X-OpenStack-Nova-API-Version X-OpenStack-Nova-API-Version: 2.1 x-compute-request-id: req-98436e56-9024-4dab-8f63-9690dd3047a0 x-openstack-request-id: req-98436e56-9024-4dab-8f63-9690dd3047a0 {{(pid=104151) _http_log_response /usr/local/lib/python3.8/dist-packages/keystoneauth1/session.py:550}}
Aug 10 08:04:23.509723 dv-cinder-781032-4-smb neutron-server[104151]: DEBUG novaclient.v2.client [-] RESP BODY: {"events": [{"server_uuid": "6279b866-3f1c-481f-b1aa-64c3c00b6516", "name": "network-vif-plugged", "status": "completed", "tag": "efb0a389-53a6-4b10-b9d3-0eee1ecebc84", "code": 200}]} {{(pid=104151) _http_log_response /usr/local/lib/python3.8/dist-packages/keystoneauth1/session.py:582}}
Aug 10 08:04:23.509978 dv-cinder-781032-4-smb neutron-server[104151]: DEBUG novaclient.v2.client [-] POST call to compute for http://10.222.0.30/compute/v2.1/os-server-external-events used request id req-98436e56-9024-4dab-8f63-9690dd3047a0 {{(pid=104151) request /usr/local/lib/python3.8/dist-packages/keystoneauth1/session.py:954}}
Aug 10 08:04:23.510613 dv-cinder-781032-4-smb neutron-server[104151]: INFO neutron.notifiers.nova [-] Nova event matching ['req-98436e56-9024-4dab-8f63-9690dd3047a0'] response: {'server_uuid': '6279b866-3f1c-481f-b1aa-64c3c00b6516', 'name': 'network-vif-plugged', 'status': 'completed', 'tag': 'efb0a389-53a6-4b10-b9d3-0eee1ecebc84', 'code': 200}
Aug 10 08:04:23.584601 dv-cinder-781032-4-smb neutron-server[104150]: DEBUG neutron_lib.callbacks.manager [None req-2c017d4c-eb09-4db4-bd3e-4d887044cc99 admin admin] Publish callbacks [] for security_group (None), before_create {{(pid=104150) _notify_loop /usr/local/lib/python3.8/dist-packages/neutron_lib/callbacks/manager.py:176}}
Aug 10 08:04:23.739387 dv-cinder-781032-4-smb neutron-server[104150]: DEBUG neutron_lib.callbacks.manager [None req-2c017d4c-eb09-4db4-bd3e-4d887044cc99 admin admin] Publish callbacks [] for security_group (28be4dbc-f088-4bb9-925c-ea76a060ad75), precommit_create {{(pid=104150) _notify_loop /usr/local/lib/python3.8/dist-packages/neutron_lib/callbacks/manager.py:176}}
Aug 10 08:04:23.748212 dv-cinder-781032-4-smb neutron-server[104150]: DEBUG neutron_lib.callbacks.manager [None req-2c017d4c-eb09-4db4-bd3e-4d887044cc99 admin admin] Publish callbacks ['neutron.plugins.ml2.ovo_rpc._ObjectChangeHandler.handle_event-435064'] for security_group (28be4dbc-f088-4bb9-925c-ea76a060ad75), after_create {{(pid=104150) _notify_loop /usr/local/lib/python3.8/dist-packages/neutron_lib/callbacks/manager.py:176}}
Aug 10 08:04:23.755974 dv-cinder-781032-4-smb neutron-server[104149]: DEBUG neutron.wsgi [-] (104149) accepted ('10.222.0.30', 55200) {{(pid=104149) server /usr/local/lib/python3.8/dist-packages/eventlet/wsgi.py:1004}}
Aug 10 08:04:23.825819 dv-cinder-781032-4-smb neutron-server[104150]: INFO neutron.wsgi [None req-2c017d4c-eb09-4db4-bd3e-4d887044cc99 admin admin] 10.222.0.30 "GET /networking/v2.0/security-groups?tenant_id=a34658d4e5874704827edeca2114a85b&name=default HTTP/1.1" status: 200 len: 2996 time: 0.3736541
Aug 10 08:04:23.831525 dv-cinder-781032-4-smb neutron-server[104150]: DEBUG neutron.wsgi [-] (104150) accepted ('10.222.0.30', 55204) {{(pid=104150) server /usr/local/lib/python3.8/dist-packages/eventlet/wsgi.py:1004}}
Aug 10 08:04:23.852427 dv-cinder-781032-4-smb neutron-server[104149]: DEBUG dbcounter [-] [104149] Writing DB stats neutron:SELECT=90,neutron:INSERT=8,neutron:DELETE=2 {{(pid=104149) stat_writer /usr/local/lib/python3.8/dist-packages/dbcounter.py:114}}
Aug 10 08:04:23.854714 dv-cinder-781032-4-smb neutron-server[104150]: DEBUG neutron.api.rpc.handlers.resources_rpc [None req-2c017d4c-eb09-4db4-bd3e-4d887044cc99 admin admin] Pushing event updated for resources: {'SecurityGroup': ['ID=28be4dbc-f088-4bb9-925c-ea76a060ad75,revision_number=1']} {{(pid=104150) push /opt/stack/neutron/neutron/api/rpc/handlers/resources_rpc.py:237}}
Aug 10 08:04:23.880556 dv-cinder-781032-4-smb neutron-server[104149]: DEBUG neutron.pecan_wsgi.hooks.policy_enforcement [req-580b6f49-6060-480f-844a-648c70d8568f req-ff4df2d0-2023-4d0b-8f0d-7b8dab7bbe98 tempest-DeleteServersTestJSON-1744498585 tempest-DeleteServersTestJSON-1744498585-project] Attributes excluded by policy engine: ['standard_attr_id', 'binding:profile', 'binding:host_id', 'binding:vif_type', 'binding:vif_details'] {{(pid=104149) _exclude_attributes_by_policy /opt/stack/neutron/neutron/pecan_wsgi/hooks/policy_enforcement.py:259}}
Aug 10 08:04:23.882098 dv-cinder-781032-4-smb neutron-server[104149]: INFO neutron.wsgi [req-580b6f49-6060-480f-844a-648c70d8568f req-ff4df2d0-2023-4d0b-8f0d-7b8dab7bbe98 tempest-DeleteServersTestJSON-1744498585 tempest-DeleteServersTestJSON-1744498585-project] 10.222.0.30 "GET /networking/v2.0/ports?device_id=c78dec99-0581-4227-868c-2718e3f2aaad HTTP/1.1" status: 200 len: 946 time: 0.0741627
Aug 10 08:04:23.909806 dv-cinder-781032-4-smb neutron-server[104150]: DEBUG neutron_lib.callbacks.manager [None req-f0c26a72-5be4-4663-8167-ddd6d3684f0a admin admin] Publish callbacks [] for security_group (28be4dbc-f088-4bb9-925c-ea76a060ad75), before_delete {{(pid=104150) _notify_loop /usr/local/lib/python3.8/dist-packages/neutron_lib/callbacks/manager.py:176}}
Aug 10 08:04:23.929758 dv-cinder-781032-4-smb neutron-server[104149]: DEBUG neutron.api.v2.base [None req-9c439ac6-cd74-4b13-999b-766368908463 admin admin] Request body: {'network': {'name': 'tempest-VolumesActionsTest-1471515559-network', 'tenant_id': '4d6d413bac1c4b9e98197c0c74edd821'}} {{(pid=104149) prepare_request_body /opt/stack/neutron/neutron/api/v2/base.py:730}}
Aug 10 08:04:23.949846 dv-cinder-781032-4-smb neutron-server[104150]: DEBUG neutron_lib.callbacks.manager [None req-f0c26a72-5be4-4663-8167-ddd6d3684f0a admin admin] Publish callbacks [] for security_group (28be4dbc-f088-4bb9-925c-ea76a060ad75), precommit_delete {{(pid=104150) _notify_loop /usr/local/lib/python3.8/dist-packages/neutron_lib/callbacks/manager.py:176}}
Aug 10 08:04:23.958491 dv-cinder-781032-4-smb neutron-server[104149]: INFO neutron.wsgi [req-580b6f49-6060-480f-844a-648c70d8568f req-ed0b2d67-b03d-42ec-86b5-dd48756e149f tempest-DeleteServersTestJSON-1744498585 tempest-DeleteServersTestJSON-1744498585-project] 10.222.0.30 "GET /networking/v2.0/security-groups?id=ecd26240-4c8c-4736-a254-8afaacdd266b&fields=id&fields=name HTTP/1.1" status: 200 len: 286 time: 0.0680656
Aug 10 08:04:23.967990 dv-cinder-781032-4-smb neutron-server[104149]: DEBUG neutron.pecan_wsgi.hooks.quota_enforcement [None req-9c439ac6-cd74-4b13-999b-766368908463 admin admin] Made reservation on behalf of 4d6d413bac1c4b9e98197c0c74edd821 for: {'network': 1} {{(pid=104149) before /opt/stack/neutron/neutron/pecan_wsgi/hooks/quota_enforcement.py:53}}
Aug 10 08:04:23.969594 dv-cinder-781032-4-smb neutron-server[104150]: DEBUG dbcounter [-] [104150] Writing DB stats neutron:SELECT=91,neutron:DELETE=4,neutron:INSERT=5 {{(pid=104150) stat_writer /usr/local/lib/python3.8/dist-packages/dbcounter.py:114}}
Aug 10 08:04:23.972087 dv-cinder-781032-4-smb neutron-server[104149]: DEBUG neutron_lib.callbacks.manager [None req-9c439ac6-cd74-4b13-999b-766368908463 admin admin] Publish callbacks ['neutron.plugins.ml2.plugin.SecurityGroupDbMixin._ensure_default_security_group_handler-622330'] for network (None), before_create {{(pid=104149) _notify_loop /usr/local/lib/python3.8/dist-packages/neutron_lib/callbacks/manager.py:176}}
Aug 10 08:04:23.998188 dv-cinder-781032-4-smb neutron-server[104149]: DEBUG neutron_lib.callbacks.manager [None req-9c439ac6-cd74-4b13-999b-766368908463 admin admin] Publish callbacks [] for security_group (None), before_create {{(pid=104149) _notify_loop /usr/local/lib/python3.8/dist-packages/neutron_lib/callbacks/manager.py:176}}
Aug 10 08:04:24.064897 dv-cinder-781032-4-smb neutron-server[104150]: DEBUG neutron_lib.callbacks.manager [None req-f0c26a72-5be4-4663-8167-ddd6d3684f0a admin admin] Publish callbacks ['neutron.plugins.ml2.ovo_rpc._ObjectChangeHandler.handle_event-435064'] for security_group (28be4dbc-f088-4bb9-925c-ea76a060ad75), after_delete {{(pid=104150) _notify_loop /usr/local/lib/python3.8/dist-packages/neutron_lib/callbacks/manager.py:176}}
Aug 10 08:04:24.067756 dv-cinder-781032-4-smb neutron-server[104150]: DEBUG neutron_lib.callbacks.manager [None req-f0c26a72-5be4-4663-8167-ddd6d3684f0a admin admin] Publish callbacks [] for security_group (None), before_response {{(pid=104150) _notify_loop /usr/local/lib/python3.8/dist-packages/neutron_lib/callbacks/manager.py:176}}
Aug 10 08:04:24.068968 dv-cinder-781032-4-smb neutron-server[104150]: INFO neutron.wsgi [None req-f0c26a72-5be4-4663-8167-ddd6d3684f0a admin admin] 10.222.0.30 "DELETE /networking/v2.0/security-groups/28be4dbc-f088-4bb9-925c-ea76a060ad75 HTTP/1.1" status: 204 len: 168 time: 0.2357688
Aug 10 08:04:24.082023 dv-cinder-781032-4-smb neutron-server[104150]: DEBUG neutron.pecan_wsgi.hooks.policy_enforcement [req-6ccfa118-7550-49da-83b9-1b3ca8279cf7 req-27d1f34a-fbff-4db9-85e8-d4002bbc1514 tempest-AttachVolumeNegativeTest-190434261 tempest-AttachVolumeNegativeTest-190434261-project] Attributes excluded by policy engine: ['standard_attr_id', 'binding:profile', 'binding:host_id', 'binding:vif_type', 'binding:vif_details'] {{(pid=104150) _exclude_attributes_by_policy /opt/stack/neutron/neutron/pecan_wsgi/hooks/policy_enforcement.py:259}}
Aug 10 08:04:24.086037 dv-cinder-781032-4-smb neutron-server[104149]: DEBUG dbcounter [-] [104149] Writing DB stats neutron:SELECT=89,neutron:DELETE=2,neutron:INSERT=8,neutron:UPDATE=1 {{(pid=104149) stat_writer /usr/local/lib/python3.8/dist-packages/dbcounter.py:114}}
Aug 10 08:04:24.089667 dv-cinder-781032-4-smb neutron-server[104150]: INFO neutron.wsgi [req-6ccfa118-7550-49da-83b9-1b3ca8279cf7 req-27d1f34a-fbff-4db9-85e8-d4002bbc1514 tempest-AttachVolumeNegativeTest-190434261 tempest-AttachVolumeNegativeTest-190434261-project] 10.222.0.30 "GET /networking/v2.0/ports?device_id=3eeefc1e-ffc5-46fe-950c-92e4aa59f101 HTTP/1.1" status: 200 len: 946 time: 0.0842934
Aug 10 08:04:24.105112 dv-cinder-781032-4-smb neutron-server[104150]: DEBUG neutron.api.rpc.handlers.resources_rpc [None req-f0c26a72-5be4-4663-8167-ddd6d3684f0a admin admin] Pushing event deleted for resources: {'SecurityGroup': ['ID=28be4dbc-f088-4bb9-925c-ea76a060ad75,revision_number=None']} {{(pid=104150) push /opt/stack/neutron/neutron/api/rpc/handlers/resources_rpc.py:237}}
Aug 10 08:04:24.126921 dv-cinder-781032-4-smb neutron-server[104149]: DEBUG neutron_lib.callbacks.manager [None req-9c439ac6-cd74-4b13-999b-766368908463 admin admin] Publish callbacks [] for security_group (ebd61368-bd57-4b62-9bec-a7eada3c4394), precommit_create {{(pid=104149) _notify_loop /usr/local/lib/python3.8/dist-packages/neutron_lib/callbacks/manager.py:176}}
Aug 10 08:04:24.135070 dv-cinder-781032-4-smb neutron-server[104149]: DEBUG neutron_lib.callbacks.manager [None req-9c439ac6-cd74-4b13-999b-766368908463 admin admin] Publish callbacks ['neutron.plugins.ml2.ovo_rpc._ObjectChangeHandler.handle_event-435064'] for security_group (ebd61368-bd57-4b62-9bec-a7eada3c4394), after_create {{(pid=104149) _notify_loop /usr/local/lib/python3.8/dist-packages/neutron_lib/callbacks/manager.py:176}}
Aug 10 08:04:24.173259 dv-cinder-781032-4-smb neutron-server[104149]: DEBUG neutron.plugins.ml2.drivers.helpers [None req-9c439ac6-cd74-4b13-999b-766368908463 admin admin] vlan segment allocate from pool success with {'vlan_id': 141, 'physical_network': 'physnet1'} {{(pid=104149) allocate_partially_specified_segment /opt/stack/neutron/neutron/plugins/ml2/drivers/helpers.py:153}}
Aug 10 08:04:24.193643 dv-cinder-781032-4-smb neutron-server[104150]: INFO neutron.wsgi [req-6ccfa118-7550-49da-83b9-1b3ca8279cf7 req-2a1ec71b-49c5-4e47-b558-010db725edf4 tempest-AttachVolumeNegativeTest-190434261 tempest-AttachVolumeNegativeTest-190434261-project] 10.222.0.30 "GET /networking/v2.0/security-groups?id=2a9ef369-32e5-4730-b4dd-fa1b3096f995&fields=id&fields=name HTTP/1.1" status: 200 len: 313 time: 0.0997274
Aug 10 08:04:24.194462 dv-cinder-781032-4-smb neutron-server[104149]: DEBUG neutron.api.rpc.handlers.resources_rpc [None req-9c439ac6-cd74-4b13-999b-766368908463 admin admin] Pushing event updated for resources: {'SecurityGroup': ['ID=ebd61368-bd57-4b62-9bec-a7eada3c4394,revision_number=1']} {{(pid=104149) push /opt/stack/neutron/neutron/api/rpc/handlers/resources_rpc.py:237}}
Aug 10 08:04:24.195021 dv-cinder-781032-4-smb neutron-server[104150]: DEBUG neutron.wsgi [-] (104150) accepted ('10.222.0.30', 55214) {{(pid=104150) server /usr/local/lib/python3.8/dist-packages/eventlet/wsgi.py:1004}}
Aug 10 08:04:24.203158 dv-cinder-781032-4-smb neutron-server[104149]: DEBUG neutron_lib.callbacks.manager [None req-9c439ac6-cd74-4b13-999b-766368908463 admin admin] Publish callbacks ['neutron.plugins.ml2.plugin.Ml2Plugin._handle_segment_change-16210980'] for segment (a246d0c2-6783-4968-8a91-c289686b79a9), precommit_create {{(pid=104149) _notify_loop /usr/local/lib/python3.8/dist-packages/neutron_lib/callbacks/manager.py:176}}
Aug 10 08:04:24.203625 dv-cinder-781032-4-smb neutron-server[104149]: INFO neutron.db.segments_db [None req-9c439ac6-cd74-4b13-999b-766368908463 admin admin] Added segment a246d0c2-6783-4968-8a91-c289686b79a9 of type vlan for network f2c8c741-6d46-4027-a432-3d43c2870a86
Aug 10 08:04:24.276998 dv-cinder-781032-4-smb neutron-server[104149]: DEBUG neutron_lib.callbacks.manager [None req-9c439ac6-cd74-4b13-999b-766368908463 admin admin] Publish callbacks ['neutron.services.auto_allocate.db._ensure_external_network_default_value_callback-8777998332079'] for network (f2c8c741-6d46-4027-a432-3d43c2870a86), precommit_create {{(pid=104149) _notify_loop /usr/local/lib/python3.8/dist-packages/neutron_lib/callbacks/manager.py:176}}
Aug 10 08:04:24.313349 dv-cinder-781032-4-smb neutron-server[104149]: DEBUG neutron_lib.callbacks.manager [None req-9c439ac6-cd74-4b13-999b-766368908463 admin admin] Publish callbacks ['neutron.plugins.ml2.ovo_rpc._ObjectChangeHandler.handle_event-434953', 'neutron.api.rpc.agentnotifiers.dhcp_rpc_agent_api.DhcpAgentNotifyAPI._native_event_send_dhcp_notification-16260765'] for network (f2c8c741-6d46-4027-a432-3d43c2870a86), after_create {{(pid=104149) _notify_loop /usr/local/lib/python3.8/dist-packages/neutron_lib/callbacks/manager.py:176}}
Aug 10 08:04:24.328456 dv-cinder-781032-4-smb neutron-server[104149]: DEBUG neutron.pecan_wsgi.hooks.policy_enforcement [None req-9c439ac6-cd74-4b13-999b-766368908463 admin admin] Attributes excluded by policy engine: ['standard_attr_id', 'vlan_transparent'] {{(pid=104149) _exclude_attributes_by_policy /opt/stack/neutron/neutron/pecan_wsgi/hooks/policy_enforcement.py:259}}
Aug 10 08:04:24.329114 dv-cinder-781032-4-smb neutron-server[104149]: DEBUG neutron_lib.callbacks.manager [None req-9c439ac6-cd74-4b13-999b-766368908463 admin admin] Publish callbacks ['neutron.api.rpc.agentnotifiers.dhcp_rpc_agent_api.DhcpAgentNotifyAPI._send_dhcp_notification-16260747'] for network (None), before_response {{(pid=104149) _notify_loop /usr/local/lib/python3.8/dist-packages/neutron_lib/callbacks/manager.py:176}}
Aug 10 08:04:24.469266 dv-cinder-781032-4-smb neutron-server[104150]: DEBUG neutron.wsgi [-] (104150) accepted ('10.222.0.30', 55226) {{(pid=104150) server /usr/local/lib/python3.8/dist-packages/eventlet/wsgi.py:1004}}
Aug 10 08:04:24.469514 dv-cinder-781032-4-smb neutron-server[104149]: INFO neutron.wsgi [None req-9c439ac6-cd74-4b13-999b-766368908463 admin admin] 10.222.0.30 "POST /networking/v2.0/networks HTTP/1.1" status: 201 len: 863 time: 0.7104359
Aug 10 08:04:24.479303 dv-cinder-781032-4-smb neutron-server[104150]: DEBUG neutron.api.v2.base [None req-96867fa2-8755-42bd-bd9c-3a10e4713818 admin admin] Request body: {'subnet': {'network_id': 'f2c8c741-6d46-4027-a432-3d43c2870a86', 'cidr': '172.20.0.0/28', 'name': 'tempest-VolumesActionsTest-1471515559-subnet', 'tenant_id': '4d6d413bac1c4b9e98197c0c74edd821', 'enable_dhcp': False, 'ip_version': 4}} {{(pid=104150) prepare_request_body /opt/stack/neutron/neutron/api/v2/base.py:730}}
Aug 10 08:04:24.494176 dv-cinder-781032-4-smb neutron-server[104149]: DEBUG neutron.api.rpc.handlers.resources_rpc [None req-9c439ac6-cd74-4b13-999b-766368908463 admin admin] Pushing event updated for resources: {'Network': ['ID=f2c8c741-6d46-4027-a432-3d43c2870a86,revision_number=1']} {{(pid=104149) push /opt/stack/neutron/neutron/api/rpc/handlers/resources_rpc.py:237}}
Aug 10 08:04:24.513399 dv-cinder-781032-4-smb neutron-server[104151]: DEBUG neutron.plugins.ml2.rpc [None req-eb69fff7-be11-4c65-b020-03519ab1015d None None] Network f2c8c741-6d46-4027-a432-3d43c2870a86 details requested by agent ovs-agent-dv-cinder-781032-4-smb with host dv-cinder-781032-4-smb {{(pid=104151) get_network_details /opt/stack/neutron/neutron/plugins/ml2/rpc.py:248}}
Aug 10 08:04:24.673760 dv-cinder-781032-4-smb neutron-server[104150]: DEBUG neutron.pecan_wsgi.hooks.quota_enforcement [None req-96867fa2-8755-42bd-bd9c-3a10e4713818 admin admin] Made reservation on behalf of 4d6d413bac1c4b9e98197c0c74edd821 for: {'subnet': 1} {{(pid=104150) before /opt/stack/neutron/neutron/pecan_wsgi/hooks/quota_enforcement.py:53}}
Aug 10 08:04:24.692355 dv-cinder-781032-4-smb neutron-server[104150]: DEBUG neutron_lib.callbacks.manager [None req-96867fa2-8755-42bd-bd9c-3a10e4713818 admin admin] Publish callbacks [] for subnet (None), before_create {{(pid=104150) _notify_loop /usr/local/lib/python3.8/dist-packages/neutron_lib/callbacks/manager.py:176}}
Aug 10 08:04:24.854796 dv-cinder-781032-4-smb neutron-server[104149]: DEBUG neutron.pecan_wsgi.hooks.policy_enforcement [req-148a7fb1-ebc4-49e8-8c2d-6eb97534bab2 req-65b24d8f-2483-4ec4-90ea-29bbcc4d0a07 tempest-AttachVolumeShelveTestJSON-1795417098 tempest-AttachVolumeShelveTestJSON-1795417098-project] Attributes excluded by policy engine: ['standard_attr_id', 'binding:profile', 'binding:host_id', 'binding:vif_type', 'binding:vif_details'] {{(pid=104149) _exclude_attributes_by_policy /opt/stack/neutron/neutron/pecan_wsgi/hooks/policy_enforcement.py:259}}
Aug 10 08:04:24.874469 dv-cinder-781032-4-smb neutron-server[104149]: INFO neutron.wsgi [req-148a7fb1-ebc4-49e8-8c2d-6eb97534bab2 req-65b24d8f-2483-4ec4-90ea-29bbcc4d0a07 tempest-AttachVolumeShelveTestJSON-1795417098 tempest-AttachVolumeShelveTestJSON-1795417098-project] 10.222.0.30 "GET /networking/v2.0/ports?device_id=2a1940d8-9920-4188-8bfb-e32ba5b6b90a HTTP/1.1" status: 200 len: 945 time: 0.1539905
Aug 10 08:04:24.969160 dv-cinder-781032-4-smb neutron-server[104150]: DEBUG neutron_lib.callbacks.manager [None req-2fbf8e6c-e980-46e5-bb4d-d21c20fa5f91 admin admin] Publish callbacks [] for security_group (None), before_create {{(pid=104150) _notify_loop /usr/local/lib/python3.8/dist-packages/neutron_lib/callbacks/manager.py:176}}
Aug 10 08:04:25.032084 dv-cinder-781032-4-smb neutron-server[104150]: DEBUG neutron.pecan_wsgi.hooks.policy_enforcement [req-cd153f39-68e2-4588-8a87-182a74928f9a req-9648d0f9-25d8-46b7-82af-cd7747dc6aa5 tempest-AttachVolumeTestJSON-441946266 tempest-AttachVolumeTestJSON-441946266-project] Attributes excluded by policy engine: ['standard_attr_id', 'binding:profile', 'binding:host_id', 'binding:vif_type', 'binding:vif_details'] {{(pid=104150) _exclude_attributes_by_policy /opt/stack/neutron/neutron/pecan_wsgi/hooks/policy_enforcement.py:259}}
Aug 10 08:04:25.034076 dv-cinder-781032-4-smb neutron-server[104150]: INFO neutron.wsgi [req-cd153f39-68e2-4588-8a87-182a74928f9a req-9648d0f9-25d8-46b7-82af-cd7747dc6aa5 tempest-AttachVolumeTestJSON-441946266 tempest-AttachVolumeTestJSON-441946266-project] 10.222.0.30 "GET /networking/v2.0/ports?device_id=6279b866-3f1c-481f-b1aa-64c3c00b6516 HTTP/1.1" status: 200 len: 945 time: 0.1545939
Aug 10 08:04:25.147906 dv-cinder-781032-4-smb neutron-server[104149]: DEBUG neutron.pecan_wsgi.hooks.policy_enforcement [req-50e2cce0-0f7a-4b8b-bb55-aba1a3ceb7d8 req-1b5d2364-6744-4570-ab0a-eabab2db7d72 service neutron] Attributes excluded by policy engine: ['standard_attr_id'] {{(pid=104149) _exclude_attributes_by_policy /opt/stack/neutron/neutron/pecan_wsgi/hooks/policy_enforcement.py:259}}
Aug 10 08:04:25.149562 dv-cinder-781032-4-smb neutron-server[104149]: INFO neutron.wsgi [req-50e2cce0-0f7a-4b8b-bb55-aba1a3ceb7d8 req-1b5d2364-6744-4570-ab0a-eabab2db7d72 service neutron] 10.222.0.20 "GET /networking/v2.0/ports?device_id=6279b866-3f1c-481f-b1aa-64c3c00b6516 HTTP/1.1" status: 200 len: 1129 time: 0.2727618
Aug 10 08:04:25.189481 dv-cinder-781032-4-smb neutron-server[104150]: DEBUG dbcounter [-] [104150] Writing DB stats neutron:SELECT=85,neutron:INSERT=11,neutron:UPDATE=2,neutron:DELETE=2 {{(pid=104150) stat_writer /usr/local/lib/python3.8/dist-packages/dbcounter.py:114}}
Aug 10 08:04:25.203331 dv-cinder-781032-4-smb neutron-server[104149]: INFO neutron.wsgi [req-148a7fb1-ebc4-49e8-8c2d-6eb97534bab2 req-4eef46db-143b-4aa6-8eee-8c503436480f tempest-AttachVolumeShelveTestJSON-1795417098 tempest-AttachVolumeShelveTestJSON-1795417098-project] 10.222.0.30 "GET /networking/v2.0/security-groups?id=422a6a3a-0f8f-4429-9d56-04e6a845d437&fields=id&fields=name HTTP/1.1" status: 200 len: 313 time: 0.3278480
Aug 10 08:04:25.223236 dv-cinder-781032-4-smb neutron-server[104149]: INFO neutron.wsgi [req-50e2cce0-0f7a-4b8b-bb55-aba1a3ceb7d8 req-c80a3b2b-be90-4e79-a969-595f8418f014 service neutron] 10.222.0.20 "GET /networking/v2.0/security-groups?id=8db5b5ca-dad0-4b4a-8f97-7e0cf96f2a86&fields=id&fields=name HTTP/1.1" status: 200 len: 313 time: 0.0669656
Aug 10 08:04:25.269931 dv-cinder-781032-4-smb neutron-server[104150]: INFO neutron.wsgi [req-cd153f39-68e2-4588-8a87-182a74928f9a req-fdc4b41f-d506-4182-a00d-683456d76cb3 tempest-AttachVolumeTestJSON-441946266 tempest-AttachVolumeTestJSON-441946266-project] 10.222.0.30 "GET /networking/v2.0/security-groups?id=8db5b5ca-dad0-4b4a-8f97-7e0cf96f2a86&fields=id&fields=name HTTP/1.1" status: 200 len: 313 time: 0.2260630
Aug 10 08:04:25.300286 dv-cinder-781032-4-smb neutron-server[104150]: DEBUG neutron_lib.callbacks.manager [None req-96867fa2-8755-42bd-bd9c-3a10e4713818 admin admin] Publish callbacks ['neutron.plugins.ml2.ovo_rpc._ObjectChangeHandler.handle_event-436189', 'neutron.api.rpc.agentnotifiers.dhcp_rpc_agent_api.DhcpAgentNotifyAPI._native_event_send_dhcp_notification-16260765'] for subnet (0f6f17a2-ab44-4bb8-8d86-fbd473fbaef7), after_create {{(pid=104150) _notify_loop /usr/local/lib/python3.8/dist-packages/neutron_lib/callbacks/manager.py:176}}
Aug 10 08:04:25.354512 dv-cinder-781032-4-smb neutron-server[104150]: DEBUG neutron_lib.callbacks.manager [None req-2fbf8e6c-e980-46e5-bb4d-d21c20fa5f91 admin admin] Publish callbacks [] for security_group (d1af66fd-7b5e-464f-ae82-2a54301b1ad2), precommit_create {{(pid=104150) _notify_loop /usr/local/lib/python3.8/dist-packages/neutron_lib/callbacks/manager.py:176}}
Aug 10 08:04:25.369338 dv-cinder-781032-4-smb neutron-server[104150]: DEBUG neutron_lib.callbacks.manager [None req-2fbf8e6c-e980-46e5-bb4d-d21c20fa5f91 admin admin] Publish callbacks ['neutron.plugins.ml2.ovo_rpc._ObjectChangeHandler.handle_event-435064'] for security_group (d1af66fd-7b5e-464f-ae82-2a54301b1ad2), after_create {{(pid=104150) _notify_loop /usr/local/lib/python3.8/dist-packages/neutron_lib/callbacks/manager.py:176}}
Aug 10 08:04:25.375499 dv-cinder-781032-4-smb neutron-server[104149]: DEBUG neutron.pecan_wsgi.hooks.policy_enforcement [req-f1a707d2-a3b3-451d-81b1-3145891be873 req-cd6e58bc-5c05-4973-9778-2e82dcfd9423 tempest-AttachVolumeNegativeTest-190434261 tempest-AttachVolumeNegativeTest-190434261-project] Attributes excluded by policy engine: ['standard_attr_id', 'binding:profile', 'binding:host_id', 'binding:vif_type', 'binding:vif_details'] {{(pid=104149) _exclude_attributes_by_policy /opt/stack/neutron/neutron/pecan_wsgi/hooks/policy_enforcement.py:259}}
Aug 10 08:04:25.377754 dv-cinder-781032-4-smb neutron-server[104149]: INFO neutron.wsgi [req-f1a707d2-a3b3-451d-81b1-3145891be873 req-cd6e58bc-5c05-4973-9778-2e82dcfd9423 tempest-AttachVolumeNegativeTest-190434261 tempest-AttachVolumeNegativeTest-190434261-project] 10.222.0.30 "GET /networking/v2.0/ports?device_id=3eeefc1e-ffc5-46fe-950c-92e4aa59f101 HTTP/1.1" status: 200 len: 946 time: 0.0814841
Aug 10 08:04:25.400272 dv-cinder-781032-4-smb neutron-server[104150]: INFO neutron.wsgi [None req-2fbf8e6c-e980-46e5-bb4d-d21c20fa5f91 admin admin] 10.222.0.30 "GET /networking/v2.0/security-groups?tenant_id=429dfdc4a0a849028956867339c28b3a&name=default HTTP/1.1" status: 200 len: 2996 time: 1.1918304
Aug 10 08:04:25.406708 dv-cinder-781032-4-smb neutron-server[104150]: DEBUG neutron.wsgi [-] (104150) accepted ('10.222.0.30', 55262) {{(pid=104150) server /usr/local/lib/python3.8/dist-packages/eventlet/wsgi.py:1004}}
Aug 10 08:04:25.452687 dv-cinder-781032-4-smb neutron-server[104149]: INFO neutron.wsgi [req-f1a707d2-a3b3-451d-81b1-3145891be873 req-e4cda134-108c-4899-bfd5-7585619f2a92 tempest-AttachVolumeNegativeTest-190434261 tempest-AttachVolumeNegativeTest-190434261-project] 10.222.0.30 "GET /networking/v2.0/security-groups?id=2a9ef369-32e5-4730-b4dd-fa1b3096f995&fields=id&fields=name HTTP/1.1" status: 200 len: 313 time: 0.0683517
Aug 10 08:04:25.500124 dv-cinder-781032-4-smb neutron-server[104150]: DEBUG neutron.api.rpc.handlers.resources_rpc [None req-96867fa2-8755-42bd-bd9c-3a10e4713818 admin admin] Pushing event updated for resources: {'Subnet': ['ID=0f6f17a2-ab44-4bb8-8d86-fbd473fbaef7,revision_number=0']} {{(pid=104150) push /opt/stack/neutron/neutron/api/rpc/handlers/resources_rpc.py:237}}
Aug 10 08:04:25.533203 dv-cinder-781032-4-smb neutron-server[104150]: DEBUG neutron.api.rpc.handlers.resources_rpc [None req-2fbf8e6c-e980-46e5-bb4d-d21c20fa5f91 admin admin] Pushing event updated for resources: {'SecurityGroup': ['ID=d1af66fd-7b5e-464f-ae82-2a54301b1ad2,revision_number=1']} {{(pid=104150) push /opt/stack/neutron/neutron/api/rpc/handlers/resources_rpc.py:237}}
Aug 10 08:04:25.542071 dv-cinder-781032-4-smb neutron-server[104150]: DEBUG neutron.plugins.ml2.drivers.mech_agent [None req-96867fa2-8755-42bd-bd9c-3a10e4713818 admin admin] Checking segment: {'id': 'a246d0c2-6783-4968-8a91-c289686b79a9', 'network_type': 'vlan', 'physical_network': 'physnet1', 'segmentation_id': 141, 'network_id': 'f2c8c741-6d46-4027-a432-3d43c2870a86'} for mappings: {'physnet1': 'br-data'} with network types: ['local', 'flat', 'vlan'] {{(pid=104150) check_segment_for_agent /opt/stack/neutron/neutron/plugins/ml2/drivers/mech_agent.py:373}}
Aug 10 08:04:25.542443 dv-cinder-781032-4-smb neutron-server[104150]: DEBUG neutron.scheduler.dhcp_agent_scheduler [None req-96867fa2-8755-42bd-bd9c-3a10e4713818 admin admin] Network hostable DHCP agents. Network: f2c8c741-6d46-4027-a432-3d43c2870a86, hostable agents: ['392d0c2b-a5d9-44e5-8528-d9597887425a'], hosted agents: [] {{(pid=104150) _get_network_hostable_dhcp_agents /opt/stack/neutron/neutron/scheduler/dhcp_agent_scheduler.py:329}}
Aug 10 08:04:25.545464 dv-cinder-781032-4-smb neutron-server[104150]: DEBUG dbcounter [-] [104150] Writing DB stats neutron:DELETE=2,neutron:SELECT=85,neutron:INSERT=12,neutron:UPDATE=1 {{(pid=104150) stat_writer /usr/local/lib/python3.8/dist-packages/dbcounter.py:114}}
Aug 10 08:04:25.558437 dv-cinder-781032-4-smb neutron-server[104150]: DEBUG neutron.pecan_wsgi.hooks.policy_enforcement [req-78a78ea5-1f81-4428-bd23-b3864ec3100d req-b5b979f7-b130-48c7-a0ed-2a0a968b855d tempest-AttachVolumeShelveTestJSON-1795417098 tempest-AttachVolumeShelveTestJSON-1795417098-project] Attributes excluded by policy engine: ['standard_attr_id', 'binding:profile', 'binding:host_id', 'binding:vif_type', 'binding:vif_details'] {{(pid=104150) _exclude_attributes_by_policy /opt/stack/neutron/neutron/pecan_wsgi/hooks/policy_enforcement.py:259}}
Aug 10 08:04:25.559933 dv-cinder-781032-4-smb neutron-server[104150]: INFO neutron.wsgi [req-78a78ea5-1f81-4428-bd23-b3864ec3100d req-b5b979f7-b130-48c7-a0ed-2a0a968b855d tempest-AttachVolumeShelveTestJSON-1795417098 tempest-AttachVolumeShelveTestJSON-1795417098-project] 10.222.0.30 "GET /networking/v2.0/ports?device_id=2a1940d8-9920-4188-8bfb-e32ba5b6b90a HTTP/1.1" status: 200 len: 945 time: 0.1562707
Aug 10 08:04:25.571211 dv-cinder-781032-4-smb neutron-server[104149]: DEBUG neutron.wsgi [-] (104149) accepted ('10.222.0.30', 55272) {{(pid=104149) server /usr/local/lib/python3.8/dist-packages/eventlet/wsgi.py:1004}}
Aug 10 08:04:25.580341 dv-cinder-781032-4-smb neutron-server[104149]: DEBUG neutron.api.v2.base [None req-e1617e43-e209-424a-aa83-defe3547e22f tempest-AttachVolumeShelveTestJSON-1795417098 tempest-AttachVolumeShelveTestJSON-1795417098-project] Request body: {'floatingip': {'port_id': '013230ed-aabb-4ce4-98d5-54e838d8c33b'}} {{(pid=104149) prepare_request_body /opt/stack/neutron/neutron/api/v2/base.py:730}}
Aug 10 08:04:25.593623 dv-cinder-781032-4-smb neutron-server[104150]: DEBUG neutron.scheduler.dhcp_agent_scheduler [None req-96867fa2-8755-42bd-bd9c-3a10e4713818 admin admin] Network f2c8c741-6d46-4027-a432-3d43c2870a86 is scheduled to be hosted by DHCP agent 392d0c2b-a5d9-44e5-8528-d9597887425a with binding_index 1 {{(pid=104150) bind /opt/stack/neutron/neutron/scheduler/dhcp_agent_scheduler.py:227}}
Aug 10 08:04:25.602981 dv-cinder-781032-4-smb neutron-server[104150]: DEBUG neutron_lib.callbacks.manager [None req-f3c20205-99b2-49a1-bd64-94a7cca80a73 admin admin] Publish callbacks [] for security_group (d1af66fd-7b5e-464f-ae82-2a54301b1ad2), before_delete {{(pid=104150) _notify_loop /usr/local/lib/python3.8/dist-packages/neutron_lib/callbacks/manager.py:176}}
Aug 10 08:04:25.610309 dv-cinder-781032-4-smb neutron-server[104150]: DEBUG neutron.scheduler.base_scheduler [None req-96867fa2-8755-42bd-bd9c-3a10e4713818 admin admin] Resources bound (agent type, host, resource id): (DHCP agent, dv-cinder-781032-4-smb, f2c8c741-6d46-4027-a432-3d43c2870a86) {{(pid=104150) schedule /opt/stack/neutron/neutron/scheduler/base_scheduler.py:57}}
Aug 10 08:04:25.616948 dv-cinder-781032-4-smb neutron-server[104150]: DEBUG neutron.pecan_wsgi.hooks.policy_enforcement [None req-96867fa2-8755-42bd-bd9c-3a10e4713818 admin admin] Attributes excluded by policy engine: ['standard_attr_id', 'shared', 'network'] {{(pid=104150) _exclude_attributes_by_policy /opt/stack/neutron/neutron/pecan_wsgi/hooks/policy_enforcement.py:259}}
Aug 10 08:04:25.617703 dv-cinder-781032-4-smb neutron-server[104150]: DEBUG neutron_lib.callbacks.manager [None req-96867fa2-8755-42bd-bd9c-3a10e4713818 admin admin] Publish callbacks ['neutron.api.rpc.agentnotifiers.dhcp_rpc_agent_api.DhcpAgentNotifyAPI._send_dhcp_notification-16260747'] for subnet (None), before_response {{(pid=104150) _notify_loop /usr/local/lib/python3.8/dist-packages/neutron_lib/callbacks/manager.py:176}}
Aug 10 08:04:25.628472 dv-cinder-781032-4-smb neutron-server[104151]: DEBUG neutron.api.rpc.handlers.dhcp_rpc [None req-430a11c0-9133-4770-b10d-b2505fc9157e None None] Network f2c8c741-6d46-4027-a432-3d43c2870a86 requested from dv-cinder-781032-4-smb {{(pid=104151) get_network_info /opt/stack/neutron/neutron/api/rpc/handlers/dhcp_rpc.py:191}}
Aug 10 08:04:25.644532 dv-cinder-781032-4-smb neutron-server[104150]: DEBUG neutron_lib.callbacks.manager [None req-f3c20205-99b2-49a1-bd64-94a7cca80a73 admin admin] Publish callbacks [] for security_group (d1af66fd-7b5e-464f-ae82-2a54301b1ad2), precommit_delete {{(pid=104150) _notify_loop /usr/local/lib/python3.8/dist-packages/neutron_lib/callbacks/manager.py:176}}
Aug 10 08:04:25.677703 dv-cinder-781032-4-smb neutron-server[104149]: DEBUG neutron.pecan_wsgi.hooks.policy_enforcement [req-e3233c16-00f4-466a-8ffe-15b91cb97b55 req-455b25bb-6547-4a20-9bac-fe474331a6c6 tempest-AttachVolumeNegativeTest-190434261 tempest-AttachVolumeNegativeTest-190434261-project] Attributes excluded by policy engine: ['standard_attr_id', 'binding:profile', 'binding:host_id', 'binding:vif_type', 'binding:vif_details'] {{(pid=104149) _exclude_attributes_by_policy /opt/stack/neutron/neutron/pecan_wsgi/hooks/policy_enforcement.py:259}}
Aug 10 08:04:25.679989 dv-cinder-781032-4-smb neutron-server[104149]: INFO neutron.wsgi [req-e3233c16-00f4-466a-8ffe-15b91cb97b55 req-455b25bb-6547-4a20-9bac-fe474331a6c6 tempest-AttachVolumeNegativeTest-190434261 tempest-AttachVolumeNegativeTest-190434261-project] 10.222.0.30 "GET /networking/v2.0/ports?device_id=3eeefc1e-ffc5-46fe-950c-92e4aa59f101 HTTP/1.1" status: 200 len: 946 time: 0.0650363
Aug 10 08:04:25.692167 dv-cinder-781032-4-smb neutron-server[104150]: DEBUG neutron.wsgi [-] (104150) accepted ('10.222.0.30', 55296) {{(pid=104150) server /usr/local/lib/python3.8/dist-packages/eventlet/wsgi.py:1004}}
Aug 10 08:04:25.698643 dv-cinder-781032-4-smb neutron-server[104150]: DEBUG neutron.api.v2.base [None req-b860d610-46f2-42c0-b12b-283099ae8193 tempest-AttachVolumeNegativeTest-190434261 tempest-AttachVolumeNegativeTest-190434261-project] Request body: {'floatingip': {'port_id': 'dab62b05-f9c2-4d2c-aa10-730fe3fc2788'}} {{(pid=104150) prepare_request_body /opt/stack/neutron/neutron/api/v2/base.py:730}}
Aug 10 08:04:25.742868 dv-cinder-781032-4-smb neutron-server[104150]: INFO neutron.wsgi [None req-96867fa2-8755-42bd-bd9c-3a10e4713818 admin admin] 10.222.0.30 "POST /networking/v2.0/subnets HTTP/1.1" status: 201 len: 846 time: 1.2644405
Aug 10 08:04:25.755408 dv-cinder-781032-4-smb neutron-server[104149]: DEBUG neutron_lib.callbacks.manager [None req-e1617e43-e209-424a-aa83-defe3547e22f tempest-AttachVolumeShelveTestJSON-1795417098 tempest-AttachVolumeShelveTestJSON-1795417098-project] Publish callbacks [] for floatingip (b0325044-8b72-40f5-a87c-731069eb1783), before_update {{(pid=104149) _notify_loop /usr/local/lib/python3.8/dist-packages/neutron_lib/callbacks/manager.py:176}}
Aug 10 08:04:25.804405 dv-cinder-781032-4-smb neutron-server[104150]: DEBUG neutron_lib.callbacks.manager [None req-b860d610-46f2-42c0-b12b-283099ae8193 tempest-AttachVolumeNegativeTest-190434261 tempest-AttachVolumeNegativeTest-190434261-project] Publish callbacks [] for floatingip (156da6a6-bbc7-4a36-aece-df3b29c1bd8a), before_update {{(pid=104150) _notify_loop /usr/local/lib/python3.8/dist-packages/neutron_lib/callbacks/manager.py:176}}
Aug 10 08:04:25.913272 dv-cinder-781032-4-smb neutron-server[104151]: DEBUG neutron.api.rpc.handlers.dhcp_rpc [None req-fa2bb046-3bef-4b31-a158-30033241de02 None None] Network f2c8c741-6d46-4027-a432-3d43c2870a86 requested from dv-cinder-781032-4-smb {{(pid=104151) get_network_info /opt/stack/neutron/neutron/api/rpc/handlers/dhcp_rpc.py:191}}
Aug 10 08:04:25.954051 dv-cinder-781032-4-smb neutron-server[104150]: DEBUG neutron_lib.callbacks.manager [None req-f3c20205-99b2-49a1-bd64-94a7cca80a73 admin admin] Publish callbacks ['neutron.plugins.ml2.ovo_rpc._ObjectChangeHandler.handle_event-435064'] for security_group (d1af66fd-7b5e-464f-ae82-2a54301b1ad2), after_delete {{(pid=104150) _notify_loop /usr/local/lib/python3.8/dist-packages/neutron_lib/callbacks/manager.py:176}}
Aug 10 08:04:25.955147 dv-cinder-781032-4-smb neutron-server[104150]: DEBUG neutron_lib.callbacks.manager [None req-f3c20205-99b2-49a1-bd64-94a7cca80a73 admin admin] Publish callbacks [] for security_group (None), before_response {{(pid=104150) _notify_loop /usr/local/lib/python3.8/dist-packages/neutron_lib/callbacks/manager.py:176}}
Aug 10 08:04:25.956307 dv-cinder-781032-4-smb neutron-server[104150]: INFO neutron.wsgi [None req-f3c20205-99b2-49a1-bd64-94a7cca80a73 admin admin] 10.222.0.30 "DELETE /networking/v2.0/security-groups/d1af66fd-7b5e-464f-ae82-2a54301b1ad2 HTTP/1.1" status: 204 len: 168 time: 0.5460126
Aug 10 08:04:25.995555 dv-cinder-781032-4-smb neutron-server[104150]: DEBUG neutron.api.rpc.handlers.resources_rpc [None req-f3c20205-99b2-49a1-bd64-94a7cca80a73 admin admin] Pushing event deleted for resources: {'SecurityGroup': ['ID=d1af66fd-7b5e-464f-ae82-2a54301b1ad2,revision_number=None']} {{(pid=104150) push /opt/stack/neutron/neutron/api/rpc/handlers/resources_rpc.py:237}}
Aug 10 08:04:26.915029 dv-cinder-781032-4-smb neutron-server[104149]: DEBUG neutron_lib.callbacks.manager [None req-e1617e43-e209-424a-aa83-defe3547e22f tempest-AttachVolumeShelveTestJSON-1795417098 tempest-AttachVolumeShelveTestJSON-1795417098-project] Publish callbacks [] for floatingip (None), precommit_update {{(pid=104149) _notify_loop /usr/local/lib/python3.8/dist-packages/neutron_lib/callbacks/manager.py:176}}
Aug 10 08:04:26.916006 dv-cinder-781032-4-smb neutron-server[104149]: DEBUG dbcounter [-] [104149] Writing DB stats neutron:SELECT=95,neutron:INSERT=4,neutron:DELETE=1 {{(pid=104149) stat_writer /usr/local/lib/python3.8/dist-packages/dbcounter.py:114}}
Aug 10 08:04:26.920104 dv-cinder-781032-4-smb neutron-server[104149]: DEBUG dbcounter [-] [104149] Writing DB stats neutron:SELECT=90,neutron:INSERT=6,neutron:UPDATE=3,neutron:DELETE=1 {{(pid=104149) stat_writer /usr/local/lib/python3.8/dist-packages/dbcounter.py:114}}
Aug 10 08:04:26.920104 dv-cinder-781032-4-smb neutron-server[104149]: DEBUG neutron.wsgi [-] (104149) accepted ('10.222.0.30', 55356) {{(pid=104149) server /usr/local/lib/python3.8/dist-packages/eventlet/wsgi.py:1004}}
Aug 10 08:04:26.949006 dv-cinder-781032-4-smb neutron-server[104149]: DEBUG neutron_lib.callbacks.manager [None req-e1617e43-e209-424a-aa83-defe3547e22f tempest-AttachVolumeShelveTestJSON-1795417098 tempest-AttachVolumeShelveTestJSON-1795417098-project] Publish callbacks ['neutron.services.l3_router.l3_router_plugin.DVRResourceOperationHandler._create_dvr_floating_gw_port-16345362'] for floatingip (b0325044-8b72-40f5-a87c-731069eb1783), after_update {{(pid=104149) _notify_loop /usr/local/lib/python3.8/dist-packages/neutron_lib/callbacks/manager.py:176}}
Aug 10 08:04:26.988565 dv-cinder-781032-4-smb neutron-server[104149]: DEBUG neutron_lib.callbacks.manager [None req-85e44c3b-abae-4e74-8747-394e52f6be32 admin admin] Publish callbacks [] for security_group (None), before_create {{(pid=104149) _notify_loop /usr/local/lib/python3.8/dist-packages/neutron_lib/callbacks/manager.py:176}}
