Aug 10 08:42:16.826872 dv-cinder-781024-3-iscsi devstack@c-api.service[117936]: [pid: 117936|app: 0|req: 131/256] 10.222.0.45 () {58 vars in 1331 bytes} [Wed Aug 10 08:42:16 2022] GET /volume/v3/c2acaa47c7834b38bfa1c462da6862b1/snapshots/95f9ca9f-5dde-4cbb-8ffe-ab402e627d26 => generated 442 bytes in 23 msecs (HTTP/1.1 200) 7 headers in 285 bytes (2 switches on core 0)
Aug 10 08:42:16.827907 dv-cinder-781024-3-iscsi devstack@c-api.service[117936]: DEBUG cinder.api.middleware.request_id [None req-3290f48c-9cae-4407-9192-cf98a4cba0d5 None None] RequestId filter calling following filter/app {{(pid=117936) _context_setter /opt/stack/cinder/cinder/api/middleware/request_id.py:62}}
Aug 10 08:42:16.837944 dv-cinder-781024-3-iscsi devstack@c-api.service[117936]: INFO cinder.api.openstack.wsgi [None req-3290f48c-9cae-4407-9192-cf98a4cba0d5 tempest-VolumesListAdminTestJSON-199745169 tempest-VolumesListAdminTestJSON-199745169-project] GET http://10.222.0.45/volume/v3/203701944a054af387bd0a761279dcd7/volumes/f3c8cd47-b8b1-4708-b035-0ca63e4da82a
Aug 10 08:42:16.838383 dv-cinder-781024-3-iscsi devstack@c-api.service[117936]: DEBUG cinder.api.openstack.wsgi [None req-3290f48c-9cae-4407-9192-cf98a4cba0d5 tempest-VolumesListAdminTestJSON-199745169 tempest-VolumesListAdminTestJSON-199745169-project] Empty body provided in request {{(pid=117936) get_body /opt/stack/cinder/cinder/api/openstack/wsgi.py:715}}
Aug 10 08:42:16.838865 dv-cinder-781024-3-iscsi devstack@c-api.service[117936]: DEBUG cinder.api.openstack.wsgi [None req-3290f48c-9cae-4407-9192-cf98a4cba0d5 tempest-VolumesListAdminTestJSON-199745169 tempest-VolumesListAdminTestJSON-199745169-project] Calling method 'show' {{(pid=117936) _process_stack /opt/stack/cinder/cinder/api/openstack/wsgi.py:868}}
Aug 10 08:42:16.853534 dv-cinder-781024-3-iscsi devstack@c-api.service[117936]: /usr/local/lib/python3.8/dist-packages/oslo_context/context.py:100: DeprecationWarning: Policy enforcement is depending on the value of is_admin. This key is deprecated. Please update your policy file to use the standard policy values.
Aug 10 08:42:16.853534 dv-cinder-781024-3-iscsi devstack@c-api.service[117936]: warnings.warn('Policy enforcement is depending on the value of '
Aug 10 08:42:16.860335 dv-cinder-781024-3-iscsi devstack@c-api.service[117936]: INFO cinder.volume.api [None req-3290f48c-9cae-4407-9192-cf98a4cba0d5 tempest-VolumesListAdminTestJSON-199745169 tempest-VolumesListAdminTestJSON-199745169-project] Volume info retrieved successfully.
Aug 10 08:42:16.870740 dv-cinder-781024-3-iscsi devstack@c-api.service[117936]: INFO cinder.api.openstack.wsgi [None req-3290f48c-9cae-4407-9192-cf98a4cba0d5 tempest-VolumesListAdminTestJSON-199745169 tempest-VolumesListAdminTestJSON-199745169-project] http://10.222.0.45/volume/v3/203701944a054af387bd0a761279dcd7/volumes/f3c8cd47-b8b1-4708-b035-0ca63e4da82a returned with HTTP 200
Aug 10 08:42:16.872169 dv-cinder-781024-3-iscsi devstack@c-api.service[117936]: [pid: 117936|app: 0|req: 132/257] 10.222.0.45 () {58 vars in 1325 bytes} [Wed Aug 10 08:42:16 2022] GET /volume/v3/203701944a054af387bd0a761279dcd7/volumes/f3c8cd47-b8b1-4708-b035-0ca63e4da82a => generated 916 bytes in 45 msecs (HTTP/1.1 200) 7 headers in 285 bytes (1 switches on core 0)
Aug 10 08:42:16.880615 dv-cinder-781024-3-iscsi devstack@c-api.service[117935]: INFO cinder.api.openstack.wsgi [None req-8b61a620-5607-46b5-bb4b-936c6eacffa1 tempest-VolumeQuotasNegativeTestJSON-143726479 tempest-VolumeQuotasNegativeTestJSON-143726479-project-admin] http://10.222.0.45/volume/v3/f2ad4d7a0261420aab4b9d3cc4a000c7/os-quota-sets/6873025964e34776bf949db2a5a368b4 returned with HTTP 200
Aug 10 08:42:16.881319 dv-cinder-781024-3-iscsi devstack@c-api.service[117935]: [pid: 117935|app: 0|req: 126/258] 10.222.0.45 () {60 vars in 1351 bytes} [Wed Aug 10 08:42:16 2022] PUT /volume/v3/f2ad4d7a0261420aab4b9d3cc4a000c7/os-quota-sets/6873025964e34776bf949db2a5a368b4 => generated 316 bytes in 242 msecs (HTTP/1.1 200) 7 headers in 285 bytes (1 switches on core 0)
Aug 10 08:42:16.887397 dv-cinder-781024-3-iscsi devstack@c-api.service[117936]: DEBUG cinder.api.middleware.request_id [None req-dc41d7f9-2005-4488-b629-80189ebe2de7 None None] RequestId filter calling following filter/app {{(pid=117936) _context_setter /opt/stack/cinder/cinder/api/middleware/request_id.py:62}}
Aug 10 08:42:16.889346 dv-cinder-781024-3-iscsi devstack@c-api.service[117935]: DEBUG cinder.api.middleware.request_id [None req-af4751f8-84a8-447d-beeb-8a327da4e37b None None] RequestId filter calling following filter/app {{(pid=117935) _context_setter /opt/stack/cinder/cinder/api/middleware/request_id.py:62}}
Aug 10 08:42:16.894683 dv-cinder-781024-3-iscsi devstack@c-api.service[117935]: INFO cinder.api.openstack.wsgi [None req-af4751f8-84a8-447d-beeb-8a327da4e37b tempest-VolumeQuotasNegativeTestJSON-1656578993 tempest-VolumeQuotasNegativeTestJSON-1656578993-project] POST http://10.222.0.45/volume/v3/6873025964e34776bf949db2a5a368b4/volumes
Aug 10 08:42:16.895377 dv-cinder-781024-3-iscsi devstack@c-api.service[117935]: DEBUG cinder.api.openstack.wsgi [None req-af4751f8-84a8-447d-beeb-8a327da4e37b tempest-VolumeQuotasNegativeTestJSON-1656578993 tempest-VolumeQuotasNegativeTestJSON-1656578993-project] Action: 'create', calling method: create, body: {"volume": {"size": 1}} {{(pid=117935) _process_stack /opt/stack/cinder/cinder/api/openstack/wsgi.py:866}}
Aug 10 08:42:16.898386 dv-cinder-781024-3-iscsi devstack@c-api.service[117935]: DEBUG cinder.api.v3.volumes [None req-af4751f8-84a8-447d-beeb-8a327da4e37b tempest-VolumeQuotasNegativeTestJSON-1656578993 tempest-VolumeQuotasNegativeTestJSON-1656578993-project] Create volume request body: {'volume': {'size': 1}} {{(pid=117935) create /opt/stack/cinder/cinder/api/v3/volumes.py:298}}
Aug 10 08:42:16.898936 dv-cinder-781024-3-iscsi devstack@c-api.service[117935]: INFO cinder.api.v3.volumes [None req-af4751f8-84a8-447d-beeb-8a327da4e37b tempest-VolumeQuotasNegativeTestJSON-1656578993 tempest-VolumeQuotasNegativeTestJSON-1656578993-project] Create volume of 1 GB
Aug 10 08:42:16.900291 dv-cinder-781024-3-iscsi devstack@c-api.service[117936]: INFO cinder.api.openstack.wsgi [None req-dc41d7f9-2005-4488-b629-80189ebe2de7 tempest-VolumesListAdminTestJSON-199745169 tempest-VolumesListAdminTestJSON-199745169-project] GET http://10.222.0.45/volume/v3/203701944a054af387bd0a761279dcd7/volumes/f3c8cd47-b8b1-4708-b035-0ca63e4da82a
Aug 10 08:42:16.910602 dv-cinder-781024-3-iscsi devstack@c-api.service[117936]: DEBUG cinder.api.openstack.wsgi [None req-dc41d7f9-2005-4488-b629-80189ebe2de7 tempest-VolumesListAdminTestJSON-199745169 tempest-VolumesListAdminTestJSON-199745169-project] Empty body provided in request {{(pid=117936) get_body /opt/stack/cinder/cinder/api/openstack/wsgi.py:715}}
Aug 10 08:42:16.910602 dv-cinder-781024-3-iscsi devstack@c-api.service[117936]: DEBUG cinder.api.openstack.wsgi [None req-dc41d7f9-2005-4488-b629-80189ebe2de7 tempest-VolumesListAdminTestJSON-199745169 tempest-VolumesListAdminTestJSON-199745169-project] Calling method 'show' {{(pid=117936) _process_stack /opt/stack/cinder/cinder/api/openstack/wsgi.py:868}}
Aug 10 08:42:16.913497 dv-cinder-781024-3-iscsi devstack@c-api.service[117935]: INFO cinder.volume.api [None req-af4751f8-84a8-447d-beeb-8a327da4e37b tempest-VolumeQuotasNegativeTestJSON-1656578993 tempest-VolumeQuotasNegativeTestJSON-1656578993-project] Availability Zones retrieved successfully.
Aug 10 08:42:16.916112 dv-cinder-781024-3-iscsi devstack@c-api.service[117936]: /usr/local/lib/python3.8/dist-packages/oslo_context/context.py:100: DeprecationWarning: Policy enforcement is depending on the value of is_admin. This key is deprecated. Please update your policy file to use the standard policy values.
Aug 10 08:42:16.916112 dv-cinder-781024-3-iscsi devstack@c-api.service[117936]: warnings.warn('Policy enforcement is depending on the value of '
Aug 10 08:42:16.927477 dv-cinder-781024-3-iscsi devstack@c-api.service[117936]: INFO cinder.volume.api [None req-dc41d7f9-2005-4488-b629-80189ebe2de7 tempest-VolumesListAdminTestJSON-199745169 tempest-VolumesListAdminTestJSON-199745169-project] Volume info retrieved successfully.
Aug 10 08:42:16.937920 dv-cinder-781024-3-iscsi devstack@c-api.service[117935]: DEBUG cinder.volume.api [None req-af4751f8-84a8-447d-beeb-8a327da4e37b tempest-VolumeQuotasNegativeTestJSON-1656578993 tempest-VolumeQuotasNegativeTestJSON-1656578993-project] Flow 'volume_create_api' (8ccc7490-62b0-44c0-915b-26f126631b8d) transitioned into state 'RUNNING' from state 'PENDING' {{(pid=117935) _flow_receiver /usr/local/lib/python3.8/dist-packages/taskflow/listeners/logging.py:141}}
Aug 10 08:42:16.937920 dv-cinder-781024-3-iscsi devstack@c-api.service[117935]: DEBUG cinder.volume.api [None req-af4751f8-84a8-447d-beeb-8a327da4e37b tempest-VolumeQuotasNegativeTestJSON-1656578993 tempest-VolumeQuotasNegativeTestJSON-1656578993-project] Task 'cinder.volume.flows.api.create_volume.ExtractVolumeRequestTask;volume:create' (517818cc-bdaf-42aa-ac08-44e36f3cf102) transitioned into state 'RUNNING' from state 'PENDING' {{(pid=117935) _task_receiver /usr/local/lib/python3.8/dist-packages/taskflow/listeners/logging.py:190}}
Aug 10 08:42:16.938328 dv-cinder-781024-3-iscsi devstack@c-api.service[117936]: INFO cinder.api.openstack.wsgi [None req-dc41d7f9-2005-4488-b629-80189ebe2de7 tempest-VolumesListAdminTestJSON-199745169 tempest-VolumesListAdminTestJSON-199745169-project] http://10.222.0.45/volume/v3/203701944a054af387bd0a761279dcd7/volumes/f3c8cd47-b8b1-4708-b035-0ca63e4da82a returned with HTTP 200
Aug 10 08:42:16.938578 dv-cinder-781024-3-iscsi devstack@c-api.service[117935]: DEBUG cinder.volume.flows.api.create_volume [None req-af4751f8-84a8-447d-beeb-8a327da4e37b tempest-VolumeQuotasNegativeTestJSON-1656578993 tempest-VolumeQuotasNegativeTestJSON-1656578993-project] Validating volume size '1' using validate_int {{(pid=117935) _extract_size /opt/stack/cinder/cinder/volume/flows/api/create_volume.py:228}}
Aug 10 08:42:16.938677 dv-cinder-781024-3-iscsi devstack@c-api.service[117936]: [pid: 117936|app: 0|req: 133/259] 10.222.0.45 () {58 vars in 1325 bytes} [Wed Aug 10 08:42:16 2022] GET /volume/v3/203701944a054af387bd0a761279dcd7/volumes/f3c8cd47-b8b1-4708-b035-0ca63e4da82a => generated 916 bytes in 48 msecs (HTTP/1.1 200) 7 headers in 285 bytes (2 switches on core 0)
Aug 10 08:42:16.951725 dv-cinder-781024-3-iscsi devstack@c-api.service[117936]: DEBUG cinder.api.middleware.request_id [None req-b98c482c-f1e0-4721-895b-a764648cb73a None None] RequestId filter calling following filter/app {{(pid=117936) _context_setter /opt/stack/cinder/cinder/api/middleware/request_id.py:62}}
Aug 10 08:42:16.956076 dv-cinder-781024-3-iscsi devstack@c-api.service[117936]: INFO cinder.api.openstack.wsgi [None req-b98c482c-f1e0-4721-895b-a764648cb73a tempest-VolumesListAdminTestJSON-199745169 tempest-VolumesListAdminTestJSON-199745169-project] POST http://10.222.0.45/volume/v3/203701944a054af387bd0a761279dcd7/volumes
Aug 10 08:42:16.957183 dv-cinder-781024-3-iscsi devstack@c-api.service[117936]: DEBUG cinder.api.openstack.wsgi [None req-b98c482c-f1e0-4721-895b-a764648cb73a tempest-VolumesListAdminTestJSON-199745169 tempest-VolumesListAdminTestJSON-199745169-project] Action: 'create', calling method: create, body: {"volume": {"size": 1, "name": "tempest-VolumesListAdminTestJSON-Volume-1421557075"}} {{(pid=117936) _process_stack /opt/stack/cinder/cinder/api/openstack/wsgi.py:866}}
Aug 10 08:42:16.961372 dv-cinder-781024-3-iscsi devstack@c-api.service[117936]: DEBUG cinder.api.v3.volumes [None req-b98c482c-f1e0-4721-895b-a764648cb73a tempest-VolumesListAdminTestJSON-199745169 tempest-VolumesListAdminTestJSON-199745169-project] Create volume request body: {'volume': {'size': 1, 'name': 'tempest-VolumesListAdminTestJSON-Volume-1421557075'}} {{(pid=117936) create /opt/stack/cinder/cinder/api/v3/volumes.py:298}}
Aug 10 08:42:16.961372 dv-cinder-781024-3-iscsi devstack@c-api.service[117936]: INFO cinder.api.v3.volumes [None req-b98c482c-f1e0-4721-895b-a764648cb73a tempest-VolumesListAdminTestJSON-199745169 tempest-VolumesListAdminTestJSON-199745169-project] Create volume of 1 GB
Aug 10 08:42:16.968186 dv-cinder-781024-3-iscsi devstack@c-api.service[117936]: INFO cinder.volume.api [None req-b98c482c-f1e0-4721-895b-a764648cb73a tempest-VolumesListAdminTestJSON-199745169 tempest-VolumesListAdminTestJSON-199745169-project] Availability Zones retrieved successfully.
Aug 10 08:42:16.972435 dv-cinder-781024-3-iscsi devstack@c-api.service[117935]: DEBUG cinder.volume.api [None req-af4751f8-84a8-447d-beeb-8a327da4e37b tempest-VolumeQuotasNegativeTestJSON-1656578993 tempest-VolumeQuotasNegativeTestJSON-1656578993-project] Task 'cinder.volume.flows.api.create_volume.ExtractVolumeRequestTask;volume:create' (517818cc-bdaf-42aa-ac08-44e36f3cf102) transitioned into state 'SUCCESS' from state 'RUNNING' with result '{'size': 1, 'snapshot_id': None, 'source_volid': None, 'volume_type': VolumeType(created_at=2022-08-10T08:27:00Z,deleted=False,deleted_at=None,description='Default Volume Type',extra_specs={},id=33cb97f7-78c2-46ea-b610-336bf76caf02,is_public=True,name='__DEFAULT__',projects=[],qos_specs=,qos_specs_id=None,updated_at=2022-08-10T08:27:00Z), 'volume_type_id': '33cb97f7-78c2-46ea-b610-336bf76caf02', 'encryption_key_id': None, 'qos_specs': None, 'consistencygroup_id': None, 'cgsnapshot_id': None, 'group_id': None, 'replication_status': 'disabled', 'refresh_az': False, 'backup_id': None, 'multiattach': False, 'availability_zones': ['nova']}' {{(pid=117935) _task_receiver /usr/local/lib/python3.8/dist-packages/taskflow/listeners/logging.py:178}}
Aug 10 08:42:16.974371 dv-cinder-781024-3-iscsi devstack@c-api.service[117935]: DEBUG cinder.volume.api [None req-af4751f8-84a8-447d-beeb-8a327da4e37b tempest-VolumeQuotasNegativeTestJSON-1656578993 tempest-VolumeQuotasNegativeTestJSON-1656578993-project] Task 'cinder.volume.flows.api.create_volume.QuotaReserveTask;volume:create' (a8d3d34c-18dc-44d4-852c-d33b6b6fa0be) transitioned into state 'RUNNING' from state 'PENDING' {{(pid=117935) _task_receiver /usr/local/lib/python3.8/dist-packages/taskflow/listeners/logging.py:190}}
Aug 10 08:42:16.995330 dv-cinder-781024-3-iscsi devstack@c-api.service[117936]: DEBUG cinder.volume.api [None req-b98c482c-f1e0-4721-895b-a764648cb73a tempest-VolumesListAdminTestJSON-199745169 tempest-VolumesListAdminTestJSON-199745169-project] Flow 'volume_create_api' (d4c96666-d12a-4978-82ab-f7f23649a4c3) transitioned into state 'RUNNING' from state 'PENDING' {{(pid=117936) _flow_receiver /usr/local/lib/python3.8/dist-packages/taskflow/listeners/logging.py:141}}
Aug 10 08:42:16.998392 dv-cinder-781024-3-iscsi devstack@c-api.service[117936]: DEBUG cinder.volume.api [None req-b98c482c-f1e0-4721-895b-a764648cb73a tempest-VolumesListAdminTestJSON-199745169 tempest-VolumesListAdminTestJSON-199745169-project] Task 'cinder.volume.flows.api.create_volume.ExtractVolumeRequestTask;volume:create' (bc6ae2fd-000b-42b7-90b4-b42f54270533) transitioned into state 'RUNNING' from state 'PENDING' {{(pid=117936) _task_receiver /usr/local/lib/python3.8/dist-packages/taskflow/listeners/logging.py:190}}
Aug 10 08:42:17.001004 dv-cinder-781024-3-iscsi devstack@c-api.service[117936]: DEBUG cinder.volume.flows.api.create_volume [None req-b98c482c-f1e0-4721-895b-a764648cb73a tempest-VolumesListAdminTestJSON-199745169 tempest-VolumesListAdminTestJSON-199745169-project] Validating volume size '1' using validate_int {{(pid=117936) _extract_size /opt/stack/cinder/cinder/volume/flows/api/create_volume.py:228}}
Aug 10 08:42:17.016159 dv-cinder-781024-3-iscsi devstack@c-api.service[117935]: WARNING cinder.quota_utils [None req-af4751f8-84a8-447d-beeb-8a327da4e37b tempest-VolumeQuotasNegativeTestJSON-1656578993 tempest-VolumeQuotasNegativeTestJSON-1656578993-project] Quota exceeded for 6873025964e34776bf949db2a5a368b4, tried to create volume (1 volumes already consumed).: cinder.exception.OverQuota: Quota exceeded for resources: ['volumes']
Aug 10 08:42:17.023985 dv-cinder-781024-3-iscsi devstack@c-api.service[117935]: WARNING cinder.volume.api [None req-af4751f8-84a8-447d-beeb-8a327da4e37b tempest-VolumeQuotasNegativeTestJSON-1656578993 tempest-VolumeQuotasNegativeTestJSON-1656578993-project] Task 'cinder.volume.flows.api.create_volume.QuotaReserveTask;volume:create' (a8d3d34c-18dc-44d4-852c-d33b6b6fa0be) transitioned into state 'FAILURE' from state 'RUNNING'
Aug 10 08:42:17.023985 dv-cinder-781024-3-iscsi devstack@c-api.service[117935]: Failure: cinder.exception.VolumeLimitExceeded: Maximum number of volumes allowed (1) exceeded for quota 'volumes'.
Aug 10 08:42:17.028484 dv-cinder-781024-3-iscsi devstack@c-api.service[117935]: DEBUG cinder.volume.api [None req-af4751f8-84a8-447d-beeb-8a327da4e37b tempest-VolumeQuotasNegativeTestJSON-1656578993 tempest-VolumeQuotasNegativeTestJSON-1656578993-project] Task 'cinder.volume.flows.api.create_volume.QuotaReserveTask;volume:create' (a8d3d34c-18dc-44d4-852c-d33b6b6fa0be) transitioned into state 'REVERTING' from state 'FAILURE' {{(pid=117935) _task_receiver /usr/local/lib/python3.8/dist-packages/taskflow/listeners/logging.py:190}}
Aug 10 08:42:17.030457 dv-cinder-781024-3-iscsi devstack@c-api.service[117935]: WARNING cinder.volume.api [None req-af4751f8-84a8-447d-beeb-8a327da4e37b tempest-VolumeQuotasNegativeTestJSON-1656578993 tempest-VolumeQuotasNegativeTestJSON-1656578993-project] Task 'cinder.volume.flows.api.create_volume.QuotaReserveTask;volume:create' (a8d3d34c-18dc-44d4-852c-d33b6b6fa0be) transitioned into state 'REVERTED' from state 'REVERTING' with result 'None'
Aug 10 08:42:17.032315 dv-cinder-781024-3-iscsi devstack@c-api.service[117935]: DEBUG cinder.volume.api [None req-af4751f8-84a8-447d-beeb-8a327da4e37b tempest-VolumeQuotasNegativeTestJSON-1656578993 tempest-VolumeQuotasNegativeTestJSON-1656578993-project] Task 'cinder.volume.flows.api.create_volume.ExtractVolumeRequestTask;volume:create' (517818cc-bdaf-42aa-ac08-44e36f3cf102) transitioned into state 'REVERTING' from state 'SUCCESS' {{(pid=117935) _task_receiver /usr/local/lib/python3.8/dist-packages/taskflow/listeners/logging.py:190}}
Aug 10 08:42:17.034213 dv-cinder-781024-3-iscsi devstack@c-api.service[117935]: WARNING cinder.volume.api [None req-af4751f8-84a8-447d-beeb-8a327da4e37b tempest-VolumeQuotasNegativeTestJSON-1656578993 tempest-VolumeQuotasNegativeTestJSON-1656578993-project] Task 'cinder.volume.flows.api.create_volume.ExtractVolumeRequestTask;volume:create' (517818cc-bdaf-42aa-ac08-44e36f3cf102) transitioned into state 'REVERTED' from state 'REVERTING' with result 'None'
Aug 10 08:42:17.037016 dv-cinder-781024-3-iscsi devstack@c-api.service[117935]: WARNING cinder.volume.api [None req-af4751f8-84a8-447d-beeb-8a327da4e37b tempest-VolumeQuotasNegativeTestJSON-1656578993 tempest-VolumeQuotasNegativeTestJSON-1656578993-project] Flow 'volume_create_api' (8ccc7490-62b0-44c0-915b-26f126631b8d) transitioned into state 'REVERTED' from state 'RUNNING'
Aug 10 08:42:17.037596 dv-cinder-781024-3-iscsi devstack@c-api.service[117935]: INFO cinder.api.middleware.fault [None req-af4751f8-84a8-447d-beeb-8a327da4e37b tempest-VolumeQuotasNegativeTestJSON-1656578993 tempest-VolumeQuotasNegativeTestJSON-1656578993-project] http://10.222.0.45/volume/v3/6873025964e34776bf949db2a5a368b4/volumes returned with HTTP 413
Aug 10 08:42:17.040369 dv-cinder-781024-3-iscsi devstack@c-api.service[117936]: DEBUG cinder.volume.api [None req-b98c482c-f1e0-4721-895b-a764648cb73a tempest-VolumesListAdminTestJSON-199745169 tempest-VolumesListAdminTestJSON-199745169-project] Task 'cinder.volume.flows.api.create_volume.ExtractVolumeRequestTask;volume:create' (bc6ae2fd-000b-42b7-90b4-b42f54270533) transitioned into state 'SUCCESS' from state 'RUNNING' with result '{'size': 1, 'snapshot_id': None, 'source_volid': None, 'volume_type': VolumeType(created_at=2022-08-10T08:27:00Z,deleted=False,deleted_at=None,description='Default Volume Type',extra_specs={},id=33cb97f7-78c2-46ea-b610-336bf76caf02,is_public=True,name='__DEFAULT__',projects=[],qos_specs=,qos_specs_id=None,updated_at=2022-08-10T08:27:00Z), 'volume_type_id': '33cb97f7-78c2-46ea-b610-336bf76caf02', 'encryption_key_id': None, 'qos_specs': None, 'consistencygroup_id': None, 'cgsnapshot_id': None, 'group_id': None, 'replication_status': 'disabled', 'refresh_az': False, 'backup_id': None, 'multiattach': False, 'availability_zones': ['nova']}' {{(pid=117936) _task_receiver /usr/local/lib/python3.8/dist-packages/taskflow/listeners/logging.py:178}}
Aug 10 08:42:17.042306 dv-cinder-781024-3-iscsi devstack@c-api.service[117936]: DEBUG cinder.volume.api [None req-b98c482c-f1e0-4721-895b-a764648cb73a tempest-VolumesListAdminTestJSON-199745169 tempest-VolumesListAdminTestJSON-199745169-project] Task 'cinder.volume.flows.api.create_volume.QuotaReserveTask;volume:create' (d5a2b8a1-2dc3-4cfd-b617-654bf52dfe49) transitioned into state 'RUNNING' from state 'PENDING' {{(pid=117936) _task_receiver /usr/local/lib/python3.8/dist-packages/taskflow/listeners/logging.py:190}}
Aug 10 08:42:17.043443 dv-cinder-781024-3-iscsi devstack@c-api.service[117935]: [pid: 117935|app: 0|req: 127/260] 10.222.0.45 () {60 vars in 1235 bytes} [Wed Aug 10 08:42:16 2022] POST /volume/v3/6873025964e34776bf949db2a5a368b4/volumes => generated 150 bytes in 155 msecs (HTTP/1.1 413) 8 headers in 323 bytes (1 switches on core 0)
Aug 10 08:42:17.047265 dv-cinder-781024-3-iscsi devstack@c-api.service[117935]: DEBUG cinder.api.middleware.request_id [None req-9cc3d893-2441-453c-8d05-9247c070b0e3 None None] RequestId filter calling following filter/app {{(pid=117935) _context_setter /opt/stack/cinder/cinder/api/middleware/request_id.py:62}}
Aug 10 08:42:17.049980 dv-cinder-781024-3-iscsi devstack@c-api.service[117935]: INFO cinder.api.openstack.wsgi [None req-9cc3d893-2441-453c-8d05-9247c070b0e3 tempest-VolumeQuotasNegativeTestJSON-143726479 tempest-VolumeQuotasNegativeTestJSON-143726479-project-admin] PUT http://10.222.0.45/volume/v3/f2ad4d7a0261420aab4b9d3cc4a000c7/os-quota-sets/6873025964e34776bf949db2a5a368b4
Aug 10 08:42:17.050714 dv-cinder-781024-3-iscsi devstack@c-api.service[117935]: DEBUG cinder.api.openstack.wsgi [None req-9cc3d893-2441-453c-8d05-9247c070b0e3 tempest-VolumeQuotasNegativeTestJSON-143726479 tempest-VolumeQuotasNegativeTestJSON-143726479-project-admin] Action: 'update', calling method: update, body: {"quota_set": {"gigabytes": 1}} {{(pid=117935) _process_stack /opt/stack/cinder/cinder/api/openstack/wsgi.py:866}}
Aug 10 08:42:17.059560 dv-cinder-781024-3-iscsi devstack@c-api.service[117935]: /usr/local/lib/python3.8/dist-packages/oslo_context/context.py:100: DeprecationWarning: Policy enforcement is depending on the value of is_admin. This key is deprecated. Please update your policy file to use the standard policy values.
Aug 10 08:42:17.059560 dv-cinder-781024-3-iscsi devstack@c-api.service[117935]: warnings.warn('Policy enforcement is depending on the value of '
Aug 10 08:42:17.163890 dv-cinder-781024-3-iscsi devstack@c-api.service[117936]: DEBUG cinder.quota [None req-b98c482c-f1e0-4721-895b-a764648cb73a tempest-VolumesListAdminTestJSON-199745169 tempest-VolumesListAdminTestJSON-199745169-project] Created reservations ['bd6ba06e-df14-4eee-9c2a-0dfa1e23b429', '529ae1bc-d3fe-46ad-b126-c313b666dda3', '714fe6d4-5f66-408a-a464-a5fe2dca9953', '22f25ed9-4bfe-409e-beee-4b0ff61c4c17'] {{(pid=117936) reserve /opt/stack/cinder/cinder/quota.py:755}}
Aug 10 08:42:17.165497 dv-cinder-781024-3-iscsi devstack@c-api.service[117936]: DEBUG cinder.volume.api [None req-b98c482c-f1e0-4721-895b-a764648cb73a tempest-VolumesListAdminTestJSON-199745169 tempest-VolumesListAdminTestJSON-199745169-project] Task 'cinder.volume.flows.api.create_volume.QuotaReserveTask;volume:create' (d5a2b8a1-2dc3-4cfd-b617-654bf52dfe49) transitioned into state 'SUCCESS' from state 'RUNNING' with result '{'reservations': ['bd6ba06e-df14-4eee-9c2a-0dfa1e23b429', '529ae1bc-d3fe-46ad-b126-c313b666dda3', '714fe6d4-5f66-408a-a464-a5fe2dca9953', '22f25ed9-4bfe-409e-beee-4b0ff61c4c17']}' {{(pid=117936) _task_receiver /usr/local/lib/python3.8/dist-packages/taskflow/listeners/logging.py:178}}
Aug 10 08:42:17.167476 dv-cinder-781024-3-iscsi devstack@c-api.service[117936]: DEBUG cinder.volume.api [None req-b98c482c-f1e0-4721-895b-a764648cb73a tempest-VolumesListAdminTestJSON-199745169 tempest-VolumesListAdminTestJSON-199745169-project] Task 'cinder.volume.flows.api.create_volume.EntryCreateTask;volume:create' (d36c13cf-70b7-4104-865b-99552f50fa00) transitioned into state 'RUNNING' from state 'PENDING' {{(pid=117936) _task_receiver /usr/local/lib/python3.8/dist-packages/taskflow/listeners/logging.py:190}}
Aug 10 08:42:17.169645 dv-cinder-781024-3-iscsi devstack@c-api.service[117935]: INFO cinder.api.openstack.wsgi [None req-9cc3d893-2441-453c-8d05-9247c070b0e3 tempest-VolumeQuotasNegativeTestJSON-143726479 tempest-VolumeQuotasNegativeTestJSON-143726479-project-admin] http://10.222.0.45/volume/v3/f2ad4d7a0261420aab4b9d3cc4a000c7/os-quota-sets/6873025964e34776bf949db2a5a368b4 returned with HTTP 200
Aug 10 08:42:17.170624 dv-cinder-781024-3-iscsi devstack@c-api.service[117935]: [pid: 117935|app: 0|req: 128/261] 10.222.0.45 () {60 vars in 1351 bytes} [Wed Aug 10 08:42:17 2022] PUT /volume/v3/f2ad4d7a0261420aab4b9d3cc4a000c7/os-quota-sets/6873025964e34776bf949db2a5a368b4 => generated 315 bytes in 126 msecs (HTTP/1.1 200) 7 headers in 285 bytes (1 switches on core 0)
Aug 10 08:42:17.180237 dv-cinder-781024-3-iscsi devstack@c-api.service[117935]: DEBUG cinder.api.middleware.request_id [None req-39673a57-5318-4d71-b179-fdd2bfd931b9 None None] RequestId filter calling following filter/app {{(pid=117935) _context_setter /opt/stack/cinder/cinder/api/middleware/request_id.py:62}}
Aug 10 08:42:17.183917 dv-cinder-781024-3-iscsi devstack@c-api.service[117935]: INFO cinder.api.openstack.wsgi [None req-39673a57-5318-4d71-b179-fdd2bfd931b9 tempest-VolumeQuotasNegativeTestJSON-1656578993 tempest-VolumeQuotasNegativeTestJSON-1656578993-project] POST http://10.222.0.45/volume/v3/6873025964e34776bf949db2a5a368b4/volumes/3444bdf4-637f-42ec-ad3d-ef57dd1427dd/action
Aug 10 08:42:17.184648 dv-cinder-781024-3-iscsi devstack@c-api.service[117935]: DEBUG cinder.api.openstack.wsgi [None req-39673a57-5318-4d71-b179-fdd2bfd931b9 tempest-VolumeQuotasNegativeTestJSON-1656578993 tempest-VolumeQuotasNegativeTestJSON-1656578993-project] Action body: b'{"os-extend": {"new_size": 2}}' {{(pid=117935) get_method /opt/stack/cinder/cinder/api/openstack/wsgi.py:983}}
Aug 10 08:42:17.184948 dv-cinder-781024-3-iscsi devstack@c-api.service[117935]: DEBUG cinder.api.openstack.wsgi [None req-39673a57-5318-4d71-b179-fdd2bfd931b9 tempest-VolumeQuotasNegativeTestJSON-1656578993 tempest-VolumeQuotasNegativeTestJSON-1656578993-project] Action: 'action', calling method: _extend, body: {"os-extend": {"new_size": 2}} {{(pid=117935) _process_stack /opt/stack/cinder/cinder/api/openstack/wsgi.py:866}}
Aug 10 08:42:17.201513 dv-cinder-781024-3-iscsi devstack@c-api.service[117935]: /usr/local/lib/python3.8/dist-packages/oslo_context/context.py:100: DeprecationWarning: Policy enforcement is depending on the value of is_admin. This key is deprecated. Please update your policy file to use the standard policy values.
Aug 10 08:42:17.201513 dv-cinder-781024-3-iscsi devstack@c-api.service[117935]: warnings.warn('Policy enforcement is depending on the value of '
Aug 10 08:42:17.202610 dv-cinder-781024-3-iscsi devstack@c-api.service[117935]: INFO cinder.volume.api [None req-39673a57-5318-4d71-b179-fdd2bfd931b9 tempest-VolumeQuotasNegativeTestJSON-1656578993 tempest-VolumeQuotasNegativeTestJSON-1656578993-project] Volume info retrieved successfully.
Aug 10 08:42:17.229203 dv-cinder-781024-3-iscsi devstack@c-api.service[117936]: DEBUG cinder.volume.api [None req-b98c482c-f1e0-4721-895b-a764648cb73a tempest-VolumesListAdminTestJSON-199745169 tempest-VolumesListAdminTestJSON-199745169-project] Task 'cinder.volume.flows.api.create_volume.EntryCreateTask;volume:create' (d36c13cf-70b7-4104-865b-99552f50fa00) transitioned into state 'SUCCESS' from state 'RUNNING' with result '{'volume_id': '4d47ef0f-ee6f-405a-9daf-1eaa887a2418', 'volume_properties': VolumeProperties(attach_status='detached',availability_zone='nova',cgsnapshot_id=None,consistencygroup_id=None,display_description=None,display_name='tempest-VolumesListAdminTestJSON-Volume-1421557075',encryption_key_id=None,group_id=None,group_type_id=,metadata={},multiattach=False,project_id='203701944a054af387bd0a761279dcd7',qos_specs=None,replication_status=,reservations=['bd6ba06e-df14-4eee-9c2a-0dfa1e23b429','529ae1bc-d3fe-46ad-b126-c313b666dda3','714fe6d4-5f66-408a-a464-a5fe2dca9953','22f25ed9-4bfe-409e-beee-4b0ff61c4c17'],size=1,snapshot_id=None,source_replicaid=,source_volid=None,status='creating',user_id='17aabc97edbd44f08ca2ea0c623b368e',volume_type_id=33cb97f7-78c2-46ea-b610-336bf76caf02), 'volume': Volume(_name_id=None,admin_metadata=,attach_status='detached',availability_zone='nova',bootable=False,cluster=,cluster_name=None,consistencygroup=,consistencygroup_id=None,created_at=2022-08-10T08:42:17Z,deleted=False,deleted_at=None,display_description=None,display_name='tempest-VolumesListAdminTestJSON-Volume-1421557075',ec2_id=None,encryption_key_id=None,glance_metadata=,group=,group_id=None,host=None,id=4d47ef0f-ee6f-405a-9daf-1eaa887a2418,launched_at=None,metadata={},migration_status=None,multiattach=False,previous_status=None,project_id='203701944a054af387bd0a761279dcd7',provider_auth=None,provider_geometry=None,provider_id=None,provider_location=None,replication_driver_data=None,replication_extended_status=None,replication_status=None,scheduled_at=None,service_uuid=None,shared_targets=True,size=1,snapshot_id=None,snapshots=,source_volid=None,status='creating',terminated_at=None,updated_at=None,use_quota=True,user_id='17aabc97edbd44f08ca2ea0c623b368e',volume_attachment=VolumeAttachmentList,volume_type=VolumeType(33cb97f7-78c2-46ea-b610-336bf76caf02),volume_type_id=33cb97f7-78c2-46ea-b610-336bf76caf02)}' {{(pid=117936) _task_receiver /usr/local/lib/python3.8/dist-packages/taskflow/listeners/logging.py:178}}
Aug 10 08:42:17.231181 dv-cinder-781024-3-iscsi devstack@c-api.service[117936]: DEBUG cinder.volume.api [None req-b98c482c-f1e0-4721-895b-a764648cb73a tempest-VolumesListAdminTestJSON-199745169 tempest-VolumesListAdminTestJSON-199745169-project] Task 'cinder.volume.flows.api.create_volume.QuotaCommitTask;volume:create' (084bb952-8d04-4673-886a-050a018d7b1d) transitioned into state 'RUNNING' from state 'PENDING' {{(pid=117936) _task_receiver /usr/local/lib/python3.8/dist-packages/taskflow/listeners/logging.py:190}}
Aug 10 08:42:17.295993 dv-cinder-781024-3-iscsi devstack@c-api.service[117935]: ERROR cinder.volume.api [None req-39673a57-5318-4d71-b179-fdd2bfd931b9 tempest-VolumeQuotasNegativeTestJSON-1656578993 tempest-VolumeQuotasNegativeTestJSON-1656578993-project] Quota exceeded for 6873025964e34776bf949db2a5a368b4, tried to extend volume by 1G, (1G of 1G already consumed).: cinder.exception.OverQuota: Quota exceeded for resources: ['gigabytes']
Aug 10 08:42:17.336633 dv-cinder-781024-3-iscsi devstack@c-api.service[117936]: DEBUG cinder.volume.api [None req-b98c482c-f1e0-4721-895b-a764648cb73a tempest-VolumesListAdminTestJSON-199745169 tempest-VolumesListAdminTestJSON-199745169-project] Task 'cinder.volume.flows.api.create_volume.QuotaCommitTask;volume:create' (084bb952-8d04-4673-886a-050a018d7b1d) transitioned into state 'SUCCESS' from state 'RUNNING' with result '{'volume_properties': VolumeProperties(attach_status='detached',availability_zone='nova',cgsnapshot_id=None,consistencygroup_id=None,display_description=None,display_name='tempest-VolumesListAdminTestJSON-Volume-1421557075',encryption_key_id=None,group_id=None,group_type_id=,metadata={},multiattach=False,project_id='203701944a054af387bd0a761279dcd7',qos_specs=None,replication_status=,reservations=['bd6ba06e-df14-4eee-9c2a-0dfa1e23b429','529ae1bc-d3fe-46ad-b126-c313b666dda3','714fe6d4-5f66-408a-a464-a5fe2dca9953','22f25ed9-4bfe-409e-beee-4b0ff61c4c17'],size=1,snapshot_id=None,source_replicaid=,source_volid=None,status='creating',user_id='17aabc97edbd44f08ca2ea0c623b368e',volume_type_id=33cb97f7-78c2-46ea-b610-336bf76caf02)}' {{(pid=117936) _task_receiver /usr/local/lib/python3.8/dist-packages/taskflow/listeners/logging.py:178}}
Aug 10 08:42:17.338878 dv-cinder-781024-3-iscsi devstack@c-api.service[117936]: DEBUG cinder.volume.api [None req-b98c482c-f1e0-4721-895b-a764648cb73a tempest-VolumesListAdminTestJSON-199745169 tempest-VolumesListAdminTestJSON-199745169-project] Task 'cinder.volume.flows.api.create_volume.VolumeCastTask;volume:create' (625a2cc2-431c-4817-bb43-e3ba4f5bf31f) transitioned into state 'RUNNING' from state 'PENDING' {{(pid=117936) _task_receiver /usr/local/lib/python3.8/dist-packages/taskflow/listeners/logging.py:190}}
Aug 10 08:42:17.341119 dv-cinder-781024-3-iscsi devstack@c-api.service[117935]: DEBUG dbcounter [-] [117935] Writing DB stats cinder:SELECT=96,cinder:INSERT=2,cinder:UPDATE=2 {{(pid=117935) stat_writer /usr/local/lib/python3.8/dist-packages/dbcounter.py:114}}
Aug 10 08:42:17.409065 dv-cinder-781024-3-iscsi devstack@c-api.service[117935]: INFO cinder.api.middleware.fault [None req-39673a57-5318-4d71-b179-fdd2bfd931b9 tempest-VolumeQuotasNegativeTestJSON-1656578993 tempest-VolumeQuotasNegativeTestJSON-1656578993-project] http://10.222.0.45/volume/v3/6873025964e34776bf949db2a5a368b4/volumes/3444bdf4-637f-42ec-ad3d-ef57dd1427dd/action returned with HTTP 413
Aug 10 08:42:17.414790 dv-cinder-781024-3-iscsi devstack@c-api.service[117935]: [pid: 117935|app: 0|req: 129/262] 10.222.0.45 () {60 vars in 1367 bytes} [Wed Aug 10 08:42:17 2022] POST /volume/v3/6873025964e34776bf949db2a5a368b4/volumes/3444bdf4-637f-42ec-ad3d-ef57dd1427dd/action => generated 208 bytes in 232 msecs (HTTP/1.1 413) 8 headers in 323 bytes (1 switches on core 0)
Aug 10 08:42:17.416231 dv-cinder-781024-3-iscsi devstack@c-api.service[117935]: DEBUG cinder.api.middleware.request_id [None req-1f9ce666-4292-4693-971a-39ea4496ec74 None None] RequestId filter calling following filter/app {{(pid=117935) _context_setter /opt/stack/cinder/cinder/api/middleware/request_id.py:62}}
Aug 10 08:42:17.419914 dv-cinder-781024-3-iscsi devstack@c-api.service[117935]: INFO cinder.api.openstack.wsgi [None req-1f9ce666-4292-4693-971a-39ea4496ec74 tempest-VolumeQuotasNegativeTestJSON-1656578993 tempest-VolumeQuotasNegativeTestJSON-1656578993-project] DELETE http://10.222.0.45/volume/v3/6873025964e34776bf949db2a5a368b4/volumes/3444bdf4-637f-42ec-ad3d-ef57dd1427dd
Aug 10 08:42:17.420356 dv-cinder-781024-3-iscsi devstack@c-api.service[117935]: DEBUG cinder.api.openstack.wsgi [None req-1f9ce666-4292-4693-971a-39ea4496ec74 tempest-VolumeQuotasNegativeTestJSON-1656578993 tempest-VolumeQuotasNegativeTestJSON-1656578993-project] Empty body provided in request {{(pid=117935) get_body /opt/stack/cinder/cinder/api/openstack/wsgi.py:715}}
Aug 10 08:42:17.420910 dv-cinder-781024-3-iscsi devstack@c-api.service[117935]: DEBUG cinder.api.openstack.wsgi [None req-1f9ce666-4292-4693-971a-39ea4496ec74 tempest-VolumeQuotasNegativeTestJSON-1656578993 tempest-VolumeQuotasNegativeTestJSON-1656578993-project] Calling method 'delete' {{(pid=117935) _process_stack /opt/stack/cinder/cinder/api/openstack/wsgi.py:868}}
Aug 10 08:42:17.421303 dv-cinder-781024-3-iscsi devstack@c-api.service[117935]: INFO cinder.api.v3.volumes [None req-1f9ce666-4292-4693-971a-39ea4496ec74 tempest-VolumeQuotasNegativeTestJSON-1656578993 tempest-VolumeQuotasNegativeTestJSON-1656578993-project] Delete volume with id: 3444bdf4-637f-42ec-ad3d-ef57dd1427dd
Aug 10 08:42:17.428728 dv-cinder-781024-3-iscsi devstack@c-api.service[117936]: DEBUG cinder.volume.api [None req-b98c482c-f1e0-4721-895b-a764648cb73a tempest-VolumesListAdminTestJSON-199745169 tempest-VolumesListAdminTestJSON-199745169-project] Task 'cinder.volume.flows.api.create_volume.VolumeCastTask;volume:create' (625a2cc2-431c-4817-bb43-e3ba4f5bf31f) transitioned into state 'SUCCESS' from state 'RUNNING' with result 'None' {{(pid=117936) _task_receiver /usr/local/lib/python3.8/dist-packages/taskflow/listeners/logging.py:178}}
Aug 10 08:42:17.431365 dv-cinder-781024-3-iscsi devstack@c-api.service[117936]: DEBUG cinder.volume.api [None req-b98c482c-f1e0-4721-895b-a764648cb73a tempest-VolumesListAdminTestJSON-199745169 tempest-VolumesListAdminTestJSON-199745169-project] Flow 'volume_create_api' (d4c96666-d12a-4978-82ab-f7f23649a4c3) transitioned into state 'SUCCESS' from state 'RUNNING' {{(pid=117936) _flow_receiver /usr/local/lib/python3.8/dist-packages/taskflow/listeners/logging.py:141}}
Aug 10 08:42:17.432057 dv-cinder-781024-3-iscsi devstack@c-api.service[117936]: INFO cinder.volume.api [None req-b98c482c-f1e0-4721-895b-a764648cb73a tempest-VolumesListAdminTestJSON-199745169 tempest-VolumesListAdminTestJSON-199745169-project] Create volume request issued successfully.
Aug 10 08:42:17.433287 dv-cinder-781024-3-iscsi devstack@c-api.service[117936]: INFO cinder.api.openstack.wsgi [None req-b98c482c-f1e0-4721-895b-a764648cb73a tempest-VolumesListAdminTestJSON-199745169 tempest-VolumesListAdminTestJSON-199745169-project] http://10.222.0.45/volume/v3/203701944a054af387bd0a761279dcd7/volumes returned with HTTP 202
Aug 10 08:42:17.434401 dv-cinder-781024-3-iscsi devstack@c-api.service[117936]: [pid: 117936|app: 0|req: 134/263] 10.222.0.45 () {60 vars in 1235 bytes} [Wed Aug 10 08:42:16 2022] POST /volume/v3/203701944a054af387bd0a761279dcd7/volumes => generated 824 bytes in 483 msecs (HTTP/1.1 202) 7 headers in 291 bytes (2 switches on core 0)
Aug 10 08:42:17.438160 dv-cinder-781024-3-iscsi devstack@c-api.service[117935]: /usr/local/lib/python3.8/dist-packages/oslo_context/context.py:100: DeprecationWarning: Policy enforcement is depending on the value of is_admin. This key is deprecated. Please update your policy file to use the standard policy values.
Aug 10 08:42:17.438160 dv-cinder-781024-3-iscsi devstack@c-api.service[117935]: warnings.warn('Policy enforcement is depending on the value of '
Aug 10 08:42:17.439332 dv-cinder-781024-3-iscsi devstack@c-api.service[117935]: INFO cinder.volume.api [None req-1f9ce666-4292-4693-971a-39ea4496ec74 tempest-VolumeQuotasNegativeTestJSON-1656578993 tempest-VolumeQuotasNegativeTestJSON-1656578993-project] Volume info retrieved successfully.
Aug 10 08:42:17.449228 dv-cinder-781024-3-iscsi devstack@c-api.service[117936]: DEBUG cinder.api.middleware.request_id [None req-663437c4-fb78-4598-ab1c-bea25ccf5e0b None None] RequestId filter calling following filter/app {{(pid=117936) _context_setter /opt/stack/cinder/cinder/api/middleware/request_id.py:62}}
Aug 10 08:42:17.455232 dv-cinder-781024-3-iscsi devstack@c-api.service[117936]: INFO cinder.api.openstack.wsgi [None req-663437c4-fb78-4598-ab1c-bea25ccf5e0b tempest-VolumesListAdminTestJSON-199745169 tempest-VolumesListAdminTestJSON-199745169-project] GET http://10.222.0.45/volume/v3/203701944a054af387bd0a761279dcd7/volumes/4d47ef0f-ee6f-405a-9daf-1eaa887a2418
Aug 10 08:42:17.455817 dv-cinder-781024-3-iscsi devstack@c-api.service[117936]: DEBUG cinder.api.openstack.wsgi [None req-663437c4-fb78-4598-ab1c-bea25ccf5e0b tempest-VolumesListAdminTestJSON-199745169 tempest-VolumesListAdminTestJSON-199745169-project] Empty body provided in request {{(pid=117936) get_body /opt/stack/cinder/cinder/api/openstack/wsgi.py:715}}
Aug 10 08:42:17.456327 dv-cinder-781024-3-iscsi devstack@c-api.service[117936]: DEBUG cinder.api.openstack.wsgi [None req-663437c4-fb78-4598-ab1c-bea25ccf5e0b tempest-VolumesListAdminTestJSON-199745169 tempest-VolumesListAdminTestJSON-199745169-project] Calling method 'show' {{(pid=117936) _process_stack /opt/stack/cinder/cinder/api/openstack/wsgi.py:868}}
Aug 10 08:42:17.470194 dv-cinder-781024-3-iscsi devstack@c-api.service[117936]: /usr/local/lib/python3.8/dist-packages/oslo_context/context.py:100: DeprecationWarning: Policy enforcement is depending on the value of is_admin. This key is deprecated. Please update your policy file to use the standard policy values.
Aug 10 08:42:17.470194 dv-cinder-781024-3-iscsi devstack@c-api.service[117936]: warnings.warn('Policy enforcement is depending on the value of '
Aug 10 08:42:17.476442 dv-cinder-781024-3-iscsi devstack@c-api.service[117936]: INFO cinder.volume.api [None req-663437c4-fb78-4598-ab1c-bea25ccf5e0b tempest-VolumesListAdminTestJSON-199745169 tempest-VolumesListAdminTestJSON-199745169-project] Volume info retrieved successfully.
Aug 10 08:42:17.485160 dv-cinder-781024-3-iscsi devstack@c-api.service[117936]: INFO cinder.api.openstack.wsgi [None req-663437c4-fb78-4598-ab1c-bea25ccf5e0b tempest-VolumesListAdminTestJSON-199745169 tempest-VolumesListAdminTestJSON-199745169-project] http://10.222.0.45/volume/v3/203701944a054af387bd0a761279dcd7/volumes/4d47ef0f-ee6f-405a-9daf-1eaa887a2418 returned with HTTP 200
Aug 10 08:42:17.485863 dv-cinder-781024-3-iscsi devstack@c-api.service[117936]: [pid: 117936|app: 0|req: 135/264] 10.222.0.45 () {58 vars in 1325 bytes} [Wed Aug 10 08:42:17 2022] GET /volume/v3/203701944a054af387bd0a761279dcd7/volumes/4d47ef0f-ee6f-405a-9daf-1eaa887a2418 => generated 892 bytes in 39 msecs (HTTP/1.1 200) 7 headers in 285 bytes (2 switches on core 0)
Aug 10 08:42:17.624066 dv-cinder-781024-3-iscsi devstack@c-api.service[117935]: INFO cinder.volume.api [None req-1f9ce666-4292-4693-971a-39ea4496ec74 tempest-VolumeQuotasNegativeTestJSON-1656578993 tempest-VolumeQuotasNegativeTestJSON-1656578993-project] Delete volume request issued successfully.
Aug 10 08:42:17.629205 dv-cinder-781024-3-iscsi devstack@c-api.service[117935]: INFO cinder.api.openstack.wsgi [None req-1f9ce666-4292-4693-971a-39ea4496ec74 tempest-VolumeQuotasNegativeTestJSON-1656578993 tempest-VolumeQuotasNegativeTestJSON-1656578993-project] http://10.222.0.45/volume/v3/6873025964e34776bf949db2a5a368b4/volumes/3444bdf4-637f-42ec-ad3d-ef57dd1427dd returned with HTTP 202
Aug 10 08:42:17.629205 dv-cinder-781024-3-iscsi devstack@c-api.service[117935]: [pid: 117935|app: 0|req: 130/265] 10.222.0.45 () {58 vars in 1328 bytes} [Wed Aug 10 08:42:17 2022] DELETE /volume/v3/6873025964e34776bf949db2a5a368b4/volumes/3444bdf4-637f-42ec-ad3d-ef57dd1427dd => generated 0 bytes in 211 msecs (HTTP/1.1 202) 6 headers in 233 bytes (1 switches on core 0)
Aug 10 08:42:17.635263 dv-cinder-781024-3-iscsi devstack@c-api.service[117936]: DEBUG cinder.api.middleware.request_id [None req-f53f1147-1d27-428b-a08e-14e860d14930 None None] RequestId filter calling following filter/app {{(pid=117936) _context_setter /opt/stack/cinder/cinder/api/middleware/request_id.py:62}}
Aug 10 08:42:17.640072 dv-cinder-781024-3-iscsi devstack@c-api.service[117936]: INFO cinder.api.openstack.wsgi [None req-f53f1147-1d27-428b-a08e-14e860d14930 tempest-VolumeQuotasNegativeTestJSON-1656578993 tempest-VolumeQuotasNegativeTestJSON-1656578993-project] GET http://10.222.0.45/volume/v3/6873025964e34776bf949db2a5a368b4/volumes/3444bdf4-637f-42ec-ad3d-ef57dd1427dd
Aug 10 08:42:17.640519 dv-cinder-781024-3-iscsi devstack@c-api.service[117936]: DEBUG cinder.api.openstack.wsgi [None req-f53f1147-1d27-428b-a08e-14e860d14930 tempest-VolumeQuotasNegativeTestJSON-1656578993 tempest-VolumeQuotasNegativeTestJSON-1656578993-project] Empty body provided in request {{(pid=117936) get_body /opt/stack/cinder/cinder/api/openstack/wsgi.py:715}}
Aug 10 08:42:17.640964 dv-cinder-781024-3-iscsi devstack@c-api.service[117936]: DEBUG cinder.api.openstack.wsgi [None req-f53f1147-1d27-428b-a08e-14e860d14930 tempest-VolumeQuotasNegativeTestJSON-1656578993 tempest-VolumeQuotasNegativeTestJSON-1656578993-project] Calling method 'show' {{(pid=117936) _process_stack /opt/stack/cinder/cinder/api/openstack/wsgi.py:868}}
Aug 10 08:42:17.660550 dv-cinder-781024-3-iscsi devstack@c-api.service[117936]: /usr/local/lib/python3.8/dist-packages/oslo_context/context.py:100: DeprecationWarning: Policy enforcement is depending on the value of is_admin. This key is deprecated. Please update your policy file to use the standard policy values.
Aug 10 08:42:17.660550 dv-cinder-781024-3-iscsi devstack@c-api.service[117936]: warnings.warn('Policy enforcement is depending on the value of '
Aug 10 08:42:17.668678 dv-cinder-781024-3-iscsi devstack@c-api.service[117936]: INFO cinder.volume.api [None req-f53f1147-1d27-428b-a08e-14e860d14930 tempest-VolumeQuotasNegativeTestJSON-1656578993 tempest-VolumeQuotasNegativeTestJSON-1656578993-project] Volume info retrieved successfully.
Aug 10 08:42:17.678092 dv-cinder-781024-3-iscsi devstack@c-api.service[117936]: INFO cinder.api.openstack.wsgi [None req-f53f1147-1d27-428b-a08e-14e860d14930 tempest-VolumeQuotasNegativeTestJSON-1656578993 tempest-VolumeQuotasNegativeTestJSON-1656578993-project] http://10.222.0.45/volume/v3/6873025964e34776bf949db2a5a368b4/volumes/3444bdf4-637f-42ec-ad3d-ef57dd1427dd returned with HTTP 200
Aug 10 08:42:17.678849 dv-cinder-781024-3-iscsi devstack@c-api.service[117936]: [pid: 117936|app: 0|req: 136/266] 10.222.0.45 () {58 vars in 1325 bytes} [Wed Aug 10 08:42:17 2022] GET /volume/v3/6873025964e34776bf949db2a5a368b4/volumes/3444bdf4-637f-42ec-ad3d-ef57dd1427dd => generated 918 bytes in 48 msecs (HTTP/1.1 200) 7 headers in 285 bytes (1 switches on core 0)
Aug 10 08:42:17.706705 dv-cinder-781024-3-iscsi devstack@c-api.service[117936]: DEBUG dbcounter [-] [117936] Writing DB stats cinder:SELECT=72,cinder:UPDATE=20,cinder:INSERT=8 {{(pid=117936) stat_writer /usr/local/lib/python3.8/dist-packages/dbcounter.py:114}}
Aug 10 08:42:17.836511 dv-cinder-781024-3-iscsi devstack@c-api.service[117935]: DEBUG cinder.api.middleware.request_id [None req-bf888e4f-8496-4b0d-aab9-14c9f424a303 None None] RequestId filter calling following filter/app {{(pid=117935) _context_setter /opt/stack/cinder/cinder/api/middleware/request_id.py:62}}
Aug 10 08:42:17.841323 dv-cinder-781024-3-iscsi devstack@c-api.service[117935]: INFO cinder.api.openstack.wsgi [None req-bf888e4f-8496-4b0d-aab9-14c9f424a303 tempest-SnapshotMetadataTestJSON-1148914450 tempest-SnapshotMetadataTestJSON-1148914450-project] GET http://10.222.0.45/volume/v3/c2acaa47c7834b38bfa1c462da6862b1/snapshots/95f9ca9f-5dde-4cbb-8ffe-ab402e627d26
Aug 10 08:42:17.841885 dv-cinder-781024-3-iscsi devstack@c-api.service[117935]: DEBUG cinder.api.openstack.wsgi [None req-bf888e4f-8496-4b0d-aab9-14c9f424a303 tempest-SnapshotMetadataTestJSON-1148914450 tempest-SnapshotMetadataTestJSON-1148914450-project] Empty body provided in request {{(pid=117935) get_body /opt/stack/cinder/cinder/api/openstack/wsgi.py:715}}
Aug 10 08:42:17.842513 dv-cinder-781024-3-iscsi devstack@c-api.service[117935]: DEBUG cinder.api.openstack.wsgi [None req-bf888e4f-8496-4b0d-aab9-14c9f424a303 tempest-SnapshotMetadataTestJSON-1148914450 tempest-SnapshotMetadataTestJSON-1148914450-project] Calling method 'show' {{(pid=117935) _process_stack /opt/stack/cinder/cinder/api/openstack/wsgi.py:868}}
Aug 10 08:42:17.862495 dv-cinder-781024-3-iscsi devstack@c-api.service[117935]: /usr/local/lib/python3.8/dist-packages/oslo_context/context.py:100: DeprecationWarning: Policy enforcement is depending on the value of is_admin. This key is deprecated. Please update your policy file to use the standard policy values.
Aug 10 08:42:17.862495 dv-cinder-781024-3-iscsi devstack@c-api.service[117935]: warnings.warn('Policy enforcement is depending on the value of '
Aug 10 08:42:17.863935 dv-cinder-781024-3-iscsi devstack@c-api.service[117935]: INFO cinder.volume.api [None req-bf888e4f-8496-4b0d-aab9-14c9f424a303 tempest-SnapshotMetadataTestJSON-1148914450 tempest-SnapshotMetadataTestJSON-1148914450-project] Snapshot retrieved successfully.
Aug 10 08:42:17.866007 dv-cinder-781024-3-iscsi devstack@c-api.service[117935]: INFO cinder.api.openstack.wsgi [None req-bf888e4f-8496-4b0d-aab9-14c9f424a303 tempest-SnapshotMetadataTestJSON-1148914450 tempest-SnapshotMetadataTestJSON-1148914450-project] http://10.222.0.45/volume/v3/c2acaa47c7834b38bfa1c462da6862b1/snapshots/95f9ca9f-5dde-4cbb-8ffe-ab402e627d26 returned with HTTP 200
Aug 10 08:42:17.867331 dv-cinder-781024-3-iscsi devstack@c-api.service[117935]: [pid: 117935|app: 0|req: 131/267] 10.222.0.45 () {58 vars in 1331 bytes} [Wed Aug 10 08:42:17 2022] GET /volume/v3/c2acaa47c7834b38bfa1c462da6862b1/snapshots/95f9ca9f-5dde-4cbb-8ffe-ab402e627d26 => generated 442 bytes in 32 msecs (HTTP/1.1 200) 7 headers in 285 bytes (1 switches on core 0)
Aug 10 08:42:18.501707 dv-cinder-781024-3-iscsi devstack@c-api.service[117936]: DEBUG cinder.api.middleware.request_id [None req-203b891e-06ec-4848-a2f3-3f8a99f6ba3b None None] RequestId filter calling following filter/app {{(pid=117936) _context_setter /opt/stack/cinder/cinder/api/middleware/request_id.py:62}}
Aug 10 08:42:18.505767 dv-cinder-781024-3-iscsi devstack@c-api.service[117936]: INFO cinder.api.openstack.wsgi [None req-203b891e-06ec-4848-a2f3-3f8a99f6ba3b tempest-VolumesListAdminTestJSON-199745169 tempest-VolumesListAdminTestJSON-199745169-project] GET http://10.222.0.45/volume/v3/203701944a054af387bd0a761279dcd7/volumes/4d47ef0f-ee6f-405a-9daf-1eaa887a2418
Aug 10 08:42:18.506200 dv-cinder-781024-3-iscsi devstack@c-api.service[117936]: DEBUG cinder.api.openstack.wsgi [None req-203b891e-06ec-4848-a2f3-3f8a99f6ba3b tempest-VolumesListAdminTestJSON-199745169 tempest-VolumesListAdminTestJSON-199745169-project] Empty body provided in request {{(pid=117936) get_body /opt/stack/cinder/cinder/api/openstack/wsgi.py:715}}
Aug 10 08:42:18.506698 dv-cinder-781024-3-iscsi devstack@c-api.service[117936]: DEBUG cinder.api.openstack.wsgi [None req-203b891e-06ec-4848-a2f3-3f8a99f6ba3b tempest-VolumesListAdminTestJSON-199745169 tempest-VolumesListAdminTestJSON-199745169-project] Calling method 'show' {{(pid=117936) _process_stack /opt/stack/cinder/cinder/api/openstack/wsgi.py:868}}
