Jul 13 02:27:04.443752 dv-cinder-781024-2-iscsi devstack@c-api.service[99710]: WARNING castellan.key_manager [None req-af0d3c08-d98e-4c78-a4cc-e74a280b7968 tempest-GroupSnapshotsTest-901752008 tempest-GroupSnapshotsTest-901752008-project] Deprecation Warning : cinder.keymgr.conf_key_mgr.ConfKeyManager is not a stevedore based driver, trying to load it as a class: stevedore.exception.NoMatches: No 'castellan.drivers' driver found, looking for 'cinder.keymgr.conf_key_mgr.ConfKeyManager'
Jul 13 02:27:04.458262 dv-cinder-781024-2-iscsi devstack@c-api.service[99710]: DEBUG oslo_db.sqlalchemy.engines [None req-af0d3c08-d98e-4c78-a4cc-e74a280b7968 tempest-GroupSnapshotsTest-901752008 tempest-GroupSnapshotsTest-901752008-project] MySQL server mode set to STRICT_TRANS_TABLES,STRICT_ALL_TABLES,NO_ZERO_IN_DATE,NO_ZERO_DATE,ERROR_FOR_DIVISION_BY_ZERO,TRADITIONAL,NO_ENGINE_SUBSTITUTION {{(pid=99710) _check_effective_sql_mode /usr/local/lib/python3.8/dist-packages/oslo_db/sqlalchemy/engines.py:314}}
Jul 13 02:27:04.468531 dv-cinder-781024-2-iscsi devstack@c-api.service[99710]: /usr/local/lib/python3.8/dist-packages/oslo_context/context.py:105: DeprecationWarning: Policy enforcement is depending on the value of is_admin. This key is deprecated. Please update your policy file to use the standard policy values.
Jul 13 02:27:04.468531 dv-cinder-781024-2-iscsi devstack@c-api.service[99710]: warnings.warn('Policy enforcement is depending on the value of '
Jul 13 02:27:04.490851 dv-cinder-781024-2-iscsi devstack@c-api.service[99710]: WARNING stevedore.named [None req-af0d3c08-d98e-4c78-a4cc-e74a280b7968 tempest-GroupSnapshotsTest-901752008 tempest-GroupSnapshotsTest-901752008-project] Could not load cinder.keymgr.conf_key_mgr.ConfKeyManager
Jul 13 02:27:04.497668 dv-cinder-781024-2-iscsi devstack@c-api.service[99710]: WARNING castellan.key_manager [None req-af0d3c08-d98e-4c78-a4cc-e74a280b7968 tempest-GroupSnapshotsTest-901752008 tempest-GroupSnapshotsTest-901752008-project] Deprecation Warning : cinder.keymgr.conf_key_mgr.ConfKeyManager is not a stevedore based driver, trying to load it as a class: stevedore.exception.NoMatches: No 'castellan.drivers' driver found, looking for 'cinder.keymgr.conf_key_mgr.ConfKeyManager'
Jul 13 02:27:04.516457 dv-cinder-781024-2-iscsi devstack@c-api.service[99710]: DEBUG oslo_db.sqlalchemy.engines [None req-af0d3c08-d98e-4c78-a4cc-e74a280b7968 tempest-GroupSnapshotsTest-901752008 tempest-GroupSnapshotsTest-901752008-project] MySQL server mode set to STRICT_TRANS_TABLES,STRICT_ALL_TABLES,NO_ZERO_IN_DATE,NO_ZERO_DATE,ERROR_FOR_DIVISION_BY_ZERO,TRADITIONAL,NO_ENGINE_SUBSTITUTION {{(pid=99710) _check_effective_sql_mode /usr/local/lib/python3.8/dist-packages/oslo_db/sqlalchemy/engines.py:314}}
Jul 13 02:27:04.531528 dv-cinder-781024-2-iscsi devstack@c-api.service[99710]: /usr/local/lib/python3.8/dist-packages/oslo_context/context.py:105: DeprecationWarning: Policy enforcement is depending on the value of is_admin. This key is deprecated. Please update your policy file to use the standard policy values.
Jul 13 02:27:04.531528 dv-cinder-781024-2-iscsi devstack@c-api.service[99710]: warnings.warn('Policy enforcement is depending on the value of '
Jul 13 02:27:04.590654 dv-cinder-781024-2-iscsi devstack@c-api.service[99710]: INFO cinder.api.openstack.wsgi [None req-af0d3c08-d98e-4c78-a4cc-e74a280b7968 tempest-GroupSnapshotsTest-901752008 tempest-GroupSnapshotsTest-901752008-project] http://10.222.0.32/volume/v3/d8b160f3e0d841febdc667ca93fd7e2c/volumes/detail returned with HTTP 200
Jul 13 02:27:04.593200 dv-cinder-781024-2-iscsi devstack@c-api.service[99710]: [pid: 99710|app: 0|req: 18/34] 10.222.0.32 () {60 vars in 1276 bytes} [Tue Jul 13 02:27:04 2021] GET /volume/v3/d8b160f3e0d841febdc667ca93fd7e2c/volumes/detail => generated 1984 bytes in 381 msecs (HTTP/1.1 200) 7 headers in 287 bytes (2 switches on core 0)
Jul 13 02:27:04.625557 dv-cinder-781024-2-iscsi devstack@c-api.service[99710]: INFO cinder.api.openstack.wsgi [None req-fb869a6f-f8c8-4b22-b264-01ad1f4d77c5 tempest-GroupSnapshotsTest-901752008 tempest-GroupSnapshotsTest-901752008-project] GET http://10.222.0.32/volume/v3/d8b160f3e0d841febdc667ca93fd7e2c/volumes/22b409a3-fef6-41d1-8f02-a845eba022e8
Jul 13 02:27:04.626799 dv-cinder-781024-2-iscsi devstack@c-api.service[99710]: DEBUG cinder.api.openstack.wsgi [None req-fb869a6f-f8c8-4b22-b264-01ad1f4d77c5 tempest-GroupSnapshotsTest-901752008 tempest-GroupSnapshotsTest-901752008-project] Empty body provided in request {{(pid=99710) get_body /opt/stack/cinder/cinder/api/openstack/wsgi.py:713}}
Jul 13 02:27:04.627150 dv-cinder-781024-2-iscsi devstack@c-api.service[99710]: /usr/local/lib/python3.8/dist-packages/webob/acceptparse.py:1047: DeprecationWarning: The behavior of AcceptValidHeader.best_match is currently being maintained for backward compatibility, but it will be deprecated in the future, as it does not conform to the RFC.
Jul 13 02:27:04.627150 dv-cinder-781024-2-iscsi devstack@c-api.service[99710]: warnings.warn(
Jul 13 02:27:04.627697 dv-cinder-781024-2-iscsi devstack@c-api.service[99710]: DEBUG cinder.api.openstack.wsgi [None req-fb869a6f-f8c8-4b22-b264-01ad1f4d77c5 tempest-GroupSnapshotsTest-901752008 tempest-GroupSnapshotsTest-901752008-project] Calling method 'show' {{(pid=99710) _process_stack /opt/stack/cinder/cinder/api/openstack/wsgi.py:866}}
Jul 13 02:27:04.660895 dv-cinder-781024-2-iscsi devstack@c-api.service[99710]: /usr/local/lib/python3.8/dist-packages/oslo_context/context.py:105: DeprecationWarning: Policy enforcement is depending on the value of is_admin. This key is deprecated. Please update your policy file to use the standard policy values.
Jul 13 02:27:04.660895 dv-cinder-781024-2-iscsi devstack@c-api.service[99710]: warnings.warn('Policy enforcement is depending on the value of '
Jul 13 02:27:04.718960 dv-cinder-781024-2-iscsi devstack@c-api.service[99710]: INFO cinder.volume.api [None req-fb869a6f-f8c8-4b22-b264-01ad1f4d77c5 tempest-GroupSnapshotsTest-901752008 tempest-GroupSnapshotsTest-901752008-project] Volume info retrieved successfully.
Jul 13 02:27:04.744894 dv-cinder-781024-2-iscsi devstack@c-api.service[99710]: WARNING stevedore.named [None req-fb869a6f-f8c8-4b22-b264-01ad1f4d77c5 tempest-GroupSnapshotsTest-901752008 tempest-GroupSnapshotsTest-901752008-project] Could not load cinder.keymgr.conf_key_mgr.ConfKeyManager
Jul 13 02:27:04.748434 dv-cinder-781024-2-iscsi devstack@c-api.service[99709]: INFO cinder.api.openstack.wsgi [None req-f8c00f2e-96aa-4dc0-ab04-f74ef0e79a8f tempest-VolumeQuotasNegativeTestJSON-401657522 tempest-VolumeQuotasNegativeTestJSON-401657522-project-admin] GET http://10.222.0.32/volume/v3/b2473a5dafda4066b742f9515d2926ae/os-quota-sets/3c687201ce454179b500ebcc49e5b4d8
Jul 13 02:27:04.749425 dv-cinder-781024-2-iscsi devstack@c-api.service[99710]: WARNING castellan.key_manager [None req-fb869a6f-f8c8-4b22-b264-01ad1f4d77c5 tempest-GroupSnapshotsTest-901752008 tempest-GroupSnapshotsTest-901752008-project] Deprecation Warning : cinder.keymgr.conf_key_mgr.ConfKeyManager is not a stevedore based driver, trying to load it as a class: stevedore.exception.NoMatches: No 'castellan.drivers' driver found, looking for 'cinder.keymgr.conf_key_mgr.ConfKeyManager'
Jul 13 02:27:04.751782 dv-cinder-781024-2-iscsi devstack@c-api.service[99709]: DEBUG cinder.api.openstack.wsgi [None req-f8c00f2e-96aa-4dc0-ab04-f74ef0e79a8f tempest-VolumeQuotasNegativeTestJSON-401657522 tempest-VolumeQuotasNegativeTestJSON-401657522-project-admin] Empty body provided in request {{(pid=99709) get_body /opt/stack/cinder/cinder/api/openstack/wsgi.py:713}}
Jul 13 02:27:04.753668 dv-cinder-781024-2-iscsi devstack@c-api.service[99709]: /usr/local/lib/python3.8/dist-packages/webob/acceptparse.py:1047: DeprecationWarning: The behavior of AcceptValidHeader.best_match is currently being maintained for backward compatibility, but it will be deprecated in the future, as it does not conform to the RFC.
Jul 13 02:27:04.753668 dv-cinder-781024-2-iscsi devstack@c-api.service[99709]: warnings.warn(
Jul 13 02:27:04.754293 dv-cinder-781024-2-iscsi devstack@c-api.service[99709]: DEBUG cinder.api.openstack.wsgi [None req-f8c00f2e-96aa-4dc0-ab04-f74ef0e79a8f tempest-VolumeQuotasNegativeTestJSON-401657522 tempest-VolumeQuotasNegativeTestJSON-401657522-project-admin] Calling method 'show' {{(pid=99709) _process_stack /opt/stack/cinder/cinder/api/openstack/wsgi.py:866}}
Jul 13 02:27:04.755113 dv-cinder-781024-2-iscsi devstack@c-api.service[99709]: /usr/local/lib/python3.8/dist-packages/oslo_context/context.py:105: DeprecationWarning: Policy enforcement is depending on the value of is_admin. This key is deprecated. Please update your policy file to use the standard policy values.
Jul 13 02:27:04.755113 dv-cinder-781024-2-iscsi devstack@c-api.service[99709]: warnings.warn('Policy enforcement is depending on the value of '
Jul 13 02:27:04.771983 dv-cinder-781024-2-iscsi devstack@c-api.service[99710]: DEBUG oslo_db.sqlalchemy.engines [None req-fb869a6f-f8c8-4b22-b264-01ad1f4d77c5 tempest-GroupSnapshotsTest-901752008 tempest-GroupSnapshotsTest-901752008-project] MySQL server mode set to STRICT_TRANS_TABLES,STRICT_ALL_TABLES,NO_ZERO_IN_DATE,NO_ZERO_DATE,ERROR_FOR_DIVISION_BY_ZERO,TRADITIONAL,NO_ENGINE_SUBSTITUTION {{(pid=99710) _check_effective_sql_mode /usr/local/lib/python3.8/dist-packages/oslo_db/sqlalchemy/engines.py:314}}
Jul 13 02:27:04.798718 dv-cinder-781024-2-iscsi devstack@c-api.service[99710]: /usr/local/lib/python3.8/dist-packages/oslo_context/context.py:105: DeprecationWarning: Policy enforcement is depending on the value of is_admin. This key is deprecated. Please update your policy file to use the standard policy values.
Jul 13 02:27:04.798718 dv-cinder-781024-2-iscsi devstack@c-api.service[99710]: warnings.warn('Policy enforcement is depending on the value of '
Jul 13 02:27:04.827097 dv-cinder-781024-2-iscsi devstack@c-api.service[99709]: WARNING cinder.quota [None req-f8c00f2e-96aa-4dc0-ab04-f74ef0e79a8f tempest-VolumeQuotasNegativeTestJSON-401657522 tempest-VolumeQuotasNegativeTestJSON-401657522-project-admin] Deprecated: Default quota for resource: volumes_lvmdriver-1 is set by the default quota flag: quota_volumes_lvmdriver-1, it is now deprecated. Please use the default quota class for default quota.
Jul 13 02:27:04.828471 dv-cinder-781024-2-iscsi devstack@c-api.service[99709]: WARNING cinder.quota [None req-f8c00f2e-96aa-4dc0-ab04-f74ef0e79a8f tempest-VolumeQuotasNegativeTestJSON-401657522 tempest-VolumeQuotasNegativeTestJSON-401657522-project-admin] Deprecated: Default quota for resource: gigabytes_lvmdriver-1 is set by the default quota flag: quota_gigabytes_lvmdriver-1, it is now deprecated. Please use the default quota class for default quota.
Jul 13 02:27:04.829511 dv-cinder-781024-2-iscsi devstack@c-api.service[99709]: WARNING cinder.quota [None req-f8c00f2e-96aa-4dc0-ab04-f74ef0e79a8f tempest-VolumeQuotasNegativeTestJSON-401657522 tempest-VolumeQuotasNegativeTestJSON-401657522-project-admin] Deprecated: Default quota for resource: snapshots_lvmdriver-1 is set by the default quota flag: quota_snapshots_lvmdriver-1, it is now deprecated. Please use the default quota class for default quota.
Jul 13 02:27:04.838988 dv-cinder-781024-2-iscsi devstack@c-api.service[99709]: WARNING cinder.quota [None req-f8c00f2e-96aa-4dc0-ab04-f74ef0e79a8f tempest-VolumeQuotasNegativeTestJSON-401657522 tempest-VolumeQuotasNegativeTestJSON-401657522-project-admin] Deprecated: Default quota for resource: volumes___DEFAULT__ is set by the default quota flag: quota_volumes___DEFAULT__, it is now deprecated. Please use the default quota class for default quota.
Jul 13 02:27:04.840234 dv-cinder-781024-2-iscsi devstack@c-api.service[99709]: WARNING cinder.quota [None req-f8c00f2e-96aa-4dc0-ab04-f74ef0e79a8f tempest-VolumeQuotasNegativeTestJSON-401657522 tempest-VolumeQuotasNegativeTestJSON-401657522-project-admin] Deprecated: Default quota for resource: gigabytes___DEFAULT__ is set by the default quota flag: quota_gigabytes___DEFAULT__, it is now deprecated. Please use the default quota class for default quota.
Jul 13 02:27:04.841209 dv-cinder-781024-2-iscsi devstack@c-api.service[99709]: WARNING cinder.quota [None req-f8c00f2e-96aa-4dc0-ab04-f74ef0e79a8f tempest-VolumeQuotasNegativeTestJSON-401657522 tempest-VolumeQuotasNegativeTestJSON-401657522-project-admin] Deprecated: Default quota for resource: snapshots___DEFAULT__ is set by the default quota flag: quota_snapshots___DEFAULT__, it is now deprecated. Please use the default quota class for default quota.
Jul 13 02:27:04.854135 dv-cinder-781024-2-iscsi devstack@c-api.service[99710]: INFO cinder.api.openstack.wsgi [None req-fb869a6f-f8c8-4b22-b264-01ad1f4d77c5 tempest-GroupSnapshotsTest-901752008 tempest-GroupSnapshotsTest-901752008-project] http://10.222.0.32/volume/v3/d8b160f3e0d841febdc667ca93fd7e2c/volumes/22b409a3-fef6-41d1-8f02-a845eba022e8 returned with HTTP 200
Jul 13 02:27:04.854925 dv-cinder-781024-2-iscsi devstack@c-api.service[99710]: [pid: 99710|app: 0|req: 19/35] 10.222.0.32 () {60 vars in 1366 bytes} [Tue Jul 13 02:27:04 2021] GET /volume/v3/d8b160f3e0d841febdc667ca93fd7e2c/volumes/22b409a3-fef6-41d1-8f02-a845eba022e8 => generated 992 bytes in 246 msecs (HTTP/1.1 200) 7 headers in 286 bytes (1 switches on core 0)
Jul 13 02:27:04.869483 dv-cinder-781024-2-iscsi devstack@c-api.service[99709]: INFO cinder.api.openstack.wsgi [None req-f8c00f2e-96aa-4dc0-ab04-f74ef0e79a8f tempest-VolumeQuotasNegativeTestJSON-401657522 tempest-VolumeQuotasNegativeTestJSON-401657522-project-admin] http://10.222.0.32/volume/v3/b2473a5dafda4066b742f9515d2926ae/os-quota-sets/3c687201ce454179b500ebcc49e5b4d8 returned with HTTP 200
Jul 13 02:27:04.870648 dv-cinder-781024-2-iscsi devstack@c-api.service[99709]: [pid: 99709|app: 0|req: 17/36] 10.222.0.32 () {58 vars in 1331 bytes} [Tue Jul 13 02:27:04 2021] GET /volume/v3/b2473a5dafda4066b742f9515d2926ae/os-quota-sets/3c687201ce454179b500ebcc49e5b4d8 => generated 557 bytes in 466 msecs (HTTP/1.1 200) 7 headers in 285 bytes (2 switches on core 0)
Jul 13 02:27:04.879534 dv-cinder-781024-2-iscsi devstack@c-api.service[99710]: INFO cinder.api.openstack.wsgi [None req-76131faa-4dc1-4a3a-9b30-9c831902e4ff tempest-GroupSnapshotsTest-901752008 tempest-GroupSnapshotsTest-901752008-project] GET http://10.222.0.32/volume/v3/d8b160f3e0d841febdc667ca93fd7e2c/groups/4d317782-ef76-4596-8588-dc2ea2ebba75
Jul 13 02:27:04.885910 dv-cinder-781024-2-iscsi devstack@c-api.service[99710]: DEBUG cinder.api.openstack.wsgi [None req-76131faa-4dc1-4a3a-9b30-9c831902e4ff tempest-GroupSnapshotsTest-901752008 tempest-GroupSnapshotsTest-901752008-project] Empty body provided in request {{(pid=99710) get_body /opt/stack/cinder/cinder/api/openstack/wsgi.py:713}}
Jul 13 02:27:04.886341 dv-cinder-781024-2-iscsi devstack@c-api.service[99710]: /usr/local/lib/python3.8/dist-packages/webob/acceptparse.py:1047: DeprecationWarning: The behavior of AcceptValidHeader.best_match is currently being maintained for backward compatibility, but it will be deprecated in the future, as it does not conform to the RFC.
Jul 13 02:27:04.886341 dv-cinder-781024-2-iscsi devstack@c-api.service[99710]: warnings.warn(
Jul 13 02:27:04.886892 dv-cinder-781024-2-iscsi devstack@c-api.service[99710]: DEBUG cinder.api.openstack.wsgi [None req-76131faa-4dc1-4a3a-9b30-9c831902e4ff tempest-GroupSnapshotsTest-901752008 tempest-GroupSnapshotsTest-901752008-project] Calling method 'version_select' {{(pid=99710) _process_stack /opt/stack/cinder/cinder/api/openstack/wsgi.py:866}}
Jul 13 02:27:04.891808 dv-cinder-781024-2-iscsi devstack@c-api.service[99710]: DEBUG cinder.api.v3.groups [None req-76131faa-4dc1-4a3a-9b30-9c831902e4ff tempest-GroupSnapshotsTest-901752008 tempest-GroupSnapshotsTest-901752008-project] show called for member 4d317782-ef76-4596-8588-dc2ea2ebba75 {{(pid=99710) show /opt/stack/cinder/cinder/api/v3/groups.py:58}}
Jul 13 02:27:04.911285 dv-cinder-781024-2-iscsi devstack@c-api.service[99710]: /usr/local/lib/python3.8/dist-packages/oslo_context/context.py:105: DeprecationWarning: Policy enforcement is depending on the value of is_admin. This key is deprecated. Please update your policy file to use the standard policy values.
Jul 13 02:27:04.911285 dv-cinder-781024-2-iscsi devstack@c-api.service[99710]: warnings.warn('Policy enforcement is depending on the value of '
Jul 13 02:27:04.973345 dv-cinder-781024-2-iscsi devstack@c-api.service[99710]: INFO cinder.api.openstack.wsgi [None req-76131faa-4dc1-4a3a-9b30-9c831902e4ff tempest-GroupSnapshotsTest-901752008 tempest-GroupSnapshotsTest-901752008-project] http://10.222.0.32/volume/v3/d8b160f3e0d841febdc667ca93fd7e2c/groups/4d317782-ef76-4596-8588-dc2ea2ebba75 returned with HTTP 200
Jul 13 02:27:04.977780 dv-cinder-781024-2-iscsi devstack@c-api.service[99710]: [pid: 99710|app: 0|req: 20/37] 10.222.0.32 () {60 vars in 1363 bytes} [Tue Jul 13 02:27:04 2021] GET /volume/v3/d8b160f3e0d841febdc667ca93fd7e2c/groups/4d317782-ef76-4596-8588-dc2ea2ebba75 => generated 418 bytes in 111 msecs (HTTP/1.1 200) 7 headers in 286 bytes (1 switches on core 0)
Jul 13 02:27:04.993756 dv-cinder-781024-2-iscsi devstack@c-api.service[99710]: INFO cinder.api.openstack.wsgi [None req-222d64ab-8e1f-4315-8b12-f91df1972bd4 tempest-GroupSnapshotsTest-901752008 tempest-GroupSnapshotsTest-901752008-project] GET http://10.222.0.32/volume/v3/d8b160f3e0d841febdc667ca93fd7e2c/volumes/detail
Jul 13 02:27:04.994627 dv-cinder-781024-2-iscsi devstack@c-api.service[99710]: DEBUG cinder.api.openstack.wsgi [None req-222d64ab-8e1f-4315-8b12-f91df1972bd4 tempest-GroupSnapshotsTest-901752008 tempest-GroupSnapshotsTest-901752008-project] Empty body provided in request {{(pid=99710) get_body /opt/stack/cinder/cinder/api/openstack/wsgi.py:713}}
Jul 13 02:27:05.000418 dv-cinder-781024-2-iscsi devstack@c-api.service[99710]: /usr/local/lib/python3.8/dist-packages/webob/acceptparse.py:1047: DeprecationWarning: The behavior of AcceptValidHeader.best_match is currently being maintained for backward compatibility, but it will be deprecated in the future, as it does not conform to the RFC.
Jul 13 02:27:05.000418 dv-cinder-781024-2-iscsi devstack@c-api.service[99710]: warnings.warn(
Jul 13 02:27:05.001353 dv-cinder-781024-2-iscsi devstack@c-api.service[99710]: DEBUG cinder.api.openstack.wsgi [None req-222d64ab-8e1f-4315-8b12-f91df1972bd4 tempest-GroupSnapshotsTest-901752008 tempest-GroupSnapshotsTest-901752008-project] Calling method 'detail' {{(pid=99710) _process_stack /opt/stack/cinder/cinder/api/openstack/wsgi.py:866}}
Jul 13 02:27:05.002238 dv-cinder-781024-2-iscsi devstack@c-api.service[99710]: DEBUG cinder.api.api_utils [None req-222d64ab-8e1f-4315-8b12-f91df1972bd4 tempest-GroupSnapshotsTest-901752008 tempest-GroupSnapshotsTest-901752008-project] Removing options '' from query. {{(pid=99710) remove_invalid_filter_options /opt/stack/cinder/cinder/api/api_utils.py:73}}
Jul 13 02:27:05.003293 dv-cinder-781024-2-iscsi devstack@c-api.service[99710]: /usr/local/lib/python3.8/dist-packages/oslo_context/context.py:105: DeprecationWarning: Policy enforcement is depending on the value of is_admin. This key is deprecated. Please update your policy file to use the standard policy values.
Jul 13 02:27:05.003293 dv-cinder-781024-2-iscsi devstack@c-api.service[99710]: warnings.warn('Policy enforcement is depending on the value of '
Jul 13 02:27:05.007120 dv-cinder-781024-2-iscsi devstack@c-api.service[99710]: DEBUG cinder.volume.api [None req-222d64ab-8e1f-4315-8b12-f91df1972bd4 tempest-GroupSnapshotsTest-901752008 tempest-GroupSnapshotsTest-901752008-project] Searching by: MultiDict([('no_migration_targets', True)]). {{(pid=99710) get_all /opt/stack/cinder/cinder/volume/api.py:617}}
Jul 13 02:27:05.109503 dv-cinder-781024-2-iscsi devstack@c-api.service[99709]: INFO cinder.api.openstack.wsgi [None req-5d97ee14-fc68-446e-9cb3-cb4b0c278d33 tempest-VolumeQuotasNegativeTestJSON-351930109 tempest-VolumeQuotasNegativeTestJSON-351930109-project] POST http://10.222.0.32/volume/v3/3c687201ce454179b500ebcc49e5b4d8/volumes
Jul 13 02:27:05.111481 dv-cinder-781024-2-iscsi devstack@c-api.service[99709]: DEBUG cinder.api.openstack.wsgi [None req-5d97ee14-fc68-446e-9cb3-cb4b0c278d33 tempest-VolumeQuotasNegativeTestJSON-351930109 tempest-VolumeQuotasNegativeTestJSON-351930109-project] Action: 'create', calling method: create, body: {"volume": {"size": 1, "name": "tempest-VolumeQuotasNegativeTestJSON-Volume-563402332"}} {{(pid=99709) _process_stack /opt/stack/cinder/cinder/api/openstack/wsgi.py:864}}
Jul 13 02:27:05.112573 dv-cinder-781024-2-iscsi devstack@c-api.service[99709]: DEBUG cinder.api.v3.volumes [None req-5d97ee14-fc68-446e-9cb3-cb4b0c278d33 tempest-VolumeQuotasNegativeTestJSON-351930109 tempest-VolumeQuotasNegativeTestJSON-351930109-project] Create volume request body: {'volume': {'size': 1, 'name': 'tempest-VolumeQuotasNegativeTestJSON-Volume-563402332'}} {{(pid=99709) create /opt/stack/cinder/cinder/api/v3/volumes.py:289}}
Jul 13 02:27:05.113536 dv-cinder-781024-2-iscsi devstack@c-api.service[99709]: INFO cinder.api.v3.volumes [None req-5d97ee14-fc68-446e-9cb3-cb4b0c278d33 tempest-VolumeQuotasNegativeTestJSON-351930109 tempest-VolumeQuotasNegativeTestJSON-351930109-project] Create volume of 1 GB
Jul 13 02:27:05.148055 dv-cinder-781024-2-iscsi devstack@c-api.service[99709]: DEBUG cinder.volume.api [None req-5d97ee14-fc68-446e-9cb3-cb4b0c278d33 tempest-VolumeQuotasNegativeTestJSON-351930109 tempest-VolumeQuotasNegativeTestJSON-351930109-project] Availability zone cache updated, next update will occur around 2021-07-13 03:27:05.147462. {{(pid=99709) list_availability_zones /opt/stack/cinder/cinder/volume/api.py:148}}
Jul 13 02:27:05.149069 dv-cinder-781024-2-iscsi devstack@c-api.service[99709]: INFO cinder.volume.api [None req-5d97ee14-fc68-446e-9cb3-cb4b0c278d33 tempest-VolumeQuotasNegativeTestJSON-351930109 tempest-VolumeQuotasNegativeTestJSON-351930109-project] Availability Zones retrieved successfully.
Jul 13 02:27:05.203892 dv-cinder-781024-2-iscsi devstack@c-api.service[99709]: DEBUG cinder.volume.api [None req-5d97ee14-fc68-446e-9cb3-cb4b0c278d33 tempest-VolumeQuotasNegativeTestJSON-351930109 tempest-VolumeQuotasNegativeTestJSON-351930109-project] Flow 'volume_create_api' (d67b6838-ad8f-41e6-a15a-61e4ccc8ceaa) transitioned into state 'RUNNING' from state 'PENDING' {{(pid=99709) _flow_receiver /usr/local/lib/python3.8/dist-packages/taskflow/listeners/logging.py:141}}
Jul 13 02:27:05.213937 dv-cinder-781024-2-iscsi devstack@c-api.service[99709]: DEBUG cinder.volume.api [None req-5d97ee14-fc68-446e-9cb3-cb4b0c278d33 tempest-VolumeQuotasNegativeTestJSON-351930109 tempest-VolumeQuotasNegativeTestJSON-351930109-project] Task 'cinder.volume.flows.api.create_volume.ExtractVolumeRequestTask;volume:create' (bcecdb54-7428-4d64-af13-897a19980577) transitioned into state 'RUNNING' from state 'PENDING' {{(pid=99709) _task_receiver /usr/local/lib/python3.8/dist-packages/taskflow/listeners/logging.py:190}}
Jul 13 02:27:05.217998 dv-cinder-781024-2-iscsi devstack@c-api.service[99710]: INFO cinder.volume.api [None req-222d64ab-8e1f-4315-8b12-f91df1972bd4 tempest-GroupSnapshotsTest-901752008 tempest-GroupSnapshotsTest-901752008-project] Get all volumes completed successfully.
Jul 13 02:27:05.219492 dv-cinder-781024-2-iscsi devstack@c-api.service[99710]: WARNING stevedore.named [None req-222d64ab-8e1f-4315-8b12-f91df1972bd4 tempest-GroupSnapshotsTest-901752008 tempest-GroupSnapshotsTest-901752008-project] Could not load cinder.keymgr.conf_key_mgr.ConfKeyManager
Jul 13 02:27:05.219896 dv-cinder-781024-2-iscsi devstack@c-api.service[99710]: WARNING castellan.key_manager [None req-222d64ab-8e1f-4315-8b12-f91df1972bd4 tempest-GroupSnapshotsTest-901752008 tempest-GroupSnapshotsTest-901752008-project] Deprecation Warning : cinder.keymgr.conf_key_mgr.ConfKeyManager is not a stevedore based driver, trying to load it as a class: stevedore.exception.NoMatches: No 'castellan.drivers' driver found, looking for 'cinder.keymgr.conf_key_mgr.ConfKeyManager'
Jul 13 02:27:05.228957 dv-cinder-781024-2-iscsi devstack@c-api.service[99709]: DEBUG cinder.volume.flows.api.create_volume [None req-5d97ee14-fc68-446e-9cb3-cb4b0c278d33 tempest-VolumeQuotasNegativeTestJSON-351930109 tempest-VolumeQuotasNegativeTestJSON-351930109-project] Validating volume size '1' using validate_int {{(pid=99709) _extract_size /opt/stack/cinder/cinder/volume/flows/api/create_volume.py:201}}
Jul 13 02:27:05.246666 dv-cinder-781024-2-iscsi devstack@c-api.service[99710]: DEBUG oslo_db.sqlalchemy.engines [None req-222d64ab-8e1f-4315-8b12-f91df1972bd4 tempest-GroupSnapshotsTest-901752008 tempest-GroupSnapshotsTest-901752008-project] MySQL server mode set to STRICT_TRANS_TABLES,STRICT_ALL_TABLES,NO_ZERO_IN_DATE,NO_ZERO_DATE,ERROR_FOR_DIVISION_BY_ZERO,TRADITIONAL,NO_ENGINE_SUBSTITUTION {{(pid=99710) _check_effective_sql_mode /usr/local/lib/python3.8/dist-packages/oslo_db/sqlalchemy/engines.py:314}}
Jul 13 02:27:05.269805 dv-cinder-781024-2-iscsi devstack@c-api.service[99710]: /usr/local/lib/python3.8/dist-packages/oslo_context/context.py:105: DeprecationWarning: Policy enforcement is depending on the value of is_admin. This key is deprecated. Please update your policy file to use the standard policy values.
Jul 13 02:27:05.269805 dv-cinder-781024-2-iscsi devstack@c-api.service[99710]: warnings.warn('Policy enforcement is depending on the value of '
Jul 13 02:27:05.288685 dv-cinder-781024-2-iscsi devstack@c-api.service[99710]: WARNING stevedore.named [None req-222d64ab-8e1f-4315-8b12-f91df1972bd4 tempest-GroupSnapshotsTest-901752008 tempest-GroupSnapshotsTest-901752008-project] Could not load cinder.keymgr.conf_key_mgr.ConfKeyManager
Jul 13 02:27:05.289137 dv-cinder-781024-2-iscsi devstack@c-api.service[99710]: WARNING castellan.key_manager [None req-222d64ab-8e1f-4315-8b12-f91df1972bd4 tempest-GroupSnapshotsTest-901752008 tempest-GroupSnapshotsTest-901752008-project] Deprecation Warning : cinder.keymgr.conf_key_mgr.ConfKeyManager is not a stevedore based driver, trying to load it as a class: stevedore.exception.NoMatches: No 'castellan.drivers' driver found, looking for 'cinder.keymgr.conf_key_mgr.ConfKeyManager'
Jul 13 02:27:05.300668 dv-cinder-781024-2-iscsi devstack@c-api.service[99710]: DEBUG oslo_db.sqlalchemy.engines [None req-222d64ab-8e1f-4315-8b12-f91df1972bd4 tempest-GroupSnapshotsTest-901752008 tempest-GroupSnapshotsTest-901752008-project] MySQL server mode set to STRICT_TRANS_TABLES,STRICT_ALL_TABLES,NO_ZERO_IN_DATE,NO_ZERO_DATE,ERROR_FOR_DIVISION_BY_ZERO,TRADITIONAL,NO_ENGINE_SUBSTITUTION {{(pid=99710) _check_effective_sql_mode /usr/local/lib/python3.8/dist-packages/oslo_db/sqlalchemy/engines.py:314}}
Jul 13 02:27:05.312554 dv-cinder-781024-2-iscsi devstack@c-api.service[99710]: /usr/local/lib/python3.8/dist-packages/oslo_context/context.py:105: DeprecationWarning: Policy enforcement is depending on the value of is_admin. This key is deprecated. Please update your policy file to use the standard policy values.
Jul 13 02:27:05.312554 dv-cinder-781024-2-iscsi devstack@c-api.service[99710]: warnings.warn('Policy enforcement is depending on the value of '
Jul 13 02:27:05.323919 dv-cinder-781024-2-iscsi devstack@c-api.service[99709]: DEBUG cinder.volume.api [None req-5d97ee14-fc68-446e-9cb3-cb4b0c278d33 tempest-VolumeQuotasNegativeTestJSON-351930109 tempest-VolumeQuotasNegativeTestJSON-351930109-project] Task 'cinder.volume.flows.api.create_volume.ExtractVolumeRequestTask;volume:create' (bcecdb54-7428-4d64-af13-897a19980577) transitioned into state 'SUCCESS' from state 'RUNNING' with result '{'size': 1, 'snapshot_id': None, 'source_volid': None, 'volume_type': VolumeType(created_at=2021-07-13T02:17:45Z,deleted=False,deleted_at=None,description='Default Volume Type',extra_specs={},id=6ced6d75-a99e-409a-b3f2-5f726bdc5edc,is_public=True,name='__DEFAULT__',projects=[],qos_specs=,qos_specs_id=None,updated_at=2021-07-13T02:17:45Z), 'volume_type_id': '6ced6d75-a99e-409a-b3f2-5f726bdc5edc', 'encryption_key_id': None, 'qos_specs': None, 'consistencygroup_id': None, 'cgsnapshot_id': None, 'group_id': None, 'replication_status': 'disabled', 'refresh_az': False, 'backup_id': None, 'multiattach': False, 'availability_zones': ['nova']}' {{(pid=99709) _task_receiver /usr/local/lib/python3.8/dist-packages/taskflow/listeners/logging.py:178}}
Jul 13 02:27:05.325996 dv-cinder-781024-2-iscsi devstack@c-api.service[99709]: DEBUG cinder.volume.api [None req-5d97ee14-fc68-446e-9cb3-cb4b0c278d33 tempest-VolumeQuotasNegativeTestJSON-351930109 tempest-VolumeQuotasNegativeTestJSON-351930109-project] Task 'cinder.volume.flows.api.create_volume.QuotaReserveTask;volume:create' (b19e53c1-d9fb-4229-8d78-4298bcea93fc) transitioned into state 'RUNNING' from state 'PENDING' {{(pid=99709) _task_receiver /usr/local/lib/python3.8/dist-packages/taskflow/listeners/logging.py:190}}
Jul 13 02:27:05.344285 dv-cinder-781024-2-iscsi devstack@c-api.service[99710]: INFO cinder.api.openstack.wsgi [None req-222d64ab-8e1f-4315-8b12-f91df1972bd4 tempest-GroupSnapshotsTest-901752008 tempest-GroupSnapshotsTest-901752008-project] http://10.222.0.32/volume/v3/d8b160f3e0d841febdc667ca93fd7e2c/volumes/detail returned with HTTP 200
Jul 13 02:27:05.358215 dv-cinder-781024-2-iscsi devstack@c-api.service[99710]: [pid: 99710|app: 0|req: 21/38] 10.222.0.32 () {60 vars in 1276 bytes} [Tue Jul 13 02:27:04 2021] GET /volume/v3/d8b160f3e0d841febdc667ca93fd7e2c/volumes/detail => generated 1985 bytes in 373 msecs (HTTP/1.1 200) 7 headers in 287 bytes (1 switches on core 0)
Jul 13 02:27:05.374635 dv-cinder-781024-2-iscsi devstack@c-api.service[99710]: INFO cinder.api.openstack.wsgi [None req-0701103a-5959-4df9-9893-5717217badf8 tempest-GroupSnapshotsTest-901752008 tempest-GroupSnapshotsTest-901752008-project] POST http://10.222.0.32/volume/v3/d8b160f3e0d841febdc667ca93fd7e2c/groups/4d317782-ef76-4596-8588-dc2ea2ebba75/action
Jul 13 02:27:05.375346 dv-cinder-781024-2-iscsi devstack@c-api.service[99710]: /usr/local/lib/python3.8/dist-packages/webob/acceptparse.py:1047: DeprecationWarning: The behavior of AcceptValidHeader.best_match is currently being maintained for backward compatibility, but it will be deprecated in the future, as it does not conform to the RFC.
Jul 13 02:27:05.375346 dv-cinder-781024-2-iscsi devstack@c-api.service[99710]: warnings.warn(
Jul 13 02:27:05.376309 dv-cinder-781024-2-iscsi devstack@c-api.service[99710]: DEBUG cinder.api.openstack.wsgi [None req-0701103a-5959-4df9-9893-5717217badf8 tempest-GroupSnapshotsTest-901752008 tempest-GroupSnapshotsTest-901752008-project] Action body: b'{"delete": {"delete-volumes": true}}' {{(pid=99710) get_method /opt/stack/cinder/cinder/api/openstack/wsgi.py:981}}
Jul 13 02:27:05.376870 dv-cinder-781024-2-iscsi devstack@c-api.service[99710]: DEBUG cinder.api.openstack.wsgi [None req-0701103a-5959-4df9-9893-5717217badf8 tempest-GroupSnapshotsTest-901752008 tempest-GroupSnapshotsTest-901752008-project] Action: 'action', calling method: version_select, body: {"delete": {"delete-volumes": true}} {{(pid=99710) _process_stack /opt/stack/cinder/cinder/api/openstack/wsgi.py:864}}
Jul 13 02:27:05.378232 dv-cinder-781024-2-iscsi devstack@c-api.service[99710]: DEBUG cinder.api.v3.groups [None req-0701103a-5959-4df9-9893-5717217badf8 tempest-GroupSnapshotsTest-901752008 tempest-GroupSnapshotsTest-901752008-project] delete called for group 4d317782-ef76-4596-8588-dc2ea2ebba75 {{(pid=99710) _delete /opt/stack/cinder/cinder/api/v3/groups.py:117}}
Jul 13 02:27:05.378897 dv-cinder-781024-2-iscsi devstack@c-api.service[99710]: INFO cinder.api.v3.groups [None req-0701103a-5959-4df9-9893-5717217badf8 tempest-GroupSnapshotsTest-901752008 tempest-GroupSnapshotsTest-901752008-project] Delete group with id: 4d317782-ef76-4596-8588-dc2ea2ebba75
Jul 13 02:27:05.393852 dv-cinder-781024-2-iscsi devstack@c-api.service[99710]: /usr/local/lib/python3.8/dist-packages/oslo_context/context.py:105: DeprecationWarning: Policy enforcement is depending on the value of is_admin. This key is deprecated. Please update your policy file to use the standard policy values.
Jul 13 02:27:05.393852 dv-cinder-781024-2-iscsi devstack@c-api.service[99710]: warnings.warn('Policy enforcement is depending on the value of '
Jul 13 02:27:05.534672 dv-cinder-781024-2-iscsi devstack@c-api.service[99710]: INFO cinder.api.openstack.wsgi [None req-0701103a-5959-4df9-9893-5717217badf8 tempest-GroupSnapshotsTest-901752008 tempest-GroupSnapshotsTest-901752008-project] http://10.222.0.32/volume/v3/d8b160f3e0d841febdc667ca93fd7e2c/groups/4d317782-ef76-4596-8588-dc2ea2ebba75/action returned with HTTP 202
Jul 13 02:27:05.540050 dv-cinder-781024-2-iscsi devstack@c-api.service[99710]: [pid: 99710|app: 0|req: 22/39] 10.222.0.32 () {62 vars in 1405 bytes} [Tue Jul 13 02:27:05 2021] POST /volume/v3/d8b160f3e0d841febdc667ca93fd7e2c/groups/4d317782-ef76-4596-8588-dc2ea2ebba75/action => generated 0 bytes in 170 msecs (HTTP/1.1 202) 6 headers in 234 bytes (2 switches on core 0)
Jul 13 02:27:05.553112 dv-cinder-781024-2-iscsi devstack@c-api.service[99710]: INFO cinder.api.openstack.wsgi [None req-125fbc1b-0640-4efa-83b8-f42d7623fac7 tempest-GroupSnapshotsTest-901752008 tempest-GroupSnapshotsTest-901752008-project] GET http://10.222.0.32/volume/v3/d8b160f3e0d841febdc667ca93fd7e2c/volumes/22b409a3-fef6-41d1-8f02-a845eba022e8
Jul 13 02:27:05.558018 dv-cinder-781024-2-iscsi devstack@c-api.service[99710]: DEBUG cinder.api.openstack.wsgi [None req-125fbc1b-0640-4efa-83b8-f42d7623fac7 tempest-GroupSnapshotsTest-901752008 tempest-GroupSnapshotsTest-901752008-project] Empty body provided in request {{(pid=99710) get_body /opt/stack/cinder/cinder/api/openstack/wsgi.py:713}}
Jul 13 02:27:05.558228 dv-cinder-781024-2-iscsi devstack@c-api.service[99710]: /usr/local/lib/python3.8/dist-packages/webob/acceptparse.py:1047: DeprecationWarning: The behavior of AcceptValidHeader.best_match is currently being maintained for backward compatibility, but it will be deprecated in the future, as it does not conform to the RFC.
Jul 13 02:27:05.558228 dv-cinder-781024-2-iscsi devstack@c-api.service[99710]: warnings.warn(
Jul 13 02:27:05.558544 dv-cinder-781024-2-iscsi devstack@c-api.service[99710]: DEBUG cinder.api.openstack.wsgi [None req-125fbc1b-0640-4efa-83b8-f42d7623fac7 tempest-GroupSnapshotsTest-901752008 tempest-GroupSnapshotsTest-901752008-project] Calling method 'show' {{(pid=99710) _process_stack /opt/stack/cinder/cinder/api/openstack/wsgi.py:866}}
Jul 13 02:27:05.609995 dv-cinder-781024-2-iscsi devstack@c-api.service[99710]: /usr/local/lib/python3.8/dist-packages/oslo_context/context.py:105: DeprecationWarning: Policy enforcement is depending on the value of is_admin. This key is deprecated. Please update your policy file to use the standard policy values.
Jul 13 02:27:05.609995 dv-cinder-781024-2-iscsi devstack@c-api.service[99710]: warnings.warn('Policy enforcement is depending on the value of '
Jul 13 02:27:05.636560 dv-cinder-781024-2-iscsi devstack@c-api.service[99710]: INFO cinder.volume.api [None req-125fbc1b-0640-4efa-83b8-f42d7623fac7 tempest-GroupSnapshotsTest-901752008 tempest-GroupSnapshotsTest-901752008-project] Volume info retrieved successfully.
Jul 13 02:27:05.658889 dv-cinder-781024-2-iscsi devstack@c-api.service[99709]: DEBUG cinder.quota [None req-5d97ee14-fc68-446e-9cb3-cb4b0c278d33 tempest-VolumeQuotasNegativeTestJSON-351930109 tempest-VolumeQuotasNegativeTestJSON-351930109-project] Created reservations ['af19b5fc-7ca3-432d-aa89-0241a0e3a3af', 'de463234-9bc1-4eff-9562-d5ba008a8e38', '591624ac-66f7-40e5-84b8-053f30a13237', 'fcf19328-10fd-4552-a744-8b6652e051f0'] {{(pid=99709) reserve /opt/stack/cinder/cinder/quota.py:755}}
Jul 13 02:27:05.662943 dv-cinder-781024-2-iscsi devstack@c-api.service[99710]: WARNING stevedore.named [None req-125fbc1b-0640-4efa-83b8-f42d7623fac7 tempest-GroupSnapshotsTest-901752008 tempest-GroupSnapshotsTest-901752008-project] Could not load cinder.keymgr.conf_key_mgr.ConfKeyManager
Jul 13 02:27:05.663272 dv-cinder-781024-2-iscsi devstack@c-api.service[99709]: DEBUG cinder.volume.api [None req-5d97ee14-fc68-446e-9cb3-cb4b0c278d33 tempest-VolumeQuotasNegativeTestJSON-351930109 tempest-VolumeQuotasNegativeTestJSON-351930109-project] Task 'cinder.volume.flows.api.create_volume.QuotaReserveTask;volume:create' (b19e53c1-d9fb-4229-8d78-4298bcea93fc) transitioned into state 'SUCCESS' from state 'RUNNING' with result '{'reservations': ['af19b5fc-7ca3-432d-aa89-0241a0e3a3af', 'de463234-9bc1-4eff-9562-d5ba008a8e38', '591624ac-66f7-40e5-84b8-053f30a13237', 'fcf19328-10fd-4552-a744-8b6652e051f0']}' {{(pid=99709) _task_receiver /usr/local/lib/python3.8/dist-packages/taskflow/listeners/logging.py:178}}
Jul 13 02:27:05.666846 dv-cinder-781024-2-iscsi devstack@c-api.service[99710]: WARNING castellan.key_manager [None req-125fbc1b-0640-4efa-83b8-f42d7623fac7 tempest-GroupSnapshotsTest-901752008 tempest-GroupSnapshotsTest-901752008-project] Deprecation Warning : cinder.keymgr.conf_key_mgr.ConfKeyManager is not a stevedore based driver, trying to load it as a class: stevedore.exception.NoMatches: No 'castellan.drivers' driver found, looking for 'cinder.keymgr.conf_key_mgr.ConfKeyManager'
Jul 13 02:27:05.668953 dv-cinder-781024-2-iscsi devstack@c-api.service[99709]: DEBUG cinder.volume.api [None req-5d97ee14-fc68-446e-9cb3-cb4b0c278d33 tempest-VolumeQuotasNegativeTestJSON-351930109 tempest-VolumeQuotasNegativeTestJSON-351930109-project] Task 'cinder.volume.flows.api.create_volume.EntryCreateTask;volume:create' (e812216e-d4e7-43e1-98fc-f676f5950e24) transitioned into state 'RUNNING' from state 'PENDING' {{(pid=99709) _task_receiver /usr/local/lib/python3.8/dist-packages/taskflow/listeners/logging.py:190}}
Jul 13 02:27:05.682424 dv-cinder-781024-2-iscsi devstack@c-api.service[99710]: DEBUG oslo_db.sqlalchemy.engines [None req-125fbc1b-0640-4efa-83b8-f42d7623fac7 tempest-GroupSnapshotsTest-901752008 tempest-GroupSnapshotsTest-901752008-project] MySQL server mode set to STRICT_TRANS_TABLES,STRICT_ALL_TABLES,NO_ZERO_IN_DATE,NO_ZERO_DATE,ERROR_FOR_DIVISION_BY_ZERO,TRADITIONAL,NO_ENGINE_SUBSTITUTION {{(pid=99710) _check_effective_sql_mode /usr/local/lib/python3.8/dist-packages/oslo_db/sqlalchemy/engines.py:314}}
Jul 13 02:27:05.703410 dv-cinder-781024-2-iscsi devstack@c-api.service[99709]: DEBUG cinder.volume.api [None req-5d97ee14-fc68-446e-9cb3-cb4b0c278d33 tempest-VolumeQuotasNegativeTestJSON-351930109 tempest-VolumeQuotasNegativeTestJSON-351930109-project] Task 'cinder.volume.flows.api.create_volume.EntryCreateTask;volume:create' (e812216e-d4e7-43e1-98fc-f676f5950e24) transitioned into state 'SUCCESS' from state 'RUNNING' with result '{'volume_id': '0221ba64-7a79-441d-950a-d0bb6fb44ee3', 'volume_properties': VolumeProperties(attach_status='detached',availability_zone='nova',cgsnapshot_id=None,consistencygroup_id=None,display_description=None,display_name='tempest-VolumeQuotasNegativeTestJSON-Volume-563402332',encryption_key_id=None,group_id=None,group_type_id=,metadata={},multiattach=False,project_id='3c687201ce454179b500ebcc49e5b4d8',qos_specs=None,replication_status=,reservations=['af19b5fc-7ca3-432d-aa89-0241a0e3a3af','de463234-9bc1-4eff-9562-d5ba008a8e38','591624ac-66f7-40e5-84b8-053f30a13237','fcf19328-10fd-4552-a744-8b6652e051f0'],size=1,snapshot_id=None,source_replicaid=,source_volid=None,status='creating',user_id='ee6e2c00eae4480c821bb88df33326f2',volume_type_id=6ced6d75-a99e-409a-b3f2-5f726bdc5edc), 'volume': Volume(_name_id=None,admin_metadata=,attach_status='detached',availability_zone='nova',bootable=False,cluster=,cluster_name=None,consistencygroup=,consistencygroup_id=None,created_at=2021-07-13T02:27:05Z,deleted=False,deleted_at=None,display_description=None,display_name='tempest-VolumeQuotasNegativeTestJSON-Volume-563402332',ec2_id=None,encryption_key_id=None,glance_metadata=,group=,group_id=None,host=None,id=0221ba64-7a79-441d-950a-d0bb6fb44ee3,launched_at=None,metadata={},migration_status=None,multiattach=False,previous_status=None,project_id='3c687201ce454179b500ebcc49e5b4d8',provider_auth=None,provider_geometry=None,provider_id=None,provider_location=None,replication_driver_data=None,replication_extended_status=None,replication_status=None,scheduled_at=None,service_uuid=None,shared_targets=True,size=1,snapshot_id=None,snapshots=,source_volid=None,status='creating',terminated_at=None,updated_at=None,user_id='ee6e2c00eae4480c821bb88df33326f2',volume_attachment=,volume_type=VolumeType(6ced6d75-a99e-409a-b3f2-5f726bdc5edc),volume_type_id=6ced6d75-a99e-409a-b3f2-5f726bdc5edc)}' {{(pid=99709) _task_receiver /usr/local/lib/python3.8/dist-packages/taskflow/listeners/logging.py:178}}
Jul 13 02:27:05.705578 dv-cinder-781024-2-iscsi devstack@c-api.service[99710]: /usr/local/lib/python3.8/dist-packages/oslo_context/context.py:105: DeprecationWarning: Policy enforcement is depending on the value of is_admin. This key is deprecated. Please update your policy file to use the standard policy values.
Jul 13 02:27:05.705578 dv-cinder-781024-2-iscsi devstack@c-api.service[99710]: warnings.warn('Policy enforcement is depending on the value of '
Jul 13 02:27:05.706310 dv-cinder-781024-2-iscsi devstack@c-api.service[99709]: DEBUG cinder.volume.api [None req-5d97ee14-fc68-446e-9cb3-cb4b0c278d33 tempest-VolumeQuotasNegativeTestJSON-351930109 tempest-VolumeQuotasNegativeTestJSON-351930109-project] Task 'cinder.volume.flows.api.create_volume.QuotaCommitTask;volume:create' (8d7b5dc0-2a57-429e-8cf8-b2f1d3c1187f) transitioned into state 'RUNNING' from state 'PENDING' {{(pid=99709) _task_receiver /usr/local/lib/python3.8/dist-packages/taskflow/listeners/logging.py:190}}
Jul 13 02:27:05.753440 dv-cinder-781024-2-iscsi devstack@c-api.service[99709]: DEBUG cinder.volume.api [None req-5d97ee14-fc68-446e-9cb3-cb4b0c278d33 tempest-VolumeQuotasNegativeTestJSON-351930109 tempest-VolumeQuotasNegativeTestJSON-351930109-project] Task 'cinder.volume.flows.api.create_volume.QuotaCommitTask;volume:create' (8d7b5dc0-2a57-429e-8cf8-b2f1d3c1187f) transitioned into state 'SUCCESS' from state 'RUNNING' with result '{'volume_properties': VolumeProperties(attach_status='detached',availability_zone='nova',cgsnapshot_id=None,consistencygroup_id=None,display_description=None,display_name='tempest-VolumeQuotasNegativeTestJSON-Volume-563402332',encryption_key_id=None,group_id=None,group_type_id=,metadata={},multiattach=False,project_id='3c687201ce454179b500ebcc49e5b4d8',qos_specs=None,replication_status=,reservations=['af19b5fc-7ca3-432d-aa89-0241a0e3a3af','de463234-9bc1-4eff-9562-d5ba008a8e38','591624ac-66f7-40e5-84b8-053f30a13237','fcf19328-10fd-4552-a744-8b6652e051f0'],size=1,snapshot_id=None,source_replicaid=,source_volid=None,status='creating',user_id='ee6e2c00eae4480c821bb88df33326f2',volume_type_id=6ced6d75-a99e-409a-b3f2-5f726bdc5edc)}' {{(pid=99709) _task_receiver /usr/local/lib/python3.8/dist-packages/taskflow/listeners/logging.py:178}}
Jul 13 02:27:05.756814 dv-cinder-781024-2-iscsi devstack@c-api.service[99709]: DEBUG cinder.volume.api [None req-5d97ee14-fc68-446e-9cb3-cb4b0c278d33 tempest-VolumeQuotasNegativeTestJSON-351930109 tempest-VolumeQuotasNegativeTestJSON-351930109-project] Task 'cinder.volume.flows.api.create_volume.VolumeCastTask;volume:create' (61fa7c8f-547f-475d-8a85-8acdbc815530) transitioned into state 'RUNNING' from state 'PENDING' {{(pid=99709) _task_receiver /usr/local/lib/python3.8/dist-packages/taskflow/listeners/logging.py:190}}
Jul 13 02:27:05.766448 dv-cinder-781024-2-iscsi devstack@c-api.service[99710]: INFO cinder.api.openstack.wsgi [None req-125fbc1b-0640-4efa-83b8-f42d7623fac7 tempest-GroupSnapshotsTest-901752008 tempest-GroupSnapshotsTest-901752008-project] http://10.222.0.32/volume/v3/d8b160f3e0d841febdc667ca93fd7e2c/volumes/22b409a3-fef6-41d1-8f02-a845eba022e8 returned with HTTP 200
Jul 13 02:27:05.778081 dv-cinder-781024-2-iscsi devstack@c-api.service[99710]: [pid: 99710|app: 0|req: 23/40] 10.222.0.32 () {60 vars in 1366 bytes} [Tue Jul 13 02:27:05 2021] GET /volume/v3/d8b160f3e0d841febdc667ca93fd7e2c/volumes/22b409a3-fef6-41d1-8f02-a845eba022e8 => generated 991 bytes in 225 msecs (HTTP/1.1 200) 7 headers in 286 bytes (1 switches on core 0)
Jul 13 02:27:05.795898 dv-cinder-781024-2-iscsi devstack@c-api.service[99709]: DEBUG cinder.volume.api [None req-5d97ee14-fc68-446e-9cb3-cb4b0c278d33 tempest-VolumeQuotasNegativeTestJSON-351930109 tempest-VolumeQuotasNegativeTestJSON-351930109-project] Task 'cinder.volume.flows.api.create_volume.VolumeCastTask;volume:create' (61fa7c8f-547f-475d-8a85-8acdbc815530) transitioned into state 'SUCCESS' from state 'RUNNING' with result 'None' {{(pid=99709) _task_receiver /usr/local/lib/python3.8/dist-packages/taskflow/listeners/logging.py:178}}
Jul 13 02:27:05.803105 dv-cinder-781024-2-iscsi devstack@c-api.service[99709]: DEBUG cinder.volume.api [None req-5d97ee14-fc68-446e-9cb3-cb4b0c278d33 tempest-VolumeQuotasNegativeTestJSON-351930109 tempest-VolumeQuotasNegativeTestJSON-351930109-project] Flow 'volume_create_api' (d67b6838-ad8f-41e6-a15a-61e4ccc8ceaa) transitioned into state 'SUCCESS' from state 'RUNNING' {{(pid=99709) _flow_receiver /usr/local/lib/python3.8/dist-packages/taskflow/listeners/logging.py:141}}
Jul 13 02:27:05.806896 dv-cinder-781024-2-iscsi devstack@c-api.service[99709]: INFO cinder.volume.api [None req-5d97ee14-fc68-446e-9cb3-cb4b0c278d33 tempest-VolumeQuotasNegativeTestJSON-351930109 tempest-VolumeQuotasNegativeTestJSON-351930109-project] Create volume request issued successfully.
Jul 13 02:27:05.826012 dv-cinder-781024-2-iscsi devstack@c-api.service[99709]: INFO cinder.api.openstack.wsgi [None req-5d97ee14-fc68-446e-9cb3-cb4b0c278d33 tempest-VolumeQuotasNegativeTestJSON-351930109 tempest-VolumeQuotasNegativeTestJSON-351930109-project] http://10.222.0.32/volume/v3/3c687201ce454179b500ebcc49e5b4d8/volumes returned with HTTP 202
Jul 13 02:27:05.827275 dv-cinder-781024-2-iscsi devstack@c-api.service[99709]: [pid: 99709|app: 0|req: 18/41] 10.222.0.32 () {60 vars in 1235 bytes} [Tue Jul 13 02:27:04 2021] POST /volume/v3/3c687201ce454179b500ebcc49e5b4d8/volumes => generated 827 bytes in 950 msecs (HTTP/1.1 202) 7 headers in 291 bytes (1 switches on core 0)
Jul 13 02:27:05.843501 dv-cinder-781024-2-iscsi devstack@c-api.service[99710]: INFO cinder.api.openstack.wsgi [None req-3595accd-d719-483f-b08e-6f7f81283332 tempest-VolumeQuotasNegativeTestJSON-351930109 tempest-VolumeQuotasNegativeTestJSON-351930109-project] GET http://10.222.0.32/volume/v3/3c687201ce454179b500ebcc49e5b4d8/volumes/0221ba64-7a79-441d-950a-d0bb6fb44ee3
Jul 13 02:27:05.844020 dv-cinder-781024-2-iscsi devstack@c-api.service[99710]: DEBUG cinder.api.openstack.wsgi [None req-3595accd-d719-483f-b08e-6f7f81283332 tempest-VolumeQuotasNegativeTestJSON-351930109 tempest-VolumeQuotasNegativeTestJSON-351930109-project] Empty body provided in request {{(pid=99710) get_body /opt/stack/cinder/cinder/api/openstack/wsgi.py:713}}
Jul 13 02:27:05.844213 dv-cinder-781024-2-iscsi devstack@c-api.service[99710]: /usr/local/lib/python3.8/dist-packages/webob/acceptparse.py:1047: DeprecationWarning: The behavior of AcceptValidHeader.best_match is currently being maintained for backward compatibility, but it will be deprecated in the future, as it does not conform to the RFC.
Jul 13 02:27:05.844213 dv-cinder-781024-2-iscsi devstack@c-api.service[99710]: warnings.warn(
Jul 13 02:27:05.844616 dv-cinder-781024-2-iscsi devstack@c-api.service[99710]: DEBUG cinder.api.openstack.wsgi [None req-3595accd-d719-483f-b08e-6f7f81283332 tempest-VolumeQuotasNegativeTestJSON-351930109 tempest-VolumeQuotasNegativeTestJSON-351930109-project] Calling method 'show' {{(pid=99710) _process_stack /opt/stack/cinder/cinder/api/openstack/wsgi.py:866}}
Jul 13 02:27:05.888651 dv-cinder-781024-2-iscsi devstack@c-api.service[99710]: /usr/local/lib/python3.8/dist-packages/oslo_context/context.py:105: DeprecationWarning: Policy enforcement is depending on the value of is_admin. This key is deprecated. Please update your policy file to use the standard policy values.
Jul 13 02:27:05.888651 dv-cinder-781024-2-iscsi devstack@c-api.service[99710]: warnings.warn('Policy enforcement is depending on the value of '
Jul 13 02:27:05.929419 dv-cinder-781024-2-iscsi devstack@c-api.service[99710]: INFO cinder.volume.api [None req-3595accd-d719-483f-b08e-6f7f81283332 tempest-VolumeQuotasNegativeTestJSON-351930109 tempest-VolumeQuotasNegativeTestJSON-351930109-project] Volume info retrieved successfully.
Jul 13 02:27:05.995987 dv-cinder-781024-2-iscsi devstack@c-api.service[99710]: INFO cinder.api.openstack.wsgi [None req-3595accd-d719-483f-b08e-6f7f81283332 tempest-VolumeQuotasNegativeTestJSON-351930109 tempest-VolumeQuotasNegativeTestJSON-351930109-project] http://10.222.0.32/volume/v3/3c687201ce454179b500ebcc49e5b4d8/volumes/0221ba64-7a79-441d-950a-d0bb6fb44ee3 returned with HTTP 200
Jul 13 02:27:06.013312 dv-cinder-781024-2-iscsi devstack@c-api.service[99710]: [pid: 99710|app: 0|req: 24/42] 10.222.0.32 () {58 vars in 1325 bytes} [Tue Jul 13 02:27:05 2021] GET /volume/v3/3c687201ce454179b500ebcc49e5b4d8/volumes/0221ba64-7a79-441d-950a-d0bb6fb44ee3 => generated 895 bytes in 174 msecs (HTTP/1.1 200) 7 headers in 285 bytes (1 switches on core 0)
Jul 13 02:27:06.897572 dv-cinder-781024-2-iscsi devstack@c-api.service[99709]: INFO cinder.api.openstack.wsgi [None req-184b12c6-5ba0-48a5-9161-92d77d5025ed tempest-GroupSnapshotsTest-901752008 tempest-GroupSnapshotsTest-901752008-project] GET http://10.222.0.32/volume/v3/d8b160f3e0d841febdc667ca93fd7e2c/volumes/22b409a3-fef6-41d1-8f02-a845eba022e8
