Jun 16 14:52:56.166905 dv-cinder-780933-6-iscsi devstack@c-api.service[98600]: DEBUG cinder.quota [None req-6679e196-486a-4bd0-b850-feb84c579f43 tempest-VolumesListAdminTestJSON-1766526070 tempest-VolumesListAdminTestJSON-1766526070-project] Created reservations ['608bf04b-133f-4c64-9690-852378dfe464', '5f82c629-821c-4424-acb3-3a0fbb7d5ced', '922c7e33-3abf-4915-a0dc-a91fe9e26527', '56d019ac-7550-425c-bf37-70caef950ca8'] {{(pid=98600) reserve /opt/stack/cinder/cinder/quota.py:755}}
Jun 16 14:52:56.169651 dv-cinder-780933-6-iscsi devstack@c-api.service[98600]: DEBUG cinder.volume.api [None req-6679e196-486a-4bd0-b850-feb84c579f43 tempest-VolumesListAdminTestJSON-1766526070 tempest-VolumesListAdminTestJSON-1766526070-project] Task 'cinder.volume.flows.api.create_volume.QuotaReserveTask;volume:create' (748d0645-dd8f-49ec-913e-a5681a31ea91) transitioned into state 'SUCCESS' from state 'RUNNING' with result '{'reservations': ['608bf04b-133f-4c64-9690-852378dfe464', '5f82c629-821c-4424-acb3-3a0fbb7d5ced', '922c7e33-3abf-4915-a0dc-a91fe9e26527', '56d019ac-7550-425c-bf37-70caef950ca8']}' {{(pid=98600) _task_receiver /usr/local/lib/python3.8/dist-packages/taskflow/listeners/logging.py:178}}
Jun 16 14:52:56.172344 dv-cinder-780933-6-iscsi devstack@c-api.service[98600]: DEBUG cinder.volume.api [None req-6679e196-486a-4bd0-b850-feb84c579f43 tempest-VolumesListAdminTestJSON-1766526070 tempest-VolumesListAdminTestJSON-1766526070-project] Task 'cinder.volume.flows.api.create_volume.EntryCreateTask;volume:create' (1efa3f73-49d1-41db-a428-fca4e7f70b57) transitioned into state 'RUNNING' from state 'PENDING' {{(pid=98600) _task_receiver /usr/local/lib/python3.8/dist-packages/taskflow/listeners/logging.py:190}}
Jun 16 14:52:56.194037 dv-cinder-780933-6-iscsi devstack@c-api.service[98599]: INFO cinder.api.openstack.wsgi [None req-d8fb4b00-7404-43f3-8683-8ec01ba278b1 tempest-GroupsTest-1035662193 tempest-GroupsTest-1035662193-project] http://10.222.0.115/volume/v3/73e5ed49747d406fbb7d27bde2f23af2/volumes returned with HTTP 202
Jun 16 14:52:56.209419 dv-cinder-780933-6-iscsi devstack@c-api.service[98599]: [pid: 98599|app: 0|req: 122/224] 10.222.0.115 () {62 vars in 1282 bytes} [Wed Jun 16 14:52:55 2021] POST /volume/v3/73e5ed49747d406fbb7d27bde2f23af2/volumes => generated 893 bytes in 518 msecs (HTTP/1.1 202) 7 headers in 292 bytes (1 switches on core 0)
Jun 16 14:52:56.209419 dv-cinder-780933-6-iscsi devstack@c-api.service[98599]: INFO cinder.api.openstack.wsgi [None req-1d4b3500-40ba-4ca8-8db9-0431a1182fe3 tempest-VolumesTestJSON-1147154071 tempest-VolumesTestJSON-1147154071-project] GET http://10.222.0.115/volume/v3/1a186b80a5b44d048f52f66fecd26d95/volumes/4b1a9da8-7d67-46d7-9eb1-464598216e94
Jun 16 14:52:56.209419 dv-cinder-780933-6-iscsi devstack@c-api.service[98599]: DEBUG cinder.api.openstack.wsgi [None req-1d4b3500-40ba-4ca8-8db9-0431a1182fe3 tempest-VolumesTestJSON-1147154071 tempest-VolumesTestJSON-1147154071-project] Empty body provided in request {{(pid=98599) get_body /opt/stack/cinder/cinder/api/openstack/wsgi.py:713}}
Jun 16 14:52:56.209419 dv-cinder-780933-6-iscsi devstack@c-api.service[98599]: /usr/local/lib/python3.8/dist-packages/webob/acceptparse.py:1047: DeprecationWarning: The behavior of AcceptValidHeader.best_match is currently being maintained for backward compatibility, but it will be deprecated in the future, as it does not conform to the RFC.
Jun 16 14:52:56.209419 dv-cinder-780933-6-iscsi devstack@c-api.service[98599]: warnings.warn(
Jun 16 14:52:56.209419 dv-cinder-780933-6-iscsi devstack@c-api.service[98599]: DEBUG cinder.api.openstack.wsgi [None req-1d4b3500-40ba-4ca8-8db9-0431a1182fe3 tempest-VolumesTestJSON-1147154071 tempest-VolumesTestJSON-1147154071-project] Calling method 'show' {{(pid=98599) _process_stack /opt/stack/cinder/cinder/api/openstack/wsgi.py:866}}
Jun 16 14:52:56.228026 dv-cinder-780933-6-iscsi devstack@c-api.service[98600]: DEBUG cinder.volume.api [None req-6679e196-486a-4bd0-b850-feb84c579f43 tempest-VolumesListAdminTestJSON-1766526070 tempest-VolumesListAdminTestJSON-1766526070-project] Task 'cinder.volume.flows.api.create_volume.EntryCreateTask;volume:create' (1efa3f73-49d1-41db-a428-fca4e7f70b57) transitioned into state 'SUCCESS' from state 'RUNNING' with result '{'volume_id': '7ff5d49e-cf13-4b8b-939b-dfce88c251cd', 'volume_properties': VolumeProperties(attach_status='detached',availability_zone='nova',cgsnapshot_id=None,consistencygroup_id=None,display_description=None,display_name='tempest-VolumesListAdminTestJSON-Volume-1468484030',encryption_key_id=None,group_id=None,group_type_id=,metadata={},multiattach=False,project_id='8d62853439964435894fb45dc76312ec',qos_specs=None,replication_status=,reservations=['608bf04b-133f-4c64-9690-852378dfe464','5f82c629-821c-4424-acb3-3a0fbb7d5ced','922c7e33-3abf-4915-a0dc-a91fe9e26527','56d019ac-7550-425c-bf37-70caef950ca8'],size=1,snapshot_id=None,source_replicaid=,source_volid=None,status='creating',user_id='8d9a4b993c2d4ba0830db6144098c87f',volume_type_id=153fe02b-c0f1-42c9-88e6-c753b9fa3ced), 'volume': Volume(_name_id=None,admin_metadata=,attach_status='detached',availability_zone='nova',bootable=False,cluster=,cluster_name=None,consistencygroup=,consistencygroup_id=None,created_at=2021-06-16T14:52:56Z,deleted=False,deleted_at=None,display_description=None,display_name='tempest-VolumesListAdminTestJSON-Volume-1468484030',ec2_id=None,encryption_key_id=None,glance_metadata=,group=,group_id=None,host=None,id=7ff5d49e-cf13-4b8b-939b-dfce88c251cd,launched_at=None,metadata={},migration_status=None,multiattach=False,previous_status=None,project_id='8d62853439964435894fb45dc76312ec',provider_auth=None,provider_geometry=None,provider_id=None,provider_location=None,replication_driver_data=None,replication_extended_status=None,replication_status=None,scheduled_at=None,service_uuid=None,shared_targets=True,size=1,snapshot_id=None,snapshots=,source_volid=None,status='creating',terminated_at=None,updated_at=None,user_id='8d9a4b993c2d4ba0830db6144098c87f',volume_attachment=,volume_type=VolumeType(153fe02b-c0f1-42c9-88e6-c753b9fa3ced),volume_type_id=153fe02b-c0f1-42c9-88e6-c753b9fa3ced)}' {{(pid=98600) _task_receiver /usr/local/lib/python3.8/dist-packages/taskflow/listeners/logging.py:178}}
Jun 16 14:52:56.230907 dv-cinder-780933-6-iscsi devstack@c-api.service[98600]: DEBUG cinder.volume.api [None req-6679e196-486a-4bd0-b850-feb84c579f43 tempest-VolumesListAdminTestJSON-1766526070 tempest-VolumesListAdminTestJSON-1766526070-project] Task 'cinder.volume.flows.api.create_volume.QuotaCommitTask;volume:create' (d267e481-20d2-48fb-94ae-a5d9cbff41a4) transitioned into state 'RUNNING' from state 'PENDING' {{(pid=98600) _task_receiver /usr/local/lib/python3.8/dist-packages/taskflow/listeners/logging.py:190}}
Jun 16 14:52:56.235019 dv-cinder-780933-6-iscsi devstack@c-api.service[98599]: INFO cinder.api.openstack.wsgi [None req-1d4b3500-40ba-4ca8-8db9-0431a1182fe3 tempest-VolumesTestJSON-1147154071 tempest-VolumesTestJSON-1147154071-project] http://10.222.0.115/volume/v3/1a186b80a5b44d048f52f66fecd26d95/volumes/4b1a9da8-7d67-46d7-9eb1-464598216e94 returned with HTTP 404
Jun 16 14:52:56.239899 dv-cinder-780933-6-iscsi devstack@c-api.service[98599]: [pid: 98599|app: 0|req: 123/225] 10.222.0.115 () {58 vars in 1330 bytes} [Wed Jun 16 14:52:56 2021] GET /volume/v3/1a186b80a5b44d048f52f66fecd26d95/volumes/4b1a9da8-7d67-46d7-9eb1-464598216e94 => generated 109 bytes in 40 msecs (HTTP/1.1 404) 7 headers in 292 bytes (1 switches on core 0)
Jun 16 14:52:56.245242 dv-cinder-780933-6-iscsi devstack@c-api.service[98599]: INFO cinder.api.openstack.wsgi [None req-fdd5593c-8be4-4591-a2bb-bf5959f24e57 tempest-GroupsTest-1035662193 tempest-GroupsTest-1035662193-project] GET http://10.222.0.115/volume/v3/73e5ed49747d406fbb7d27bde2f23af2/volumes/6c563e96-ab03-4993-a173-c18f8e904b8a
Jun 16 14:52:56.245797 dv-cinder-780933-6-iscsi devstack@c-api.service[98599]: DEBUG cinder.api.openstack.wsgi [None req-fdd5593c-8be4-4591-a2bb-bf5959f24e57 tempest-GroupsTest-1035662193 tempest-GroupsTest-1035662193-project] Empty body provided in request {{(pid=98599) get_body /opt/stack/cinder/cinder/api/openstack/wsgi.py:713}}
Jun 16 14:52:56.246364 dv-cinder-780933-6-iscsi devstack@c-api.service[98599]: DEBUG cinder.api.openstack.wsgi [None req-fdd5593c-8be4-4591-a2bb-bf5959f24e57 tempest-GroupsTest-1035662193 tempest-GroupsTest-1035662193-project] Calling method 'show' {{(pid=98599) _process_stack /opt/stack/cinder/cinder/api/openstack/wsgi.py:866}}
Jun 16 14:52:56.278943 dv-cinder-780933-6-iscsi devstack@c-api.service[98599]: /usr/local/lib/python3.8/dist-packages/oslo_context/context.py:105: DeprecationWarning: Policy enforcement is depending on the value of is_admin. This key is deprecated. Please update your policy file to use the standard policy values.
Jun 16 14:52:56.278943 dv-cinder-780933-6-iscsi devstack@c-api.service[98599]: warnings.warn('Policy enforcement is depending on the value of '
Jun 16 14:52:56.279299 dv-cinder-780933-6-iscsi devstack@c-api.service[98600]: DEBUG cinder.volume.api [None req-6679e196-486a-4bd0-b850-feb84c579f43 tempest-VolumesListAdminTestJSON-1766526070 tempest-VolumesListAdminTestJSON-1766526070-project] Task 'cinder.volume.flows.api.create_volume.QuotaCommitTask;volume:create' (d267e481-20d2-48fb-94ae-a5d9cbff41a4) transitioned into state 'SUCCESS' from state 'RUNNING' with result '{'volume_properties': VolumeProperties(attach_status='detached',availability_zone='nova',cgsnapshot_id=None,consistencygroup_id=None,display_description=None,display_name='tempest-VolumesListAdminTestJSON-Volume-1468484030',encryption_key_id=None,group_id=None,group_type_id=,metadata={},multiattach=False,project_id='8d62853439964435894fb45dc76312ec',qos_specs=None,replication_status=,reservations=['608bf04b-133f-4c64-9690-852378dfe464','5f82c629-821c-4424-acb3-3a0fbb7d5ced','922c7e33-3abf-4915-a0dc-a91fe9e26527','56d019ac-7550-425c-bf37-70caef950ca8'],size=1,snapshot_id=None,source_replicaid=,source_volid=None,status='creating',user_id='8d9a4b993c2d4ba0830db6144098c87f',volume_type_id=153fe02b-c0f1-42c9-88e6-c753b9fa3ced)}' {{(pid=98600) _task_receiver /usr/local/lib/python3.8/dist-packages/taskflow/listeners/logging.py:178}}
Jun 16 14:52:56.283241 dv-cinder-780933-6-iscsi devstack@c-api.service[98600]: DEBUG cinder.volume.api [None req-6679e196-486a-4bd0-b850-feb84c579f43 tempest-VolumesListAdminTestJSON-1766526070 tempest-VolumesListAdminTestJSON-1766526070-project] Task 'cinder.volume.flows.api.create_volume.VolumeCastTask;volume:create' (02e85697-82d7-4ff6-89ab-d4809968bfd6) transitioned into state 'RUNNING' from state 'PENDING' {{(pid=98600) _task_receiver /usr/local/lib/python3.8/dist-packages/taskflow/listeners/logging.py:190}}
Jun 16 14:52:56.290316 dv-cinder-780933-6-iscsi devstack@c-api.service[98599]: INFO cinder.volume.api [None req-fdd5593c-8be4-4591-a2bb-bf5959f24e57 tempest-GroupsTest-1035662193 tempest-GroupsTest-1035662193-project] Volume info retrieved successfully.
Jun 16 14:52:56.300283 dv-cinder-780933-6-iscsi devstack@c-api.service[98599]: WARNING stevedore.named [None req-fdd5593c-8be4-4591-a2bb-bf5959f24e57 tempest-GroupsTest-1035662193 tempest-GroupsTest-1035662193-project] Could not load cinder.keymgr.conf_key_mgr.ConfKeyManager
Jun 16 14:52:56.301667 dv-cinder-780933-6-iscsi devstack@c-api.service[98599]: WARNING castellan.key_manager [None req-fdd5593c-8be4-4591-a2bb-bf5959f24e57 tempest-GroupsTest-1035662193 tempest-GroupsTest-1035662193-project] Deprecation Warning : cinder.keymgr.conf_key_mgr.ConfKeyManager is not a stevedore based driver, trying to load it as a class: stevedore.exception.NoMatches: No 'castellan.drivers' driver found, looking for 'cinder.keymgr.conf_key_mgr.ConfKeyManager'
Jun 16 14:52:56.312978 dv-cinder-780933-6-iscsi devstack@c-api.service[98599]: DEBUG oslo_db.sqlalchemy.engines [None req-fdd5593c-8be4-4591-a2bb-bf5959f24e57 tempest-GroupsTest-1035662193 tempest-GroupsTest-1035662193-project] MySQL server mode set to STRICT_TRANS_TABLES,STRICT_ALL_TABLES,NO_ZERO_IN_DATE,NO_ZERO_DATE,ERROR_FOR_DIVISION_BY_ZERO,TRADITIONAL,NO_ENGINE_SUBSTITUTION {{(pid=98599) _check_effective_sql_mode /usr/local/lib/python3.8/dist-packages/oslo_db/sqlalchemy/engines.py:314}}
Jun 16 14:52:56.317297 dv-cinder-780933-6-iscsi devstack@c-api.service[98600]: DEBUG cinder.volume.api [None req-6679e196-486a-4bd0-b850-feb84c579f43 tempest-VolumesListAdminTestJSON-1766526070 tempest-VolumesListAdminTestJSON-1766526070-project] Task 'cinder.volume.flows.api.create_volume.VolumeCastTask;volume:create' (02e85697-82d7-4ff6-89ab-d4809968bfd6) transitioned into state 'SUCCESS' from state 'RUNNING' with result 'None' {{(pid=98600) _task_receiver /usr/local/lib/python3.8/dist-packages/taskflow/listeners/logging.py:178}}
Jun 16 14:52:56.321630 dv-cinder-780933-6-iscsi devstack@c-api.service[98599]: /usr/local/lib/python3.8/dist-packages/oslo_context/context.py:105: DeprecationWarning: Policy enforcement is depending on the value of is_admin. This key is deprecated. Please update your policy file to use the standard policy values.
Jun 16 14:52:56.321630 dv-cinder-780933-6-iscsi devstack@c-api.service[98599]: warnings.warn('Policy enforcement is depending on the value of '
Jun 16 14:52:56.328870 dv-cinder-780933-6-iscsi devstack@c-api.service[98600]: DEBUG cinder.volume.api [None req-6679e196-486a-4bd0-b850-feb84c579f43 tempest-VolumesListAdminTestJSON-1766526070 tempest-VolumesListAdminTestJSON-1766526070-project] Flow 'volume_create_api' (7f9faea8-da7a-4866-b871-07f38e15942d) transitioned into state 'SUCCESS' from state 'RUNNING' {{(pid=98600) _flow_receiver /usr/local/lib/python3.8/dist-packages/taskflow/listeners/logging.py:141}}
Jun 16 14:52:56.331220 dv-cinder-780933-6-iscsi devstack@c-api.service[98600]: INFO cinder.volume.api [None req-6679e196-486a-4bd0-b850-feb84c579f43 tempest-VolumesListAdminTestJSON-1766526070 tempest-VolumesListAdminTestJSON-1766526070-project] Create volume request issued successfully.
Jun 16 14:52:56.347536 dv-cinder-780933-6-iscsi devstack@c-api.service[98600]: INFO cinder.api.openstack.wsgi [None req-6679e196-486a-4bd0-b850-feb84c579f43 tempest-VolumesListAdminTestJSON-1766526070 tempest-VolumesListAdminTestJSON-1766526070-project] http://10.222.0.115/volume/v3/8d62853439964435894fb45dc76312ec/volumes returned with HTTP 202
Jun 16 14:52:56.351079 dv-cinder-780933-6-iscsi devstack@c-api.service[98600]: [pid: 98600|app: 0|req: 103/226] 10.222.0.115 () {60 vars in 1240 bytes} [Wed Jun 16 14:52:55 2021] POST /volume/v3/8d62853439964435894fb45dc76312ec/volumes => generated 826 bytes in 465 msecs (HTTP/1.1 202) 7 headers in 291 bytes (2 switches on core 0)
Jun 16 14:52:56.359183 dv-cinder-780933-6-iscsi devstack@c-api.service[98599]: INFO cinder.api.openstack.wsgi [None req-fdd5593c-8be4-4591-a2bb-bf5959f24e57 tempest-GroupsTest-1035662193 tempest-GroupsTest-1035662193-project] http://10.222.0.115/volume/v3/73e5ed49747d406fbb7d27bde2f23af2/volumes/6c563e96-ab03-4993-a173-c18f8e904b8a returned with HTTP 200
Jun 16 14:52:56.369598 dv-cinder-780933-6-iscsi devstack@c-api.service[98600]: INFO cinder.api.openstack.wsgi [None req-e28ff697-fc63-4be2-9d0e-8c8bd10cf479 tempest-VolumesTestJSON-1147154071 tempest-VolumesTestJSON-1147154071-project] DELETE http://10.222.0.115/volume/v3/1a186b80a5b44d048f52f66fecd26d95/volumes/ee9bb188-e7b2-4786-a9b3-937517d82aa0
Jun 16 14:52:56.369864 dv-cinder-780933-6-iscsi devstack@c-api.service[98599]: [pid: 98599|app: 0|req: 124/227] 10.222.0.115 () {60 vars in 1371 bytes} [Wed Jun 16 14:52:56 2021] GET /volume/v3/73e5ed49747d406fbb7d27bde2f23af2/volumes/6c563e96-ab03-4993-a173-c18f8e904b8a => generated 961 bytes in 126 msecs (HTTP/1.1 200) 7 headers in 286 bytes (1 switches on core 0)
Jun 16 14:52:56.370001 dv-cinder-780933-6-iscsi devstack@c-api.service[98600]: DEBUG cinder.api.openstack.wsgi [None req-e28ff697-fc63-4be2-9d0e-8c8bd10cf479 tempest-VolumesTestJSON-1147154071 tempest-VolumesTestJSON-1147154071-project] Empty body provided in request {{(pid=98600) get_body /opt/stack/cinder/cinder/api/openstack/wsgi.py:713}}
Jun 16 14:52:56.370001 dv-cinder-780933-6-iscsi devstack@c-api.service[98600]: /usr/local/lib/python3.8/dist-packages/webob/acceptparse.py:1047: DeprecationWarning: The behavior of AcceptValidHeader.best_match is currently being maintained for backward compatibility, but it will be deprecated in the future, as it does not conform to the RFC.
Jun 16 14:52:56.370001 dv-cinder-780933-6-iscsi devstack@c-api.service[98600]: warnings.warn(
Jun 16 14:52:56.370001 dv-cinder-780933-6-iscsi devstack@c-api.service[98600]: DEBUG cinder.api.openstack.wsgi [None req-e28ff697-fc63-4be2-9d0e-8c8bd10cf479 tempest-VolumesTestJSON-1147154071 tempest-VolumesTestJSON-1147154071-project] Calling method 'delete' {{(pid=98600) _process_stack /opt/stack/cinder/cinder/api/openstack/wsgi.py:866}}
Jun 16 14:52:56.370001 dv-cinder-780933-6-iscsi devstack@c-api.service[98600]: INFO cinder.api.v3.volumes [None req-e28ff697-fc63-4be2-9d0e-8c8bd10cf479 tempest-VolumesTestJSON-1147154071 tempest-VolumesTestJSON-1147154071-project] Delete volume with id: ee9bb188-e7b2-4786-a9b3-937517d82aa0
Jun 16 14:52:56.371520 dv-cinder-780933-6-iscsi devstack@c-api.service[98599]: INFO cinder.api.openstack.wsgi [None req-e84dcd84-fc4b-4284-8320-b3ffe7adf429 tempest-VolumesListAdminTestJSON-1766526070 tempest-VolumesListAdminTestJSON-1766526070-project] GET http://10.222.0.115/volume/v3/8d62853439964435894fb45dc76312ec/volumes/7ff5d49e-cf13-4b8b-939b-dfce88c251cd
Jun 16 14:52:56.372401 dv-cinder-780933-6-iscsi devstack@c-api.service[98599]: DEBUG cinder.api.openstack.wsgi [None req-e84dcd84-fc4b-4284-8320-b3ffe7adf429 tempest-VolumesListAdminTestJSON-1766526070 tempest-VolumesListAdminTestJSON-1766526070-project] Empty body provided in request {{(pid=98599) get_body /opt/stack/cinder/cinder/api/openstack/wsgi.py:713}}
Jun 16 14:52:56.372583 dv-cinder-780933-6-iscsi devstack@c-api.service[98599]: /usr/local/lib/python3.8/dist-packages/webob/acceptparse.py:1047: DeprecationWarning: The behavior of AcceptValidHeader.best_match is currently being maintained for backward compatibility, but it will be deprecated in the future, as it does not conform to the RFC.
Jun 16 14:52:56.372583 dv-cinder-780933-6-iscsi devstack@c-api.service[98599]: warnings.warn(
Jun 16 14:52:56.374365 dv-cinder-780933-6-iscsi devstack@c-api.service[98599]: DEBUG cinder.api.openstack.wsgi [None req-e84dcd84-fc4b-4284-8320-b3ffe7adf429 tempest-VolumesListAdminTestJSON-1766526070 tempest-VolumesListAdminTestJSON-1766526070-project] Calling method 'show' {{(pid=98599) _process_stack /opt/stack/cinder/cinder/api/openstack/wsgi.py:866}}
Jun 16 14:52:56.398221 dv-cinder-780933-6-iscsi devstack@c-api.service[98600]: /usr/local/lib/python3.8/dist-packages/oslo_context/context.py:105: DeprecationWarning: Policy enforcement is depending on the value of is_admin. This key is deprecated. Please update your policy file to use the standard policy values.
Jun 16 14:52:56.398221 dv-cinder-780933-6-iscsi devstack@c-api.service[98600]: warnings.warn('Policy enforcement is depending on the value of '
Jun 16 14:52:56.399776 dv-cinder-780933-6-iscsi devstack@c-api.service[98600]: INFO cinder.volume.api [None req-e28ff697-fc63-4be2-9d0e-8c8bd10cf479 tempest-VolumesTestJSON-1147154071 tempest-VolumesTestJSON-1147154071-project] Volume info retrieved successfully.
Jun 16 14:52:56.405872 dv-cinder-780933-6-iscsi devstack@c-api.service[98599]: /usr/local/lib/python3.8/dist-packages/oslo_context/context.py:105: DeprecationWarning: Policy enforcement is depending on the value of is_admin. This key is deprecated. Please update your policy file to use the standard policy values.
Jun 16 14:52:56.405872 dv-cinder-780933-6-iscsi devstack@c-api.service[98599]: warnings.warn('Policy enforcement is depending on the value of '
Jun 16 14:52:56.424656 dv-cinder-780933-6-iscsi devstack@c-api.service[98599]: INFO cinder.volume.api [None req-e84dcd84-fc4b-4284-8320-b3ffe7adf429 tempest-VolumesListAdminTestJSON-1766526070 tempest-VolumesListAdminTestJSON-1766526070-project] Volume info retrieved successfully.
Jun 16 14:52:56.474772 dv-cinder-780933-6-iscsi devstack@c-api.service[98600]: INFO cinder.volume.api [None req-e28ff697-fc63-4be2-9d0e-8c8bd10cf479 tempest-VolumesTestJSON-1147154071 tempest-VolumesTestJSON-1147154071-project] Delete volume request issued successfully.
Jun 16 14:52:56.475315 dv-cinder-780933-6-iscsi devstack@c-api.service[98600]: INFO cinder.api.openstack.wsgi [None req-e28ff697-fc63-4be2-9d0e-8c8bd10cf479 tempest-VolumesTestJSON-1147154071 tempest-VolumesTestJSON-1147154071-project] http://10.222.0.115/volume/v3/1a186b80a5b44d048f52f66fecd26d95/volumes/ee9bb188-e7b2-4786-a9b3-937517d82aa0 returned with HTTP 202
Jun 16 14:52:56.478326 dv-cinder-780933-6-iscsi devstack@c-api.service[98600]: [pid: 98600|app: 0|req: 104/228] 10.222.0.115 () {58 vars in 1333 bytes} [Wed Jun 16 14:52:56 2021] DELETE /volume/v3/1a186b80a5b44d048f52f66fecd26d95/volumes/ee9bb188-e7b2-4786-a9b3-937517d82aa0 => generated 0 bytes in 127 msecs (HTTP/1.1 202) 6 headers in 233 bytes (1 switches on core 0)
Jun 16 14:52:56.482508 dv-cinder-780933-6-iscsi devstack@c-api.service[98599]: INFO cinder.api.openstack.wsgi [None req-e84dcd84-fc4b-4284-8320-b3ffe7adf429 tempest-VolumesListAdminTestJSON-1766526070 tempest-VolumesListAdminTestJSON-1766526070-project] http://10.222.0.115/volume/v3/8d62853439964435894fb45dc76312ec/volumes/7ff5d49e-cf13-4b8b-939b-dfce88c251cd returned with HTTP 200
Jun 16 14:52:56.483731 dv-cinder-780933-6-iscsi devstack@c-api.service[98599]: [pid: 98599|app: 0|req: 125/229] 10.222.0.115 () {58 vars in 1330 bytes} [Wed Jun 16 14:52:56 2021] GET /volume/v3/8d62853439964435894fb45dc76312ec/volumes/7ff5d49e-cf13-4b8b-939b-dfce88c251cd => generated 894 bytes in 120 msecs (HTTP/1.1 200) 7 headers in 285 bytes (1 switches on core 0)
Jun 16 14:52:56.484683 dv-cinder-780933-6-iscsi devstack@c-api.service[98600]: INFO cinder.api.openstack.wsgi [None req-2ee52c30-a267-4975-a434-3ec5db0e01b5 tempest-SnapshotsActionsTest-434132483 tempest-SnapshotsActionsTest-434132483-project] GET http://10.222.0.115/volume/v3/b50cdf865ab94a97ab8089219deef660/snapshots/edfe4d13-d674-4268-a385-037c6999c4b5
Jun 16 14:52:56.485362 dv-cinder-780933-6-iscsi devstack@c-api.service[98600]: DEBUG cinder.api.openstack.wsgi [None req-2ee52c30-a267-4975-a434-3ec5db0e01b5 tempest-SnapshotsActionsTest-434132483 tempest-SnapshotsActionsTest-434132483-project] Empty body provided in request {{(pid=98600) get_body /opt/stack/cinder/cinder/api/openstack/wsgi.py:713}}
Jun 16 14:52:56.485675 dv-cinder-780933-6-iscsi devstack@c-api.service[98600]: /usr/local/lib/python3.8/dist-packages/webob/acceptparse.py:1047: DeprecationWarning: The behavior of AcceptValidHeader.best_match is currently being maintained for backward compatibility, but it will be deprecated in the future, as it does not conform to the RFC.
Jun 16 14:52:56.485675 dv-cinder-780933-6-iscsi devstack@c-api.service[98600]: warnings.warn(
Jun 16 14:52:56.486088 dv-cinder-780933-6-iscsi devstack@c-api.service[98600]: DEBUG cinder.api.openstack.wsgi [None req-2ee52c30-a267-4975-a434-3ec5db0e01b5 tempest-SnapshotsActionsTest-434132483 tempest-SnapshotsActionsTest-434132483-project] Calling method 'show' {{(pid=98600) _process_stack /opt/stack/cinder/cinder/api/openstack/wsgi.py:866}}
Jun 16 14:52:56.499437 dv-cinder-780933-6-iscsi devstack@c-api.service[98600]: INFO cinder.api.openstack.wsgi [None req-2ee52c30-a267-4975-a434-3ec5db0e01b5 tempest-SnapshotsActionsTest-434132483 tempest-SnapshotsActionsTest-434132483-project] http://10.222.0.115/volume/v3/b50cdf865ab94a97ab8089219deef660/snapshots/edfe4d13-d674-4268-a385-037c6999c4b5 returned with HTTP 404
Jun 16 14:52:56.504575 dv-cinder-780933-6-iscsi devstack@c-api.service[98600]: [pid: 98600|app: 0|req: 105/230] 10.222.0.115 () {58 vars in 1336 bytes} [Wed Jun 16 14:52:56 2021] GET /volume/v3/b50cdf865ab94a97ab8089219deef660/snapshots/edfe4d13-d674-4268-a385-037c6999c4b5 => generated 111 bytes in 25 msecs (HTTP/1.1 404) 7 headers in 292 bytes (1 switches on core 0)
Jun 16 14:52:56.509822 dv-cinder-780933-6-iscsi devstack@c-api.service[98600]: INFO cinder.api.openstack.wsgi [None req-17fc28f4-1793-46a9-bef1-5ab5fe75b3f1 tempest-SnapshotsActionsTest-382202377 tempest-SnapshotsActionsTest-382202377-project-admin] POST http://10.222.0.115/volume/v3/55187e4476414a79be7840f3476555fb/snapshots/b4897841-0c61-4132-9630-1654968bdfc9/action
Jun 16 14:52:56.510622 dv-cinder-780933-6-iscsi devstack@c-api.service[98600]: DEBUG cinder.api.openstack.wsgi [None req-17fc28f4-1793-46a9-bef1-5ab5fe75b3f1 tempest-SnapshotsActionsTest-382202377 tempest-SnapshotsActionsTest-382202377-project-admin] Action body: b'{"os-reset_status": {"status": "available"}}' {{(pid=98600) get_method /opt/stack/cinder/cinder/api/openstack/wsgi.py:981}}
Jun 16 14:52:56.511030 dv-cinder-780933-6-iscsi devstack@c-api.service[98600]: DEBUG cinder.api.openstack.wsgi [None req-17fc28f4-1793-46a9-bef1-5ab5fe75b3f1 tempest-SnapshotsActionsTest-382202377 tempest-SnapshotsActionsTest-382202377-project-admin] Action: 'action', calling method: _reset_status, body: {"os-reset_status": {"status": "available"}} {{(pid=98600) _process_stack /opt/stack/cinder/cinder/api/openstack/wsgi.py:864}}
Jun 16 14:52:56.511925 dv-cinder-780933-6-iscsi devstack@c-api.service[98600]: DEBUG cinder.api.contrib.admin_actions [None req-17fc28f4-1793-46a9-bef1-5ab5fe75b3f1 tempest-SnapshotsActionsTest-382202377 tempest-SnapshotsActionsTest-382202377-project-admin] Updating snapshot 'b4897841-0c61-4132-9630-1654968bdfc9' with '{'status': 'available'}' {{(pid=98600) _reset_status /opt/stack/cinder/cinder/api/contrib/admin_actions.py:100}}
Jun 16 14:52:56.522366 dv-cinder-780933-6-iscsi devstack@c-api.service[98599]: INFO cinder.api.openstack.wsgi [None req-8188216d-633a-4e1c-ad92-3a867c5aee2a tempest-VolumesTestJSON-1147154071 tempest-VolumesTestJSON-1147154071-project] GET http://10.222.0.115/volume/v3/1a186b80a5b44d048f52f66fecd26d95/volumes/ee9bb188-e7b2-4786-a9b3-937517d82aa0
Jun 16 14:52:56.524712 dv-cinder-780933-6-iscsi devstack@c-api.service[98599]: DEBUG cinder.api.openstack.wsgi [None req-8188216d-633a-4e1c-ad92-3a867c5aee2a tempest-VolumesTestJSON-1147154071 tempest-VolumesTestJSON-1147154071-project] Empty body provided in request {{(pid=98599) get_body /opt/stack/cinder/cinder/api/openstack/wsgi.py:713}}
Jun 16 14:52:56.525777 dv-cinder-780933-6-iscsi devstack@c-api.service[98599]: /usr/local/lib/python3.8/dist-packages/webob/acceptparse.py:1047: DeprecationWarning: The behavior of AcceptValidHeader.best_match is currently being maintained for backward compatibility, but it will be deprecated in the future, as it does not conform to the RFC.
Jun 16 14:52:56.525777 dv-cinder-780933-6-iscsi devstack@c-api.service[98599]: warnings.warn(
Jun 16 14:52:56.529199 dv-cinder-780933-6-iscsi devstack@c-api.service[98599]: DEBUG cinder.api.openstack.wsgi [None req-8188216d-633a-4e1c-ad92-3a867c5aee2a tempest-VolumesTestJSON-1147154071 tempest-VolumesTestJSON-1147154071-project] Calling method 'show' {{(pid=98599) _process_stack /opt/stack/cinder/cinder/api/openstack/wsgi.py:866}}
Jun 16 14:52:56.543687 dv-cinder-780933-6-iscsi devstack@c-api.service[98600]: /usr/local/lib/python3.8/dist-packages/oslo_context/context.py:105: DeprecationWarning: Policy enforcement is depending on the value of is_admin. This key is deprecated. Please update your policy file to use the standard policy values.
Jun 16 14:52:56.543687 dv-cinder-780933-6-iscsi devstack@c-api.service[98600]: warnings.warn('Policy enforcement is depending on the value of '
Jun 16 14:52:56.577121 dv-cinder-780933-6-iscsi devstack@c-api.service[98599]: /usr/local/lib/python3.8/dist-packages/oslo_context/context.py:105: DeprecationWarning: Policy enforcement is depending on the value of is_admin. This key is deprecated. Please update your policy file to use the standard policy values.
Jun 16 14:52:56.577121 dv-cinder-780933-6-iscsi devstack@c-api.service[98599]: warnings.warn('Policy enforcement is depending on the value of '
Jun 16 14:52:56.586260 dv-cinder-780933-6-iscsi devstack@c-api.service[98600]: INFO cinder.api.openstack.wsgi [None req-17fc28f4-1793-46a9-bef1-5ab5fe75b3f1 tempest-SnapshotsActionsTest-382202377 tempest-SnapshotsActionsTest-382202377-project-admin] http://10.222.0.115/volume/v3/55187e4476414a79be7840f3476555fb/snapshots/b4897841-0c61-4132-9630-1654968bdfc9/action returned with HTTP 202
Jun 16 14:52:56.593110 dv-cinder-780933-6-iscsi devstack@c-api.service[98600]: [pid: 98600|app: 0|req: 106/231] 10.222.0.115 () {60 vars in 1378 bytes} [Wed Jun 16 14:52:56 2021] POST /volume/v3/55187e4476414a79be7840f3476555fb/snapshots/b4897841-0c61-4132-9630-1654968bdfc9/action => generated 0 bytes in 88 msecs (HTTP/1.1 202) 7 headers in 289 bytes (1 switches on core 0)
Jun 16 14:52:56.606734 dv-cinder-780933-6-iscsi devstack@c-api.service[98599]: INFO cinder.volume.api [None req-8188216d-633a-4e1c-ad92-3a867c5aee2a tempest-VolumesTestJSON-1147154071 tempest-VolumesTestJSON-1147154071-project] Volume info retrieved successfully.
Jun 16 14:52:56.608947 dv-cinder-780933-6-iscsi devstack@c-api.service[98600]: INFO cinder.api.openstack.wsgi [None req-005b9c47-727c-4a0e-8fca-a4977ae6d476 tempest-SnapshotsActionsTest-434132483 tempest-SnapshotsActionsTest-434132483-project] GET http://10.222.0.115/volume/v3/b50cdf865ab94a97ab8089219deef660/snapshots/b4897841-0c61-4132-9630-1654968bdfc9
Jun 16 14:52:56.610874 dv-cinder-780933-6-iscsi devstack@c-api.service[98600]: DEBUG cinder.api.openstack.wsgi [None req-005b9c47-727c-4a0e-8fca-a4977ae6d476 tempest-SnapshotsActionsTest-434132483 tempest-SnapshotsActionsTest-434132483-project] Empty body provided in request {{(pid=98600) get_body /opt/stack/cinder/cinder/api/openstack/wsgi.py:713}}
Jun 16 14:52:56.611370 dv-cinder-780933-6-iscsi devstack@c-api.service[98600]: /usr/local/lib/python3.8/dist-packages/webob/acceptparse.py:1047: DeprecationWarning: The behavior of AcceptValidHeader.best_match is currently being maintained for backward compatibility, but it will be deprecated in the future, as it does not conform to the RFC.
Jun 16 14:52:56.611370 dv-cinder-780933-6-iscsi devstack@c-api.service[98600]: warnings.warn(
Jun 16 14:52:56.613325 dv-cinder-780933-6-iscsi devstack@c-api.service[98600]: DEBUG cinder.api.openstack.wsgi [None req-005b9c47-727c-4a0e-8fca-a4977ae6d476 tempest-SnapshotsActionsTest-434132483 tempest-SnapshotsActionsTest-434132483-project] Calling method 'show' {{(pid=98600) _process_stack /opt/stack/cinder/cinder/api/openstack/wsgi.py:866}}
Jun 16 14:52:56.638654 dv-cinder-780933-6-iscsi devstack@c-api.service[98600]: /usr/local/lib/python3.8/dist-packages/oslo_context/context.py:105: DeprecationWarning: Policy enforcement is depending on the value of is_admin. This key is deprecated. Please update your policy file to use the standard policy values.
Jun 16 14:52:56.638654 dv-cinder-780933-6-iscsi devstack@c-api.service[98600]: warnings.warn('Policy enforcement is depending on the value of '
Jun 16 14:52:56.642541 dv-cinder-780933-6-iscsi devstack@c-api.service[98600]: INFO cinder.volume.api [None req-005b9c47-727c-4a0e-8fca-a4977ae6d476 tempest-SnapshotsActionsTest-434132483 tempest-SnapshotsActionsTest-434132483-project] Snapshot retrieved successfully.
Jun 16 14:52:56.648633 dv-cinder-780933-6-iscsi devstack@c-api.service[98600]: INFO cinder.api.openstack.wsgi [None req-005b9c47-727c-4a0e-8fca-a4977ae6d476 tempest-SnapshotsActionsTest-434132483 tempest-SnapshotsActionsTest-434132483-project] http://10.222.0.115/volume/v3/b50cdf865ab94a97ab8089219deef660/snapshots/b4897841-0c61-4132-9630-1654968bdfc9 returned with HTTP 200
Jun 16 14:52:56.649733 dv-cinder-780933-6-iscsi devstack@c-api.service[98599]: INFO cinder.api.openstack.wsgi [None req-8188216d-633a-4e1c-ad92-3a867c5aee2a tempest-VolumesTestJSON-1147154071 tempest-VolumesTestJSON-1147154071-project] http://10.222.0.115/volume/v3/1a186b80a5b44d048f52f66fecd26d95/volumes/ee9bb188-e7b2-4786-a9b3-937517d82aa0 returned with HTTP 200
Jun 16 14:52:56.650213 dv-cinder-780933-6-iscsi devstack@c-api.service[98600]: [pid: 98600|app: 0|req: 107/232] 10.222.0.115 () {58 vars in 1336 bytes} [Wed Jun 16 14:52:56 2021] GET /volume/v3/b50cdf865ab94a97ab8089219deef660/snapshots/b4897841-0c61-4132-9630-1654968bdfc9 => generated 465 bytes in 55 msecs (HTTP/1.1 200) 7 headers in 285 bytes (1 switches on core 0)
Jun 16 14:52:56.651237 dv-cinder-780933-6-iscsi devstack@c-api.service[98599]: [pid: 98599|app: 0|req: 126/233] 10.222.0.115 () {58 vars in 1330 bytes} [Wed Jun 16 14:52:56 2021] GET /volume/v3/1a186b80a5b44d048f52f66fecd26d95/volumes/ee9bb188-e7b2-4786-a9b3-937517d82aa0 => generated 922 bytes in 167 msecs (HTTP/1.1 200) 7 headers in 285 bytes (1 switches on core 0)
Jun 16 14:52:56.665683 dv-cinder-780933-6-iscsi devstack@c-api.service[98600]: INFO cinder.api.openstack.wsgi [None req-cd00bbc3-5d5d-42a9-a61e-0cba1fa29639 tempest-SnapshotsActionsTest-382202377 tempest-SnapshotsActionsTest-382202377-project-admin] POST http://10.222.0.115/volume/v3/55187e4476414a79be7840f3476555fb/snapshots/b4897841-0c61-4132-9630-1654968bdfc9/action
Jun 16 14:52:56.666844 dv-cinder-780933-6-iscsi devstack@c-api.service[98600]: /usr/local/lib/python3.8/dist-packages/webob/acceptparse.py:1047: DeprecationWarning: The behavior of AcceptValidHeader.best_match is currently being maintained for backward compatibility, but it will be deprecated in the future, as it does not conform to the RFC.
Jun 16 14:52:56.666844 dv-cinder-780933-6-iscsi devstack@c-api.service[98600]: warnings.warn(
Jun 16 14:52:56.667556 dv-cinder-780933-6-iscsi devstack@c-api.service[98600]: DEBUG cinder.api.openstack.wsgi [None req-cd00bbc3-5d5d-42a9-a61e-0cba1fa29639 tempest-SnapshotsActionsTest-382202377 tempest-SnapshotsActionsTest-382202377-project-admin] Action body: b'{"os-reset_status": {"status": "creating"}}' {{(pid=98600) get_method /opt/stack/cinder/cinder/api/openstack/wsgi.py:981}}
Jun 16 14:52:56.669288 dv-cinder-780933-6-iscsi devstack@c-api.service[98600]: DEBUG cinder.api.openstack.wsgi [None req-cd00bbc3-5d5d-42a9-a61e-0cba1fa29639 tempest-SnapshotsActionsTest-382202377 tempest-SnapshotsActionsTest-382202377-project-admin] Action: 'action', calling method: _reset_status, body: {"os-reset_status": {"status": "creating"}} {{(pid=98600) _process_stack /opt/stack/cinder/cinder/api/openstack/wsgi.py:864}}
Jun 16 14:52:56.670587 dv-cinder-780933-6-iscsi devstack@c-api.service[98600]: DEBUG cinder.api.contrib.admin_actions [None req-cd00bbc3-5d5d-42a9-a61e-0cba1fa29639 tempest-SnapshotsActionsTest-382202377 tempest-SnapshotsActionsTest-382202377-project-admin] Updating snapshot 'b4897841-0c61-4132-9630-1654968bdfc9' with '{'status': 'creating'}' {{(pid=98600) _reset_status /opt/stack/cinder/cinder/api/contrib/admin_actions.py:100}}
Jun 16 14:52:56.693304 dv-cinder-780933-6-iscsi devstack@c-api.service[98600]: /usr/local/lib/python3.8/dist-packages/oslo_context/context.py:105: DeprecationWarning: Policy enforcement is depending on the value of is_admin. This key is deprecated. Please update your policy file to use the standard policy values.
Jun 16 14:52:56.693304 dv-cinder-780933-6-iscsi devstack@c-api.service[98600]: warnings.warn('Policy enforcement is depending on the value of '
Jun 16 14:52:56.740365 dv-cinder-780933-6-iscsi devstack@c-api.service[98600]: INFO cinder.api.openstack.wsgi [None req-cd00bbc3-5d5d-42a9-a61e-0cba1fa29639 tempest-SnapshotsActionsTest-382202377 tempest-SnapshotsActionsTest-382202377-project-admin] http://10.222.0.115/volume/v3/55187e4476414a79be7840f3476555fb/snapshots/b4897841-0c61-4132-9630-1654968bdfc9/action returned with HTTP 202
Jun 16 14:52:56.744512 dv-cinder-780933-6-iscsi devstack@c-api.service[98600]: [pid: 98600|app: 0|req: 108/234] 10.222.0.115 () {60 vars in 1378 bytes} [Wed Jun 16 14:52:56 2021] POST /volume/v3/55187e4476414a79be7840f3476555fb/snapshots/b4897841-0c61-4132-9630-1654968bdfc9/action => generated 0 bytes in 84 msecs (HTTP/1.1 202) 7 headers in 289 bytes (1 switches on core 0)
Jun 16 14:52:56.751335 dv-cinder-780933-6-iscsi devstack@c-api.service[98599]: INFO cinder.api.openstack.wsgi [None req-e8889a8f-6d9f-4b1f-9216-57e59b7dbe50 tempest-SnapshotsActionsTest-434132483 tempest-SnapshotsActionsTest-434132483-project] GET http://10.222.0.115/volume/v3/b50cdf865ab94a97ab8089219deef660/snapshots/b4897841-0c61-4132-9630-1654968bdfc9
Jun 16 14:52:56.751851 dv-cinder-780933-6-iscsi devstack@c-api.service[98599]: DEBUG cinder.api.openstack.wsgi [None req-e8889a8f-6d9f-4b1f-9216-57e59b7dbe50 tempest-SnapshotsActionsTest-434132483 tempest-SnapshotsActionsTest-434132483-project] Empty body provided in request {{(pid=98599) get_body /opt/stack/cinder/cinder/api/openstack/wsgi.py:713}}
Jun 16 14:52:56.752058 dv-cinder-780933-6-iscsi devstack@c-api.service[98599]: /usr/local/lib/python3.8/dist-packages/webob/acceptparse.py:1047: DeprecationWarning: The behavior of AcceptValidHeader.best_match is currently being maintained for backward compatibility, but it will be deprecated in the future, as it does not conform to the RFC.
Jun 16 14:52:56.752058 dv-cinder-780933-6-iscsi devstack@c-api.service[98599]: warnings.warn(
Jun 16 14:52:56.752405 dv-cinder-780933-6-iscsi devstack@c-api.service[98599]: DEBUG cinder.api.openstack.wsgi [None req-e8889a8f-6d9f-4b1f-9216-57e59b7dbe50 tempest-SnapshotsActionsTest-434132483 tempest-SnapshotsActionsTest-434132483-project] Calling method 'show' {{(pid=98599) _process_stack /opt/stack/cinder/cinder/api/openstack/wsgi.py:866}}
Jun 16 14:52:56.764881 dv-cinder-780933-6-iscsi devstack@c-api.service[98599]: /usr/local/lib/python3.8/dist-packages/oslo_context/context.py:105: DeprecationWarning: Policy enforcement is depending on the value of is_admin. This key is deprecated. Please update your policy file to use the standard policy values.
Jun 16 14:52:56.764881 dv-cinder-780933-6-iscsi devstack@c-api.service[98599]: warnings.warn('Policy enforcement is depending on the value of '
Jun 16 14:52:56.765969 dv-cinder-780933-6-iscsi devstack@c-api.service[98599]: INFO cinder.volume.api [None req-e8889a8f-6d9f-4b1f-9216-57e59b7dbe50 tempest-SnapshotsActionsTest-434132483 tempest-SnapshotsActionsTest-434132483-project] Snapshot retrieved successfully.
Jun 16 14:52:56.768549 dv-cinder-780933-6-iscsi devstack@c-api.service[98599]: INFO cinder.api.openstack.wsgi [None req-e8889a8f-6d9f-4b1f-9216-57e59b7dbe50 tempest-SnapshotsActionsTest-434132483 tempest-SnapshotsActionsTest-434132483-project] http://10.222.0.115/volume/v3/b50cdf865ab94a97ab8089219deef660/snapshots/b4897841-0c61-4132-9630-1654968bdfc9 returned with HTTP 200
Jun 16 14:52:56.777692 dv-cinder-780933-6-iscsi devstack@c-api.service[98599]: [pid: 98599|app: 0|req: 127/235] 10.222.0.115 () {58 vars in 1336 bytes} [Wed Jun 16 14:52:56 2021] GET /volume/v3/b50cdf865ab94a97ab8089219deef660/snapshots/b4897841-0c61-4132-9630-1654968bdfc9 => generated 464 bytes in 26 msecs (HTTP/1.1 200) 7 headers in 285 bytes (1 switches on core 0)
Jun 16 14:52:56.787403 dv-cinder-780933-6-iscsi devstack@c-api.service[98600]: INFO cinder.api.openstack.wsgi [None req-59fb90c3-a2fc-485d-a67a-7d03200aaccb tempest-SnapshotsActionsTest-434132483 tempest-SnapshotsActionsTest-434132483-project] POST http://10.222.0.115/volume/v3/b50cdf865ab94a97ab8089219deef660/snapshots/b4897841-0c61-4132-9630-1654968bdfc9/action
Jun 16 14:52:56.787875 dv-cinder-780933-6-iscsi devstack@c-api.service[98600]: /usr/local/lib/python3.8/dist-packages/webob/acceptparse.py:1047: DeprecationWarning: The behavior of AcceptValidHeader.best_match is currently being maintained for backward compatibility, but it will be deprecated in the future, as it does not conform to the RFC.
Jun 16 14:52:56.787875 dv-cinder-780933-6-iscsi devstack@c-api.service[98600]: warnings.warn(
Jun 16 14:52:56.788334 dv-cinder-780933-6-iscsi devstack@c-api.service[98600]: DEBUG cinder.api.openstack.wsgi [None req-59fb90c3-a2fc-485d-a67a-7d03200aaccb tempest-SnapshotsActionsTest-434132483 tempest-SnapshotsActionsTest-434132483-project] Action body: b'{"os-update_snapshot_status": {"status": "error", "progress": "80%"}}' {{(pid=98600) get_method /opt/stack/cinder/cinder/api/openstack/wsgi.py:981}}
Jun 16 14:52:56.788546 dv-cinder-780933-6-iscsi devstack@c-api.service[98600]: DEBUG cinder.api.openstack.wsgi [None req-59fb90c3-a2fc-485d-a67a-7d03200aaccb tempest-SnapshotsActionsTest-434132483 tempest-SnapshotsActionsTest-434132483-project] Action: 'action', calling method: _update_snapshot_status, body: {"os-update_snapshot_status": {"status": "error", "progress": "80%"}} {{(pid=98600) _process_stack /opt/stack/cinder/cinder/api/openstack/wsgi.py:864}}
Jun 16 14:52:56.789374 dv-cinder-780933-6-iscsi devstack@c-api.service[98600]: DEBUG cinder.api.contrib.snapshot_actions [None req-59fb90c3-a2fc-485d-a67a-7d03200aaccb tempest-SnapshotsActionsTest-434132483 tempest-SnapshotsActionsTest-434132483-project] body: {'os-update_snapshot_status': {'status': 'error', 'progress': '80%'}} {{(pid=98600) _update_snapshot_status /opt/stack/cinder/cinder/api/contrib/snapshot_actions.py:46}}
Jun 16 14:52:56.804716 dv-cinder-780933-6-iscsi devstack@c-api.service[98600]: /usr/local/lib/python3.8/dist-packages/oslo_context/context.py:105: DeprecationWarning: Policy enforcement is depending on the value of is_admin. This key is deprecated. Please update your policy file to use the standard policy values.
Jun 16 14:52:56.804716 dv-cinder-780933-6-iscsi devstack@c-api.service[98600]: warnings.warn('Policy enforcement is depending on the value of '
Jun 16 14:52:56.805384 dv-cinder-780933-6-iscsi devstack@c-api.service[98600]: INFO cinder.api.contrib.snapshot_actions [None req-59fb90c3-a2fc-485d-a67a-7d03200aaccb tempest-SnapshotsActionsTest-434132483 tempest-SnapshotsActionsTest-434132483-project] Updating snapshot b4897841-0c61-4132-9630-1654968bdfc9 with info {'id': 'b4897841-0c61-4132-9630-1654968bdfc9', 'status': 'error', 'progress': '80%'}
Jun 16 14:52:56.830371 dv-cinder-780933-6-iscsi devstack@c-api.service[98600]: INFO cinder.api.openstack.wsgi [None req-59fb90c3-a2fc-485d-a67a-7d03200aaccb tempest-SnapshotsActionsTest-434132483 tempest-SnapshotsActionsTest-434132483-project] http://10.222.0.115/volume/v3/b50cdf865ab94a97ab8089219deef660/snapshots/b4897841-0c61-4132-9630-1654968bdfc9/action returned with HTTP 202
Jun 16 14:52:56.834550 dv-cinder-780933-6-iscsi devstack@c-api.service[98600]: [pid: 98600|app: 0|req: 109/236] 10.222.0.115 () {60 vars in 1378 bytes} [Wed Jun 16 14:52:56 2021] POST /volume/v3/b50cdf865ab94a97ab8089219deef660/snapshots/b4897841-0c61-4132-9630-1654968bdfc9/action => generated 0 bytes in 53 msecs (HTTP/1.1 202) 6 headers in 233 bytes (1 switches on core 0)
Jun 16 14:52:56.840061 dv-cinder-780933-6-iscsi devstack@c-api.service[98599]: INFO cinder.api.openstack.wsgi [None req-d8c3a03d-a682-4939-aa4e-255e395ddfd0 tempest-SnapshotsActionsTest-382202377 tempest-SnapshotsActionsTest-382202377-project-admin] GET http://10.222.0.115/volume/v3/55187e4476414a79be7840f3476555fb/snapshots/b4897841-0c61-4132-9630-1654968bdfc9
Jun 16 14:52:56.840541 dv-cinder-780933-6-iscsi devstack@c-api.service[98599]: DEBUG cinder.api.openstack.wsgi [None req-d8c3a03d-a682-4939-aa4e-255e395ddfd0 tempest-SnapshotsActionsTest-382202377 tempest-SnapshotsActionsTest-382202377-project-admin] Empty body provided in request {{(pid=98599) get_body /opt/stack/cinder/cinder/api/openstack/wsgi.py:713}}
Jun 16 14:52:56.840726 dv-cinder-780933-6-iscsi devstack@c-api.service[98599]: /usr/local/lib/python3.8/dist-packages/webob/acceptparse.py:1047: DeprecationWarning: The behavior of AcceptValidHeader.best_match is currently being maintained for backward compatibility, but it will be deprecated in the future, as it does not conform to the RFC.
Jun 16 14:52:56.840726 dv-cinder-780933-6-iscsi devstack@c-api.service[98599]: warnings.warn(
Jun 16 14:52:56.841052 dv-cinder-780933-6-iscsi devstack@c-api.service[98599]: DEBUG cinder.api.openstack.wsgi [None req-d8c3a03d-a682-4939-aa4e-255e395ddfd0 tempest-SnapshotsActionsTest-382202377 tempest-SnapshotsActionsTest-382202377-project-admin] Calling method 'show' {{(pid=98599) _process_stack /opt/stack/cinder/cinder/api/openstack/wsgi.py:866}}
Jun 16 14:52:56.852867 dv-cinder-780933-6-iscsi devstack@c-api.service[98599]: /usr/local/lib/python3.8/dist-packages/oslo_context/context.py:105: DeprecationWarning: Policy enforcement is depending on the value of is_admin. This key is deprecated. Please update your policy file to use the standard policy values.
Jun 16 14:52:56.852867 dv-cinder-780933-6-iscsi devstack@c-api.service[98599]: warnings.warn('Policy enforcement is depending on the value of '
Jun 16 14:52:56.853723 dv-cinder-780933-6-iscsi devstack@c-api.service[98599]: INFO cinder.volume.api [None req-d8c3a03d-a682-4939-aa4e-255e395ddfd0 tempest-SnapshotsActionsTest-382202377 tempest-SnapshotsActionsTest-382202377-project-admin] Snapshot retrieved successfully.
Jun 16 14:52:56.855602 dv-cinder-780933-6-iscsi devstack@c-api.service[98599]: INFO cinder.api.openstack.wsgi [None req-d8c3a03d-a682-4939-aa4e-255e395ddfd0 tempest-SnapshotsActionsTest-382202377 tempest-SnapshotsActionsTest-382202377-project-admin] http://10.222.0.115/volume/v3/55187e4476414a79be7840f3476555fb/snapshots/b4897841-0c61-4132-9630-1654968bdfc9 returned with HTTP 200
Jun 16 14:52:56.856579 dv-cinder-780933-6-iscsi devstack@c-api.service[98599]: [pid: 98599|app: 0|req: 128/237] 10.222.0.115 () {58 vars in 1336 bytes} [Wed Jun 16 14:52:56 2021] GET /volume/v3/55187e4476414a79be7840f3476555fb/snapshots/b4897841-0c61-4132-9630-1654968bdfc9 => generated 460 bytes in 21 msecs (HTTP/1.1 200) 7 headers in 285 bytes (1 switches on core 0)
Jun 16 14:52:56.868730 dv-cinder-780933-6-iscsi devstack@c-api.service[98600]: INFO cinder.api.openstack.wsgi [None req-ec9a9826-c547-4498-9c06-e4cc8fedaa4b tempest-SnapshotsActionsTest-382202377 tempest-SnapshotsActionsTest-382202377-project-admin] POST http://10.222.0.115/volume/v3/55187e4476414a79be7840f3476555fb/snapshots/b4897841-0c61-4132-9630-1654968bdfc9/action
Jun 16 14:52:56.869934 dv-cinder-780933-6-iscsi devstack@c-api.service[98600]: /usr/local/lib/python3.8/dist-packages/webob/acceptparse.py:1047: DeprecationWarning: The behavior of AcceptValidHeader.best_match is currently being maintained for backward compatibility, but it will be deprecated in the future, as it does not conform to the RFC.
Jun 16 14:52:56.869934 dv-cinder-780933-6-iscsi devstack@c-api.service[98600]: warnings.warn(
Jun 16 14:52:56.870602 dv-cinder-780933-6-iscsi devstack@c-api.service[98600]: DEBUG cinder.api.openstack.wsgi [None req-ec9a9826-c547-4498-9c06-e4cc8fedaa4b tempest-SnapshotsActionsTest-382202377 tempest-SnapshotsActionsTest-382202377-project-admin] Action body: b'{"os-reset_status": {"status": "available"}}' {{(pid=98600) get_method /opt/stack/cinder/cinder/api/openstack/wsgi.py:981}}
Jun 16 14:52:56.871224 dv-cinder-780933-6-iscsi devstack@c-api.service[98600]: DEBUG cinder.api.openstack.wsgi [None req-ec9a9826-c547-4498-9c06-e4cc8fedaa4b tempest-SnapshotsActionsTest-382202377 tempest-SnapshotsActionsTest-382202377-project-admin] Action: 'action', calling method: _reset_status, body: {"os-reset_status": {"status": "available"}} {{(pid=98600) _process_stack /opt/stack/cinder/cinder/api/openstack/wsgi.py:864}}
Jun 16 14:52:56.872167 dv-cinder-780933-6-iscsi devstack@c-api.service[98600]: DEBUG cinder.api.contrib.admin_actions [None req-ec9a9826-c547-4498-9c06-e4cc8fedaa4b tempest-SnapshotsActionsTest-382202377 tempest-SnapshotsActionsTest-382202377-project-admin] Updating snapshot 'b4897841-0c61-4132-9630-1654968bdfc9' with '{'status': 'available'}' {{(pid=98600) _reset_status /opt/stack/cinder/cinder/api/contrib/admin_actions.py:100}}
Jun 16 14:52:56.897133 dv-cinder-780933-6-iscsi devstack@c-api.service[98600]: /usr/local/lib/python3.8/dist-packages/oslo_context/context.py:105: DeprecationWarning: Policy enforcement is depending on the value of is_admin. This key is deprecated. Please update your policy file to use the standard policy values.
Jun 16 14:52:56.897133 dv-cinder-780933-6-iscsi devstack@c-api.service[98600]: warnings.warn('Policy enforcement is depending on the value of '
Jun 16 14:52:56.944592 dv-cinder-780933-6-iscsi devstack@c-api.service[98600]: INFO cinder.api.openstack.wsgi [None req-ec9a9826-c547-4498-9c06-e4cc8fedaa4b tempest-SnapshotsActionsTest-382202377 tempest-SnapshotsActionsTest-382202377-project-admin] http://10.222.0.115/volume/v3/55187e4476414a79be7840f3476555fb/snapshots/b4897841-0c61-4132-9630-1654968bdfc9/action returned with HTTP 202
Jun 16 14:52:56.945472 dv-cinder-780933-6-iscsi devstack@c-api.service[98600]: [pid: 98600|app: 0|req: 110/238] 10.222.0.115 () {60 vars in 1378 bytes} [Wed Jun 16 14:52:56 2021] POST /volume/v3/55187e4476414a79be7840f3476555fb/snapshots/b4897841-0c61-4132-9630-1654968bdfc9/action => generated 0 bytes in 82 msecs (HTTP/1.1 202) 7 headers in 289 bytes (2 switches on core 0)
Jun 16 14:52:56.952850 dv-cinder-780933-6-iscsi devstack@c-api.service[98599]: INFO cinder.api.openstack.wsgi [None req-29f66320-3006-4fac-84b0-2ee852d8bd3a tempest-SnapshotsActionsTest-434132483 tempest-SnapshotsActionsTest-434132483-project] GET http://10.222.0.115/volume/v3/b50cdf865ab94a97ab8089219deef660/snapshots/b4897841-0c61-4132-9630-1654968bdfc9
Jun 16 14:52:56.953620 dv-cinder-780933-6-iscsi devstack@c-api.service[98599]: DEBUG cinder.api.openstack.wsgi [None req-29f66320-3006-4fac-84b0-2ee852d8bd3a tempest-SnapshotsActionsTest-434132483 tempest-SnapshotsActionsTest-434132483-project] Empty body provided in request {{(pid=98599) get_body /opt/stack/cinder/cinder/api/openstack/wsgi.py:713}}
