Aug 10 15:12:36.849155 dv-cinder-780933-14-smb devstack@g-api.service[101513]: DEBUG glance.api.middleware.version_negotiation [None req-b4d89db4-38ad-4f7e-9ad0-04058a5c3844 tempest-AttachVolumeShelveTestJSON-564105511 tempest-AttachVolumeShelveTestJSON-564105511-project] Matched version: v2 {{(pid=101513) process_request /opt/stack/glance/glance/api/middleware/version_negotiation.py:69}}
Aug 10 15:12:36.849757 dv-cinder-780933-14-smb devstack@g-api.service[101513]: DEBUG glance.api.middleware.version_negotiation [None req-b4d89db4-38ad-4f7e-9ad0-04058a5c3844 tempest-AttachVolumeShelveTestJSON-564105511 tempest-AttachVolumeShelveTestJSON-564105511-project] new path /v2/images/4fa60778-ea54-4547-801b-1c3824e0fd2f {{(pid=101513) process_request /opt/stack/glance/glance/api/middleware/version_negotiation.py:70}}
Aug 10 15:12:36.874494 dv-cinder-780933-14-smb devstack@g-api.service[101513]: [pid: 101513|app: 0|req: 56/120] 127.0.0.1 () {40 vars in 855 bytes} [Tue Aug 10 15:12:36 2021] GET /v2/images/4fa60778-ea54-4547-801b-1c3824e0fd2f => generated 1191 bytes in 27 msecs (HTTP/1.1 200) 4 headers in 158 bytes (1 switches on core 0)
Aug 10 15:12:36.885079 dv-cinder-780933-14-smb devstack@g-api.service[101515]: DEBUG glance.api.middleware.version_negotiation [None req-b4d89db4-38ad-4f7e-9ad0-04058a5c3844 tempest-AttachVolumeShelveTestJSON-564105511 tempest-AttachVolumeShelveTestJSON-564105511-project] Determining version of request: PUT /v2/images/4fa60778-ea54-4547-801b-1c3824e0fd2f/file Accept: */* {{(pid=101515) process_request /opt/stack/glance/glance/api/middleware/version_negotiation.py:44}}
Aug 10 15:12:36.886853 dv-cinder-780933-14-smb devstack@g-api.service[101515]: DEBUG glance.api.middleware.version_negotiation [None req-b4d89db4-38ad-4f7e-9ad0-04058a5c3844 tempest-AttachVolumeShelveTestJSON-564105511 tempest-AttachVolumeShelveTestJSON-564105511-project] Using url versioning {{(pid=101515) process_request /opt/stack/glance/glance/api/middleware/version_negotiation.py:57}}
Aug 10 15:12:36.888381 dv-cinder-780933-14-smb devstack@g-api.service[101515]: DEBUG glance.api.middleware.version_negotiation [None req-b4d89db4-38ad-4f7e-9ad0-04058a5c3844 tempest-AttachVolumeShelveTestJSON-564105511 tempest-AttachVolumeShelveTestJSON-564105511-project] Matched version: v2 {{(pid=101515) process_request /opt/stack/glance/glance/api/middleware/version_negotiation.py:69}}
Aug 10 15:12:36.889146 dv-cinder-780933-14-smb devstack@g-api.service[101515]: DEBUG glance.api.middleware.version_negotiation [None req-b4d89db4-38ad-4f7e-9ad0-04058a5c3844 tempest-AttachVolumeShelveTestJSON-564105511 tempest-AttachVolumeShelveTestJSON-564105511-project] new path /v2/images/4fa60778-ea54-4547-801b-1c3824e0fd2f/file {{(pid=101515) process_request /opt/stack/glance/glance/api/middleware/version_negotiation.py:70}}
Aug 10 15:12:36.959062 dv-cinder-780933-14-smb devstack@g-api.service[101515]: INFO glance.api.v2.image_data [None req-b4d89db4-38ad-4f7e-9ad0-04058a5c3844 tempest-AttachVolumeShelveTestJSON-564105511 tempest-AttachVolumeShelveTestJSON-564105511-project] Unable to create trust: no such option collect_timing in group [keystone_authtoken] Use the existing user token.
Aug 10 15:12:36.975138 dv-cinder-780933-14-smb devstack@g-api.service[101513]: DEBUG glance.api.middleware.version_negotiation [None req-b4d89db4-38ad-4f7e-9ad0-04058a5c3844 tempest-AttachVolumeShelveTestJSON-564105511 tempest-AttachVolumeShelveTestJSON-564105511-project] Determining version of request: GET /v2/images/7fc06b13-9dad-494a-beaa-ba0682c451cb Accept: */* {{(pid=101513) process_request /opt/stack/glance/glance/api/middleware/version_negotiation.py:44}}
Aug 10 15:12:36.977426 dv-cinder-780933-14-smb devstack@g-api.service[101513]: DEBUG glance.api.middleware.version_negotiation [None req-b4d89db4-38ad-4f7e-9ad0-04058a5c3844 tempest-AttachVolumeShelveTestJSON-564105511 tempest-AttachVolumeShelveTestJSON-564105511-project] Using url versioning {{(pid=101513) process_request /opt/stack/glance/glance/api/middleware/version_negotiation.py:57}}
Aug 10 15:12:36.982966 dv-cinder-780933-14-smb devstack@g-api.service[101513]: DEBUG glance.api.middleware.version_negotiation [None req-b4d89db4-38ad-4f7e-9ad0-04058a5c3844 tempest-AttachVolumeShelveTestJSON-564105511 tempest-AttachVolumeShelveTestJSON-564105511-project] Matched version: v2 {{(pid=101513) process_request /opt/stack/glance/glance/api/middleware/version_negotiation.py:69}}
Aug 10 15:12:36.984695 dv-cinder-780933-14-smb devstack@g-api.service[101513]: DEBUG glance.api.middleware.version_negotiation [None req-b4d89db4-38ad-4f7e-9ad0-04058a5c3844 tempest-AttachVolumeShelveTestJSON-564105511 tempest-AttachVolumeShelveTestJSON-564105511-project] new path /v2/images/7fc06b13-9dad-494a-beaa-ba0682c451cb {{(pid=101513) process_request /opt/stack/glance/glance/api/middleware/version_negotiation.py:70}}
Aug 10 15:12:37.030828 dv-cinder-780933-14-smb devstack@g-api.service[101513]: [pid: 101513|app: 0|req: 57/121] 127.0.0.1 () {40 vars in 855 bytes} [Tue Aug 10 15:12:36 2021] GET /v2/images/7fc06b13-9dad-494a-beaa-ba0682c451cb => generated 946 bytes in 60 msecs (HTTP/1.1 200) 4 headers in 157 bytes (1 switches on core 0)
Aug 10 15:12:37.038436 dv-cinder-780933-14-smb devstack@g-api.service[101515]: DEBUG glance.location [None req-b4d89db4-38ad-4f7e-9ad0-04058a5c3844 tempest-AttachVolumeShelveTestJSON-564105511 tempest-AttachVolumeShelveTestJSON-564105511-project] Enabling in-flight format inspection for vhdx {{(pid=101515) set_data /opt/stack/glance/glance/location.py:572}}
Aug 10 15:12:37.040241 dv-cinder-780933-14-smb devstack@g-api.service[101513]: DEBUG glance.api.middleware.version_negotiation [None req-ac55966c-298a-43e7-aeca-222629239606 tempest-VolumesNegativeTest-1837761172 tempest-VolumesNegativeTest-1837761172-project] Determining version of request: GET /v2/schemas/image Accept: */* {{(pid=101513) process_request /opt/stack/glance/glance/api/middleware/version_negotiation.py:44}}
Aug 10 15:12:37.040946 dv-cinder-780933-14-smb devstack@g-api.service[101513]: DEBUG glance.api.middleware.version_negotiation [None req-ac55966c-298a-43e7-aeca-222629239606 tempest-VolumesNegativeTest-1837761172 tempest-VolumesNegativeTest-1837761172-project] Using url versioning {{(pid=101513) process_request /opt/stack/glance/glance/api/middleware/version_negotiation.py:57}}
Aug 10 15:12:37.041529 dv-cinder-780933-14-smb devstack@g-api.service[101513]: DEBUG glance.api.middleware.version_negotiation [None req-ac55966c-298a-43e7-aeca-222629239606 tempest-VolumesNegativeTest-1837761172 tempest-VolumesNegativeTest-1837761172-project] Matched version: v2 {{(pid=101513) process_request /opt/stack/glance/glance/api/middleware/version_negotiation.py:69}}
Aug 10 15:12:37.042628 dv-cinder-780933-14-smb devstack@g-api.service[101515]: DEBUG glance_store.backend [None req-b4d89db4-38ad-4f7e-9ad0-04058a5c3844 tempest-AttachVolumeShelveTestJSON-564105511 tempest-AttachVolumeShelveTestJSON-564105511-project] Attempting to import store swift {{(pid=101515) _load_store /usr/local/lib/python3.8/dist-packages/glance_store/backend.py:217}}
Aug 10 15:12:37.043053 dv-cinder-780933-14-smb devstack@g-api.service[101513]: DEBUG glance.api.middleware.version_negotiation [None req-ac55966c-298a-43e7-aeca-222629239606 tempest-VolumesNegativeTest-1837761172 tempest-VolumesNegativeTest-1837761172-project] new path /v2/schemas/image {{(pid=101513) process_request /opt/stack/glance/glance/api/middleware/version_negotiation.py:70}}
Aug 10 15:12:37.047332 dv-cinder-780933-14-smb devstack@g-api.service[101515]: DEBUG glance_store.capabilities [None req-b4d89db4-38ad-4f7e-9ad0-04058a5c3844 tempest-AttachVolumeShelveTestJSON-564105511 tempest-AttachVolumeShelveTestJSON-564105511-project] Store glance_store._drivers.swift.store.SingleTenantStore doesn't support updating dynamic storage capabilities. Please overwrite 'update_capabilities' method of the store to implement updating logics if needed. {{(pid=101515) update_capabilities /usr/local/lib/python3.8/dist-packages/glance_store/capabilities.py:91}}
Aug 10 15:12:37.047684 dv-cinder-780933-14-smb devstack@g-api.service[101515]: DEBUG glance_store.driver [None req-b4d89db4-38ad-4f7e-9ad0-04058a5c3844 tempest-AttachVolumeShelveTestJSON-564105511 tempest-AttachVolumeShelveTestJSON-564105511-project] Late loading location class glance_store._drivers.swift.store.StoreLocation {{(pid=101515) get_store_location_class /usr/local/lib/python3.8/dist-packages/glance_store/driver.py:117}}
Aug 10 15:12:37.048177 dv-cinder-780933-14-smb devstack@g-api.service[101515]: DEBUG glance_store.location [None req-b4d89db4-38ad-4f7e-9ad0-04058a5c3844 tempest-AttachVolumeShelveTestJSON-564105511 tempest-AttachVolumeShelveTestJSON-564105511-project] Registering scheme swift+https with {'store': , 'location_class': , 'store_entry': 'swift'} {{(pid=101515) register_scheme_map /usr/local/lib/python3.8/dist-packages/glance_store/location.py:146}}
Aug 10 15:12:37.048511 dv-cinder-780933-14-smb devstack@g-api.service[101515]: DEBUG glance_store.location [None req-b4d89db4-38ad-4f7e-9ad0-04058a5c3844 tempest-AttachVolumeShelveTestJSON-564105511 tempest-AttachVolumeShelveTestJSON-564105511-project] Registering scheme swift+https with {'store': , 'location_class': , 'store_entry': 'swift'} {{(pid=101515) register_scheme_map /usr/local/lib/python3.8/dist-packages/glance_store/location.py:146}}
Aug 10 15:12:37.049976 dv-cinder-780933-14-smb devstack@g-api.service[101515]: DEBUG glance_store.location [None req-b4d89db4-38ad-4f7e-9ad0-04058a5c3844 tempest-AttachVolumeShelveTestJSON-564105511 tempest-AttachVolumeShelveTestJSON-564105511-project] Registering scheme swift with {'store': , 'location_class': , 'store_entry': 'swift'} {{(pid=101515) register_scheme_map /usr/local/lib/python3.8/dist-packages/glance_store/location.py:146}}
Aug 10 15:12:37.051276 dv-cinder-780933-14-smb devstack@g-api.service[101515]: DEBUG glance_store.location [None req-b4d89db4-38ad-4f7e-9ad0-04058a5c3844 tempest-AttachVolumeShelveTestJSON-564105511 tempest-AttachVolumeShelveTestJSON-564105511-project] Registering scheme swift+https with {'store': , 'location_class': , 'store_entry': 'swift'} {{(pid=101515) register_scheme_map /usr/local/lib/python3.8/dist-packages/glance_store/location.py:146}}
Aug 10 15:12:37.051785 dv-cinder-780933-14-smb devstack@g-api.service[101515]: DEBUG glance_store.location [None req-b4d89db4-38ad-4f7e-9ad0-04058a5c3844 tempest-AttachVolumeShelveTestJSON-564105511 tempest-AttachVolumeShelveTestJSON-564105511-project] Registering scheme swift with {'store': , 'location_class': , 'store_entry': 'swift'} {{(pid=101515) register_scheme_map /usr/local/lib/python3.8/dist-packages/glance_store/location.py:146}}
Aug 10 15:12:37.052381 dv-cinder-780933-14-smb devstack@g-api.service[101515]: DEBUG glance_store.location [None req-b4d89db4-38ad-4f7e-9ad0-04058a5c3844 tempest-AttachVolumeShelveTestJSON-564105511 tempest-AttachVolumeShelveTestJSON-564105511-project] Registering scheme swift+http with {'store': , 'location_class': , 'store_entry': 'swift'} {{(pid=101515) register_scheme_map /usr/local/lib/python3.8/dist-packages/glance_store/location.py:146}}
Aug 10 15:12:37.052829 dv-cinder-780933-14-smb devstack@g-api.service[101515]: DEBUG glance_store.location [None req-b4d89db4-38ad-4f7e-9ad0-04058a5c3844 tempest-AttachVolumeShelveTestJSON-564105511 tempest-AttachVolumeShelveTestJSON-564105511-project] Registering scheme swift+https with {'store': , 'location_class': , 'store_entry': 'swift'} {{(pid=101515) register_scheme_map /usr/local/lib/python3.8/dist-packages/glance_store/location.py:146}}
Aug 10 15:12:37.053384 dv-cinder-780933-14-smb devstack@g-api.service[101515]: DEBUG glance_store.location [None req-b4d89db4-38ad-4f7e-9ad0-04058a5c3844 tempest-AttachVolumeShelveTestJSON-564105511 tempest-AttachVolumeShelveTestJSON-564105511-project] Registering scheme swift with {'store': , 'location_class': , 'store_entry': 'swift'} {{(pid=101515) register_scheme_map /usr/local/lib/python3.8/dist-packages/glance_store/location.py:146}}
Aug 10 15:12:37.053826 dv-cinder-780933-14-smb devstack@g-api.service[101515]: DEBUG glance_store.location [None req-b4d89db4-38ad-4f7e-9ad0-04058a5c3844 tempest-AttachVolumeShelveTestJSON-564105511 tempest-AttachVolumeShelveTestJSON-564105511-project] Registering scheme swift+http with {'store': , 'location_class': , 'store_entry': 'swift'} {{(pid=101515) register_scheme_map /usr/local/lib/python3.8/dist-packages/glance_store/location.py:146}}
Aug 10 15:12:37.054327 dv-cinder-780933-14-smb devstack@g-api.service[101515]: DEBUG glance_store.location [None req-b4d89db4-38ad-4f7e-9ad0-04058a5c3844 tempest-AttachVolumeShelveTestJSON-564105511 tempest-AttachVolumeShelveTestJSON-564105511-project] Registering scheme swift+config with {'store': , 'location_class': , 'store_entry': 'swift'} {{(pid=101515) register_scheme_map /usr/local/lib/python3.8/dist-packages/glance_store/location.py:146}}
Aug 10 15:12:37.055134 dv-cinder-780933-14-smb devstack@g-api.service[101513]: [pid: 101513|app: 0|req: 58/122] 127.0.0.1 () {40 vars in 795 bytes} [Tue Aug 10 15:12:37 2021] GET /v2/schemas/image => generated 6083 bytes in 16 msecs (HTTP/1.1 200) 4 headers in 158 bytes (1 switches on core 0)
Aug 10 15:12:37.459356 dv-cinder-780933-14-smb devstack@g-api.service[101515]: DEBUG swiftclient [None req-b4d89db4-38ad-4f7e-9ad0-04058a5c3844 tempest-AttachVolumeShelveTestJSON-564105511 tempest-AttachVolumeShelveTestJSON-564105511-project] REQ: curl -i http://10.222.0.53:8080/v1/AUTH_9b399e5a9a354d62a2bcc52cf1380f19/glance -I -H "X-Auth-Token: gAAAAABhEpdl0tJl..." {{(pid=101515) http_log /usr/local/lib/python3.8/dist-packages/swiftclient/client.py:187}}
Aug 10 15:12:37.459795 dv-cinder-780933-14-smb devstack@g-api.service[101515]: DEBUG swiftclient [None req-b4d89db4-38ad-4f7e-9ad0-04058a5c3844 tempest-AttachVolumeShelveTestJSON-564105511 tempest-AttachVolumeShelveTestJSON-564105511-project] RESP STATUS: 204 No Content {{(pid=101515) http_log /usr/local/lib/python3.8/dist-packages/swiftclient/client.py:188}}
Aug 10 15:12:37.460386 dv-cinder-780933-14-smb devstack@g-api.service[101515]: DEBUG swiftclient [None req-b4d89db4-38ad-4f7e-9ad0-04058a5c3844 tempest-AttachVolumeShelveTestJSON-564105511 tempest-AttachVolumeShelveTestJSON-564105511-project] RESP HEADERS: {'Content-Type': 'text/plain; charset=utf-8', 'X-Container-Object-Count': '1', 'X-Container-Bytes-Used': '645922816', 'X-Timestamp': '1628607845.13513', 'Last-Modified': 'Tue, 10 Aug 2021 15:04:06 GMT', 'Accept-Ranges': 'bytes', 'X-Storage-Policy': 'Policy-0', 'X-Container-Sharding': 'False', 'Vary': 'Accept', 'Content-Length': '0', 'X-Trans-Id': 'tx9b8e011ce9aa4aee8884c-0061129765', 'X-Openstack-Request-Id': 'tx9b8e011ce9aa4aee8884c-0061129765', 'Date': 'Tue, 10 Aug 2021 15:12:37 GMT'} {{(pid=101515) http_log /usr/local/lib/python3.8/dist-packages/swiftclient/client.py:189}}
Aug 10 15:12:37.460942 dv-cinder-780933-14-smb devstack@g-api.service[101515]: DEBUG glance_store._drivers.swift.store [None req-b4d89db4-38ad-4f7e-9ad0-04058a5c3844 tempest-AttachVolumeShelveTestJSON-564105511 tempest-AttachVolumeShelveTestJSON-564105511-project] Adding image object '4fa60778-ea54-4547-801b-1c3824e0fd2f' to Swift {{(pid=101515) add /usr/local/lib/python3.8/dist-packages/glance_store/_drivers/swift/store.py:945}}
Aug 10 15:12:37.461350 dv-cinder-780933-14-smb devstack@g-api.service[101515]: DEBUG glance_store._drivers.swift.store [None req-b4d89db4-38ad-4f7e-9ad0-04058a5c3844 tempest-AttachVolumeShelveTestJSON-564105511 tempest-AttachVolumeShelveTestJSON-564105511-project] Cannot determine image size because it is either not provided in the request or chunked-transfer encoding is used. Adding image as a segmented object to Swift. {{(pid=101515) add /usr/local/lib/python3.8/dist-packages/glance_store/_drivers/swift/store.py:969}}
Aug 10 15:12:42.982085 dv-cinder-780933-14-smb devstack@g-api.service[101515]: DEBUG swiftclient [None req-b4d89db4-38ad-4f7e-9ad0-04058a5c3844 tempest-AttachVolumeShelveTestJSON-564105511 tempest-AttachVolumeShelveTestJSON-564105511-project] REQ: curl -i http://10.222.0.53:8080/v1/AUTH_9b399e5a9a354d62a2bcc52cf1380f19/glance/4fa60778-ea54-4547-801b-1c3824e0fd2f-00001 -X PUT -H "X-Auth-Token: gAAAAABhEpdl0tJl..." {{(pid=101515) http_log /usr/local/lib/python3.8/dist-packages/swiftclient/client.py:187}}
Aug 10 15:12:42.982868 dv-cinder-780933-14-smb devstack@g-api.service[101515]: DEBUG swiftclient [None req-b4d89db4-38ad-4f7e-9ad0-04058a5c3844 tempest-AttachVolumeShelveTestJSON-564105511 tempest-AttachVolumeShelveTestJSON-564105511-project] RESP STATUS: 201 Created {{(pid=101515) http_log /usr/local/lib/python3.8/dist-packages/swiftclient/client.py:188}}
Aug 10 15:12:42.982868 dv-cinder-780933-14-smb devstack@g-api.service[101515]: DEBUG swiftclient [None req-b4d89db4-38ad-4f7e-9ad0-04058a5c3844 tempest-AttachVolumeShelveTestJSON-564105511 tempest-AttachVolumeShelveTestJSON-564105511-project] RESP HEADERS: {'Content-Type': 'text/html; charset=UTF-8', 'Content-Length': '0', 'Etag': '5f3d25a2a4e2167a55c22ddc74ecefc7', 'Last-Modified': 'Tue, 10 Aug 2021 15:12:38 GMT', 'X-Trans-Id': 'txea75cdb542c64e0ca821a-0061129765', 'X-Openstack-Request-Id': 'txea75cdb542c64e0ca821a-0061129765', 'Date': 'Tue, 10 Aug 2021 15:12:42 GMT'} {{(pid=101515) http_log /usr/local/lib/python3.8/dist-packages/swiftclient/client.py:189}}
Aug 10 15:12:42.983283 dv-cinder-780933-14-smb devstack@g-api.service[101515]: DEBUG glance_store._drivers.swift.store [None req-b4d89db4-38ad-4f7e-9ad0-04058a5c3844 tempest-AttachVolumeShelveTestJSON-564105511 tempest-AttachVolumeShelveTestJSON-564105511-project] Wrote chunk 4fa60778-ea54-4547-801b-1c3824e0fd2f-00001 (1/?) of length 204800000 to Swift returning MD5 of content: 5f3d25a2a4e2167a55c22ddc74ecefc7 {{(pid=101515) add /usr/local/lib/python3.8/dist-packages/glance_store/_drivers/swift/store.py:1029}}
Aug 10 15:12:48.260322 dv-cinder-780933-14-smb devstack@g-api.service[101515]: DEBUG swiftclient [None req-b4d89db4-38ad-4f7e-9ad0-04058a5c3844 tempest-AttachVolumeShelveTestJSON-564105511 tempest-AttachVolumeShelveTestJSON-564105511-project] REQ: curl -i http://10.222.0.53:8080/v1/AUTH_9b399e5a9a354d62a2bcc52cf1380f19/glance/4fa60778-ea54-4547-801b-1c3824e0fd2f-00002 -X PUT -H "X-Auth-Token: gAAAAABhEpdl0tJl..." {{(pid=101515) http_log /usr/local/lib/python3.8/dist-packages/swiftclient/client.py:187}}
Aug 10 15:12:48.261497 dv-cinder-780933-14-smb devstack@g-api.service[101515]: DEBUG swiftclient [None req-b4d89db4-38ad-4f7e-9ad0-04058a5c3844 tempest-AttachVolumeShelveTestJSON-564105511 tempest-AttachVolumeShelveTestJSON-564105511-project] RESP STATUS: 201 Created {{(pid=101515) http_log /usr/local/lib/python3.8/dist-packages/swiftclient/client.py:188}}
Aug 10 15:12:48.262213 dv-cinder-780933-14-smb devstack@g-api.service[101515]: DEBUG swiftclient [None req-b4d89db4-38ad-4f7e-9ad0-04058a5c3844 tempest-AttachVolumeShelveTestJSON-564105511 tempest-AttachVolumeShelveTestJSON-564105511-project] RESP HEADERS: {'Content-Type': 'text/html; charset=UTF-8', 'Content-Length': '0', 'Etag': '1143d7a7cec9c834d74ecee05b899535', 'Last-Modified': 'Tue, 10 Aug 2021 15:12:43 GMT', 'X-Trans-Id': 'txc537f602c63447459bf9d-006112976a', 'X-Openstack-Request-Id': 'txc537f602c63447459bf9d-006112976a', 'Date': 'Tue, 10 Aug 2021 15:12:48 GMT'} {{(pid=101515) http_log /usr/local/lib/python3.8/dist-packages/swiftclient/client.py:189}}
Aug 10 15:12:48.263082 dv-cinder-780933-14-smb devstack@g-api.service[101515]: DEBUG glance_store._drivers.swift.store [None req-b4d89db4-38ad-4f7e-9ad0-04058a5c3844 tempest-AttachVolumeShelveTestJSON-564105511 tempest-AttachVolumeShelveTestJSON-564105511-project] Wrote chunk 4fa60778-ea54-4547-801b-1c3824e0fd2f-00002 (2/?) of length 204800000 to Swift returning MD5 of content: 1143d7a7cec9c834d74ecee05b899535 {{(pid=101515) add /usr/local/lib/python3.8/dist-packages/glance_store/_drivers/swift/store.py:1029}}
Aug 10 15:12:49.898737 dv-cinder-780933-14-smb devstack@g-api.service[101513]: DEBUG glance.api.middleware.version_negotiation [None req-ac55966c-298a-43e7-aeca-222629239606 tempest-VolumesNegativeTest-1837761172 tempest-VolumesNegativeTest-1837761172-project] Determining version of request: GET /v2/images/7fc06b13-9dad-494a-beaa-ba0682c451cb Accept: */* {{(pid=101513) process_request /opt/stack/glance/glance/api/middleware/version_negotiation.py:44}}
Aug 10 15:12:49.899638 dv-cinder-780933-14-smb devstack@g-api.service[101513]: DEBUG glance.api.middleware.version_negotiation [None req-ac55966c-298a-43e7-aeca-222629239606 tempest-VolumesNegativeTest-1837761172 tempest-VolumesNegativeTest-1837761172-project] Using url versioning {{(pid=101513) process_request /opt/stack/glance/glance/api/middleware/version_negotiation.py:57}}
Aug 10 15:12:49.901064 dv-cinder-780933-14-smb devstack@g-api.service[101513]: DEBUG glance.api.middleware.version_negotiation [None req-ac55966c-298a-43e7-aeca-222629239606 tempest-VolumesNegativeTest-1837761172 tempest-VolumesNegativeTest-1837761172-project] Matched version: v2 {{(pid=101513) process_request /opt/stack/glance/glance/api/middleware/version_negotiation.py:69}}
Aug 10 15:12:49.902479 dv-cinder-780933-14-smb devstack@g-api.service[101513]: DEBUG glance.api.middleware.version_negotiation [None req-ac55966c-298a-43e7-aeca-222629239606 tempest-VolumesNegativeTest-1837761172 tempest-VolumesNegativeTest-1837761172-project] new path /v2/images/7fc06b13-9dad-494a-beaa-ba0682c451cb {{(pid=101513) process_request /opt/stack/glance/glance/api/middleware/version_negotiation.py:70}}
Aug 10 15:12:49.973789 dv-cinder-780933-14-smb devstack@g-api.service[101513]: [pid: 101513|app: 0|req: 59/123] 127.0.0.1 () {40 vars in 855 bytes} [Tue Aug 10 15:12:49 2021] GET /v2/images/7fc06b13-9dad-494a-beaa-ba0682c451cb => generated 946 bytes in 76 msecs (HTTP/1.1 200) 4 headers in 157 bytes (1 switches on core 0)
Aug 10 15:12:49.982317 dv-cinder-780933-14-smb devstack@g-api.service[101513]: DEBUG glance.api.middleware.version_negotiation [None req-55ec41b4-8c64-46ed-a563-ab8900e48b41 tempest-ServerRescueNegativeTestJSON-19522757 tempest-ServerRescueNegativeTestJSON-19522757-project] Determining version of request: GET /v2/schemas/image Accept: */* {{(pid=101513) process_request /opt/stack/glance/glance/api/middleware/version_negotiation.py:44}}
Aug 10 15:12:49.983251 dv-cinder-780933-14-smb devstack@g-api.service[101513]: DEBUG glance.api.middleware.version_negotiation [None req-55ec41b4-8c64-46ed-a563-ab8900e48b41 tempest-ServerRescueNegativeTestJSON-19522757 tempest-ServerRescueNegativeTestJSON-19522757-project] Using url versioning {{(pid=101513) process_request /opt/stack/glance/glance/api/middleware/version_negotiation.py:57}}
Aug 10 15:12:49.984634 dv-cinder-780933-14-smb devstack@g-api.service[101513]: DEBUG glance.api.middleware.version_negotiation [None req-55ec41b4-8c64-46ed-a563-ab8900e48b41 tempest-ServerRescueNegativeTestJSON-19522757 tempest-ServerRescueNegativeTestJSON-19522757-project] Matched version: v2 {{(pid=101513) process_request /opt/stack/glance/glance/api/middleware/version_negotiation.py:69}}
Aug 10 15:12:49.986509 dv-cinder-780933-14-smb devstack@g-api.service[101513]: DEBUG glance.api.middleware.version_negotiation [None req-55ec41b4-8c64-46ed-a563-ab8900e48b41 tempest-ServerRescueNegativeTestJSON-19522757 tempest-ServerRescueNegativeTestJSON-19522757-project] new path /v2/schemas/image {{(pid=101513) process_request /opt/stack/glance/glance/api/middleware/version_negotiation.py:70}}
Aug 10 15:12:50.015647 dv-cinder-780933-14-smb devstack@g-api.service[101513]: [pid: 101513|app: 0|req: 60/124] 127.0.0.1 () {40 vars in 795 bytes} [Tue Aug 10 15:12:49 2021] GET /v2/schemas/image => generated 6083 bytes in 35 msecs (HTTP/1.1 200) 4 headers in 158 bytes (1 switches on core 0)
Aug 10 15:12:54.724233 dv-cinder-780933-14-smb devstack@g-api.service[101515]: DEBUG swiftclient [None req-b4d89db4-38ad-4f7e-9ad0-04058a5c3844 tempest-AttachVolumeShelveTestJSON-564105511 tempest-AttachVolumeShelveTestJSON-564105511-project] REQ: curl -i http://10.222.0.53:8080/v1/AUTH_9b399e5a9a354d62a2bcc52cf1380f19/glance/4fa60778-ea54-4547-801b-1c3824e0fd2f-00003 -X PUT -H "X-Auth-Token: gAAAAABhEpdl0tJl..." {{(pid=101515) http_log /usr/local/lib/python3.8/dist-packages/swiftclient/client.py:187}}
Aug 10 15:12:54.725090 dv-cinder-780933-14-smb devstack@g-api.service[101515]: DEBUG swiftclient [None req-b4d89db4-38ad-4f7e-9ad0-04058a5c3844 tempest-AttachVolumeShelveTestJSON-564105511 tempest-AttachVolumeShelveTestJSON-564105511-project] RESP STATUS: 201 Created {{(pid=101515) http_log /usr/local/lib/python3.8/dist-packages/swiftclient/client.py:188}}
Aug 10 15:12:54.725667 dv-cinder-780933-14-smb devstack@g-api.service[101515]: DEBUG swiftclient [None req-b4d89db4-38ad-4f7e-9ad0-04058a5c3844 tempest-AttachVolumeShelveTestJSON-564105511 tempest-AttachVolumeShelveTestJSON-564105511-project] RESP HEADERS: {'Content-Type': 'text/html; charset=UTF-8', 'Content-Length': '0', 'Etag': '4fa89242142242f29cee836b412b6f72', 'Last-Modified': 'Tue, 10 Aug 2021 15:12:49 GMT', 'X-Trans-Id': 'txf34fa10ab3104316afe5d-0061129770', 'X-Openstack-Request-Id': 'txf34fa10ab3104316afe5d-0061129770', 'Date': 'Tue, 10 Aug 2021 15:12:54 GMT'} {{(pid=101515) http_log /usr/local/lib/python3.8/dist-packages/swiftclient/client.py:189}}
Aug 10 15:12:54.726698 dv-cinder-780933-14-smb devstack@g-api.service[101515]: DEBUG glance_store._drivers.swift.store [None req-b4d89db4-38ad-4f7e-9ad0-04058a5c3844 tempest-AttachVolumeShelveTestJSON-564105511 tempest-AttachVolumeShelveTestJSON-564105511-project] Wrote chunk 4fa60778-ea54-4547-801b-1c3824e0fd2f-00003 (3/?) of length 204800000 to Swift returning MD5 of content: 4fa89242142242f29cee836b412b6f72 {{(pid=101515) add /usr/local/lib/python3.8/dist-packages/glance_store/_drivers/swift/store.py:1029}}
Aug 10 15:12:56.478137 dv-cinder-780933-14-smb devstack@g-api.service[101515]: DEBUG swiftclient [None req-b4d89db4-38ad-4f7e-9ad0-04058a5c3844 tempest-AttachVolumeShelveTestJSON-564105511 tempest-AttachVolumeShelveTestJSON-564105511-project] REQ: curl -i http://10.222.0.53:8080/v1/AUTH_9b399e5a9a354d62a2bcc52cf1380f19/glance/4fa60778-ea54-4547-801b-1c3824e0fd2f-00004 -X PUT -H "X-Auth-Token: gAAAAABhEpdl0tJl..." {{(pid=101515) http_log /usr/local/lib/python3.8/dist-packages/swiftclient/client.py:187}}
Aug 10 15:12:56.479604 dv-cinder-780933-14-smb devstack@g-api.service[101515]: DEBUG swiftclient [None req-b4d89db4-38ad-4f7e-9ad0-04058a5c3844 tempest-AttachVolumeShelveTestJSON-564105511 tempest-AttachVolumeShelveTestJSON-564105511-project] RESP STATUS: 201 Created {{(pid=101515) http_log /usr/local/lib/python3.8/dist-packages/swiftclient/client.py:188}}
Aug 10 15:12:56.479604 dv-cinder-780933-14-smb devstack@g-api.service[101515]: DEBUG swiftclient [None req-b4d89db4-38ad-4f7e-9ad0-04058a5c3844 tempest-AttachVolumeShelveTestJSON-564105511 tempest-AttachVolumeShelveTestJSON-564105511-project] RESP HEADERS: {'Content-Type': 'text/html; charset=UTF-8', 'Content-Length': '0', 'Etag': '426c07b541fc5b36bb38f7ef226bbdae', 'Last-Modified': 'Tue, 10 Aug 2021 15:12:55 GMT', 'X-Trans-Id': 'tx7721ecc593b9452aa4ccb-0061129776', 'X-Openstack-Request-Id': 'tx7721ecc593b9452aa4ccb-0061129776', 'Date': 'Tue, 10 Aug 2021 15:12:56 GMT'} {{(pid=101515) http_log /usr/local/lib/python3.8/dist-packages/swiftclient/client.py:189}}
Aug 10 15:12:56.479604 dv-cinder-780933-14-smb devstack@g-api.service[101515]: DEBUG glance_store._drivers.swift.store [None req-b4d89db4-38ad-4f7e-9ad0-04058a5c3844 tempest-AttachVolumeShelveTestJSON-564105511 tempest-AttachVolumeShelveTestJSON-564105511-project] Wrote chunk 4fa60778-ea54-4547-801b-1c3824e0fd2f-00004 (4/?) of length 48300032 to Swift returning MD5 of content: 426c07b541fc5b36bb38f7ef226bbdae {{(pid=101515) add /usr/local/lib/python3.8/dist-packages/glance_store/_drivers/swift/store.py:1029}}
Aug 10 15:12:56.480024 dv-cinder-780933-14-smb devstack@g-api.service[101515]: DEBUG glance_store._drivers.swift.store [None req-b4d89db4-38ad-4f7e-9ad0-04058a5c3844 tempest-AttachVolumeShelveTestJSON-564105511 tempest-AttachVolumeShelveTestJSON-564105511-project] Not writing zero-length chunk. {{(pid=101515) add /usr/local/lib/python3.8/dist-packages/glance_store/_drivers/swift/store.py:998}}
Aug 10 15:12:56.545417 dv-cinder-780933-14-smb devstack@g-api.service[101513]: DEBUG glance.api.middleware.version_negotiation [None req-55ec41b4-8c64-46ed-a563-ab8900e48b41 tempest-ServerRescueNegativeTestJSON-19522757 tempest-ServerRescueNegativeTestJSON-19522757-project] Determining version of request: GET /v2/images/7fc06b13-9dad-494a-beaa-ba0682c451cb Accept: */* {{(pid=101513) process_request /opt/stack/glance/glance/api/middleware/version_negotiation.py:44}}
Aug 10 15:12:56.546371 dv-cinder-780933-14-smb devstack@g-api.service[101513]: DEBUG glance.api.middleware.version_negotiation [None req-55ec41b4-8c64-46ed-a563-ab8900e48b41 tempest-ServerRescueNegativeTestJSON-19522757 tempest-ServerRescueNegativeTestJSON-19522757-project] Using url versioning {{(pid=101513) process_request /opt/stack/glance/glance/api/middleware/version_negotiation.py:57}}
Aug 10 15:12:56.546537 dv-cinder-780933-14-smb devstack@g-api.service[101515]: DEBUG swiftclient [None req-b4d89db4-38ad-4f7e-9ad0-04058a5c3844 tempest-AttachVolumeShelveTestJSON-564105511 tempest-AttachVolumeShelveTestJSON-564105511-project] REQ: curl -i http://10.222.0.53:8080/v1/AUTH_9b399e5a9a354d62a2bcc52cf1380f19/glance/4fa60778-ea54-4547-801b-1c3824e0fd2f -X PUT -H "X-Object-Manifest: glance/4fa60778-ea54-4547-801b-1c3824e0fd2f-" -H "X-Auth-Token: gAAAAABhEpdl0tJl..." -H "Content-Length: 0" {{(pid=101515) http_log /usr/local/lib/python3.8/dist-packages/swiftclient/client.py:187}}
Aug 10 15:12:56.546710 dv-cinder-780933-14-smb devstack@g-api.service[101513]: DEBUG glance.api.middleware.version_negotiation [None req-55ec41b4-8c64-46ed-a563-ab8900e48b41 tempest-ServerRescueNegativeTestJSON-19522757 tempest-ServerRescueNegativeTestJSON-19522757-project] Matched version: v2 {{(pid=101513) process_request /opt/stack/glance/glance/api/middleware/version_negotiation.py:69}}
Aug 10 15:12:56.546861 dv-cinder-780933-14-smb devstack@g-api.service[101515]: DEBUG swiftclient [None req-b4d89db4-38ad-4f7e-9ad0-04058a5c3844 tempest-AttachVolumeShelveTestJSON-564105511 tempest-AttachVolumeShelveTestJSON-564105511-project] RESP STATUS: 201 Created {{(pid=101515) http_log /usr/local/lib/python3.8/dist-packages/swiftclient/client.py:188}}
Aug 10 15:12:56.547321 dv-cinder-780933-14-smb devstack@g-api.service[101513]: DEBUG glance.api.middleware.version_negotiation [None req-55ec41b4-8c64-46ed-a563-ab8900e48b41 tempest-ServerRescueNegativeTestJSON-19522757 tempest-ServerRescueNegativeTestJSON-19522757-project] new path /v2/images/7fc06b13-9dad-494a-beaa-ba0682c451cb {{(pid=101513) process_request /opt/stack/glance/glance/api/middleware/version_negotiation.py:70}}
Aug 10 15:12:56.547558 dv-cinder-780933-14-smb devstack@g-api.service[101515]: DEBUG swiftclient [None req-b4d89db4-38ad-4f7e-9ad0-04058a5c3844 tempest-AttachVolumeShelveTestJSON-564105511 tempest-AttachVolumeShelveTestJSON-564105511-project] RESP HEADERS: {'Content-Type': 'text/html; charset=UTF-8', 'Content-Length': '0', 'Etag': 'd41d8cd98f00b204e9800998ecf8427e', 'Last-Modified': 'Tue, 10 Aug 2021 15:12:57 GMT', 'X-Trans-Id': 'txf13fb824a70e493cb4bea-0061129778', 'X-Openstack-Request-Id': 'txf13fb824a70e493cb4bea-0061129778', 'Date': 'Tue, 10 Aug 2021 15:12:56 GMT'} {{(pid=101515) http_log /usr/local/lib/python3.8/dist-packages/swiftclient/client.py:189}}
Aug 10 15:12:56.548487 dv-cinder-780933-14-smb devstack@g-api.service[101515]: INFO glance.location [None req-b4d89db4-38ad-4f7e-9ad0-04058a5c3844 tempest-AttachVolumeShelveTestJSON-564105511 tempest-AttachVolumeShelveTestJSON-564105511-project] Image format matched and virtual size computed: 1065353216
Aug 10 15:12:56.620682 dv-cinder-780933-14-smb devstack@g-api.service[101513]: [pid: 101513|app: 0|req: 61/125] 127.0.0.1 () {42 vars in 1062 bytes} [Tue Aug 10 15:12:56 2021] GET /v2/images/7fc06b13-9dad-494a-beaa-ba0682c451cb => generated 946 bytes in 76 msecs (HTTP/1.1 200) 4 headers in 157 bytes (1 switches on core 0)
Aug 10 15:12:56.628150 dv-cinder-780933-14-smb devstack@g-api.service[101513]: DEBUG glance.api.middleware.version_negotiation [None req-3ace7947-7889-4885-b94c-9d7814d3eaa4 tempest-VolumesActionsTest-1745183202 tempest-VolumesActionsTest-1745183202-project] Determining version of request: GET /v2/schemas/image Accept: */* {{(pid=101513) process_request /opt/stack/glance/glance/api/middleware/version_negotiation.py:44}}
Aug 10 15:12:56.628904 dv-cinder-780933-14-smb devstack@g-api.service[101513]: DEBUG glance.api.middleware.version_negotiation [None req-3ace7947-7889-4885-b94c-9d7814d3eaa4 tempest-VolumesActionsTest-1745183202 tempest-VolumesActionsTest-1745183202-project] Using url versioning {{(pid=101513) process_request /opt/stack/glance/glance/api/middleware/version_negotiation.py:57}}
Aug 10 15:12:56.629531 dv-cinder-780933-14-smb devstack@g-api.service[101513]: DEBUG glance.api.middleware.version_negotiation [None req-3ace7947-7889-4885-b94c-9d7814d3eaa4 tempest-VolumesActionsTest-1745183202 tempest-VolumesActionsTest-1745183202-project] Matched version: v2 {{(pid=101513) process_request /opt/stack/glance/glance/api/middleware/version_negotiation.py:69}}
Aug 10 15:12:56.630025 dv-cinder-780933-14-smb devstack@g-api.service[101513]: DEBUG glance.api.middleware.version_negotiation [None req-3ace7947-7889-4885-b94c-9d7814d3eaa4 tempest-VolumesActionsTest-1745183202 tempest-VolumesActionsTest-1745183202-project] new path /v2/schemas/image {{(pid=101513) process_request /opt/stack/glance/glance/api/middleware/version_negotiation.py:70}}
Aug 10 15:12:56.642828 dv-cinder-780933-14-smb devstack@g-api.service[101515]: DEBUG glance_store.backend [None req-b4d89db4-38ad-4f7e-9ad0-04058a5c3844 tempest-AttachVolumeShelveTestJSON-564105511 tempest-AttachVolumeShelveTestJSON-564105511-project] Attempting to import store swift {{(pid=101515) _load_store /usr/local/lib/python3.8/dist-packages/glance_store/backend.py:217}}
Aug 10 15:12:56.645784 dv-cinder-780933-14-smb devstack@g-api.service[101513]: [pid: 101513|app: 0|req: 62/126] 127.0.0.1 () {42 vars in 1002 bytes} [Tue Aug 10 15:12:56 2021] GET /v2/schemas/image => generated 6083 bytes in 18 msecs (HTTP/1.1 200) 4 headers in 158 bytes (1 switches on core 0)
Aug 10 15:12:56.658820 dv-cinder-780933-14-smb devstack@g-api.service[101515]: DEBUG glance_store.capabilities [None req-b4d89db4-38ad-4f7e-9ad0-04058a5c3844 tempest-AttachVolumeShelveTestJSON-564105511 tempest-AttachVolumeShelveTestJSON-564105511-project] Store glance_store._drivers.swift.store.SingleTenantStore doesn't support updating dynamic storage capabilities. Please overwrite 'update_capabilities' method of the store to implement updating logics if needed. {{(pid=101515) update_capabilities /usr/local/lib/python3.8/dist-packages/glance_store/capabilities.py:91}}
Aug 10 15:12:56.659956 dv-cinder-780933-14-smb devstack@g-api.service[101515]: DEBUG glance_store.driver [None req-b4d89db4-38ad-4f7e-9ad0-04058a5c3844 tempest-AttachVolumeShelveTestJSON-564105511 tempest-AttachVolumeShelveTestJSON-564105511-project] Late loading location class glance_store._drivers.swift.store.StoreLocation {{(pid=101515) get_store_location_class /usr/local/lib/python3.8/dist-packages/glance_store/driver.py:117}}
Aug 10 15:12:56.660291 dv-cinder-780933-14-smb devstack@g-api.service[101515]: DEBUG glance_store.location [None req-b4d89db4-38ad-4f7e-9ad0-04058a5c3844 tempest-AttachVolumeShelveTestJSON-564105511 tempest-AttachVolumeShelveTestJSON-564105511-project] Registering scheme swift+https with {'store': , 'location_class': , 'store_entry': 'swift'} {{(pid=101515) register_scheme_map /usr/local/lib/python3.8/dist-packages/glance_store/location.py:146}}
Aug 10 15:12:56.660628 dv-cinder-780933-14-smb devstack@g-api.service[101515]: DEBUG glance_store.location [None req-b4d89db4-38ad-4f7e-9ad0-04058a5c3844 tempest-AttachVolumeShelveTestJSON-564105511 tempest-AttachVolumeShelveTestJSON-564105511-project] Registering scheme swift+https with {'store': , 'location_class': , 'store_entry': 'swift'} {{(pid=101515) register_scheme_map /usr/local/lib/python3.8/dist-packages/glance_store/location.py:146}}
Aug 10 15:12:56.660943 dv-cinder-780933-14-smb devstack@g-api.service[101515]: DEBUG glance_store.location [None req-b4d89db4-38ad-4f7e-9ad0-04058a5c3844 tempest-AttachVolumeShelveTestJSON-564105511 tempest-AttachVolumeShelveTestJSON-564105511-project] Registering scheme swift with {'store': , 'location_class': , 'store_entry': 'swift'} {{(pid=101515) register_scheme_map /usr/local/lib/python3.8/dist-packages/glance_store/location.py:146}}
Aug 10 15:12:56.661364 dv-cinder-780933-14-smb devstack@g-api.service[101515]: DEBUG glance_store.location [None req-b4d89db4-38ad-4f7e-9ad0-04058a5c3844 tempest-AttachVolumeShelveTestJSON-564105511 tempest-AttachVolumeShelveTestJSON-564105511-project] Registering scheme swift+https with {'store': , 'location_class': , 'store_entry': 'swift'} {{(pid=101515) register_scheme_map /usr/local/lib/python3.8/dist-packages/glance_store/location.py:146}}
Aug 10 15:12:56.661692 dv-cinder-780933-14-smb devstack@g-api.service[101515]: DEBUG glance_store.location [None req-b4d89db4-38ad-4f7e-9ad0-04058a5c3844 tempest-AttachVolumeShelveTestJSON-564105511 tempest-AttachVolumeShelveTestJSON-564105511-project] Registering scheme swift with {'store': , 'location_class': , 'store_entry': 'swift'} {{(pid=101515) register_scheme_map /usr/local/lib/python3.8/dist-packages/glance_store/location.py:146}}
Aug 10 15:12:56.662034 dv-cinder-780933-14-smb devstack@g-api.service[101515]: DEBUG glance_store.location [None req-b4d89db4-38ad-4f7e-9ad0-04058a5c3844 tempest-AttachVolumeShelveTestJSON-564105511 tempest-AttachVolumeShelveTestJSON-564105511-project] Registering scheme swift+http with {'store': , 'location_class': , 'store_entry': 'swift'} {{(pid=101515) register_scheme_map /usr/local/lib/python3.8/dist-packages/glance_store/location.py:146}}
Aug 10 15:12:56.662376 dv-cinder-780933-14-smb devstack@g-api.service[101515]: DEBUG glance_store.location [None req-b4d89db4-38ad-4f7e-9ad0-04058a5c3844 tempest-AttachVolumeShelveTestJSON-564105511 tempest-AttachVolumeShelveTestJSON-564105511-project] Registering scheme swift+https with {'store': , 'location_class': , 'store_entry': 'swift'} {{(pid=101515) register_scheme_map /usr/local/lib/python3.8/dist-packages/glance_store/location.py:146}}
Aug 10 15:12:56.662711 dv-cinder-780933-14-smb devstack@g-api.service[101515]: DEBUG glance_store.location [None req-b4d89db4-38ad-4f7e-9ad0-04058a5c3844 tempest-AttachVolumeShelveTestJSON-564105511 tempest-AttachVolumeShelveTestJSON-564105511-project] Registering scheme swift with {'store': , 'location_class': , 'store_entry': 'swift'} {{(pid=101515) register_scheme_map /usr/local/lib/python3.8/dist-packages/glance_store/location.py:146}}
Aug 10 15:12:56.663044 dv-cinder-780933-14-smb devstack@g-api.service[101515]: DEBUG glance_store.location [None req-b4d89db4-38ad-4f7e-9ad0-04058a5c3844 tempest-AttachVolumeShelveTestJSON-564105511 tempest-AttachVolumeShelveTestJSON-564105511-project] Registering scheme swift+http with {'store': , 'location_class': , 'store_entry': 'swift'} {{(pid=101515) register_scheme_map /usr/local/lib/python3.8/dist-packages/glance_store/location.py:146}}
Aug 10 15:12:56.663379 dv-cinder-780933-14-smb devstack@g-api.service[101515]: DEBUG glance_store.location [None req-b4d89db4-38ad-4f7e-9ad0-04058a5c3844 tempest-AttachVolumeShelveTestJSON-564105511 tempest-AttachVolumeShelveTestJSON-564105511-project] Registering scheme swift+config with {'store': , 'location_class': , 'store_entry': 'swift'} {{(pid=101515) register_scheme_map /usr/local/lib/python3.8/dist-packages/glance_store/location.py:146}}
Aug 10 15:12:56.663890 dv-cinder-780933-14-smb devstack@g-api.service[101515]: DEBUG glance_store.backend [None req-b4d89db4-38ad-4f7e-9ad0-04058a5c3844 tempest-AttachVolumeShelveTestJSON-564105511 tempest-AttachVolumeShelveTestJSON-564105511-project] Skipping store.set_acls... not implemented. {{(pid=101515) set_acls /usr/local/lib/python3.8/dist-packages/glance_store/backend.py:509}}
Aug 10 15:12:56.676609 dv-cinder-780933-14-smb devstack@g-api.service[101515]: [pid: 101515|app: 0|req: 65/127] 127.0.0.1 () {42 vars in 898 bytes} [Tue Aug 10 15:12:36 2021] PUT /v2/images/4fa60778-ea54-4547-801b-1c3824e0fd2f/file => generated 0 bytes in 19792 msecs (HTTP/1.1 204) 4 headers in 171 bytes (1 switches on core 0)
Aug 10 15:12:56.690988 dv-cinder-780933-14-smb devstack@g-api.service[101513]: DEBUG glance.api.middleware.version_negotiation [None req-3ace7947-7889-4885-b94c-9d7814d3eaa4 tempest-VolumesActionsTest-1745183202 tempest-VolumesActionsTest-1745183202-project] Determining version of request: GET /v2/images/4fa60778-ea54-4547-801b-1c3824e0fd2f Accept: */* {{(pid=101513) process_request /opt/stack/glance/glance/api/middleware/version_negotiation.py:44}}
Aug 10 15:12:56.691951 dv-cinder-780933-14-smb devstack@g-api.service[101513]: DEBUG glance.api.middleware.version_negotiation [None req-3ace7947-7889-4885-b94c-9d7814d3eaa4 tempest-VolumesActionsTest-1745183202 tempest-VolumesActionsTest-1745183202-project] Using url versioning {{(pid=101513) process_request /opt/stack/glance/glance/api/middleware/version_negotiation.py:57}}
Aug 10 15:12:56.692812 dv-cinder-780933-14-smb devstack@g-api.service[101513]: DEBUG glance.api.middleware.version_negotiation [None req-3ace7947-7889-4885-b94c-9d7814d3eaa4 tempest-VolumesActionsTest-1745183202 tempest-VolumesActionsTest-1745183202-project] Matched version: v2 {{(pid=101513) process_request /opt/stack/glance/glance/api/middleware/version_negotiation.py:69}}
Aug 10 15:12:56.693587 dv-cinder-780933-14-smb devstack@g-api.service[101513]: DEBUG glance.api.middleware.version_negotiation [None req-3ace7947-7889-4885-b94c-9d7814d3eaa4 tempest-VolumesActionsTest-1745183202 tempest-VolumesActionsTest-1745183202-project] new path /v2/images/4fa60778-ea54-4547-801b-1c3824e0fd2f {{(pid=101513) process_request /opt/stack/glance/glance/api/middleware/version_negotiation.py:70}}
Aug 10 15:12:56.767913 dv-cinder-780933-14-smb devstack@g-api.service[101513]: [pid: 101513|app: 0|req: 63/128] 127.0.0.1 () {40 vars in 855 bytes} [Tue Aug 10 15:12:56 2021] GET /v2/images/4fa60778-ea54-4547-801b-1c3824e0fd2f => generated 1362 bytes in 78 msecs (HTTP/1.1 200) 4 headers in 158 bytes (1 switches on core 0)
Aug 10 15:12:56.776918 dv-cinder-780933-14-smb devstack@g-api.service[101515]: DEBUG glance.api.middleware.version_negotiation [None req-b4d89db4-38ad-4f7e-9ad0-04058a5c3844 tempest-AttachVolumeShelveTestJSON-564105511 tempest-AttachVolumeShelveTestJSON-564105511-project] Determining version of request: GET /v2/schemas/image Accept: */* {{(pid=101515) process_request /opt/stack/glance/glance/api/middleware/version_negotiation.py:44}}
Aug 10 15:12:56.777485 dv-cinder-780933-14-smb devstack@g-api.service[101515]: DEBUG glance.api.middleware.version_negotiation [None req-b4d89db4-38ad-4f7e-9ad0-04058a5c3844 tempest-AttachVolumeShelveTestJSON-564105511 tempest-AttachVolumeShelveTestJSON-564105511-project] Using url versioning {{(pid=101515) process_request /opt/stack/glance/glance/api/middleware/version_negotiation.py:57}}
Aug 10 15:12:56.777944 dv-cinder-780933-14-smb devstack@g-api.service[101515]: DEBUG glance.api.middleware.version_negotiation [None req-b4d89db4-38ad-4f7e-9ad0-04058a5c3844 tempest-AttachVolumeShelveTestJSON-564105511 tempest-AttachVolumeShelveTestJSON-564105511-project] Matched version: v2 {{(pid=101515) process_request /opt/stack/glance/glance/api/middleware/version_negotiation.py:69}}
Aug 10 15:12:56.778335 dv-cinder-780933-14-smb devstack@g-api.service[101515]: DEBUG glance.api.middleware.version_negotiation [None req-b4d89db4-38ad-4f7e-9ad0-04058a5c3844 tempest-AttachVolumeShelveTestJSON-564105511 tempest-AttachVolumeShelveTestJSON-564105511-project] new path /v2/schemas/image {{(pid=101515) process_request /opt/stack/glance/glance/api/middleware/version_negotiation.py:70}}
Aug 10 15:12:56.786114 dv-cinder-780933-14-smb devstack@g-api.service[101515]: [pid: 101515|app: 0|req: 66/129] 127.0.0.1 () {40 vars in 795 bytes} [Tue Aug 10 15:12:56 2021] GET /v2/schemas/image => generated 6083 bytes in 10 msecs (HTTP/1.1 200) 4 headers in 158 bytes (1 switches on core 0)
Aug 10 15:12:59.719879 dv-cinder-780933-14-smb devstack@g-api.service[101513]: DEBUG glance.api.middleware.version_negotiation [None req-b4d89db4-38ad-4f7e-9ad0-04058a5c3844 tempest-AttachVolumeShelveTestJSON-564105511 tempest-AttachVolumeShelveTestJSON-564105511-project] Determining version of request: POST /v2/images Accept: application/json {{(pid=101513) process_request /opt/stack/glance/glance/api/middleware/version_negotiation.py:44}}
Aug 10 15:12:59.720323 dv-cinder-780933-14-smb devstack@g-api.service[101513]: DEBUG glance.api.middleware.version_negotiation [None req-b4d89db4-38ad-4f7e-9ad0-04058a5c3844 tempest-AttachVolumeShelveTestJSON-564105511 tempest-AttachVolumeShelveTestJSON-564105511-project] Using url versioning {{(pid=101513) process_request /opt/stack/glance/glance/api/middleware/version_negotiation.py:57}}
Aug 10 15:12:59.720420 dv-cinder-780933-14-smb devstack@g-api.service[101513]: DEBUG glance.api.middleware.version_negotiation [None req-b4d89db4-38ad-4f7e-9ad0-04058a5c3844 tempest-AttachVolumeShelveTestJSON-564105511 tempest-AttachVolumeShelveTestJSON-564105511-project] Matched version: v2 {{(pid=101513) process_request /opt/stack/glance/glance/api/middleware/version_negotiation.py:69}}
Aug 10 15:12:59.720741 dv-cinder-780933-14-smb devstack@g-api.service[101513]: DEBUG glance.api.middleware.version_negotiation [None req-b4d89db4-38ad-4f7e-9ad0-04058a5c3844 tempest-AttachVolumeShelveTestJSON-564105511 tempest-AttachVolumeShelveTestJSON-564105511-project] new path /v2/images {{(pid=101513) process_request /opt/stack/glance/glance/api/middleware/version_negotiation.py:70}}
Aug 10 15:12:59.798180 dv-cinder-780933-14-smb devstack@g-api.service[101513]: [pid: 101513|app: 0|req: 64/130] 127.0.0.1 () {40 vars in 734 bytes} [Tue Aug 10 15:12:59 2021] POST /v2/images => generated 651 bytes in 80 msecs (HTTP/1.1 201) 6 headers in 314 bytes (1 switches on core 0)
Aug 10 15:12:59.801404 dv-cinder-780933-14-smb devstack@g-api.service[101515]: DEBUG glance.api.middleware.version_negotiation [None req-b4d89db4-38ad-4f7e-9ad0-04058a5c3844 tempest-AttachVolumeShelveTestJSON-564105511 tempest-AttachVolumeShelveTestJSON-564105511-project] Determining version of request: PUT /v2/images/722feb89-de76-46d0-8983-a692266096b5/file Accept: {{(pid=101515) process_request /opt/stack/glance/glance/api/middleware/version_negotiation.py:44}}
Aug 10 15:12:59.801960 dv-cinder-780933-14-smb devstack@g-api.service[101515]: DEBUG glance.api.middleware.version_negotiation [None req-b4d89db4-38ad-4f7e-9ad0-04058a5c3844 tempest-AttachVolumeShelveTestJSON-564105511 tempest-AttachVolumeShelveTestJSON-564105511-project] Using url versioning {{(pid=101515) process_request /opt/stack/glance/glance/api/middleware/version_negotiation.py:57}}
Aug 10 15:12:59.802336 dv-cinder-780933-14-smb devstack@g-api.service[101515]: DEBUG glance.api.middleware.version_negotiation [None req-b4d89db4-38ad-4f7e-9ad0-04058a5c3844 tempest-AttachVolumeShelveTestJSON-564105511 tempest-AttachVolumeShelveTestJSON-564105511-project] Matched version: v2 {{(pid=101515) process_request /opt/stack/glance/glance/api/middleware/version_negotiation.py:69}}
Aug 10 15:12:59.802664 dv-cinder-780933-14-smb devstack@g-api.service[101515]: DEBUG glance.api.middleware.version_negotiation [None req-b4d89db4-38ad-4f7e-9ad0-04058a5c3844 tempest-AttachVolumeShelveTestJSON-564105511 tempest-AttachVolumeShelveTestJSON-564105511-project] new path /v2/images/722feb89-de76-46d0-8983-a692266096b5/file {{(pid=101515) process_request /opt/stack/glance/glance/api/middleware/version_negotiation.py:70}}
Aug 10 15:12:59.858813 dv-cinder-780933-14-smb devstack@g-api.service[101515]: INFO glance.api.v2.image_data [None req-5c9b627e-c37d-4bb0-b877-dd8143bc46a8 tempest-VolumesNegativeTest-1837761172 tempest-VolumesNegativeTest-1837761172-project] Unable to create trust: no such option collect_timing in group [keystone_authtoken] Use the existing user token.
Aug 10 15:12:59.928594 dv-cinder-780933-14-smb devstack@g-api.service[101515]: DEBUG glance_store.backend [None req-5c9b627e-c37d-4bb0-b877-dd8143bc46a8 tempest-VolumesNegativeTest-1837761172 tempest-VolumesNegativeTest-1837761172-project] Attempting to import store swift {{(pid=101515) _load_store /usr/local/lib/python3.8/dist-packages/glance_store/backend.py:217}}
Aug 10 15:12:59.937252 dv-cinder-780933-14-smb devstack@g-api.service[101515]: DEBUG glance_store.capabilities [None req-5c9b627e-c37d-4bb0-b877-dd8143bc46a8 tempest-VolumesNegativeTest-1837761172 tempest-VolumesNegativeTest-1837761172-project] Store glance_store._drivers.swift.store.SingleTenantStore doesn't support updating dynamic storage capabilities. Please overwrite 'update_capabilities' method of the store to implement updating logics if needed. {{(pid=101515) update_capabilities /usr/local/lib/python3.8/dist-packages/glance_store/capabilities.py:91}}
Aug 10 15:12:59.938297 dv-cinder-780933-14-smb devstack@g-api.service[101515]: DEBUG glance_store.driver [None req-5c9b627e-c37d-4bb0-b877-dd8143bc46a8 tempest-VolumesNegativeTest-1837761172 tempest-VolumesNegativeTest-1837761172-project] Late loading location class glance_store._drivers.swift.store.StoreLocation {{(pid=101515) get_store_location_class /usr/local/lib/python3.8/dist-packages/glance_store/driver.py:117}}
