Aug 10 15:11:15.473995 dv-cinder-780933-14-iscsi neutron-server[93494]: DEBUG neutron.pecan_wsgi.hooks.policy_enforcement [req-eb1c50b9-a110-4ff2-8a1a-fb945aaf6986 req-7b3a9c20-1758-498f-8daf-af8bd2f6ea24 tempest-AttachVolumeNegativeTest-534896431 tempest-AttachVolumeNegativeTest-534896431-project] Attributes excluded by policy engine: ['standard_attr_id', 'binding:profile', 'binding:host_id', 'binding:vif_type', 'binding:vif_details'] {{(pid=93494) _exclude_attributes_by_policy /opt/stack/neutron/neutron/pecan_wsgi/hooks/policy_enforcement.py:255}}
Aug 10 15:11:15.475626 dv-cinder-780933-14-iscsi neutron-server[93494]: INFO neutron.wsgi [req-eb1c50b9-a110-4ff2-8a1a-fb945aaf6986 req-7b3a9c20-1758-498f-8daf-af8bd2f6ea24 tempest-AttachVolumeNegativeTest-534896431 tempest-AttachVolumeNegativeTest-534896431-project] 10.222.0.26 "GET /v2.0/ports?device_id=d4135cc7-6689-4863-ba54-acdff4b42882 HTTP/1.1" status: 200 len: 944 time: 0.0810785
Aug 10 15:11:15.477071 dv-cinder-780933-14-iscsi neutron-server[93494]: DEBUG neutron_lib.callbacks.manager [None req-9791a4c7-e846-40e7-a0ae-e9d0a47c5cba admin admin] Notify callbacks ['neutron.plugins.ml2.ovo_rpc._ObjectChangeHandler.handle_event-636086'] for security_group, after_create {{(pid=93494) _notify_loop /usr/local/lib/python3.8/dist-packages/neutron_lib/callbacks/manager.py:192}}
Aug 10 15:11:15.491512 dv-cinder-780933-14-iscsi neutron-server[93494]: DEBUG neutron.plugins.ml2.drivers.helpers [None req-9791a4c7-e846-40e7-a0ae-e9d0a47c5cba admin admin] vlan segment allocate from pool success with {'physical_network': 'physnet1', 'vlan_id': 625} {{(pid=93494) allocate_partially_specified_segment /opt/stack/neutron/neutron/plugins/ml2/drivers/helpers.py:153}}
Aug 10 15:11:15.504503 dv-cinder-780933-14-iscsi neutron-server[93494]: DEBUG neutron_lib.callbacks.manager [None req-9791a4c7-e846-40e7-a0ae-e9d0a47c5cba admin admin] Notify callbacks ['neutron.plugins.ml2.plugin.Ml2Plugin._handle_segment_change-2024958'] for segment, precommit_create {{(pid=93494) _notify_loop /usr/local/lib/python3.8/dist-packages/neutron_lib/callbacks/manager.py:192}}
Aug 10 15:11:15.504889 dv-cinder-780933-14-iscsi neutron-server[93494]: INFO neutron.db.segments_db [None req-9791a4c7-e846-40e7-a0ae-e9d0a47c5cba admin admin] Added segment fed04729-66f8-45ba-8b60-e3a229c8fbf1 of type vlan for network 8aed8c16-d25f-4701-9b5d-ae50d10b3657
Aug 10 15:11:15.577306 dv-cinder-780933-14-iscsi neutron-server[93494]: DEBUG neutron.api.rpc.handlers.resources_rpc [None req-9791a4c7-e846-40e7-a0ae-e9d0a47c5cba admin admin] Pushing event updated for resources: {'SecurityGroup': ['ID=0fd5c938-5c5d-4ed3-b568-7b316c4dcf54,revision_number=1']} {{(pid=93494) push /opt/stack/neutron/neutron/api/rpc/handlers/resources_rpc.py:237}}
Aug 10 15:11:15.609183 dv-cinder-780933-14-iscsi neutron-server[93494]: DEBUG neutron_lib.callbacks.manager [None req-9791a4c7-e846-40e7-a0ae-e9d0a47c5cba admin admin] Notify callbacks ['neutron.services.auto_allocate.db._ensure_external_network_default_value_callback-8792408640844'] for network, precommit_create {{(pid=93494) _notify_loop /usr/local/lib/python3.8/dist-packages/neutron_lib/callbacks/manager.py:192}}
Aug 10 15:11:15.652533 dv-cinder-780933-14-iscsi neutron-server[93494]: INFO neutron.wsgi [req-eb1c50b9-a110-4ff2-8a1a-fb945aaf6986 req-7de7336f-60b9-406b-8afc-7a1a573cfe49 tempest-AttachVolumeNegativeTest-534896431 tempest-AttachVolumeNegativeTest-534896431-project] 10.222.0.26 "GET /v2.0/security-groups?id=3f09c134-38aa-4c8e-b7a6-aefdadb2e6c7&fields=id&fields=name HTTP/1.1" status: 200 len: 286 time: 0.1353807
Aug 10 15:11:15.735637 dv-cinder-780933-14-iscsi neutron-server[93494]: DEBUG neutron_lib.callbacks.manager [None req-9791a4c7-e846-40e7-a0ae-e9d0a47c5cba admin admin] Notify callbacks ['neutron.plugins.ml2.ovo_rpc._ObjectChangeHandler.handle_event-636137', 'neutron.api.rpc.agentnotifiers.dhcp_rpc_agent_api.DhcpAgentNotifyAPI._native_event_send_dhcp_notification-759609'] for network, after_create {{(pid=93494) _notify_loop /usr/local/lib/python3.8/dist-packages/neutron_lib/callbacks/manager.py:192}}
Aug 10 15:11:15.738464 dv-cinder-780933-14-iscsi neutron-server[93494]: DEBUG neutron.pecan_wsgi.hooks.policy_enforcement [None req-9791a4c7-e846-40e7-a0ae-e9d0a47c5cba admin admin] Attributes excluded by policy engine: ['standard_attr_id', 'vlan_transparent'] {{(pid=93494) _exclude_attributes_by_policy /opt/stack/neutron/neutron/pecan_wsgi/hooks/policy_enforcement.py:255}}
Aug 10 15:11:15.742949 dv-cinder-780933-14-iscsi neutron-server[93494]: DEBUG neutron_lib.callbacks.manager [None req-9791a4c7-e846-40e7-a0ae-e9d0a47c5cba admin admin] Notify callbacks ['neutron.api.rpc.agentnotifiers.dhcp_rpc_agent_api.DhcpAgentNotifyAPI._send_dhcp_notification-759591'] for network, before_response {{(pid=93494) _notify_loop /usr/local/lib/python3.8/dist-packages/neutron_lib/callbacks/manager.py:192}}
Aug 10 15:11:15.842866 dv-cinder-780933-14-iscsi neutron-server[93494]: INFO neutron.wsgi [None req-9791a4c7-e846-40e7-a0ae-e9d0a47c5cba admin admin] 10.222.0.26 "POST /v2.0/networks HTTP/1.1" status: 201 len: 897 time: 0.6642461
Aug 10 15:11:15.847606 dv-cinder-780933-14-iscsi neutron-server[93495]: DEBUG neutron.wsgi [-] (93495) accepted ('10.222.0.26', 39928) {{(pid=93495) server /usr/local/lib/python3.8/dist-packages/eventlet/wsgi.py:982}}
Aug 10 15:11:15.860222 dv-cinder-780933-14-iscsi neutron-server[93494]: DEBUG neutron.api.rpc.handlers.resources_rpc [None req-9791a4c7-e846-40e7-a0ae-e9d0a47c5cba admin admin] Pushing event updated for resources: {'Network': ['ID=8aed8c16-d25f-4701-9b5d-ae50d10b3657,revision_number=1']} {{(pid=93494) push /opt/stack/neutron/neutron/api/rpc/handlers/resources_rpc.py:237}}
Aug 10 15:11:15.890945 dv-cinder-780933-14-iscsi neutron-server[93496]: DEBUG neutron.plugins.ml2.rpc [None req-d17f3537-f9b9-434b-988f-30a2707b1ec0 None None] Network 8aed8c16-d25f-4701-9b5d-ae50d10b3657 details requested by agent ovs-agent-dv-cinder-780933-14-iscsi with host dv-cinder-780933-14-iscsi {{(pid=93496) get_network_details /opt/stack/neutron/neutron/plugins/ml2/rpc.py:248}}
Aug 10 15:11:15.892880 dv-cinder-780933-14-iscsi neutron-server[93495]: DEBUG neutron.api.v2.base [None req-862cd20c-6cdc-4903-b626-ae4a9d468ad8 admin admin] Request body: {'subnet': {'network_id': '8aed8c16-d25f-4701-9b5d-ae50d10b3657', 'cidr': '172.20.0.0/28', 'name': 'tempest-EncryptedVolumesExtendAttachedTest-364401238-subnet', 'tenant_id': 'd82198c0f3f64ad7b69bd81357a75ca2', 'enable_dhcp': False, 'ip_version': 4}} {{(pid=93495) prepare_request_body /opt/stack/neutron/neutron/api/v2/base.py:729}}
Aug 10 15:11:15.924027 dv-cinder-780933-14-iscsi neutron-server[93494]: DEBUG neutron.pecan_wsgi.hooks.policy_enforcement [req-f33d8711-a3af-4a48-8881-f712e975a317 req-968232d3-5458-4244-ae1c-fc9dbec4f66b tempest-ServerRescueNegativeTestJSON-1422429524 tempest-ServerRescueNegativeTestJSON-1422429524-project] Attributes excluded by policy engine: ['standard_attr_id', 'binding:profile', 'binding:host_id', 'binding:vif_type', 'binding:vif_details'] {{(pid=93494) _exclude_attributes_by_policy /opt/stack/neutron/neutron/pecan_wsgi/hooks/policy_enforcement.py:255}}
Aug 10 15:11:15.932810 dv-cinder-780933-14-iscsi neutron-server[93494]: INFO neutron.wsgi [req-f33d8711-a3af-4a48-8881-f712e975a317 req-968232d3-5458-4244-ae1c-fc9dbec4f66b tempest-ServerRescueNegativeTestJSON-1422429524 tempest-ServerRescueNegativeTestJSON-1422429524-project] 10.222.0.26 "GET /v2.0/ports?device_id=b688af7b-3ab2-49e6-91a1-ec1a0f40f011 HTTP/1.1" status: 200 len: 945 time: 0.2189596
Aug 10 15:11:15.960621 dv-cinder-780933-14-iscsi neutron-server[93495]: DEBUG neutron.pecan_wsgi.hooks.quota_enforcement [None req-862cd20c-6cdc-4903-b626-ae4a9d468ad8 admin admin] Made reservation on behalf of d82198c0f3f64ad7b69bd81357a75ca2 for: {'subnet': 1} {{(pid=93495) before /opt/stack/neutron/neutron/pecan_wsgi/hooks/quota_enforcement.py:53}}
Aug 10 15:11:15.970288 dv-cinder-780933-14-iscsi neutron-server[93495]: DEBUG neutron_lib.callbacks.manager [None req-862cd20c-6cdc-4903-b626-ae4a9d468ad8 admin admin] Notify callbacks ['neutron.services.segments.plugin.SegmentHostRoutes.host_routes_before_create-129323317'] for subnet, before_create {{(pid=93495) _notify_loop /usr/local/lib/python3.8/dist-packages/neutron_lib/callbacks/manager.py:192}}
Aug 10 15:11:16.094961 dv-cinder-780933-14-iscsi neutron-server[93494]: INFO neutron.wsgi [req-f33d8711-a3af-4a48-8881-f712e975a317 req-1739a304-7c33-4a93-b333-81bd880ce51c tempest-ServerRescueNegativeTestJSON-1422429524 tempest-ServerRescueNegativeTestJSON-1422429524-project] 10.222.0.26 "GET /v2.0/security-groups?id=20d03789-770b-4805-ae52-55a572bdb7da&fields=id&fields=name HTTP/1.1" status: 200 len: 286 time: 0.1551569
Aug 10 15:11:16.338770 dv-cinder-780933-14-iscsi neutron-server[93495]: DEBUG neutron_lib.callbacks.manager [None req-862cd20c-6cdc-4903-b626-ae4a9d468ad8 admin admin] Notify callbacks ['neutron.plugins.ml2.ovo_rpc._ObjectChangeHandler.handle_event-609628', 'neutron.api.rpc.agentnotifiers.dhcp_rpc_agent_api.DhcpAgentNotifyAPI._native_event_send_dhcp_notification-759609', 'neutron.services.segments.plugin.NovaSegmentNotifier._notify_subnet_created-129320107', 'neutron.services.segments.plugin.SegmentHostRoutes.host_routes_after_create-129323303'] for subnet, after_create {{(pid=93495) _notify_loop /usr/local/lib/python3.8/dist-packages/neutron_lib/callbacks/manager.py:192}}
Aug 10 15:11:16.448710 dv-cinder-780933-14-iscsi neutron-server[93495]: DEBUG neutron.api.rpc.handlers.resources_rpc [None req-862cd20c-6cdc-4903-b626-ae4a9d468ad8 admin admin] Pushing event updated for resources: {'Subnet': ['ID=1e355324-6bf2-491e-86dd-d8f3d5b59065,revision_number=0']} {{(pid=93495) push /opt/stack/neutron/neutron/api/rpc/handlers/resources_rpc.py:237}}
Aug 10 15:11:16.469114 dv-cinder-780933-14-iscsi neutron-server[93495]: DEBUG neutron.plugins.ml2.drivers.mech_agent [None req-862cd20c-6cdc-4903-b626-ae4a9d468ad8 admin admin] Checking segment: {'id': 'fed04729-66f8-45ba-8b60-e3a229c8fbf1', 'network_type': 'vlan', 'physical_network': 'physnet1', 'segmentation_id': 625, 'network_id': '8aed8c16-d25f-4701-9b5d-ae50d10b3657'} for mappings: {'physnet1': 'br-data'} with network types: ['local', 'flat', 'vlan'] {{(pid=93495) check_segment_for_agent /opt/stack/neutron/neutron/plugins/ml2/drivers/mech_agent.py:352}}
Aug 10 15:11:16.469658 dv-cinder-780933-14-iscsi neutron-server[93495]: DEBUG neutron.scheduler.dhcp_agent_scheduler [None req-862cd20c-6cdc-4903-b626-ae4a9d468ad8 admin admin] Network hostable DHCP agents. Network: 8aed8c16-d25f-4701-9b5d-ae50d10b3657, hostable agents: ['09f380b9-4bfc-4f0b-9944-62bbb7e09349'], hosted agents: [] {{(pid=93495) _get_network_hostable_dhcp_agents /opt/stack/neutron/neutron/scheduler/dhcp_agent_scheduler.py:329}}
Aug 10 15:11:16.501003 dv-cinder-780933-14-iscsi neutron-server[93495]: DEBUG neutron.scheduler.dhcp_agent_scheduler [None req-862cd20c-6cdc-4903-b626-ae4a9d468ad8 admin admin] Network 8aed8c16-d25f-4701-9b5d-ae50d10b3657 is scheduled to be hosted by DHCP agent 09f380b9-4bfc-4f0b-9944-62bbb7e09349 with binding_index 1 {{(pid=93495) bind /opt/stack/neutron/neutron/scheduler/dhcp_agent_scheduler.py:227}}
Aug 10 15:11:16.516536 dv-cinder-780933-14-iscsi neutron-server[93495]: DEBUG neutron.scheduler.base_scheduler [None req-862cd20c-6cdc-4903-b626-ae4a9d468ad8 admin admin] Resources bound (agent type, host, resource id): (DHCP agent, dv-cinder-780933-14-iscsi, 8aed8c16-d25f-4701-9b5d-ae50d10b3657) {{(pid=93495) schedule /opt/stack/neutron/neutron/scheduler/base_scheduler.py:57}}
Aug 10 15:11:16.525180 dv-cinder-780933-14-iscsi neutron-server[93495]: DEBUG neutron.pecan_wsgi.hooks.policy_enforcement [None req-862cd20c-6cdc-4903-b626-ae4a9d468ad8 admin admin] Attributes excluded by policy engine: ['standard_attr_id', 'shared', 'segment_id', 'network'] {{(pid=93495) _exclude_attributes_by_policy /opt/stack/neutron/neutron/pecan_wsgi/hooks/policy_enforcement.py:255}}
Aug 10 15:11:16.526283 dv-cinder-780933-14-iscsi neutron-server[93495]: DEBUG neutron_lib.callbacks.manager [None req-862cd20c-6cdc-4903-b626-ae4a9d468ad8 admin admin] Notify callbacks [] for subnet, before_response {{(pid=93495) _notify_loop /usr/local/lib/python3.8/dist-packages/neutron_lib/callbacks/manager.py:192}}
Aug 10 15:11:16.535567 dv-cinder-780933-14-iscsi neutron-server[93496]: DEBUG neutron.api.rpc.handlers.dhcp_rpc [None req-2b9e7232-e67a-427c-963c-5afbe402feee None None] Network 8aed8c16-d25f-4701-9b5d-ae50d10b3657 requested from dv-cinder-780933-14-iscsi {{(pid=93496) get_network_info /opt/stack/neutron/neutron/api/rpc/handlers/dhcp_rpc.py:218}}
Aug 10 15:11:16.567885 dv-cinder-780933-14-iscsi neutron-server[93495]: INFO neutron.wsgi [None req-862cd20c-6cdc-4903-b626-ae4a9d468ad8 admin admin] 10.222.0.26 "POST /v2.0/subnets HTTP/1.1" status: 201 len: 861 time: 0.7183635
Aug 10 15:11:16.771251 dv-cinder-780933-14-iscsi neutron-server[93496]: DEBUG neutron.api.rpc.handlers.dhcp_rpc [None req-b609ad93-2ac5-4b19-9972-be2b6627f6d9 None None] Network 8aed8c16-d25f-4701-9b5d-ae50d10b3657 requested from dv-cinder-780933-14-iscsi {{(pid=93496) get_network_info /opt/stack/neutron/neutron/api/rpc/handlers/dhcp_rpc.py:218}}
Aug 10 15:11:16.805717 dv-cinder-780933-14-iscsi neutron-server[93495]: DEBUG neutron.wsgi [-] (93495) accepted ('10.222.0.26', 39964) {{(pid=93495) server /usr/local/lib/python3.8/dist-packages/eventlet/wsgi.py:982}}
Aug 10 15:11:16.931107 dv-cinder-780933-14-iscsi neutron-server[93495]: DEBUG neutron.db.db_base_plugin_v2 [None req-77c27061-2d18-41f0-b352-f42343c2a031 admin admin] Deleting subnet 1050a4fb-cbb6-42e6-9ff9-f3565941d1f2 {{(pid=93495) delete_subnet /opt/stack/neutron/neutron/db/db_base_plugin_v2.py:1056}}
Aug 10 15:11:16.934883 dv-cinder-780933-14-iscsi neutron-server[93495]: DEBUG neutron_lib.callbacks.manager [None req-77c27061-2d18-41f0-b352-f42343c2a031 admin admin] Notify callbacks [] for subnet, before_delete {{(pid=93495) _notify_loop /usr/local/lib/python3.8/dist-packages/neutron_lib/callbacks/manager.py:192}}
Aug 10 15:11:16.967225 dv-cinder-780933-14-iscsi neutron-server[93494]: DEBUG neutron.pecan_wsgi.hooks.policy_enforcement [req-efbd79af-71aa-4ec2-9f18-e895c0a19d65 req-d102128f-b328-4915-b3c4-d735f3a57404 tempest-AttachVolumeNegativeTest-534896431 tempest-AttachVolumeNegativeTest-534896431-project] Attributes excluded by policy engine: ['standard_attr_id', 'binding:profile', 'binding:host_id', 'binding:vif_type', 'binding:vif_details'] {{(pid=93494) _exclude_attributes_by_policy /opt/stack/neutron/neutron/pecan_wsgi/hooks/policy_enforcement.py:255}}
Aug 10 15:11:16.981988 dv-cinder-780933-14-iscsi neutron-server[93494]: INFO neutron.wsgi [req-efbd79af-71aa-4ec2-9f18-e895c0a19d65 req-d102128f-b328-4915-b3c4-d735f3a57404 tempest-AttachVolumeNegativeTest-534896431 tempest-AttachVolumeNegativeTest-534896431-project] 10.222.0.26 "GET /v2.0/ports?device_id=d4135cc7-6689-4863-ba54-acdff4b42882 HTTP/1.1" status: 200 len: 944 time: 0.2101078
Aug 10 15:11:17.029865 dv-cinder-780933-14-iscsi neutron-server[93495]: DEBUG neutron_lib.callbacks.manager [None req-77c27061-2d18-41f0-b352-f42343c2a031 admin admin] Notify callbacks ['neutron.services.segments.plugin.Plugin._validate_auto_address_subnet_delete-126710408'] for subnet, precommit_delete_associations {{(pid=93495) _notify_loop /usr/local/lib/python3.8/dist-packages/neutron_lib/callbacks/manager.py:192}}
Aug 10 15:11:17.090162 dv-cinder-780933-14-iscsi neutron-server[93494]: INFO neutron.wsgi [req-efbd79af-71aa-4ec2-9f18-e895c0a19d65 req-99b23a7f-f1da-43fd-a8c0-ae798eede2bd tempest-AttachVolumeNegativeTest-534896431 tempest-AttachVolumeNegativeTest-534896431-project] 10.222.0.26 "GET /v2.0/security-groups?id=3f09c134-38aa-4c8e-b7a6-aefdadb2e6c7&fields=id&fields=name HTTP/1.1" status: 200 len: 286 time: 0.1053698
Aug 10 15:11:17.154445 dv-cinder-780933-14-iscsi neutron-server[93495]: DEBUG neutron_lib.callbacks.manager [None req-77c27061-2d18-41f0-b352-f42343c2a031 admin admin] Notify callbacks ['neutron.plugins.ml2.plugin.Ml2Plugin._subnet_delete_precommit_handler-2025538'] for subnet, precommit_delete {{(pid=93495) _notify_loop /usr/local/lib/python3.8/dist-packages/neutron_lib/callbacks/manager.py:192}}
Aug 10 15:11:17.370774 dv-cinder-780933-14-iscsi neutron-server[93495]: DEBUG neutron_lib.callbacks.manager [None req-77c27061-2d18-41f0-b352-f42343c2a031 admin admin] Notify callbacks ['neutron.plugins.ml2.plugin.Ml2Plugin._subnet_delete_after_delete_handler-2025531', 'neutron.plugins.ml2.ovo_rpc._ObjectChangeHandler.handle_event-609628', 'neutron.api.rpc.agentnotifiers.dhcp_rpc_agent_api.DhcpAgentNotifyAPI._native_event_send_dhcp_notification-759609', 'neutron.services.segments.plugin.NovaSegmentNotifier._notify_subnet_deleted-129320170', 'neutron.services.segments.plugin.SegmentHostRoutes.host_routes_after_delete-129323220'] for subnet, after_delete {{(pid=93495) _notify_loop /usr/local/lib/python3.8/dist-packages/neutron_lib/callbacks/manager.py:192}}
Aug 10 15:11:17.416519 dv-cinder-780933-14-iscsi neutron-server[93496]: DEBUG neutron.plugins.ml2.rpc [None req-dea99197-504f-48a2-a431-dd0d11782ee4 None None] Device 30de3e51-c8b7-4daf-8fe0-323cc5e74d68 details requested by agent hyperv_hv-cinder-78093 with host hv-cinder-78093 {{(pid=93496) get_device_details /opt/stack/neutron/neutron/plugins/ml2/rpc.py:102}}
Aug 10 15:11:17.461697 dv-cinder-780933-14-iscsi neutron-server[93494]: DEBUG neutron.pecan_wsgi.hooks.policy_enforcement [req-6184c4ea-baaa-4666-8896-d45e00096400 req-44d58159-71e0-40b4-a07d-9e36746fc93f tempest-ServerRescueNegativeTestJSON-1422429524 tempest-ServerRescueNegativeTestJSON-1422429524-project] Attributes excluded by policy engine: ['standard_attr_id', 'binding:profile', 'binding:host_id', 'binding:vif_type', 'binding:vif_details'] {{(pid=93494) _exclude_attributes_by_policy /opt/stack/neutron/neutron/pecan_wsgi/hooks/policy_enforcement.py:255}}
Aug 10 15:11:17.472125 dv-cinder-780933-14-iscsi neutron-server[93494]: INFO neutron.wsgi [req-6184c4ea-baaa-4666-8896-d45e00096400 req-44d58159-71e0-40b4-a07d-9e36746fc93f tempest-ServerRescueNegativeTestJSON-1422429524 tempest-ServerRescueNegativeTestJSON-1422429524-project] 10.222.0.26 "GET /v2.0/ports?device_id=b688af7b-3ab2-49e6-91a1-ec1a0f40f011 HTTP/1.1" status: 200 len: 945 time: 0.1100478
Aug 10 15:11:17.504228 dv-cinder-780933-14-iscsi neutron-server[93495]: DEBUG neutron_lib.callbacks.manager [None req-77c27061-2d18-41f0-b352-f42343c2a031 admin admin] Notify callbacks [] for subnet, before_response {{(pid=93495) _notify_loop /usr/local/lib/python3.8/dist-packages/neutron_lib/callbacks/manager.py:192}}
Aug 10 15:11:17.507671 dv-cinder-780933-14-iscsi neutron-server[93495]: INFO neutron.wsgi [None req-77c27061-2d18-41f0-b352-f42343c2a031 admin admin] 10.222.0.26 "DELETE /v2.0/subnets/1050a4fb-cbb6-42e6-9ff9-f3565941d1f2 HTTP/1.1" status: 204 len: 168 time: 0.7000930
Aug 10 15:11:17.515890 dv-cinder-780933-14-iscsi neutron-server[93495]: DEBUG neutron.wsgi [-] (93495) accepted ('10.222.0.26', 39994) {{(pid=93495) server /usr/local/lib/python3.8/dist-packages/eventlet/wsgi.py:982}}
Aug 10 15:11:17.518568 dv-cinder-780933-14-iscsi neutron-server[93495]: DEBUG neutron.api.rpc.handlers.resources_rpc [None req-77c27061-2d18-41f0-b352-f42343c2a031 admin admin] Pushing event deleted for resources: {'Subnet': ['ID=1050a4fb-cbb6-42e6-9ff9-f3565941d1f2,revision_number=None']} {{(pid=93495) push /opt/stack/neutron/neutron/api/rpc/handlers/resources_rpc.py:237}}
Aug 10 15:11:17.547323 dv-cinder-780933-14-iscsi neutron-server[93494]: DEBUG neutron.wsgi [-] (93494) accepted ('10.222.0.26', 39998) {{(pid=93494) server /usr/local/lib/python3.8/dist-packages/eventlet/wsgi.py:982}}
Aug 10 15:11:17.621780 dv-cinder-780933-14-iscsi neutron-server[93494]: INFO neutron.wsgi [req-6184c4ea-baaa-4666-8896-d45e00096400 req-147f1700-aaeb-455e-90cb-14fa14d2cc80 tempest-ServerRescueNegativeTestJSON-1422429524 tempest-ServerRescueNegativeTestJSON-1422429524-project] 10.222.0.26 "GET /v2.0/security-groups?id=20d03789-770b-4805-ae52-55a572bdb7da&fields=id&fields=name HTTP/1.1" status: 200 len: 286 time: 0.1486528
Aug 10 15:11:17.666213 dv-cinder-780933-14-iscsi neutron-server[93495]: DEBUG neutron_lib.callbacks.manager [None req-509c6363-f66b-45b9-8ed1-296acdb86603 admin admin] Notify callbacks ['neutron.plugins.ml2.plugin.External_net_db_mixin._before_network_delete_handler-1663370'] for network, before_delete {{(pid=93495) _notify_loop /usr/local/lib/python3.8/dist-packages/neutron_lib/callbacks/manager.py:192}}
Aug 10 15:11:17.707866 dv-cinder-780933-14-iscsi neutron-server[93496]: DEBUG neutron.plugins.ml2.db [None req-dea99197-504f-48a2-a431-dd0d11782ee4 None None] For port 30de3e51-c8b7-4daf-8fe0-323cc5e74d68, host hv-cinder-78093, got binding levels [PortBindingLevel(driver='hyperv',host='hv-cinder-78093',level=0,port_id=30de3e51-c8b7-4daf-8fe0-323cc5e74d68,segment=NetworkSegment(4e32df8c-8c2a-4d49-8343-3954f6051abb),segment_id=4e32df8c-8c2a-4d49-8343-3954f6051abb)] {{(pid=93496) get_binding_level_objs /opt/stack/neutron/neutron/plugins/ml2/db.py:74}}
Aug 10 15:11:17.739738 dv-cinder-780933-14-iscsi neutron-server[93496]: DEBUG neutron.plugins.ml2.rpc [None req-dea99197-504f-48a2-a431-dd0d11782ee4 None None] Returning: {'device': '30de3e51-c8b7-4daf-8fe0-323cc5e74d68', 'network_id': 'b10a6317-7a85-4b67-b820-a4a5f0492303', 'port_id': '30de3e51-c8b7-4daf-8fe0-323cc5e74d68', 'mac_address': 'fa:16:3e:73:b0:b7', 'admin_state_up': True, 'network_type': 'vlan', 'segmentation_id': 626, 'physical_network': 'physnet1', 'mtu': 1500, 'fixed_ips': [{'subnet_id': '6a5f0c0d-aa1e-4c33-a88d-0bb3505d90d2', 'ip_address': '172.20.0.13'}], 'device_owner': 'compute:nova', 'allowed_address_pairs': [], 'port_security_enabled': True, 'qos_policy_id': None, 'network_qos_policy_id': None, 'profile': {}, 'propagate_uplink_status': False} {{(pid=93496) _get_device_details /opt/stack/neutron/neutron/plugins/ml2/rpc.py:184}}
Aug 10 15:11:17.770622 dv-cinder-780933-14-iscsi neutron-server[93494]: DEBUG neutron.api.v2.base [None req-b4f7730b-d961-47e5-8bce-6bb1feadac1f admin admin] Request body: {'network': {'name': 'tempest-TestMinimumBasicScenario-357250590-network', 'tenant_id': '2c1a23ed2b45465181f355cbe67a2f8c'}} {{(pid=93494) prepare_request_body /opt/stack/neutron/neutron/api/v2/base.py:729}}
Aug 10 15:11:17.805149 dv-cinder-780933-14-iscsi neutron-server[93495]: DEBUG neutron_lib.callbacks.manager [None req-509c6363-f66b-45b9-8ed1-296acdb86603 admin admin] Notify callbacks ['neutron.plugins.ml2.plugin.Ml2Plugin._network_delete_precommit_handler-2023883', 'neutron.services.segments.db._delete_segments_for_network-8792409164912'] for network, precommit_delete {{(pid=93495) _notify_loop /usr/local/lib/python3.8/dist-packages/neutron_lib/callbacks/manager.py:192}}
Aug 10 15:11:17.817120 dv-cinder-780933-14-iscsi neutron-server[93494]: DEBUG neutron.pecan_wsgi.hooks.quota_enforcement [None req-b4f7730b-d961-47e5-8bce-6bb1feadac1f admin admin] Made reservation on behalf of 2c1a23ed2b45465181f355cbe67a2f8c for: {'network': 1} {{(pid=93494) before /opt/stack/neutron/neutron/pecan_wsgi/hooks/quota_enforcement.py:53}}
Aug 10 15:11:17.821611 dv-cinder-780933-14-iscsi neutron-server[93495]: DEBUG neutron.services.segments.db [None req-509c6363-f66b-45b9-8ed1-296acdb86603 admin admin] neutron.services.segments.plugin.Plugin method get_segments called with arguments (,) {'filters': {'network_id': ['a0f4e0ce-ff66-46b2-a536-9743f332dbad']}} {{(pid=93495) wrapper /usr/local/lib/python3.8/dist-packages/oslo_log/helpers.py:65}}
Aug 10 15:11:17.822521 dv-cinder-780933-14-iscsi neutron-server[93494]: DEBUG neutron_lib.callbacks.manager [None req-b4f7730b-d961-47e5-8bce-6bb1feadac1f admin admin] Notify callbacks ['neutron.plugins.ml2.plugin.SecurityGroupDbMixin._ensure_default_security_group_handler-1994476'] for network, before_create {{(pid=93494) _notify_loop /usr/local/lib/python3.8/dist-packages/neutron_lib/callbacks/manager.py:192}}
Aug 10 15:11:17.837592 dv-cinder-780933-14-iscsi neutron-server[93496]: DEBUG neutron_lib.callbacks.manager [None req-dea99197-504f-48a2-a431-dd0d11782ee4 None None] Notify callbacks ['neutron.plugins.ml2.plugin.SecurityGroupDbMixin._ensure_default_security_group_handler-1994476'] for port, before_update {{(pid=93496) _notify_loop /usr/local/lib/python3.8/dist-packages/neutron_lib/callbacks/manager.py:192}}
Aug 10 15:11:17.845920 dv-cinder-780933-14-iscsi neutron-server[93495]: DEBUG neutron.services.segments.db [None req-509c6363-f66b-45b9-8ed1-296acdb86603 admin admin] neutron.services.segments.plugin.Plugin method delete_segment called with arguments (, 'fcfda697-03f3-48fd-b8dd-763943678675') {'for_net_delete': True} {{(pid=93495) wrapper /usr/local/lib/python3.8/dist-packages/oslo_log/helpers.py:65}}
Aug 10 15:11:17.846436 dv-cinder-780933-14-iscsi neutron-server[93495]: DEBUG neutron.services.segments.db [None req-509c6363-f66b-45b9-8ed1-296acdb86603 admin admin] neutron.services.segments.plugin.Plugin method get_segment called with arguments (, 'fcfda697-03f3-48fd-b8dd-763943678675') {} {{(pid=93495) wrapper /usr/local/lib/python3.8/dist-packages/oslo_log/helpers.py:65}}
Aug 10 15:11:17.852569 dv-cinder-780933-14-iscsi neutron-server[93494]: DEBUG neutron_lib.callbacks.manager [None req-b4f7730b-d961-47e5-8bce-6bb1feadac1f admin admin] Notify callbacks [] for security_group, before_create {{(pid=93494) _notify_loop /usr/local/lib/python3.8/dist-packages/neutron_lib/callbacks/manager.py:192}}
Aug 10 15:11:17.859151 dv-cinder-780933-14-iscsi neutron-server[93496]: DEBUG neutron.notifiers.nova [None req-dea99197-504f-48a2-a431-dd0d11782ee4 None None] Ignoring state change previous_port_status: DOWN current_port_status: BUILD port_id 30de3e51-c8b7-4daf-8fe0-323cc5e74d68 {{(pid=93496) record_port_status_changed /opt/stack/neutron/neutron/notifiers/nova.py:224}}
Aug 10 15:11:17.868244 dv-cinder-780933-14-iscsi neutron-server[93495]: DEBUG neutron_lib.callbacks.manager [None req-509c6363-f66b-45b9-8ed1-296acdb86603 admin admin] Notify callbacks ['neutron.plugins.ml2.db._prevent_segment_delete_with_port_bound-8792409168505', 'neutron.services.segments.plugin.Plugin._prevent_segment_delete_with_subnet_associated-126710513'] for segment, before_delete {{(pid=93495) _notify_loop /usr/local/lib/python3.8/dist-packages/neutron_lib/callbacks/manager.py:192}}
Aug 10 15:11:17.888993 dv-cinder-780933-14-iscsi neutron-server[93495]: DEBUG neutron_lib.callbacks.manager [None req-509c6363-f66b-45b9-8ed1-296acdb86603 admin admin] Notify callbacks ['neutron.plugins.ml2.plugin.Ml2Plugin._handle_segment_change-2024958'] for segment, precommit_delete {{(pid=93495) _notify_loop /usr/local/lib/python3.8/dist-packages/neutron_lib/callbacks/manager.py:192}}
Aug 10 15:11:17.890878 dv-cinder-780933-14-iscsi neutron-server[93496]: DEBUG neutron.plugins.ml2.db [None req-dea99197-504f-48a2-a431-dd0d11782ee4 None None] For port 30de3e51-c8b7-4daf-8fe0-323cc5e74d68, host hv-cinder-78093, got binding levels [PortBindingLevel(driver='hyperv',host='hv-cinder-78093',level=0,port_id=30de3e51-c8b7-4daf-8fe0-323cc5e74d68,segment=NetworkSegment(4e32df8c-8c2a-4d49-8343-3954f6051abb),segment_id=4e32df8c-8c2a-4d49-8343-3954f6051abb)] {{(pid=93496) get_binding_level_objs /opt/stack/neutron/neutron/plugins/ml2/db.py:74}}
Aug 10 15:11:17.899652 dv-cinder-780933-14-iscsi neutron-server[93495]: DEBUG neutron.plugins.ml2.drivers.type_vlan [None req-509c6363-f66b-45b9-8ed1-296acdb86603 admin admin] Releasing vlan 613 on physical network physnet1 to pool {{(pid=93495) release_segment /opt/stack/neutron/neutron/plugins/ml2/drivers/type_vlan.py:304}}
Aug 10 15:11:17.900170 dv-cinder-780933-14-iscsi neutron-server[93495]: DEBUG neutron_lib.callbacks.manager [None req-509c6363-f66b-45b9-8ed1-296acdb86603 admin admin] Notify callbacks ['neutron.plugins.ml2.plugin.Ml2Plugin._handle_segment_change-2024958', 'neutron.services.segments.plugin.NovaSegmentNotifier._notify_segment_deleted-129319936'] for segment, after_delete {{(pid=93495) _notify_loop /usr/local/lib/python3.8/dist-packages/neutron_lib/callbacks/manager.py:192}}
Aug 10 15:11:17.901378 dv-cinder-780933-14-iscsi neutron-server[93496]: DEBUG neutron_lib.callbacks.manager [None req-dea99197-504f-48a2-a431-dd0d11782ee4 None None] Notify callbacks ['neutron.plugins.ml2.plugin.SecurityGroupServerNotifierRpcMixin._notify_sg_on_port_change-1995586', 'neutron.plugins.ml2.ovo_rpc._ObjectChangeHandler.handle_event-453338', 'neutron.api.rpc.agentnotifiers.dhcp_rpc_agent_api.DhcpAgentNotifyAPI._native_event_send_dhcp_notification-759609', 'neutron.db.l3_db.L3RpcNotifierMixin._notify_gateway_port_ip_changed-8792409142685', 'neutron.db.l3_dvrscheduler_db._notify_l3_agent_port_update-8792408655876', 'neutron.db.l3_hascheduler_db._notify_l3_agent_ha_port_update-8792408655894'] for port, after_update {{(pid=93496) _notify_loop /usr/local/lib/python3.8/dist-packages/neutron_lib/callbacks/manager.py:192}}
Aug 10 15:11:17.902738 dv-cinder-780933-14-iscsi neutron-server[93495]: Traceback (most recent call last):
Aug 10 15:11:17.902738 dv-cinder-780933-14-iscsi neutron-server[93495]: File "/usr/local/lib/python3.8/dist-packages/eventlet/hubs/hub.py", line 476, in fire_timers
Aug 10 15:11:17.902738 dv-cinder-780933-14-iscsi neutron-server[93495]: timer()
Aug 10 15:11:17.902738 dv-cinder-780933-14-iscsi neutron-server[93495]: File "/usr/local/lib/python3.8/dist-packages/eventlet/hubs/timer.py", line 59, in __call__
Aug 10 15:11:17.902738 dv-cinder-780933-14-iscsi neutron-server[93495]: cb(*args, **kw)
Aug 10 15:11:17.902738 dv-cinder-780933-14-iscsi neutron-server[93495]: File "/opt/stack/neutron/neutron/common/utils.py", line 905, in wrapper
Aug 10 15:11:17.902738 dv-cinder-780933-14-iscsi neutron-server[93495]: return func(*args, **kwargs)
Aug 10 15:11:17.902738 dv-cinder-780933-14-iscsi neutron-server[93495]: File "/opt/stack/neutron/neutron/notifiers/batch_notifier.py", line 58, in synced_send
Aug 10 15:11:17.902738 dv-cinder-780933-14-iscsi neutron-server[93495]: self._notify()
Aug 10 15:11:17.902738 dv-cinder-780933-14-iscsi neutron-server[93495]: File "/opt/stack/neutron/neutron/notifiers/batch_notifier.py", line 69, in _notify
Aug 10 15:11:17.902738 dv-cinder-780933-14-iscsi neutron-server[93495]: self.callback(batched_events)
Aug 10 15:11:17.902738 dv-cinder-780933-14-iscsi neutron-server[93495]: File "/opt/stack/neutron/neutron/services/segments/plugin.py", line 211, in _send_notifications
Aug 10 15:11:17.902738 dv-cinder-780933-14-iscsi neutron-server[93495]: event.method(event)
Aug 10 15:11:17.902738 dv-cinder-780933-14-iscsi neutron-server[93495]: File "/opt/stack/neutron/neutron/services/segments/plugin.py", line 383, in _delete_nova_inventory
Aug 10 15:11:17.902738 dv-cinder-780933-14-iscsi neutron-server[93495]: aggregate_id = self._get_aggregate_id(event.segment_id)
Aug 10 15:11:17.902738 dv-cinder-780933-14-iscsi neutron-server[93495]: File "/opt/stack/neutron/neutron/services/segments/plugin.py", line 370, in _get_aggregate_id
Aug 10 15:11:17.902738 dv-cinder-780933-14-iscsi neutron-server[93495]: aggregate_uuid = self.p_client.list_aggregates(
Aug 10 15:11:17.902738 dv-cinder-780933-14-iscsi neutron-server[93495]: File "/usr/local/lib/python3.8/dist-packages/neutron_lib/placement/client.py", line 57, in wrapper
Aug 10 15:11:17.902738 dv-cinder-780933-14-iscsi neutron-server[93495]: return f(self, *a, **k)
Aug 10 15:11:17.902738 dv-cinder-780933-14-iscsi neutron-server[93495]: File "/usr/local/lib/python3.8/dist-packages/neutron_lib/placement/client.py", line 553, in list_aggregates
Aug 10 15:11:17.902738 dv-cinder-780933-14-iscsi neutron-server[93495]: return self._get(url).json()
Aug 10 15:11:17.902738 dv-cinder-780933-14-iscsi neutron-server[93495]: File "/usr/local/lib/python3.8/dist-packages/neutron_lib/placement/client.py", line 189, in _get
Aug 10 15:11:17.902738 dv-cinder-780933-14-iscsi neutron-server[93495]: return self._client.get(url, endpoint_filter=self._ks_filter,
Aug 10 15:11:17.902738 dv-cinder-780933-14-iscsi neutron-server[93495]: File "/usr/local/lib/python3.8/dist-packages/keystoneauth1/session.py", line 1141, in get
Aug 10 15:11:17.902738 dv-cinder-780933-14-iscsi neutron-server[93495]: return self.request(url, 'GET', **kwargs)
Aug 10 15:11:17.902738 dv-cinder-780933-14-iscsi neutron-server[93495]: File "/usr/local/lib/python3.8/dist-packages/keystoneauth1/session.py", line 811, in request
Aug 10 15:11:17.902738 dv-cinder-780933-14-iscsi neutron-server[93495]: base_url = self.get_endpoint(auth, allow=allow,
Aug 10 15:11:17.902738 dv-cinder-780933-14-iscsi neutron-server[93495]: File "/usr/local/lib/python3.8/dist-packages/keystoneauth1/session.py", line 1241, in get_endpoint
Aug 10 15:11:17.902738 dv-cinder-780933-14-iscsi neutron-server[93495]: auth = self._auth_required(auth, 'determine endpoint URL')
Aug 10 15:11:17.902738 dv-cinder-780933-14-iscsi neutron-server[93495]: File "/usr/local/lib/python3.8/dist-packages/keystoneauth1/session.py", line 1181, in _auth_required
Aug 10 15:11:17.902738 dv-cinder-780933-14-iscsi neutron-server[93495]: raise exceptions.MissingAuthPlugin(msg_fmt % msg)
Aug 10 15:11:17.902738 dv-cinder-780933-14-iscsi neutron-server[93495]: keystoneauth1.exceptions.auth_plugins.MissingAuthPlugin: An auth plugin is required to determine endpoint URL
Aug 10 15:11:17.982399 dv-cinder-780933-14-iscsi neutron-server[93495]: DEBUG neutron_lib.callbacks.manager [None req-509c6363-f66b-45b9-8ed1-296acdb86603 admin admin] Notify callbacks ['neutron.plugins.ml2.plugin.Ml2Plugin._network_delete_after_delete_handler-2023872', 'neutron.plugins.ml2.ovo_rpc._ObjectChangeHandler.handle_event-636137', 'neutron.api.rpc.agentnotifiers.dhcp_rpc_agent_api.DhcpAgentNotifyAPI._native_event_send_dhcp_notification-759609', 'neutron.services.l3_router.l3_router_plugin.DVRResourceOperationHandler.delete_fip_namespaces_for_ext_net-654767'] for network, after_delete {{(pid=93495) _notify_loop /usr/local/lib/python3.8/dist-packages/neutron_lib/callbacks/manager.py:192}}
Aug 10 15:11:18.011550 dv-cinder-780933-14-iscsi neutron-server[93495]: DEBUG neutron_lib.callbacks.manager [None req-509c6363-f66b-45b9-8ed1-296acdb86603 admin admin] Notify callbacks ['neutron.api.rpc.agentnotifiers.dhcp_rpc_agent_api.DhcpAgentNotifyAPI._send_dhcp_notification-759591'] for network, before_response {{(pid=93495) _notify_loop /usr/local/lib/python3.8/dist-packages/neutron_lib/callbacks/manager.py:192}}
Aug 10 15:11:18.014524 dv-cinder-780933-14-iscsi neutron-server[93495]: INFO neutron.wsgi [None req-509c6363-f66b-45b9-8ed1-296acdb86603 admin admin] 10.222.0.26 "DELETE /v2.0/networks/a0f4e0ce-ff66-46b2-a536-9743f332dbad HTTP/1.1" status: 204 len: 168 time: 0.4964511
Aug 10 15:11:18.016698 dv-cinder-780933-14-iscsi neutron-server[93496]: DEBUG neutron.api.rpc.handlers.resources_rpc [None req-dea99197-504f-48a2-a431-dd0d11782ee4 None None] Pushing event updated for resources: {'Port': ['ID=30de3e51-c8b7-4daf-8fe0-323cc5e74d68,revision_number=4']} {{(pid=93496) push /opt/stack/neutron/neutron/api/rpc/handlers/resources_rpc.py:237}}
Aug 10 15:11:18.019405 dv-cinder-780933-14-iscsi neutron-server[93494]: DEBUG neutron.wsgi [-] (93494) accepted ('10.222.0.26', 40010) {{(pid=93494) server /usr/local/lib/python3.8/dist-packages/eventlet/wsgi.py:982}}
Aug 10 15:11:18.020290 dv-cinder-780933-14-iscsi neutron-server[93495]: DEBUG neutron.api.rpc.handlers.resources_rpc [None req-509c6363-f66b-45b9-8ed1-296acdb86603 admin admin] Pushing event deleted for resources: {'Network': ['ID=a0f4e0ce-ff66-46b2-a536-9743f332dbad,revision_number=None']} {{(pid=93495) push /opt/stack/neutron/neutron/api/rpc/handlers/resources_rpc.py:237}}
Aug 10 15:11:18.027374 dv-cinder-780933-14-iscsi neutron-server[93495]: DEBUG neutron.wsgi [-] (93495) accepted ('10.222.0.26', 40012) {{(pid=93495) server /usr/local/lib/python3.8/dist-packages/eventlet/wsgi.py:982}}
Aug 10 15:11:18.036483 dv-cinder-780933-14-iscsi neutron-server[93496]: DEBUG neutron.api.rpc.callbacks.version_manager [None req-dea99197-504f-48a2-a431-dd0d11782ee4 None None] Version for resource type AddressGroup changed None to 1.2 on consumer Open vSwitch agent@dv-cinder-780933-14-iscsi {{(pid=93496) _set_version /opt/stack/neutron/neutron/api/rpc/callbacks/version_manager.py:113}}
Aug 10 15:11:18.037097 dv-cinder-780933-14-iscsi neutron-server[93496]: DEBUG neutron.api.rpc.callbacks.version_manager [None req-dea99197-504f-48a2-a431-dd0d11782ee4 None None] Version for resource type ConntrackHelper changed None to 1.0 on consumer Open vSwitch agent@dv-cinder-780933-14-iscsi {{(pid=93496) _set_version /opt/stack/neutron/neutron/api/rpc/callbacks/version_manager.py:113}}
Aug 10 15:11:18.037449 dv-cinder-780933-14-iscsi neutron-server[93496]: DEBUG neutron.api.rpc.callbacks.version_manager [None req-dea99197-504f-48a2-a431-dd0d11782ee4 None None] Version for resource type Log changed None to 1.0 on consumer Open vSwitch agent@dv-cinder-780933-14-iscsi {{(pid=93496) _set_version /opt/stack/neutron/neutron/api/rpc/callbacks/version_manager.py:113}}
Aug 10 15:11:18.037894 dv-cinder-780933-14-iscsi neutron-server[93496]: DEBUG neutron.api.rpc.callbacks.version_manager [None req-dea99197-504f-48a2-a431-dd0d11782ee4 None None] Version for resource type Network changed None to 1.1 on consumer Open vSwitch agent@dv-cinder-780933-14-iscsi {{(pid=93496) _set_version /opt/stack/neutron/neutron/api/rpc/callbacks/version_manager.py:113}}
Aug 10 15:11:18.038269 dv-cinder-780933-14-iscsi neutron-server[93496]: DEBUG neutron.api.rpc.callbacks.version_manager [None req-dea99197-504f-48a2-a431-dd0d11782ee4 None None] Version for resource type Port changed None to 1.7 on consumer Open vSwitch agent@dv-cinder-780933-14-iscsi {{(pid=93496) _set_version /opt/stack/neutron/neutron/api/rpc/callbacks/version_manager.py:113}}
Aug 10 15:11:18.038629 dv-cinder-780933-14-iscsi neutron-server[93496]: DEBUG neutron.api.rpc.callbacks.version_manager [None req-dea99197-504f-48a2-a431-dd0d11782ee4 None None] Version for resource type PortForwarding changed None to 1.2 on consumer Open vSwitch agent@dv-cinder-780933-14-iscsi {{(pid=93496) _set_version /opt/stack/neutron/neutron/api/rpc/callbacks/version_manager.py:113}}
Aug 10 15:11:18.038968 dv-cinder-780933-14-iscsi neutron-server[93496]: DEBUG neutron.api.rpc.callbacks.version_manager [None req-dea99197-504f-48a2-a431-dd0d11782ee4 None None] Version for resource type QosPolicy changed None to 1.9 on consumer Open vSwitch agent@dv-cinder-780933-14-iscsi {{(pid=93496) _set_version /opt/stack/neutron/neutron/api/rpc/callbacks/version_manager.py:113}}
Aug 10 15:11:18.039877 dv-cinder-780933-14-iscsi neutron-server[93496]: DEBUG neutron.api.rpc.callbacks.version_manager [None req-dea99197-504f-48a2-a431-dd0d11782ee4 None None] Version for resource type SecurityGroup changed None to 1.4 on consumer Open vSwitch agent@dv-cinder-780933-14-iscsi {{(pid=93496) _set_version /opt/stack/neutron/neutron/api/rpc/callbacks/version_manager.py:113}}
Aug 10 15:11:18.040362 dv-cinder-780933-14-iscsi neutron-server[93496]: DEBUG neutron.api.rpc.callbacks.version_manager [None req-dea99197-504f-48a2-a431-dd0d11782ee4 None None] Version for resource type SecurityGroupRule changed None to 1.2 on consumer Open vSwitch agent@dv-cinder-780933-14-iscsi {{(pid=93496) _set_version /opt/stack/neutron/neutron/api/rpc/callbacks/version_manager.py:113}}
Aug 10 15:11:18.040701 dv-cinder-780933-14-iscsi neutron-server[93496]: DEBUG neutron.api.rpc.callbacks.version_manager [None req-dea99197-504f-48a2-a431-dd0d11782ee4 None None] Version for resource type SubPort changed None to 1.0 on consumer Open vSwitch agent@dv-cinder-780933-14-iscsi {{(pid=93496) _set_version /opt/stack/neutron/neutron/api/rpc/callbacks/version_manager.py:113}}
Aug 10 15:11:18.041030 dv-cinder-780933-14-iscsi neutron-server[93496]: DEBUG neutron.api.rpc.callbacks.version_manager [None req-dea99197-504f-48a2-a431-dd0d11782ee4 None None] Version for resource type Subnet changed None to 1.1 on consumer Open vSwitch agent@dv-cinder-780933-14-iscsi {{(pid=93496) _set_version /opt/stack/neutron/neutron/api/rpc/callbacks/version_manager.py:113}}
Aug 10 15:11:18.041356 dv-cinder-780933-14-iscsi neutron-server[93496]: DEBUG neutron.api.rpc.callbacks.version_manager [None req-dea99197-504f-48a2-a431-dd0d11782ee4 None None] Version for resource type Trunk changed None to 1.1 on consumer Open vSwitch agent@dv-cinder-780933-14-iscsi {{(pid=93496) _set_version /opt/stack/neutron/neutron/api/rpc/callbacks/version_manager.py:113}}
Aug 10 15:11:18.100257 dv-cinder-780933-14-iscsi neutron-server[93494]: DEBUG neutron_lib.callbacks.manager [None req-b4f7730b-d961-47e5-8bce-6bb1feadac1f admin admin] Notify callbacks [] for security_group, precommit_create {{(pid=93494) _notify_loop /usr/local/lib/python3.8/dist-packages/neutron_lib/callbacks/manager.py:192}}
Aug 10 15:11:18.107477 dv-cinder-780933-14-iscsi neutron-server[93494]: DEBUG neutron_lib.callbacks.manager [None req-b4f7730b-d961-47e5-8bce-6bb1feadac1f admin admin] Notify callbacks ['neutron.plugins.ml2.ovo_rpc._ObjectChangeHandler.handle_event-636086'] for security_group, after_create {{(pid=93494) _notify_loop /usr/local/lib/python3.8/dist-packages/neutron_lib/callbacks/manager.py:192}}
Aug 10 15:11:18.121958 dv-cinder-780933-14-iscsi neutron-server[93494]: DEBUG neutron.db.db_base_plugin_v2 [None req-6f8acdef-085d-4cf4-bbba-8b0e4d486685 admin admin] Deleting subnet 1e355324-6bf2-491e-86dd-d8f3d5b59065 {{(pid=93494) delete_subnet /opt/stack/neutron/neutron/db/db_base_plugin_v2.py:1056}}
Aug 10 15:11:18.138363 dv-cinder-780933-14-iscsi neutron-server[93494]: DEBUG neutron_lib.callbacks.manager [None req-6f8acdef-085d-4cf4-bbba-8b0e4d486685 admin admin] Notify callbacks [] for subnet, before_delete {{(pid=93494) _notify_loop /usr/local/lib/python3.8/dist-packages/neutron_lib/callbacks/manager.py:192}}
Aug 10 15:11:18.167957 dv-cinder-780933-14-iscsi neutron-server[93494]: DEBUG neutron.plugins.ml2.drivers.helpers [None req-b4f7730b-d961-47e5-8bce-6bb1feadac1f admin admin] vlan segment allocate from pool success with {'physical_network': 'physnet1', 'vlan_id': 608} {{(pid=93494) allocate_partially_specified_segment /opt/stack/neutron/neutron/plugins/ml2/drivers/helpers.py:153}}
Aug 10 15:11:18.194989 dv-cinder-780933-14-iscsi neutron-server[93494]: DEBUG neutron.api.rpc.handlers.resources_rpc [None req-b4f7730b-d961-47e5-8bce-6bb1feadac1f admin admin] Pushing event updated for resources: {'SecurityGroup': ['ID=d4f56207-b8d9-4841-bfa7-0d9727ea58c3,revision_number=1']} {{(pid=93494) push /opt/stack/neutron/neutron/api/rpc/handlers/resources_rpc.py:237}}
Aug 10 15:11:18.206659 dv-cinder-780933-14-iscsi neutron-server[93494]: DEBUG neutron_lib.callbacks.manager [None req-b4f7730b-d961-47e5-8bce-6bb1feadac1f admin admin] Notify callbacks ['neutron.plugins.ml2.plugin.Ml2Plugin._handle_segment_change-2024958'] for segment, precommit_create {{(pid=93494) _notify_loop /usr/local/lib/python3.8/dist-packages/neutron_lib/callbacks/manager.py:192}}
Aug 10 15:11:18.207000 dv-cinder-780933-14-iscsi neutron-server[93494]: INFO neutron.db.segments_db [None req-b4f7730b-d961-47e5-8bce-6bb1feadac1f admin admin] Added segment 5cb44134-1a69-4850-9d8e-8aad0636cb96 of type vlan for network b8497ce4-6f49-4ff6-8e28-57a9e67c8fd7
Aug 10 15:11:18.210875 dv-cinder-780933-14-iscsi neutron-server[93494]: DEBUG neutron_lib.callbacks.manager [None req-6f8acdef-085d-4cf4-bbba-8b0e4d486685 admin admin] Notify callbacks [] for subnet, precommit_delete_associations {{(pid=93494) _notify_loop /usr/local/lib/python3.8/dist-packages/neutron_lib/callbacks/manager.py:192}}
Aug 10 15:11:18.235139 dv-cinder-780933-14-iscsi neutron-server[93494]: DEBUG neutron_lib.callbacks.manager [None req-6f8acdef-085d-4cf4-bbba-8b0e4d486685 admin admin] Notify callbacks ['neutron.plugins.ml2.plugin.Ml2Plugin._subnet_delete_precommit_handler-2025538'] for subnet, precommit_delete {{(pid=93494) _notify_loop /usr/local/lib/python3.8/dist-packages/neutron_lib/callbacks/manager.py:192}}
Aug 10 15:11:18.236021 dv-cinder-780933-14-iscsi neutron-server[93496]: DEBUG neutron.plugins.ml2.db [None req-dea99197-504f-48a2-a431-dd0d11782ee4 None None] get_ports_and_sgs() called for port_ids ['30de3e51-c8b7-4daf-8fe0-323cc5e74d68'] {{(pid=93496) get_ports_and_sgs /opt/stack/neutron/neutron/plugins/ml2/db.py:156}}
Aug 10 15:11:18.249528 dv-cinder-780933-14-iscsi neutron-server[93495]: DEBUG neutron_lib.callbacks.manager [None req-25e995c3-4bc8-42da-810a-1cd00a0a4eb0 admin admin] Notify callbacks [] for security_group, before_create {{(pid=93495) _notify_loop /usr/local/lib/python3.8/dist-packages/neutron_lib/callbacks/manager.py:192}}
Aug 10 15:11:18.424906 dv-cinder-780933-14-iscsi neutron-server[93495]: DEBUG neutron_lib.callbacks.manager [None req-25e995c3-4bc8-42da-810a-1cd00a0a4eb0 admin admin] Notify callbacks [] for security_group, precommit_create {{(pid=93495) _notify_loop /usr/local/lib/python3.8/dist-packages/neutron_lib/callbacks/manager.py:192}}
Aug 10 15:11:18.431293 dv-cinder-780933-14-iscsi neutron-server[93495]: DEBUG neutron_lib.callbacks.manager [None req-25e995c3-4bc8-42da-810a-1cd00a0a4eb0 admin admin] Notify callbacks ['neutron.plugins.ml2.ovo_rpc._ObjectChangeHandler.handle_event-636086'] for security_group, after_create {{(pid=93495) _notify_loop /usr/local/lib/python3.8/dist-packages/neutron_lib/callbacks/manager.py:192}}
Aug 10 15:11:18.491493 dv-cinder-780933-14-iscsi neutron-server[93495]: INFO neutron.wsgi [None req-25e995c3-4bc8-42da-810a-1cd00a0a4eb0 admin admin] 10.222.0.26 "GET /v2.0/security-groups?tenant_id=24cf85518bc64d7f887d8abd20d64f1c&name=default HTTP/1.1" status: 200 len: 2979 time: 0.4623260
Aug 10 15:11:18.493518 dv-cinder-780933-14-iscsi neutron-server[93495]: DEBUG neutron.api.rpc.handlers.resources_rpc [None req-25e995c3-4bc8-42da-810a-1cd00a0a4eb0 admin admin] Pushing event updated for resources: {'SecurityGroup': ['ID=31654f4d-9e0f-4514-aff1-8f79798a8104,revision_number=1']} {{(pid=93495) push /opt/stack/neutron/neutron/api/rpc/handlers/resources_rpc.py:237}}
Aug 10 15:11:18.497114 dv-cinder-780933-14-iscsi neutron-server[93495]: DEBUG neutron.wsgi [-] (93495) accepted ('10.222.0.26', 40022) {{(pid=93495) server /usr/local/lib/python3.8/dist-packages/eventlet/wsgi.py:982}}
Aug 10 15:11:18.557367 dv-cinder-780933-14-iscsi neutron-server[93495]: DEBUG neutron_lib.callbacks.manager [None req-83476b6b-d6d3-42ac-9b79-a857f56630a3 admin admin] Notify callbacks [] for security_group, before_delete {{(pid=93495) _notify_loop /usr/local/lib/python3.8/dist-packages/neutron_lib/callbacks/manager.py:192}}
Aug 10 15:11:18.591131 dv-cinder-780933-14-iscsi neutron-server[93495]: DEBUG neutron_lib.callbacks.manager [None req-83476b6b-d6d3-42ac-9b79-a857f56630a3 admin admin] Notify callbacks [] for security_group, precommit_delete {{(pid=93495) _notify_loop /usr/local/lib/python3.8/dist-packages/neutron_lib/callbacks/manager.py:192}}
Aug 10 15:11:18.647594 dv-cinder-780933-14-iscsi neutron-server[93495]: DEBUG neutron_lib.callbacks.manager [None req-83476b6b-d6d3-42ac-9b79-a857f56630a3 admin admin] Notify callbacks ['neutron.plugins.ml2.ovo_rpc._ObjectChangeHandler.handle_event-636086'] for security_group, after_delete {{(pid=93495) _notify_loop /usr/local/lib/python3.8/dist-packages/neutron_lib/callbacks/manager.py:192}}
Aug 10 15:11:18.652641 dv-cinder-780933-14-iscsi neutron-server[93495]: DEBUG neutron_lib.callbacks.manager [None req-83476b6b-d6d3-42ac-9b79-a857f56630a3 admin admin] Notify callbacks [] for security_group, before_response {{(pid=93495) _notify_loop /usr/local/lib/python3.8/dist-packages/neutron_lib/callbacks/manager.py:192}}
Aug 10 15:11:18.652886 dv-cinder-780933-14-iscsi neutron-server[93494]: DEBUG neutron_lib.callbacks.manager [None req-b4f7730b-d961-47e5-8bce-6bb1feadac1f admin admin] Notify callbacks ['neutron.services.auto_allocate.db._ensure_external_network_default_value_callback-8792408640844'] for network, precommit_create {{(pid=93494) _notify_loop /usr/local/lib/python3.8/dist-packages/neutron_lib/callbacks/manager.py:192}}
Aug 10 15:11:18.653030 dv-cinder-780933-14-iscsi neutron-server[93495]: INFO neutron.wsgi [None req-83476b6b-d6d3-42ac-9b79-a857f56630a3 admin admin] 10.222.0.26 "DELETE /v2.0/security-groups/31654f4d-9e0f-4514-aff1-8f79798a8104 HTTP/1.1" status: 204 len: 168 time: 0.1540685
Aug 10 15:11:18.666719 dv-cinder-780933-14-iscsi neutron-server[93495]: DEBUG neutron.api.rpc.handlers.resources_rpc [None req-83476b6b-d6d3-42ac-9b79-a857f56630a3 admin admin] Pushing event deleted for resources: {'SecurityGroup': ['ID=31654f4d-9e0f-4514-aff1-8f79798a8104,revision_number=None']} {{(pid=93495) push /opt/stack/neutron/neutron/api/rpc/handlers/resources_rpc.py:237}}
Aug 10 15:11:18.717965 dv-cinder-780933-14-iscsi neutron-server[93494]: DEBUG neutron.pecan_wsgi.hooks.policy_enforcement [req-251e2c56-343a-47a8-8158-920cd5007bcd req-2ae7fda7-7298-43a7-aaf6-a21da43377e2 tempest-AttachVolumeNegativeTest-534896431 tempest-AttachVolumeNegativeTest-534896431-project] Attributes excluded by policy engine: ['standard_attr_id', 'binding:profile', 'binding:host_id', 'binding:vif_type', 'binding:vif_details'] {{(pid=93494) _exclude_attributes_by_policy /opt/stack/neutron/neutron/pecan_wsgi/hooks/policy_enforcement.py:255}}
Aug 10 15:11:18.725323 dv-cinder-780933-14-iscsi neutron-server[93494]: INFO neutron.wsgi [req-251e2c56-343a-47a8-8158-920cd5007bcd req-2ae7fda7-7298-43a7-aaf6-a21da43377e2 tempest-AttachVolumeNegativeTest-534896431 tempest-AttachVolumeNegativeTest-534896431-project] 10.222.0.26 "GET /v2.0/ports?device_id=d4135cc7-6689-4863-ba54-acdff4b42882 HTTP/1.1" status: 200 len: 945 time: 0.4690120
