Aug 10 15:10:50.338593 dv-cinder-780933-14-iscsi neutron-server[93496]: DEBUG neutron.db.provisioning_blocks [None req-dea99197-504f-48a2-a431-dd0d11782ee4 None None] Provisioning for port 7a18b997-f31f-4169-9636-cce8c69c31f5 completed by entity L2. {{(pid=93496) provisioning_complete /opt/stack/neutron/neutron/db/provisioning_blocks.py:133}}
Aug 10 15:10:50.356556 dv-cinder-780933-14-iscsi neutron-server[93496]: DEBUG neutron.db.provisioning_blocks [None req-dea99197-504f-48a2-a431-dd0d11782ee4 None None] Provisioning complete for port 7a18b997-f31f-4169-9636-cce8c69c31f5 triggered by entity L2. {{(pid=93496) provisioning_complete /opt/stack/neutron/neutron/db/provisioning_blocks.py:139}}
Aug 10 15:10:50.357108 dv-cinder-780933-14-iscsi neutron-server[93496]: DEBUG neutron_lib.callbacks.manager [None req-dea99197-504f-48a2-a431-dd0d11782ee4 None None] Notify callbacks ['neutron.plugins.ml2.plugin.Ml2Plugin._port_provisioned-2054564'] for port, provisioning_complete {{(pid=93496) _notify_loop /usr/local/lib/python3.8/dist-packages/neutron_lib/callbacks/manager.py:192}}
Aug 10 15:10:50.377310 dv-cinder-780933-14-iscsi neutron-server[93495]: DEBUG neutron.api.rpc.handlers.resources_rpc [None req-04738db8-ec1d-47bb-86b0-a3ae970492a1 admin admin] Pushing event updated for resources: {'SecurityGroup': ['ID=2defa239-ab49-4f11-a5b3-211208592c9d,revision_number=1']} {{(pid=93495) push /opt/stack/neutron/neutron/api/rpc/handlers/resources_rpc.py:237}}
Aug 10 15:10:50.486952 dv-cinder-780933-14-iscsi neutron-server[93496]: DEBUG neutron_lib.callbacks.manager [None req-dea99197-504f-48a2-a431-dd0d11782ee4 None None] Notify callbacks ['neutron.plugins.ml2.plugin.SecurityGroupDbMixin._ensure_default_security_group_handler-1994476'] for port, before_update {{(pid=93496) _notify_loop /usr/local/lib/python3.8/dist-packages/neutron_lib/callbacks/manager.py:192}}
Aug 10 15:10:50.560443 dv-cinder-780933-14-iscsi neutron-server[93496]: DEBUG neutron.plugins.ml2.db [None req-dea99197-504f-48a2-a431-dd0d11782ee4 None None] For port 7a18b997-f31f-4169-9636-cce8c69c31f5, host hv-cinder-78093, got binding levels [PortBindingLevel(driver='hyperv',host='hv-cinder-78093',level=0,port_id=7a18b997-f31f-4169-9636-cce8c69c31f5,segment=NetworkSegment(0655f6ab-f52a-4bf2-9104-8f9d73ee67e5),segment_id=0655f6ab-f52a-4bf2-9104-8f9d73ee67e5)] {{(pid=93496) get_binding_level_objs /opt/stack/neutron/neutron/plugins/ml2/db.py:74}}
Aug 10 15:10:50.587828 dv-cinder-780933-14-iscsi neutron-server[93496]: DEBUG neutron_lib.callbacks.manager [None req-dea99197-504f-48a2-a431-dd0d11782ee4 None None] Notify callbacks ['neutron.plugins.ml2.plugin.SecurityGroupServerNotifierRpcMixin._notify_sg_on_port_change-1995586', 'neutron.plugins.ml2.ovo_rpc._ObjectChangeHandler.handle_event-453338', 'neutron.api.rpc.agentnotifiers.dhcp_rpc_agent_api.DhcpAgentNotifyAPI._native_event_send_dhcp_notification-759609', 'neutron.db.l3_db.L3RpcNotifierMixin._notify_gateway_port_ip_changed-8792409142685', 'neutron.db.l3_dvrscheduler_db._notify_l3_agent_port_update-8792408655876', 'neutron.db.l3_hascheduler_db._notify_l3_agent_ha_port_update-8792408655894'] for port, after_update {{(pid=93496) _notify_loop /usr/local/lib/python3.8/dist-packages/neutron_lib/callbacks/manager.py:192}}
Aug 10 15:10:50.624064 dv-cinder-780933-14-iscsi neutron-server[93495]: DEBUG neutron.wsgi [-] (93495) accepted ('10.222.0.26', 39074) {{(pid=93495) server /usr/local/lib/python3.8/dist-packages/eventlet/wsgi.py:982}}
Aug 10 15:10:50.668160 dv-cinder-780933-14-iscsi neutron-server[93494]: DEBUG neutron.pecan_wsgi.hooks.policy_enforcement [req-5fd63cf5-fe0c-43d2-bfb0-be46dc9c54ad req-772416a1-f856-4ff5-837f-c5183902af80 tempest-AttachVolumeShelveTestJSON-2077806028 tempest-AttachVolumeShelveTestJSON-2077806028-project] Attributes excluded by policy engine: ['standard_attr_id', 'binding:profile', 'binding:host_id', 'binding:vif_type', 'binding:vif_details'] {{(pid=93494) _exclude_attributes_by_policy /opt/stack/neutron/neutron/pecan_wsgi/hooks/policy_enforcement.py:255}}
Aug 10 15:10:50.669868 dv-cinder-780933-14-iscsi neutron-server[93494]: INFO neutron.wsgi [req-5fd63cf5-fe0c-43d2-bfb0-be46dc9c54ad req-772416a1-f856-4ff5-837f-c5183902af80 tempest-AttachVolumeShelveTestJSON-2077806028 tempest-AttachVolumeShelveTestJSON-2077806028-project] 10.222.0.26 "GET /v2.0/ports?device_id=1dcd6d52-93c5-4877-b1c8-3a8fb0367190 HTTP/1.1" status: 200 len: 944 time: 0.2487233
Aug 10 15:10:50.715867 dv-cinder-780933-14-iscsi neutron-server[93496]: DEBUG neutron.api.rpc.handlers.resources_rpc [None req-dea99197-504f-48a2-a431-dd0d11782ee4 None None] Pushing event updated for resources: {'Port': ['ID=7a18b997-f31f-4169-9636-cce8c69c31f5,revision_number=5']} {{(pid=93496) push /opt/stack/neutron/neutron/api/rpc/handlers/resources_rpc.py:237}}
Aug 10 15:10:50.728449 dv-cinder-780933-14-iscsi neutron-server[93494]: DEBUG neutron_lib.callbacks.manager [None req-5fb64bbe-0828-4e41-a6a0-a224318725ac admin admin] Notify callbacks [] for security_group, before_delete {{(pid=93494) _notify_loop /usr/local/lib/python3.8/dist-packages/neutron_lib/callbacks/manager.py:192}}
Aug 10 15:10:50.832699 dv-cinder-780933-14-iscsi neutron-server[93494]: DEBUG neutron.pecan_wsgi.hooks.policy_enforcement [req-80e270c0-6367-48da-9cf0-0d7710760c13 req-f8152f1c-4c01-460d-90c6-1e2b2ece78cf service neutron] Attributes excluded by policy engine: ['standard_attr_id'] {{(pid=93494) _exclude_attributes_by_policy /opt/stack/neutron/neutron/pecan_wsgi/hooks/policy_enforcement.py:255}}
Aug 10 15:10:50.834979 dv-cinder-780933-14-iscsi neutron-server[93494]: INFO neutron.wsgi [req-80e270c0-6367-48da-9cf0-0d7710760c13 req-f8152f1c-4c01-460d-90c6-1e2b2ece78cf service neutron] 10.222.0.50 "GET /v2.0/ports?device_id=0e9c0b03-91f2-48af-a767-d234da01fcec HTTP/1.1" status: 200 len: 1098 time: 0.2829337
Aug 10 15:10:50.868736 dv-cinder-780933-14-iscsi neutron-server[93494]: INFO neutron.wsgi [req-5fd63cf5-fe0c-43d2-bfb0-be46dc9c54ad req-c4965ffa-6459-40c2-b4c2-79f6bc717e56 tempest-AttachVolumeShelveTestJSON-2077806028 tempest-AttachVolumeShelveTestJSON-2077806028-project] 10.222.0.26 "GET /v2.0/security-groups?id=fae2eb9c-7ab0-40ae-bb89-dc875201d3df&fields=id&fields=name HTTP/1.1" status: 200 len: 312 time: 0.1588340
Aug 10 15:10:50.880051 dv-cinder-780933-14-iscsi neutron-server[93495]: DEBUG neutron_lib.callbacks.manager [None req-328b413d-258a-47bd-a8c9-ddb74886c078 admin admin] Notify callbacks [] for security_group, before_create {{(pid=93495) _notify_loop /usr/local/lib/python3.8/dist-packages/neutron_lib/callbacks/manager.py:192}}
Aug 10 15:10:50.935788 dv-cinder-780933-14-iscsi neutron-server[93494]: DEBUG neutron_lib.callbacks.manager [None req-5fb64bbe-0828-4e41-a6a0-a224318725ac admin admin] Notify callbacks [] for security_group, precommit_delete {{(pid=93494) _notify_loop /usr/local/lib/python3.8/dist-packages/neutron_lib/callbacks/manager.py:192}}
Aug 10 15:10:50.982189 dv-cinder-780933-14-iscsi neutron-server[93494]: INFO neutron.wsgi [req-80e270c0-6367-48da-9cf0-0d7710760c13 req-04c930e4-29bf-4063-8eb6-d33a38124390 service neutron] 10.222.0.50 "GET /v2.0/security-groups?id=20d03789-770b-4805-ae52-55a572bdb7da&fields=id&fields=name HTTP/1.1" status: 200 len: 286 time: 0.1217847
Aug 10 15:10:51.024151 dv-cinder-780933-14-iscsi neutron-server[93495]: DEBUG neutron_lib.callbacks.manager [None req-328b413d-258a-47bd-a8c9-ddb74886c078 admin admin] Notify callbacks [] for security_group, precommit_create {{(pid=93495) _notify_loop /usr/local/lib/python3.8/dist-packages/neutron_lib/callbacks/manager.py:192}}
Aug 10 15:10:51.030598 dv-cinder-780933-14-iscsi neutron-server[93495]: DEBUG neutron_lib.callbacks.manager [None req-328b413d-258a-47bd-a8c9-ddb74886c078 admin admin] Notify callbacks ['neutron.plugins.ml2.ovo_rpc._ObjectChangeHandler.handle_event-636086'] for security_group, after_create {{(pid=93495) _notify_loop /usr/local/lib/python3.8/dist-packages/neutron_lib/callbacks/manager.py:192}}
Aug 10 15:10:51.032441 dv-cinder-780933-14-iscsi neutron-server[93494]: DEBUG neutron.pecan_wsgi.hooks.policy_enforcement [req-087ae091-6c7c-44d9-ac75-31a8bee2f720 req-a02f0a02-3d5a-49c6-a9aa-44eb3e794066 tempest-AttachVolumeTestJSON-583026102 tempest-AttachVolumeTestJSON-583026102-project] Attributes excluded by policy engine: ['standard_attr_id', 'binding:profile', 'binding:host_id', 'binding:vif_type', 'binding:vif_details'] {{(pid=93494) _exclude_attributes_by_policy /opt/stack/neutron/neutron/pecan_wsgi/hooks/policy_enforcement.py:255}}
Aug 10 15:10:51.046481 dv-cinder-780933-14-iscsi neutron-server[93494]: INFO neutron.wsgi [req-087ae091-6c7c-44d9-ac75-31a8bee2f720 req-a02f0a02-3d5a-49c6-a9aa-44eb3e794066 tempest-AttachVolumeTestJSON-583026102 tempest-AttachVolumeTestJSON-583026102-project] 10.222.0.26 "GET /v2.0/ports?device_id=1ff69c48-c365-465a-9756-7d213ec4cd4e HTTP/1.1" status: 200 len: 946 time: 0.2796292
Aug 10 15:10:51.133721 dv-cinder-780933-14-iscsi neutron-server[93495]: INFO neutron.wsgi [None req-328b413d-258a-47bd-a8c9-ddb74886c078 admin admin] 10.222.0.26 "GET /v2.0/security-groups?tenant_id=4cc5dc4905ef4be4aa7f38e9e8256fdb&name=default HTTP/1.1" status: 200 len: 2979 time: 0.5088415
Aug 10 15:10:51.136948 dv-cinder-780933-14-iscsi neutron-server[93495]: DEBUG neutron.wsgi [-] (93495) accepted ('10.222.0.26', 39086) {{(pid=93495) server /usr/local/lib/python3.8/dist-packages/eventlet/wsgi.py:982}}
Aug 10 15:10:51.173024 dv-cinder-780933-14-iscsi neutron-server[93495]: DEBUG neutron.api.rpc.handlers.resources_rpc [None req-328b413d-258a-47bd-a8c9-ddb74886c078 admin admin] Pushing event updated for resources: {'SecurityGroup': ['ID=ee7d4356-e5cc-48c4-acff-bf4d2684764c,revision_number=1']} {{(pid=93495) push /opt/stack/neutron/neutron/api/rpc/handlers/resources_rpc.py:237}}
Aug 10 15:10:51.179794 dv-cinder-780933-14-iscsi neutron-server[93494]: INFO neutron.wsgi [req-087ae091-6c7c-44d9-ac75-31a8bee2f720 req-3032ab97-6885-4aef-b2af-1e8499489913 tempest-AttachVolumeTestJSON-583026102 tempest-AttachVolumeTestJSON-583026102-project] 10.222.0.26 "GET /v2.0/security-groups?id=560c0b1f-d4b0-463b-bbb1-58188e1961b3&fields=id&fields=name HTTP/1.1" status: 200 len: 313 time: 0.1318960
Aug 10 15:10:51.223093 dv-cinder-780933-14-iscsi neutron-server[93496]: DEBUG neutron.plugins.ml2.rpc [None req-dea99197-504f-48a2-a431-dd0d11782ee4 None None] Device 4aec4683-7906-443c-8aeb-340e9808b49a details requested by agent hyperv_hv-cinder-78093 with host hv-cinder-78093 {{(pid=93496) get_device_details /opt/stack/neutron/neutron/plugins/ml2/rpc.py:102}}
Aug 10 15:10:51.281619 dv-cinder-780933-14-iscsi neutron-server[93494]: DEBUG neutron_lib.callbacks.manager [None req-5fb64bbe-0828-4e41-a6a0-a224318725ac admin admin] Notify callbacks ['neutron.plugins.ml2.ovo_rpc._ObjectChangeHandler.handle_event-636086'] for security_group, after_delete {{(pid=93494) _notify_loop /usr/local/lib/python3.8/dist-packages/neutron_lib/callbacks/manager.py:192}}
Aug 10 15:10:51.288533 dv-cinder-780933-14-iscsi neutron-server[93494]: DEBUG neutron_lib.callbacks.manager [None req-5fb64bbe-0828-4e41-a6a0-a224318725ac admin admin] Notify callbacks [] for security_group, before_response {{(pid=93494) _notify_loop /usr/local/lib/python3.8/dist-packages/neutron_lib/callbacks/manager.py:192}}
Aug 10 15:10:51.292453 dv-cinder-780933-14-iscsi neutron-server[93494]: INFO neutron.wsgi [None req-5fb64bbe-0828-4e41-a6a0-a224318725ac admin admin] 10.222.0.26 "DELETE /v2.0/security-groups/2defa239-ab49-4f11-a5b3-211208592c9d HTTP/1.1" status: 204 len: 168 time: 0.9622002
Aug 10 15:10:51.320545 dv-cinder-780933-14-iscsi neutron-server[93494]: DEBUG neutron.api.rpc.handlers.resources_rpc [None req-5fb64bbe-0828-4e41-a6a0-a224318725ac admin admin] Pushing event deleted for resources: {'SecurityGroup': ['ID=2defa239-ab49-4f11-a5b3-211208592c9d,revision_number=None']} {{(pid=93494) push /opt/stack/neutron/neutron/api/rpc/handlers/resources_rpc.py:237}}
Aug 10 15:10:51.333657 dv-cinder-780933-14-iscsi neutron-server[93495]: DEBUG neutron_lib.callbacks.manager [None req-fee74a89-16c3-4638-a972-09bcd0f2df56 admin admin] Notify callbacks [] for security_group, before_delete {{(pid=93495) _notify_loop /usr/local/lib/python3.8/dist-packages/neutron_lib/callbacks/manager.py:192}}
Aug 10 15:10:51.339824 dv-cinder-780933-14-iscsi neutron-server[93494]: DEBUG neutron.pecan_wsgi.hooks.policy_enforcement [req-ad65566d-0890-411b-87a5-ddf5e24a3f05 req-38327aed-663a-474a-a11b-397752a338c4 tempest-ServerRescueNegativeTestJSON-1422429524 tempest-ServerRescueNegativeTestJSON-1422429524-project] Attributes excluded by policy engine: ['standard_attr_id', 'binding:profile', 'binding:host_id', 'binding:vif_type', 'binding:vif_details'] {{(pid=93494) _exclude_attributes_by_policy /opt/stack/neutron/neutron/pecan_wsgi/hooks/policy_enforcement.py:255}}
Aug 10 15:10:51.342791 dv-cinder-780933-14-iscsi neutron-server[93494]: INFO neutron.wsgi [req-ad65566d-0890-411b-87a5-ddf5e24a3f05 req-38327aed-663a-474a-a11b-397752a338c4 tempest-ServerRescueNegativeTestJSON-1422429524 tempest-ServerRescueNegativeTestJSON-1422429524-project] 10.222.0.26 "GET /v2.0/ports?device_id=b688af7b-3ab2-49e6-91a1-ec1a0f40f011 HTTP/1.1" status: 200 len: 943 time: 0.2332311
Aug 10 15:10:51.383305 dv-cinder-780933-14-iscsi neutron-server[93495]: DEBUG neutron_lib.callbacks.manager [None req-fee74a89-16c3-4638-a972-09bcd0f2df56 admin admin] Notify callbacks [] for security_group, precommit_delete {{(pid=93495) _notify_loop /usr/local/lib/python3.8/dist-packages/neutron_lib/callbacks/manager.py:192}}
Aug 10 15:10:51.409133 dv-cinder-780933-14-iscsi neutron-server[93496]: DEBUG neutron.plugins.ml2.db [None req-dea99197-504f-48a2-a431-dd0d11782ee4 None None] For port 4aec4683-7906-443c-8aeb-340e9808b49a, host hv-cinder-78093, got binding levels [PortBindingLevel(driver='hyperv',host='hv-cinder-78093',level=0,port_id=4aec4683-7906-443c-8aeb-340e9808b49a,segment=NetworkSegment(53b554fb-8b7a-4d46-ae76-0bfe78baa0f2),segment_id=53b554fb-8b7a-4d46-ae76-0bfe78baa0f2)] {{(pid=93496) get_binding_level_objs /opt/stack/neutron/neutron/plugins/ml2/db.py:74}}
Aug 10 15:10:51.430258 dv-cinder-780933-14-iscsi neutron-server[93496]: DEBUG neutron.plugins.ml2.rpc [None req-dea99197-504f-48a2-a431-dd0d11782ee4 None None] Returning: {'device': '4aec4683-7906-443c-8aeb-340e9808b49a', 'network_id': 'fcda3fc4-5c89-43ae-8b39-4d26232d4168', 'port_id': '4aec4683-7906-443c-8aeb-340e9808b49a', 'mac_address': 'fa:16:3e:11:27:c3', 'admin_state_up': True, 'network_type': 'vlan', 'segmentation_id': 641, 'physical_network': 'physnet1', 'mtu': 1500, 'fixed_ips': [{'subnet_id': 'b8c36e5e-fc23-48cd-9a55-4b0230de6915', 'ip_address': '172.20.0.3'}], 'device_owner': 'compute:nova', 'allowed_address_pairs': [], 'port_security_enabled': True, 'qos_policy_id': None, 'network_qos_policy_id': None, 'profile': {}, 'propagate_uplink_status': False} {{(pid=93496) _get_device_details /opt/stack/neutron/neutron/plugins/ml2/rpc.py:184}}
Aug 10 15:10:51.434056 dv-cinder-780933-14-iscsi neutron-server[93494]: INFO neutron.wsgi [req-ad65566d-0890-411b-87a5-ddf5e24a3f05 req-b24f5bea-0b51-4bc7-877b-af39e306742a tempest-ServerRescueNegativeTestJSON-1422429524 tempest-ServerRescueNegativeTestJSON-1422429524-project] 10.222.0.26 "GET /v2.0/security-groups?id=20d03789-770b-4805-ae52-55a572bdb7da&fields=id&fields=name HTTP/1.1" status: 200 len: 286 time: 0.0841520
Aug 10 15:10:51.493463 dv-cinder-780933-14-iscsi neutron-server[93496]: DEBUG neutron_lib.callbacks.manager [None req-dea99197-504f-48a2-a431-dd0d11782ee4 None None] Notify callbacks ['neutron.plugins.ml2.plugin.SecurityGroupDbMixin._ensure_default_security_group_handler-1994476'] for port, before_update {{(pid=93496) _notify_loop /usr/local/lib/python3.8/dist-packages/neutron_lib/callbacks/manager.py:192}}
Aug 10 15:10:51.505438 dv-cinder-780933-14-iscsi neutron-server[93495]: DEBUG neutron_lib.callbacks.manager [None req-fee74a89-16c3-4638-a972-09bcd0f2df56 admin admin] Notify callbacks ['neutron.plugins.ml2.ovo_rpc._ObjectChangeHandler.handle_event-636086'] for security_group, after_delete {{(pid=93495) _notify_loop /usr/local/lib/python3.8/dist-packages/neutron_lib/callbacks/manager.py:192}}
Aug 10 15:10:51.510066 dv-cinder-780933-14-iscsi neutron-server[93495]: DEBUG neutron_lib.callbacks.manager [None req-fee74a89-16c3-4638-a972-09bcd0f2df56 admin admin] Notify callbacks [] for security_group, before_response {{(pid=93495) _notify_loop /usr/local/lib/python3.8/dist-packages/neutron_lib/callbacks/manager.py:192}}
Aug 10 15:10:51.511595 dv-cinder-780933-14-iscsi neutron-server[93495]: INFO neutron.wsgi [None req-fee74a89-16c3-4638-a972-09bcd0f2df56 admin admin] 10.222.0.26 "DELETE /v2.0/security-groups/ee7d4356-e5cc-48c4-acff-bf4d2684764c HTTP/1.1" status: 204 len: 168 time: 0.3713555
Aug 10 15:10:51.524334 dv-cinder-780933-14-iscsi neutron-server[93495]: DEBUG neutron.api.rpc.handlers.resources_rpc [None req-fee74a89-16c3-4638-a972-09bcd0f2df56 admin admin] Pushing event deleted for resources: {'SecurityGroup': ['ID=ee7d4356-e5cc-48c4-acff-bf4d2684764c,revision_number=None']} {{(pid=93495) push /opt/stack/neutron/neutron/api/rpc/handlers/resources_rpc.py:237}}
Aug 10 15:10:51.529033 dv-cinder-780933-14-iscsi neutron-server[93496]: DEBUG neutron.notifiers.nova [None req-dea99197-504f-48a2-a431-dd0d11782ee4 None None] Ignoring state change previous_port_status: DOWN current_port_status: BUILD port_id 4aec4683-7906-443c-8aeb-340e9808b49a {{(pid=93496) record_port_status_changed /opt/stack/neutron/neutron/notifiers/nova.py:224}}
Aug 10 15:10:51.578253 dv-cinder-780933-14-iscsi neutron-server[93496]: DEBUG neutron.plugins.ml2.db [None req-dea99197-504f-48a2-a431-dd0d11782ee4 None None] For port 4aec4683-7906-443c-8aeb-340e9808b49a, host hv-cinder-78093, got binding levels [PortBindingLevel(driver='hyperv',host='hv-cinder-78093',level=0,port_id=4aec4683-7906-443c-8aeb-340e9808b49a,segment=NetworkSegment(53b554fb-8b7a-4d46-ae76-0bfe78baa0f2),segment_id=53b554fb-8b7a-4d46-ae76-0bfe78baa0f2)] {{(pid=93496) get_binding_level_objs /opt/stack/neutron/neutron/plugins/ml2/db.py:74}}
Aug 10 15:10:51.587602 dv-cinder-780933-14-iscsi neutron-server[93496]: DEBUG neutron_lib.callbacks.manager [None req-dea99197-504f-48a2-a431-dd0d11782ee4 None None] Notify callbacks ['neutron.plugins.ml2.plugin.SecurityGroupServerNotifierRpcMixin._notify_sg_on_port_change-1995586', 'neutron.plugins.ml2.ovo_rpc._ObjectChangeHandler.handle_event-453338', 'neutron.api.rpc.agentnotifiers.dhcp_rpc_agent_api.DhcpAgentNotifyAPI._native_event_send_dhcp_notification-759609', 'neutron.db.l3_db.L3RpcNotifierMixin._notify_gateway_port_ip_changed-8792409142685', 'neutron.db.l3_dvrscheduler_db._notify_l3_agent_port_update-8792408655876', 'neutron.db.l3_hascheduler_db._notify_l3_agent_ha_port_update-8792408655894'] for port, after_update {{(pid=93496) _notify_loop /usr/local/lib/python3.8/dist-packages/neutron_lib/callbacks/manager.py:192}}
Aug 10 15:10:51.686281 dv-cinder-780933-14-iscsi neutron-server[93496]: DEBUG neutron.api.rpc.handlers.resources_rpc [None req-dea99197-504f-48a2-a431-dd0d11782ee4 None None] Pushing event updated for resources: {'Port': ['ID=4aec4683-7906-443c-8aeb-340e9808b49a,revision_number=4']} {{(pid=93496) push /opt/stack/neutron/neutron/api/rpc/handlers/resources_rpc.py:237}}
Aug 10 15:10:51.911686 dv-cinder-780933-14-iscsi neutron-server[93496]: DEBUG neutron.plugins.ml2.db [None req-dea99197-504f-48a2-a431-dd0d11782ee4 None None] get_ports_and_sgs() called for port_ids ['4aec4683-7906-443c-8aeb-340e9808b49a'] {{(pid=93496) get_ports_and_sgs /opt/stack/neutron/neutron/plugins/ml2/db.py:156}}
Aug 10 15:10:52.061615 dv-cinder-780933-14-iscsi neutron-server[93495]: DEBUG neutron.wsgi [-] (93495) accepted ('10.222.0.26', 39108) {{(pid=93495) server /usr/local/lib/python3.8/dist-packages/eventlet/wsgi.py:982}}
Aug 10 15:10:52.085036 dv-cinder-780933-14-iscsi neutron-server[93495]: DEBUG neutron_lib.callbacks.manager [None req-afbcc057-7a87-4a6c-b387-98cc96d70867 admin admin] Notify callbacks [] for security_group, before_create {{(pid=93495) _notify_loop /usr/local/lib/python3.8/dist-packages/neutron_lib/callbacks/manager.py:192}}
Aug 10 15:10:52.151465 dv-cinder-780933-14-iscsi neutron-server[93496]: DEBUG neutron.notifiers.nova [-] Sending events: [{'server_uuid': '1ff69c48-c365-465a-9756-7d213ec4cd4e', 'name': 'network-vif-plugged', 'status': 'completed', 'tag': '7a18b997-f31f-4169-9636-cce8c69c31f5'}] {{(pid=93496) send_events /opt/stack/neutron/neutron/notifiers/nova.py:262}}
Aug 10 15:10:52.157125 dv-cinder-780933-14-iscsi neutron-server[93496]: DEBUG novaclient.v2.client [-] REQ: curl -g -i --cacert "/opt/stack/data/ca-bundle.pem" -X POST http://10.222.0.26/compute/v2.1/os-server-external-events -H "Accept: application/json" -H "Content-Type: application/json" -H "User-Agent: python-novaclient" -H "X-Auth-Token: {SHA256}eb0878e8a965f6617ae95d14d9b102abfe391c6467fddc2cb56f348c35d2d244" -H "X-OpenStack-Nova-API-Version: 2.1" -H "X-OpenStack-Request-ID: req-c06f48ad-4180-4a5f-b7d3-e94b64e2d47c" -d '{"events": [{"server_uuid": "1ff69c48-c365-465a-9756-7d213ec4cd4e", "name": "network-vif-plugged", "status": "completed", "tag": "7a18b997-f31f-4169-9636-cce8c69c31f5"}]}' {{(pid=93496) _http_log_request /usr/local/lib/python3.8/dist-packages/keystoneauth1/session.py:519}}
Aug 10 15:10:52.165797 dv-cinder-780933-14-iscsi neutron-server[93494]: DEBUG neutron.pecan_wsgi.hooks.policy_enforcement [req-d577a36d-8a83-44fc-8e33-8bfa58eef8b0 req-7d5ebb94-cbe8-4039-a253-c70f09f8ed83 tempest-AttachVolumeShelveTestJSON-2077806028 tempest-AttachVolumeShelveTestJSON-2077806028-project] Attributes excluded by policy engine: ['standard_attr_id', 'binding:profile', 'binding:host_id', 'binding:vif_type', 'binding:vif_details'] {{(pid=93494) _exclude_attributes_by_policy /opt/stack/neutron/neutron/pecan_wsgi/hooks/policy_enforcement.py:255}}
Aug 10 15:10:52.169021 dv-cinder-780933-14-iscsi neutron-server[93494]: INFO neutron.wsgi [req-d577a36d-8a83-44fc-8e33-8bfa58eef8b0 req-7d5ebb94-cbe8-4039-a253-c70f09f8ed83 tempest-AttachVolumeShelveTestJSON-2077806028 tempest-AttachVolumeShelveTestJSON-2077806028-project] 10.222.0.26 "GET /v2.0/ports?device_id=1dcd6d52-93c5-4877-b1c8-3a8fb0367190 HTTP/1.1" status: 200 len: 944 time: 0.1028883
Aug 10 15:10:52.266744 dv-cinder-780933-14-iscsi neutron-server[93494]: INFO neutron.wsgi [req-d577a36d-8a83-44fc-8e33-8bfa58eef8b0 req-442de915-bb9e-4965-b448-b73b4717e050 tempest-AttachVolumeShelveTestJSON-2077806028 tempest-AttachVolumeShelveTestJSON-2077806028-project] 10.222.0.26 "GET /v2.0/security-groups?id=fae2eb9c-7ab0-40ae-bb89-dc875201d3df&fields=id&fields=name HTTP/1.1" status: 200 len: 312 time: 0.0845516
Aug 10 15:10:52.316005 dv-cinder-780933-14-iscsi neutron-server[93496]: DEBUG novaclient.v2.client [-] RESP: [200] Connection: close Content-Length: 183 Content-Type: application/json Date: Tue, 10 Aug 2021 15:10:52 GMT OpenStack-API-Version: compute 2.1 Server: Apache/2.4.41 (Ubuntu) Vary: OpenStack-API-Version,X-OpenStack-Nova-API-Version X-OpenStack-Nova-API-Version: 2.1 x-compute-request-id: req-4551662d-94ec-42e3-8a83-dcdd8ae375ed x-openstack-request-id: req-4551662d-94ec-42e3-8a83-dcdd8ae375ed {{(pid=93496) _http_log_response /usr/local/lib/python3.8/dist-packages/keystoneauth1/session.py:550}}
Aug 10 15:10:52.316458 dv-cinder-780933-14-iscsi neutron-server[93496]: DEBUG novaclient.v2.client [-] RESP BODY: {"events": [{"server_uuid": "1ff69c48-c365-465a-9756-7d213ec4cd4e", "name": "network-vif-plugged", "status": "completed", "tag": "7a18b997-f31f-4169-9636-cce8c69c31f5", "code": 200}]} {{(pid=93496) _http_log_response /usr/local/lib/python3.8/dist-packages/keystoneauth1/session.py:582}}
Aug 10 15:10:52.316854 dv-cinder-780933-14-iscsi neutron-server[93496]: DEBUG novaclient.v2.client [-] POST call to compute for http://10.222.0.26/compute/v2.1/os-server-external-events used request id req-4551662d-94ec-42e3-8a83-dcdd8ae375ed {{(pid=93496) request /usr/local/lib/python3.8/dist-packages/keystoneauth1/session.py:954}}
Aug 10 15:10:52.318574 dv-cinder-780933-14-iscsi neutron-server[93496]: INFO neutron.notifiers.nova [-] Nova event response: {'server_uuid': '1ff69c48-c365-465a-9756-7d213ec4cd4e', 'name': 'network-vif-plugged', 'status': 'completed', 'tag': '7a18b997-f31f-4169-9636-cce8c69c31f5', 'code': 200}
Aug 10 15:10:52.331134 dv-cinder-780933-14-iscsi neutron-server[93495]: DEBUG neutron_lib.callbacks.manager [None req-afbcc057-7a87-4a6c-b387-98cc96d70867 admin admin] Notify callbacks [] for security_group, precommit_create {{(pid=93495) _notify_loop /usr/local/lib/python3.8/dist-packages/neutron_lib/callbacks/manager.py:192}}
Aug 10 15:10:52.339234 dv-cinder-780933-14-iscsi neutron-server[93495]: DEBUG neutron_lib.callbacks.manager [None req-afbcc057-7a87-4a6c-b387-98cc96d70867 admin admin] Notify callbacks ['neutron.plugins.ml2.ovo_rpc._ObjectChangeHandler.handle_event-636086'] for security_group, after_create {{(pid=93495) _notify_loop /usr/local/lib/python3.8/dist-packages/neutron_lib/callbacks/manager.py:192}}
Aug 10 15:10:52.402026 dv-cinder-780933-14-iscsi neutron-server[93496]: DEBUG neutron_lib.callbacks.manager [None req-2e53c099-98d0-4017-aea9-8f8aa825eb73 None None] Notify callbacks ['neutron.services.segments.db._update_segment_host_mapping_for_agent-8792409164804', 'neutron.plugins.ml2.plugin.Ml2Plugin._retry_binding_revived_agents-2054485'] for agent, after_update {{(pid=93496) _notify_loop /usr/local/lib/python3.8/dist-packages/neutron_lib/callbacks/manager.py:192}}
Aug 10 15:10:52.447863 dv-cinder-780933-14-iscsi neutron-server[93495]: DEBUG neutron.api.rpc.handlers.resources_rpc [None req-afbcc057-7a87-4a6c-b387-98cc96d70867 admin admin] Pushing event updated for resources: {'SecurityGroup': ['ID=7020bbc4-760a-428a-944a-ba0232fc67d5,revision_number=1']} {{(pid=93495) push /opt/stack/neutron/neutron/api/rpc/handlers/resources_rpc.py:237}}
Aug 10 15:10:52.501133 dv-cinder-780933-14-iscsi neutron-server[93495]: INFO neutron.wsgi [None req-afbcc057-7a87-4a6c-b387-98cc96d70867 admin admin] 10.222.0.26 "GET /v2.0/security-groups?tenant_id=cbeb32c0db7940a881ab4e54a3f48170&name=default HTTP/1.1" status: 200 len: 2979 time: 0.4377053
Aug 10 15:10:52.506703 dv-cinder-780933-14-iscsi neutron-server[93494]: DEBUG neutron.wsgi [-] (93494) accepted ('10.222.0.26', 39122) {{(pid=93494) server /usr/local/lib/python3.8/dist-packages/eventlet/wsgi.py:982}}
Aug 10 15:10:52.576621 dv-cinder-780933-14-iscsi neutron-server[93494]: DEBUG neutron.pecan_wsgi.hooks.policy_enforcement [req-9017f050-c3ac-4051-adb6-9992bfed57b9 req-29b6215f-d14f-41b1-b55c-85c35156ffb4 tempest-AttachVolumeTestJSON-583026102 tempest-AttachVolumeTestJSON-583026102-project] Attributes excluded by policy engine: ['standard_attr_id', 'binding:profile', 'binding:host_id', 'binding:vif_type', 'binding:vif_details'] {{(pid=93494) _exclude_attributes_by_policy /opt/stack/neutron/neutron/pecan_wsgi/hooks/policy_enforcement.py:255}}
Aug 10 15:10:52.582657 dv-cinder-780933-14-iscsi neutron-server[93494]: INFO neutron.wsgi [req-9017f050-c3ac-4051-adb6-9992bfed57b9 req-29b6215f-d14f-41b1-b55c-85c35156ffb4 tempest-AttachVolumeTestJSON-583026102 tempest-AttachVolumeTestJSON-583026102-project] 10.222.0.26 "GET /v2.0/ports?device_id=1ff69c48-c365-465a-9756-7d213ec4cd4e HTTP/1.1" status: 200 len: 946 time: 0.1639760
Aug 10 15:10:52.759252 dv-cinder-780933-14-iscsi neutron-server[93494]: INFO neutron.wsgi [req-9017f050-c3ac-4051-adb6-9992bfed57b9 req-ee31206a-2488-4819-910f-99b8e7fbe07b tempest-AttachVolumeTestJSON-583026102 tempest-AttachVolumeTestJSON-583026102-project] 10.222.0.26 "GET /v2.0/security-groups?id=560c0b1f-d4b0-463b-bbb1-58188e1961b3&fields=id&fields=name HTTP/1.1" status: 200 len: 313 time: 0.1618412
Aug 10 15:10:52.761469 dv-cinder-780933-14-iscsi neutron-server[93494]: DEBUG neutron_lib.callbacks.manager [None req-431ba9a2-6184-413b-aad9-973135a11aa3 admin admin] Notify callbacks [] for security_group, before_delete {{(pid=93494) _notify_loop /usr/local/lib/python3.8/dist-packages/neutron_lib/callbacks/manager.py:192}}
Aug 10 15:10:52.791087 dv-cinder-780933-14-iscsi neutron-server[93494]: DEBUG neutron.pecan_wsgi.hooks.policy_enforcement [req-94fc8be1-f35e-4e22-9386-fa12b6e99ea2 req-95f38d5f-700b-4239-a932-096549267aaf tempest-ServerRescueNegativeTestJSON-1422429524 tempest-ServerRescueNegativeTestJSON-1422429524-project] Attributes excluded by policy engine: ['standard_attr_id', 'binding:profile', 'binding:host_id', 'binding:vif_type', 'binding:vif_details'] {{(pid=93494) _exclude_attributes_by_policy /opt/stack/neutron/neutron/pecan_wsgi/hooks/policy_enforcement.py:255}}
Aug 10 15:10:52.798376 dv-cinder-780933-14-iscsi neutron-server[93494]: INFO neutron.wsgi [req-94fc8be1-f35e-4e22-9386-fa12b6e99ea2 req-95f38d5f-700b-4239-a932-096549267aaf tempest-ServerRescueNegativeTestJSON-1422429524 tempest-ServerRescueNegativeTestJSON-1422429524-project] 10.222.0.26 "GET /v2.0/ports?device_id=b688af7b-3ab2-49e6-91a1-ec1a0f40f011 HTTP/1.1" status: 200 len: 944 time: 0.2141788
Aug 10 15:10:52.814144 dv-cinder-780933-14-iscsi neutron-server[93494]: DEBUG neutron.pecan_wsgi.hooks.policy_enforcement [req-70a9d509-11f3-49aa-878c-ddf4fc742d68 req-bead8a64-c222-4ede-93c3-ce057e9e4497 service neutron] Attributes excluded by policy engine: ['standard_attr_id'] {{(pid=93494) _exclude_attributes_by_policy /opt/stack/neutron/neutron/pecan_wsgi/hooks/policy_enforcement.py:255}}
Aug 10 15:10:52.816241 dv-cinder-780933-14-iscsi neutron-server[93494]: INFO neutron.wsgi [req-70a9d509-11f3-49aa-878c-ddf4fc742d68 req-bead8a64-c222-4ede-93c3-ce057e9e4497 service neutron] 10.222.0.50 "GET /v2.0/ports?device_id=1ff69c48-c365-465a-9756-7d213ec4cd4e HTTP/1.1" status: 200 len: 1099 time: 0.1994386
Aug 10 15:10:52.836198 dv-cinder-780933-14-iscsi neutron-server[93494]: DEBUG neutron_lib.callbacks.manager [None req-431ba9a2-6184-413b-aad9-973135a11aa3 admin admin] Notify callbacks [] for security_group, precommit_delete {{(pid=93494) _notify_loop /usr/local/lib/python3.8/dist-packages/neutron_lib/callbacks/manager.py:192}}
Aug 10 15:10:52.950662 dv-cinder-780933-14-iscsi neutron-server[93494]: INFO neutron.wsgi [req-94fc8be1-f35e-4e22-9386-fa12b6e99ea2 req-70b283e5-acda-4b94-95ec-8eccecf295f9 tempest-ServerRescueNegativeTestJSON-1422429524 tempest-ServerRescueNegativeTestJSON-1422429524-project] 10.222.0.26 "GET /v2.0/security-groups?id=20d03789-770b-4805-ae52-55a572bdb7da&fields=id&fields=name HTTP/1.1" status: 200 len: 286 time: 0.1512239
Aug 10 15:10:52.957614 dv-cinder-780933-14-iscsi neutron-server[93494]: INFO neutron.wsgi [req-70a9d509-11f3-49aa-878c-ddf4fc742d68 req-97b5d6d8-17ce-4bb7-b954-7d9b3b29297c service neutron] 10.222.0.50 "GET /v2.0/security-groups?id=560c0b1f-d4b0-463b-bbb1-58188e1961b3&fields=id&fields=name HTTP/1.1" status: 200 len: 313 time: 0.1283669
Aug 10 15:10:52.992422 dv-cinder-780933-14-iscsi neutron-server[93494]: DEBUG neutron_lib.callbacks.manager [None req-431ba9a2-6184-413b-aad9-973135a11aa3 admin admin] Notify callbacks ['neutron.plugins.ml2.ovo_rpc._ObjectChangeHandler.handle_event-636086'] for security_group, after_delete {{(pid=93494) _notify_loop /usr/local/lib/python3.8/dist-packages/neutron_lib/callbacks/manager.py:192}}
Aug 10 15:10:52.996066 dv-cinder-780933-14-iscsi neutron-server[93494]: DEBUG neutron_lib.callbacks.manager [None req-431ba9a2-6184-413b-aad9-973135a11aa3 admin admin] Notify callbacks [] for security_group, before_response {{(pid=93494) _notify_loop /usr/local/lib/python3.8/dist-packages/neutron_lib/callbacks/manager.py:192}}
Aug 10 15:10:53.001512 dv-cinder-780933-14-iscsi neutron-server[93494]: INFO neutron.wsgi [None req-431ba9a2-6184-413b-aad9-973135a11aa3 admin admin] 10.222.0.26 "DELETE /v2.0/security-groups/7020bbc4-760a-428a-944a-ba0232fc67d5 HTTP/1.1" status: 204 len: 168 time: 0.4888284
Aug 10 15:10:53.010368 dv-cinder-780933-14-iscsi neutron-server[93494]: DEBUG neutron.api.rpc.handlers.resources_rpc [None req-431ba9a2-6184-413b-aad9-973135a11aa3 admin admin] Pushing event deleted for resources: {'SecurityGroup': ['ID=7020bbc4-760a-428a-944a-ba0232fc67d5,revision_number=None']} {{(pid=93494) push /opt/stack/neutron/neutron/api/rpc/handlers/resources_rpc.py:237}}
Aug 10 15:10:53.228965 dv-cinder-780933-14-iscsi neutron-server[93496]: DEBUG neutron.plugins.ml2.rpc [None req-dea99197-504f-48a2-a431-dd0d11782ee4 None None] Device 75e97d4c-84d2-4446-a30d-eac69f4dc556 up at agent hyperv_hv-cinder-78093 {{(pid=93496) update_device_up /opt/stack/neutron/neutron/plugins/ml2/rpc.py:296}}
Aug 10 15:10:53.308311 dv-cinder-780933-14-iscsi neutron-server[93496]: DEBUG neutron.db.provisioning_blocks [None req-dea99197-504f-48a2-a431-dd0d11782ee4 None None] Provisioning for port 75e97d4c-84d2-4446-a30d-eac69f4dc556 completed by entity L2. {{(pid=93496) provisioning_complete /opt/stack/neutron/neutron/db/provisioning_blocks.py:133}}
Aug 10 15:10:53.319493 dv-cinder-780933-14-iscsi neutron-server[93496]: DEBUG neutron.db.provisioning_blocks [None req-dea99197-504f-48a2-a431-dd0d11782ee4 None None] Provisioning complete for port 75e97d4c-84d2-4446-a30d-eac69f4dc556 triggered by entity L2. {{(pid=93496) provisioning_complete /opt/stack/neutron/neutron/db/provisioning_blocks.py:139}}
Aug 10 15:10:53.321283 dv-cinder-780933-14-iscsi neutron-server[93496]: DEBUG neutron_lib.callbacks.manager [None req-dea99197-504f-48a2-a431-dd0d11782ee4 None None] Notify callbacks ['neutron.plugins.ml2.plugin.Ml2Plugin._port_provisioned-2054564'] for port, provisioning_complete {{(pid=93496) _notify_loop /usr/local/lib/python3.8/dist-packages/neutron_lib/callbacks/manager.py:192}}
Aug 10 15:10:53.499076 dv-cinder-780933-14-iscsi neutron-server[93496]: DEBUG neutron_lib.callbacks.manager [None req-dea99197-504f-48a2-a431-dd0d11782ee4 None None] Notify callbacks ['neutron.plugins.ml2.plugin.SecurityGroupDbMixin._ensure_default_security_group_handler-1994476'] for port, before_update {{(pid=93496) _notify_loop /usr/local/lib/python3.8/dist-packages/neutron_lib/callbacks/manager.py:192}}
Aug 10 15:10:53.513181 dv-cinder-780933-14-iscsi neutron-server[93494]: DEBUG neutron.pecan_wsgi.hooks.policy_enforcement [req-352a34b2-13f5-4c82-9962-6559b15bc63e req-334abf25-046d-43c6-97ae-6181fc9d9a5d tempest-AttachVolumeShelveTestJSON-2077806028 tempest-AttachVolumeShelveTestJSON-2077806028-project] Attributes excluded by policy engine: ['standard_attr_id', 'binding:profile', 'binding:host_id', 'binding:vif_type', 'binding:vif_details'] {{(pid=93494) _exclude_attributes_by_policy /opt/stack/neutron/neutron/pecan_wsgi/hooks/policy_enforcement.py:255}}
Aug 10 15:10:53.526344 dv-cinder-780933-14-iscsi neutron-server[93494]: INFO neutron.wsgi [req-352a34b2-13f5-4c82-9962-6559b15bc63e req-334abf25-046d-43c6-97ae-6181fc9d9a5d tempest-AttachVolumeShelveTestJSON-2077806028 tempest-AttachVolumeShelveTestJSON-2077806028-project] 10.222.0.26 "GET /v2.0/ports?device_id=1dcd6d52-93c5-4877-b1c8-3a8fb0367190 HTTP/1.1" status: 200 len: 944 time: 0.1213758
Aug 10 15:10:53.582692 dv-cinder-780933-14-iscsi neutron-server[93496]: DEBUG neutron.plugins.ml2.db [None req-dea99197-504f-48a2-a431-dd0d11782ee4 None None] For port 75e97d4c-84d2-4446-a30d-eac69f4dc556, host hv-cinder-78093, got binding levels [PortBindingLevel(driver='hyperv',host='hv-cinder-78093',level=0,port_id=75e97d4c-84d2-4446-a30d-eac69f4dc556,segment=NetworkSegment(48094702-ccaf-43e7-b57e-b9e27602c28e),segment_id=48094702-ccaf-43e7-b57e-b9e27602c28e)] {{(pid=93496) get_binding_level_objs /opt/stack/neutron/neutron/plugins/ml2/db.py:74}}
Aug 10 15:10:53.588331 dv-cinder-780933-14-iscsi neutron-server[93496]: DEBUG neutron_lib.callbacks.manager [None req-dea99197-504f-48a2-a431-dd0d11782ee4 None None] Notify callbacks ['neutron.plugins.ml2.plugin.SecurityGroupServerNotifierRpcMixin._notify_sg_on_port_change-1995586', 'neutron.plugins.ml2.ovo_rpc._ObjectChangeHandler.handle_event-453338', 'neutron.api.rpc.agentnotifiers.dhcp_rpc_agent_api.DhcpAgentNotifyAPI._native_event_send_dhcp_notification-759609', 'neutron.db.l3_db.L3RpcNotifierMixin._notify_gateway_port_ip_changed-8792409142685', 'neutron.db.l3_dvrscheduler_db._notify_l3_agent_port_update-8792408655876', 'neutron.db.l3_hascheduler_db._notify_l3_agent_ha_port_update-8792408655894'] for port, after_update {{(pid=93496) _notify_loop /usr/local/lib/python3.8/dist-packages/neutron_lib/callbacks/manager.py:192}}
Aug 10 15:10:53.589748 dv-cinder-780933-14-iscsi neutron-server[93496]: DEBUG neutron.plugins.ml2.rpc [None req-dea99197-504f-48a2-a431-dd0d11782ee4 None None] Device 4aec4683-7906-443c-8aeb-340e9808b49a up at agent hyperv_hv-cinder-78093 {{(pid=93496) update_device_up /opt/stack/neutron/neutron/plugins/ml2/rpc.py:296}}
Aug 10 15:10:53.627072 dv-cinder-780933-14-iscsi neutron-server[93494]: INFO neutron.wsgi [req-352a34b2-13f5-4c82-9962-6559b15bc63e req-72eeaea1-e9ef-405d-b141-40343288340f tempest-AttachVolumeShelveTestJSON-2077806028 tempest-AttachVolumeShelveTestJSON-2077806028-project] 10.222.0.26 "GET /v2.0/security-groups?id=fae2eb9c-7ab0-40ae-bb89-dc875201d3df&fields=id&fields=name HTTP/1.1" status: 200 len: 312 time: 0.0753427
Aug 10 15:10:53.742185 dv-cinder-780933-14-iscsi neutron-server[93496]: DEBUG neutron.api.rpc.handlers.resources_rpc [None req-dea99197-504f-48a2-a431-dd0d11782ee4 None None] Pushing event updated for resources: {'Port': ['ID=75e97d4c-84d2-4446-a30d-eac69f4dc556,revision_number=5']} {{(pid=93496) push /opt/stack/neutron/neutron/api/rpc/handlers/resources_rpc.py:237}}
Aug 10 15:10:53.780544 dv-cinder-780933-14-iscsi neutron-server[93496]: DEBUG neutron.db.provisioning_blocks [None req-dea99197-504f-48a2-a431-dd0d11782ee4 None None] Provisioning for port 4aec4683-7906-443c-8aeb-340e9808b49a completed by entity L2. {{(pid=93496) provisioning_complete /opt/stack/neutron/neutron/db/provisioning_blocks.py:133}}
Aug 10 15:10:53.788941 dv-cinder-780933-14-iscsi neutron-server[93496]: DEBUG neutron.db.provisioning_blocks [None req-dea99197-504f-48a2-a431-dd0d11782ee4 None None] Provisioning complete for port 4aec4683-7906-443c-8aeb-340e9808b49a triggered by entity L2. {{(pid=93496) provisioning_complete /opt/stack/neutron/neutron/db/provisioning_blocks.py:139}}
Aug 10 15:10:53.789833 dv-cinder-780933-14-iscsi neutron-server[93496]: DEBUG neutron_lib.callbacks.manager [None req-dea99197-504f-48a2-a431-dd0d11782ee4 None None] Notify callbacks ['neutron.plugins.ml2.plugin.Ml2Plugin._port_provisioned-2054564'] for port, provisioning_complete {{(pid=93496) _notify_loop /usr/local/lib/python3.8/dist-packages/neutron_lib/callbacks/manager.py:192}}
Aug 10 15:10:53.986284 dv-cinder-780933-14-iscsi neutron-server[93496]: DEBUG neutron_lib.callbacks.manager [None req-dea99197-504f-48a2-a431-dd0d11782ee4 None None] Notify callbacks ['neutron.plugins.ml2.plugin.SecurityGroupDbMixin._ensure_default_security_group_handler-1994476'] for port, before_update {{(pid=93496) _notify_loop /usr/local/lib/python3.8/dist-packages/neutron_lib/callbacks/manager.py:192}}
Aug 10 15:10:54.097875 dv-cinder-780933-14-iscsi neutron-server[93496]: DEBUG neutron.plugins.ml2.db [None req-dea99197-504f-48a2-a431-dd0d11782ee4 None None] For port 4aec4683-7906-443c-8aeb-340e9808b49a, host hv-cinder-78093, got binding levels [PortBindingLevel(driver='hyperv',host='hv-cinder-78093',level=0,port_id=4aec4683-7906-443c-8aeb-340e9808b49a,segment=NetworkSegment(53b554fb-8b7a-4d46-ae76-0bfe78baa0f2),segment_id=53b554fb-8b7a-4d46-ae76-0bfe78baa0f2)] {{(pid=93496) get_binding_level_objs /opt/stack/neutron/neutron/plugins/ml2/db.py:74}}
Aug 10 15:10:54.100483 dv-cinder-780933-14-iscsi neutron-server[93494]: DEBUG neutron.pecan_wsgi.hooks.policy_enforcement [req-ef0330cc-f81d-463f-9666-923f14ccab49 req-c3d8e853-3598-40ea-9faa-0403f4ec9252 tempest-AttachVolumeTestJSON-583026102 tempest-AttachVolumeTestJSON-583026102-project] Attributes excluded by policy engine: ['standard_attr_id', 'binding:profile', 'binding:host_id', 'binding:vif_type', 'binding:vif_details'] {{(pid=93494) _exclude_attributes_by_policy /opt/stack/neutron/neutron/pecan_wsgi/hooks/policy_enforcement.py:255}}
Aug 10 15:10:54.111181 dv-cinder-780933-14-iscsi neutron-server[93496]: DEBUG neutron_lib.callbacks.manager [None req-dea99197-504f-48a2-a431-dd0d11782ee4 None None] Notify callbacks ['neutron.plugins.ml2.plugin.SecurityGroupServerNotifierRpcMixin._notify_sg_on_port_change-1995586', 'neutron.plugins.ml2.ovo_rpc._ObjectChangeHandler.handle_event-453338', 'neutron.api.rpc.agentnotifiers.dhcp_rpc_agent_api.DhcpAgentNotifyAPI._native_event_send_dhcp_notification-759609', 'neutron.db.l3_db.L3RpcNotifierMixin._notify_gateway_port_ip_changed-8792409142685', 'neutron.db.l3_dvrscheduler_db._notify_l3_agent_port_update-8792408655876', 'neutron.db.l3_hascheduler_db._notify_l3_agent_ha_port_update-8792408655894'] for port, after_update {{(pid=93496) _notify_loop /usr/local/lib/python3.8/dist-packages/neutron_lib/callbacks/manager.py:192}}
Aug 10 15:10:54.111703 dv-cinder-780933-14-iscsi neutron-server[93494]: INFO neutron.wsgi [req-ef0330cc-f81d-463f-9666-923f14ccab49 req-c3d8e853-3598-40ea-9faa-0403f4ec9252 tempest-AttachVolumeTestJSON-583026102 tempest-AttachVolumeTestJSON-583026102-project] 10.222.0.26 "GET /v2.0/ports?device_id=1ff69c48-c365-465a-9756-7d213ec4cd4e HTTP/1.1" status: 200 len: 946 time: 0.1910040
Aug 10 15:10:54.246018 dv-cinder-780933-14-iscsi neutron-server[93494]: INFO neutron.wsgi [req-ef0330cc-f81d-463f-9666-923f14ccab49 req-7a2446a3-768a-42d5-a3f9-da110883a325 tempest-AttachVolumeTestJSON-583026102 tempest-AttachVolumeTestJSON-583026102-project] 10.222.0.26 "GET /v2.0/security-groups?id=560c0b1f-d4b0-463b-bbb1-58188e1961b3&fields=id&fields=name HTTP/1.1" status: 200 len: 313 time: 0.1328359
Aug 10 15:10:54.249924 dv-cinder-780933-14-iscsi neutron-server[93496]: DEBUG neutron.api.rpc.handlers.resources_rpc [None req-dea99197-504f-48a2-a431-dd0d11782ee4 None None] Pushing event updated for resources: {'Port': ['ID=4aec4683-7906-443c-8aeb-340e9808b49a,revision_number=5']} {{(pid=93496) push /opt/stack/neutron/neutron/api/rpc/handlers/resources_rpc.py:237}}
Aug 10 15:10:54.261479 dv-cinder-780933-14-iscsi neutron-server[93494]: DEBUG neutron.pecan_wsgi.hooks.policy_enforcement [req-c4f8b486-5ede-4331-843e-eea4098e9ea9 req-6489ee4f-786b-4870-8979-7d6b554ef33e tempest-ServerRescueNegativeTestJSON-1422429524 tempest-ServerRescueNegativeTestJSON-1422429524-project] Attributes excluded by policy engine: ['standard_attr_id', 'binding:profile', 'binding:host_id', 'binding:vif_type', 'binding:vif_details'] {{(pid=93494) _exclude_attributes_by_policy /opt/stack/neutron/neutron/pecan_wsgi/hooks/policy_enforcement.py:255}}
Aug 10 15:10:54.269840 dv-cinder-780933-14-iscsi neutron-server[93494]: INFO neutron.wsgi [req-c4f8b486-5ede-4331-843e-eea4098e9ea9 req-6489ee4f-786b-4870-8979-7d6b554ef33e tempest-ServerRescueNegativeTestJSON-1422429524 tempest-ServerRescueNegativeTestJSON-1422429524-project] 10.222.0.26 "GET /v2.0/ports?device_id=b688af7b-3ab2-49e6-91a1-ec1a0f40f011 HTTP/1.1" status: 200 len: 945 time: 0.1538875
Aug 10 15:10:54.320944 dv-cinder-780933-14-iscsi neutron-server[93496]: DEBUG neutron.notifiers.nova [-] Sending events: [{'server_uuid': '1dcd6d52-93c5-4877-b1c8-3a8fb0367190', 'name': 'network-vif-plugged', 'status': 'completed', 'tag': '75e97d4c-84d2-4446-a30d-eac69f4dc556'}, {'server_uuid': 'b688af7b-3ab2-49e6-91a1-ec1a0f40f011', 'name': 'network-vif-plugged', 'status': 'completed', 'tag': '4aec4683-7906-443c-8aeb-340e9808b49a'}] {{(pid=93496) send_events /opt/stack/neutron/neutron/notifiers/nova.py:262}}
Aug 10 15:10:54.327059 dv-cinder-780933-14-iscsi neutron-server[93496]: DEBUG novaclient.v2.client [-] REQ: curl -g -i --cacert "/opt/stack/data/ca-bundle.pem" -X POST http://10.222.0.26/compute/v2.1/os-server-external-events -H "Accept: application/json" -H "Content-Type: application/json" -H "User-Agent: python-novaclient" -H "X-Auth-Token: {SHA256}eb0878e8a965f6617ae95d14d9b102abfe391c6467fddc2cb56f348c35d2d244" -H "X-OpenStack-Nova-API-Version: 2.1" -H "X-OpenStack-Request-ID: req-39dc59d1-be51-4e39-93d5-91dd0630855f" -d '{"events": [{"server_uuid": "1dcd6d52-93c5-4877-b1c8-3a8fb0367190", "name": "network-vif-plugged", "status": "completed", "tag": "75e97d4c-84d2-4446-a30d-eac69f4dc556"}, {"server_uuid": "b688af7b-3ab2-49e6-91a1-ec1a0f40f011", "name": "network-vif-plugged", "status": "completed", "tag": "4aec4683-7906-443c-8aeb-340e9808b49a"}]}' {{(pid=93496) _http_log_request /usr/local/lib/python3.8/dist-packages/keystoneauth1/session.py:519}}
Aug 10 15:10:54.335733 dv-cinder-780933-14-iscsi neutron-server[93494]: INFO neutron.wsgi [req-c4f8b486-5ede-4331-843e-eea4098e9ea9 req-8f23e684-7db8-452f-b721-d7c42b94af37 tempest-ServerRescueNegativeTestJSON-1422429524 tempest-ServerRescueNegativeTestJSON-1422429524-project] 10.222.0.26 "GET /v2.0/security-groups?id=20d03789-770b-4805-ae52-55a572bdb7da&fields=id&fields=name HTTP/1.1" status: 200 len: 286 time: 0.0647719
Aug 10 15:10:54.387789 dv-cinder-780933-14-iscsi neutron-server[93496]: DEBUG novaclient.v2.client [-] RESP: [200] Connection: close Content-Length: 354 Content-Type: application/json Date: Tue, 10 Aug 2021 15:10:54 GMT OpenStack-API-Version: compute 2.1 Server: Apache/2.4.41 (Ubuntu) Vary: OpenStack-API-Version,X-OpenStack-Nova-API-Version X-OpenStack-Nova-API-Version: 2.1 x-compute-request-id: req-d8205803-19bf-44f2-9e9b-403dfa3aedf0 x-openstack-request-id: req-d8205803-19bf-44f2-9e9b-403dfa3aedf0 {{(pid=93496) _http_log_response /usr/local/lib/python3.8/dist-packages/keystoneauth1/session.py:550}}
Aug 10 15:10:54.388250 dv-cinder-780933-14-iscsi neutron-server[93496]: DEBUG novaclient.v2.client [-] RESP BODY: {"events": [{"server_uuid": "1dcd6d52-93c5-4877-b1c8-3a8fb0367190", "name": "network-vif-plugged", "status": "completed", "tag": "75e97d4c-84d2-4446-a30d-eac69f4dc556", "code": 200}, {"server_uuid": "b688af7b-3ab2-49e6-91a1-ec1a0f40f011", "name": "network-vif-plugged", "status": "completed", "tag": "4aec4683-7906-443c-8aeb-340e9808b49a", "code": 200}]} {{(pid=93496) _http_log_response /usr/local/lib/python3.8/dist-packages/keystoneauth1/session.py:582}}
Aug 10 15:10:54.388656 dv-cinder-780933-14-iscsi neutron-server[93496]: DEBUG novaclient.v2.client [-] POST call to compute for http://10.222.0.26/compute/v2.1/os-server-external-events used request id req-d8205803-19bf-44f2-9e9b-403dfa3aedf0 {{(pid=93496) request /usr/local/lib/python3.8/dist-packages/keystoneauth1/session.py:954}}
Aug 10 15:10:54.389269 dv-cinder-780933-14-iscsi neutron-server[93496]: INFO neutron.notifiers.nova [-] Nova event response: {'server_uuid': '1dcd6d52-93c5-4877-b1c8-3a8fb0367190', 'name': 'network-vif-plugged', 'status': 'completed', 'tag': '75e97d4c-84d2-4446-a30d-eac69f4dc556', 'code': 200}
Aug 10 15:10:54.389932 dv-cinder-780933-14-iscsi neutron-server[93496]: INFO neutron.notifiers.nova [-] Nova event response: {'server_uuid': 'b688af7b-3ab2-49e6-91a1-ec1a0f40f011', 'name': 'network-vif-plugged', 'status': 'completed', 'tag': '4aec4683-7906-443c-8aeb-340e9808b49a', 'code': 200}
Aug 10 15:10:54.650086 dv-cinder-780933-14-iscsi neutron-server[93494]: DEBUG neutron.pecan_wsgi.hooks.policy_enforcement [req-6953d234-3bec-4aee-9d10-3a2c735670bf req-62dcc7e0-04d3-459a-a287-2f96b1e8241d service neutron] Attributes excluded by policy engine: ['standard_attr_id'] {{(pid=93494) _exclude_attributes_by_policy /opt/stack/neutron/neutron/pecan_wsgi/hooks/policy_enforcement.py:255}}
Aug 10 15:10:54.654753 dv-cinder-780933-14-iscsi neutron-server[93494]: INFO neutron.wsgi [req-6953d234-3bec-4aee-9d10-3a2c735670bf req-62dcc7e0-04d3-459a-a287-2f96b1e8241d service neutron] 10.222.0.50 "GET /v2.0/ports?device_id=b688af7b-3ab2-49e6-91a1-ec1a0f40f011 HTTP/1.1" status: 200 len: 1098 time: 0.0806687
Aug 10 15:10:54.714577 dv-cinder-780933-14-iscsi neutron-server[93494]: INFO neutron.wsgi [req-6953d234-3bec-4aee-9d10-3a2c735670bf req-de1e0b8c-34e9-4842-8299-6a4c2f4b472c service neutron] 10.222.0.50 "GET /v2.0/security-groups?id=20d03789-770b-4805-ae52-55a572bdb7da&fields=id&fields=name HTTP/1.1" status: 200 len: 286 time: 0.0410972
Aug 10 15:10:54.755062 dv-cinder-780933-14-iscsi neutron-server[93494]: DEBUG neutron.wsgi [-] (93494) accepted ('10.222.0.26', 39208) {{(pid=93494) server /usr/local/lib/python3.8/dist-packages/eventlet/wsgi.py:982}}
Aug 10 15:10:54.796098 dv-cinder-780933-14-iscsi neutron-server[93495]: DEBUG neutron.pecan_wsgi.hooks.policy_enforcement [req-909c5831-e6ef-4a12-9249-2de70395214e req-bcac1899-3b9e-4b3c-af5f-98209db0066d service neutron] Attributes excluded by policy engine: ['standard_attr_id'] {{(pid=93495) _exclude_attributes_by_policy /opt/stack/neutron/neutron/pecan_wsgi/hooks/policy_enforcement.py:255}}
Aug 10 15:10:54.798658 dv-cinder-780933-14-iscsi neutron-server[93495]: INFO neutron.wsgi [req-909c5831-e6ef-4a12-9249-2de70395214e req-bcac1899-3b9e-4b3c-af5f-98209db0066d service neutron] 10.222.0.50 "GET /v2.0/ports?device_id=1dcd6d52-93c5-4877-b1c8-3a8fb0367190 HTTP/1.1" status: 200 len: 1098 time: 0.1266029
Aug 10 15:10:54.864537 dv-cinder-780933-14-iscsi neutron-server[93494]: DEBUG neutron.pecan_wsgi.hooks.policy_enforcement [req-436585ec-0f5f-4113-acb6-4d7204a58206 req-ebd05474-fb77-4064-add4-7806ed1ce46c tempest-AttachVolumeShelveTestJSON-2077806028 tempest-AttachVolumeShelveTestJSON-2077806028-project] Attributes excluded by policy engine: ['standard_attr_id', 'binding:profile', 'binding:host_id', 'binding:vif_type', 'binding:vif_details'] {{(pid=93494) _exclude_attributes_by_policy /opt/stack/neutron/neutron/pecan_wsgi/hooks/policy_enforcement.py:255}}
