Jul 09 18:46:48.751364 dv-cinder-780933-10-smb neutron-server[109956]: DEBUG neutron.api.rpc.handlers.dhcp_rpc [None req-33ec968e-722a-4346-ab61-bd86d50ccb55 None None] Network 2f7b56cd-6f31-4a68-8d0e-96fa023deca8 requested from dv-cinder-780933-10-smb {{(pid=109956) get_network_info /opt/stack/neutron/neutron/api/rpc/handlers/dhcp_rpc.py:218}}
Jul 09 18:46:48.779439 dv-cinder-780933-10-smb neutron-server[109955]: INFO neutron.wsgi [None req-dadba30c-3200-4361-bae8-a540981618b2 admin admin] 10.222.0.35 "POST /v2.0/subnets HTTP/1.1" status: 201 len: 851 time: 0.8767774
Jul 09 18:46:48.780306 dv-cinder-780933-10-smb neutron-server[109955]: DEBUG neutron.wsgi [-] (109955) accepted ('10.222.0.35', 34030) {{(pid=109955) server /usr/local/lib/python3.8/dist-packages/eventlet/wsgi.py:982}}
Jul 09 18:46:48.794245 dv-cinder-780933-10-smb neutron-server[109955]: DEBUG neutron.api.v2.base [None req-92142398-99be-446f-b94c-126dbdfc8142 admin admin] Request body: {'router': {'name': 'tempest-TestMinimumBasicScenario-1077538004-router', 'tenant_id': 'a84d618dea284cf092951b6fb6c5f177', 'external_gateway_info': {'network_id': '4901c1e2-d62e-4c7f-aae5-403ebb6736bc'}}} {{(pid=109955) prepare_request_body /opt/stack/neutron/neutron/api/v2/base.py:729}}
Jul 09 18:46:48.847044 dv-cinder-780933-10-smb neutron-server[109955]: DEBUG neutron_lib.callbacks.manager [None req-92142398-99be-446f-b94c-126dbdfc8142 admin admin] Notify callbacks ['neutron.services.l3_router.l3_router_plugin.L3_HA_NAT_db_mixin._before_router_create-16271932', 'neutron.services.l3_router.service_providers.driver_controller.DriverController._check_router_request-129053'] for router, before_create {{(pid=109955) _notify_loop /usr/local/lib/python3.8/dist-packages/neutron_lib/callbacks/manager.py:192}}
Jul 09 18:46:48.850086 dv-cinder-780933-10-smb neutron-server[109955]: DEBUG neutron_lib.callbacks.manager [None req-92142398-99be-446f-b94c-126dbdfc8142 admin admin] Notify callbacks ['neutron.services.l3_router.l3_router_plugin.L3_HA_NAT_db_mixin._precommit_router_create-16272035', 'neutron.services.l3_router.l3_router_plugin.DVRResourceOperationHandler._set_distributed_flag-16272915', 'neutron.services.l3_router.l3_router_plugin.RouterAvailabilityZoneMixin._process_az_request-435938', 'neutron.services.l3_router.service_providers.driver_controller.DriverController._set_router_provider-129042'] for router, precommit_create {{(pid=109955) _notify_loop /usr/local/lib/python3.8/dist-packages/neutron_lib/callbacks/manager.py:192}}
Jul 09 18:46:48.850697 dv-cinder-780933-10-smb neutron-server[109956]: DEBUG neutron_lib.callbacks.manager [None req-1d492220-c476-4a36-9601-a674edf6f287 None None] Notify callbacks ['neutron.services.segments.db._update_segment_host_mapping_for_agent-8790212721731', 'neutron.plugins.ml2.plugin.Ml2Plugin._retry_binding_revived_agents-16196234'] for agent, after_update {{(pid=109956) _notify_loop /usr/local/lib/python3.8/dist-packages/neutron_lib/callbacks/manager.py:192}}
Jul 09 18:46:48.871679 dv-cinder-780933-10-smb neutron-server[109954]: DEBUG neutron.api.rpc.handlers.resources_rpc [None req-ae3074c8-0f7c-44d3-b098-a1f8f87b4960 service neutron] Pushing event updated for resources: {'Port': ['ID=5201299e-cfc2-457a-96c3-72028ed3e901,revision_number=2']} {{(pid=109954) push /opt/stack/neutron/neutron/api/rpc/handlers/resources_rpc.py:237}}
Jul 09 18:46:48.942539 dv-cinder-780933-10-smb neutron-server[109954]: DEBUG neutron.pecan_wsgi.hooks.policy_enforcement [req-b19da0e5-6232-4c57-b611-372d0c69b218 req-b32abb9e-9370-4be8-8fb7-4c5d3c53f545 service neutron] Attributes excluded by policy engine: ['standard_attr_id', 'shared', 'segment_id'] {{(pid=109954) _exclude_attributes_by_policy /opt/stack/neutron/neutron/pecan_wsgi/hooks/policy_enforcement.py:255}}
Jul 09 18:46:48.944038 dv-cinder-780933-10-smb neutron-server[109954]: INFO neutron.wsgi [req-b19da0e5-6232-4c57-b611-372d0c69b218 req-b32abb9e-9370-4be8-8fb7-4c5d3c53f545 service neutron] 10.222.0.32 "GET /v2.0/subnets?id=77284e2f-8000-40bf-9f84-415da7fc8afe HTTP/1.1" status: 200 len: 854 time: 0.2033455
Jul 09 18:46:49.008534 dv-cinder-780933-10-smb neutron-server[109955]: DEBUG novaclient.v2.client [-] RESP: [200] Connection: close Content-Length: 183 Content-Type: application/json Date: Fri, 09 Jul 2021 18:46:48 GMT OpenStack-API-Version: compute 2.1 Server: Apache/2.4.41 (Ubuntu) Vary: OpenStack-API-Version,X-OpenStack-Nova-API-Version X-OpenStack-Nova-API-Version: 2.1 x-compute-request-id: req-8f787b53-b444-420d-9af6-0f6bc9ce4634 x-openstack-request-id: req-8f787b53-b444-420d-9af6-0f6bc9ce4634 {{(pid=109955) _http_log_response /usr/local/lib/python3.8/dist-packages/keystoneauth1/session.py:550}}
Jul 09 18:46:49.009570 dv-cinder-780933-10-smb neutron-server[109955]: DEBUG novaclient.v2.client [-] RESP BODY: {"events": [{"server_uuid": "166b7545-4c85-4a99-8394-c0809a4a4401", "name": "network-vif-deleted", "tag": "7a43bec2-1fba-4803-8ab4-818b95808c58", "status": "completed", "code": 200}]} {{(pid=109955) _http_log_response /usr/local/lib/python3.8/dist-packages/keystoneauth1/session.py:582}}
Jul 09 18:46:49.009956 dv-cinder-780933-10-smb neutron-server[109955]: DEBUG novaclient.v2.client [-] POST call to compute for http://10.222.0.35/compute/v2.1/os-server-external-events used request id req-8f787b53-b444-420d-9af6-0f6bc9ce4634 {{(pid=109955) request /usr/local/lib/python3.8/dist-packages/keystoneauth1/session.py:954}}
Jul 09 18:46:49.014195 dv-cinder-780933-10-smb neutron-server[109955]: INFO neutron.notifiers.nova [-] Nova event response: {'server_uuid': '166b7545-4c85-4a99-8394-c0809a4a4401', 'name': 'network-vif-deleted', 'tag': '7a43bec2-1fba-4803-8ab4-818b95808c58', 'status': 'completed', 'code': 200}
Jul 09 18:46:49.037088 dv-cinder-780933-10-smb neutron-server[109956]: DEBUG neutron.api.rpc.handlers.dhcp_rpc [None req-bed419ef-8f99-4461-a522-d96ee6a3095f None None] Create dhcp port {'port': {'name': '', 'admin_state_up': True, 'device_id': 'dhcp3d40a8dc-813e-5cdc-bd3f-c3d42bacacfe-2f7b56cd-6f31-4a68-8d0e-96fa023deca8', 'network_id': '2f7b56cd-6f31-4a68-8d0e-96fa023deca8', 'tenant_id': 'a84d618dea284cf092951b6fb6c5f177', 'fixed_ips': [{'subnet_id': '223322b1-a153-4e7e-a61c-2ff2223313f3'}]}} from dv-cinder-780933-10-smb. {{(pid=109956) create_dhcp_port /opt/stack/neutron/neutron/api/rpc/handlers/dhcp_rpc.py:285}}
Jul 09 18:46:49.038108 dv-cinder-780933-10-smb neutron-server[109956]: DEBUG neutron_lib.callbacks.manager [None req-bed419ef-8f99-4461-a522-d96ee6a3095f None None] Notify callbacks ['neutron.plugins.ml2.plugin.SecurityGroupDbMixin._ensure_default_security_group_handler-580591'] for port, before_create {{(pid=109956) _notify_loop /usr/local/lib/python3.8/dist-packages/neutron_lib/callbacks/manager.py:192}}
Jul 09 18:46:49.049814 dv-cinder-780933-10-smb neutron-server[109955]: DEBUG neutron_lib.callbacks.manager [None req-92142398-99be-446f-b94c-126dbdfc8142 admin admin] Notify callbacks [] for router_controller, precommit_add_association {{(pid=109955) _notify_loop /usr/local/lib/python3.8/dist-packages/neutron_lib/callbacks/manager.py:192}}
Jul 09 18:46:49.066171 dv-cinder-780933-10-smb neutron-server[109954]: INFO neutron.wsgi [req-b19da0e5-6232-4c57-b611-372d0c69b218 req-82fcd8ea-06cc-4077-8762-3eec5daef32e service neutron] 10.222.0.32 "GET /v2.0/ports?network_id=dc947fbb-e543-4d01-829d-c07455fd6029&device_owner=network%3Adhcp HTTP/1.1" status: 200 len: 210 time: 0.0943730
Jul 09 18:46:49.169603 dv-cinder-780933-10-smb neutron-server[109954]: DEBUG neutron.pecan_wsgi.hooks.policy_enforcement [req-d075b331-8fd7-4256-ac8a-a49d02fa2224 req-9008c6d3-f416-40a7-bab9-6eaa507c5c48 tempest-AttachVolumeNegativeTest-474383321 tempest-AttachVolumeNegativeTest-474383321-project] Attributes excluded by policy engine: ['standard_attr_id', 'binding:profile', 'binding:host_id', 'binding:vif_type', 'binding:vif_details'] {{(pid=109954) _exclude_attributes_by_policy /opt/stack/neutron/neutron/pecan_wsgi/hooks/policy_enforcement.py:255}}
Jul 09 18:46:49.171897 dv-cinder-780933-10-smb neutron-server[109954]: INFO neutron.wsgi [req-d075b331-8fd7-4256-ac8a-a49d02fa2224 req-9008c6d3-f416-40a7-bab9-6eaa507c5c48 tempest-AttachVolumeNegativeTest-474383321 tempest-AttachVolumeNegativeTest-474383321-project] 10.222.0.35 "GET /v2.0/ports?device_id=70ae45ee-4e0b-4a4e-8234-35a8dbd6f917 HTTP/1.1" status: 200 len: 943 time: 0.5207858
Jul 09 18:46:49.205590 dv-cinder-780933-10-smb neutron-server[109954]: DEBUG neutron.plugins.ml2.managers [req-0ca53b47-fdb6-4631-ac4f-646f9e71c28f req-ae3074c8-0f7c-44d3-b098-a1f8f87b4960 service neutron] Attempting to bind port 5201299e-cfc2-457a-96c3-72028ed3e901 on host hv-cinder-78093 for vnic_type normal with profile {{(pid=109954) bind_port /opt/stack/neutron/neutron/plugins/ml2/managers.py:790}}
Jul 09 18:46:49.205939 dv-cinder-780933-10-smb neutron-server[109954]: DEBUG neutron.plugins.ml2.managers [req-0ca53b47-fdb6-4631-ac4f-646f9e71c28f req-ae3074c8-0f7c-44d3-b098-a1f8f87b4960 service neutron] Attempting to bind port 5201299e-cfc2-457a-96c3-72028ed3e901 by drivers openvswitch,hyperv on host hv-cinder-78093 at level 0 using segments [{'id': '7c0ebfe8-6d5f-490e-bb5a-0673b1e05be6', 'network_type': 'vlan', 'physical_network': 'physnet1', 'segmentation_id': 332, 'network_id': 'dc947fbb-e543-4d01-829d-c07455fd6029'}] {{(pid=109954) _bind_port_level /opt/stack/neutron/neutron/plugins/ml2/managers.py:815}}
Jul 09 18:46:49.206286 dv-cinder-780933-10-smb neutron-server[109954]: DEBUG neutron.plugins.ml2.drivers.mech_agent [req-0ca53b47-fdb6-4631-ac4f-646f9e71c28f req-ae3074c8-0f7c-44d3-b098-a1f8f87b4960 service neutron] Attempting to bind port 5201299e-cfc2-457a-96c3-72028ed3e901 on network dc947fbb-e543-4d01-829d-c07455fd6029 {{(pid=109954) bind_port /opt/stack/neutron/neutron/plugins/ml2/drivers/mech_agent.py:86}}
Jul 09 18:46:49.210127 dv-cinder-780933-10-smb neutron-server[109954]: INFO neutron.wsgi [req-39535938-b8bf-4fc8-bad7-1a507a01b29d req-63b6a5c9-7215-4dec-ae14-5acfaea59596 service neutron] 10.222.0.32 "GET /v2.0/networks/fec5c11c-8de4-403d-8749-7843ad9416fd?fields=segments HTTP/1.1" status: 200 len: 212 time: 0.5291977
Jul 09 18:46:49.287998 dv-cinder-780933-10-smb neutron-server[109956]: DEBUG neutron.db.db_base_plugin_common [None req-bed419ef-8f99-4461-a522-d96ee6a3095f None None] Allocated IP 172.20.0.2 (2f7b56cd-6f31-4a68-8d0e-96fa023deca8/223322b1-a153-4e7e-a61c-2ff2223313f3/e9c6edd7-2c10-4601-9b0e-b942323a9a46) {{(pid=109956) _store_ip_allocation /opt/stack/neutron/neutron/db/db_base_plugin_common.py:131}}
Jul 09 18:46:49.343007 dv-cinder-780933-10-smb neutron-server[109954]: INFO neutron.wsgi [req-b19da0e5-6232-4c57-b611-372d0c69b218 req-2310fffa-22e3-4c65-afc8-a340f2c85634 service neutron] 10.222.0.32 "GET /v2.0/networks/dc947fbb-e543-4d01-829d-c07455fd6029?fields=segments HTTP/1.1" status: 200 len: 212 time: 0.2628970
Jul 09 18:46:49.393028 dv-cinder-780933-10-smb neutron-server[109954]: DEBUG neutron.plugins.ml2.drivers.mech_agent [req-0ca53b47-fdb6-4631-ac4f-646f9e71c28f req-ae3074c8-0f7c-44d3-b098-a1f8f87b4960 service neutron] Port 5201299e-cfc2-457a-96c3-72028ed3e901 on network dc947fbb-e543-4d01-829d-c07455fd6029 not bound, no agent of type Open vSwitch agent registered on host hv-cinder-78093 {{(pid=109954) bind_port /opt/stack/neutron/neutron/plugins/ml2/drivers/mech_agent.py:98}}
Jul 09 18:46:49.393610 dv-cinder-780933-10-smb neutron-server[109954]: DEBUG neutron.plugins.ml2.drivers.mech_agent [req-0ca53b47-fdb6-4631-ac4f-646f9e71c28f req-ae3074c8-0f7c-44d3-b098-a1f8f87b4960 service neutron] Attempting to bind port 5201299e-cfc2-457a-96c3-72028ed3e901 on network dc947fbb-e543-4d01-829d-c07455fd6029 {{(pid=109954) bind_port /opt/stack/neutron/neutron/plugins/ml2/drivers/mech_agent.py:86}}
Jul 09 18:46:49.525434 dv-cinder-780933-10-smb neutron-server[109954]: INFO neutron.wsgi [req-39535938-b8bf-4fc8-bad7-1a507a01b29d req-902dbeb2-8235-4123-8893-6412bb520edf service neutron] 10.222.0.32 "GET /v2.0/networks/fec5c11c-8de4-403d-8749-7843ad9416fd?fields=provider%3Aphysical_network&fields=provider%3Anetwork_type HTTP/1.1" status: 200 len: 281 time: 0.1661282
Jul 09 18:46:49.535478 dv-cinder-780933-10-smb neutron-server[109956]: DEBUG neutron_lib.callbacks.manager [None req-bed419ef-8f99-4461-a522-d96ee6a3095f None None] Notify callbacks [] for port, precommit_create {{(pid=109956) _notify_loop /usr/local/lib/python3.8/dist-packages/neutron_lib/callbacks/manager.py:192}}
Jul 09 18:46:49.544649 dv-cinder-780933-10-smb neutron-server[109956]: DEBUG neutron.db.provisioning_blocks [None req-bed419ef-8f99-4461-a522-d96ee6a3095f None None] Transition to ACTIVE for port object e9c6edd7-2c10-4601-9b0e-b942323a9a46 will not be triggered until provisioned by entity L2. {{(pid=109956) add_provisioning_component /opt/stack/neutron/neutron/db/provisioning_blocks.py:73}}
Jul 09 18:46:49.560317 dv-cinder-780933-10-smb neutron-server[109956]: DEBUG neutron.db.provisioning_blocks [None req-bed419ef-8f99-4461-a522-d96ee6a3095f None None] Transition to ACTIVE for port object e9c6edd7-2c10-4601-9b0e-b942323a9a46 will not be triggered until provisioned by entity DHCP. {{(pid=109956) add_provisioning_component /opt/stack/neutron/neutron/db/provisioning_blocks.py:73}}
Jul 09 18:46:49.570738 dv-cinder-780933-10-smb neutron-server[109956]: DEBUG neutron_lib.callbacks.manager [None req-bed419ef-8f99-4461-a522-d96ee6a3095f None None] Notify callbacks ['neutron.plugins.ml2.plugin.SecurityGroupServerNotifierRpcMixin._notify_sg_on_port_after_update-581416', 'neutron.plugins.ml2.ovo_rpc._ObjectChangeHandler.handle_payload_event-16677823', 'neutron.api.rpc.agentnotifiers.dhcp_rpc_agent_api.DhcpAgentNotifyAPI._native_event_send_dhcp_notification_payload-16263083', 'neutron.db.l3_dvrscheduler_db._notify_l3_agent_new_port-8790212171228'] for port, after_create {{(pid=109956) _notify_loop /usr/local/lib/python3.8/dist-packages/neutron_lib/callbacks/manager.py:192}}
Jul 09 18:46:49.610822 dv-cinder-780933-10-smb neutron-server[109956]: DEBUG neutron.scheduler.dhcp_agent_scheduler [None req-bed419ef-8f99-4461-a522-d96ee6a3095f None None] Network 2f7b56cd-6f31-4a68-8d0e-96fa023deca8 is already hosted by enough agents. {{(pid=109956) _get_dhcp_agents_hosting_network /opt/stack/neutron/neutron/scheduler/dhcp_agent_scheduler.py:275}}
Jul 09 18:46:49.614496 dv-cinder-780933-10-smb neutron-server[109956]: DEBUG neutron.scheduler.base_scheduler [None req-bed419ef-8f99-4461-a522-d96ee6a3095f None None] Resources bound (agent type, host, resource id): {{(pid=109956) schedule /opt/stack/neutron/neutron/scheduler/base_scheduler.py:57}}
Jul 09 18:46:49.621515 dv-cinder-780933-10-smb neutron-server[109955]: DEBUG neutron_lib.callbacks.manager [None req-92142398-99be-446f-b94c-126dbdfc8142 admin admin] Notify callbacks ['neutron.services.l3_router.l3_router_plugin.DVRResourceOperationHandler._handle_distributed_migration-16271865', 'neutron.services.l3_router.l3_router_plugin.L3_HA_NAT_db_mixin._validate_migration-16271918', 'neutron.services.l3_router.service_providers.driver_controller.DriverController._update_router_provider-129024'] for router, precommit_update {{(pid=109955) _notify_loop /usr/local/lib/python3.8/dist-packages/neutron_lib/callbacks/manager.py:192}}
Jul 09 18:46:49.621981 dv-cinder-780933-10-smb neutron-server[109956]: DEBUG neutron.db.l3_dvrscheduler_db [None req-bed419ef-8f99-4461-a522-d96ee6a3095f None None] Received port after_create {{(pid=109956) _notify_l3_agent_new_port /opt/stack/neutron/neutron/db/l3_dvrscheduler_db.py:535}}
Jul 09 18:46:49.631699 dv-cinder-780933-10-smb neutron-server[109955]: DEBUG neutron.pecan_wsgi.hooks.policy_enforcement [req-514cfbf2-17d1-4b2d-8207-1ba909d3a525 req-9e251857-ecc3-420e-94e6-be8795cb6ac4 service neutron] Attributes excluded by policy engine: ['standard_attr_id'] {{(pid=109955) _exclude_attributes_by_policy /opt/stack/neutron/neutron/pecan_wsgi/hooks/policy_enforcement.py:255}}
Jul 09 18:46:49.633649 dv-cinder-780933-10-smb neutron-server[109955]: INFO neutron.wsgi [req-514cfbf2-17d1-4b2d-8207-1ba909d3a525 req-9e251857-ecc3-420e-94e6-be8795cb6ac4 service neutron] 10.222.0.32 "GET /v2.0/ports?tenant_id=aca831e3adeb423990c9e431a7d4a569&device_id=446d05d4-3f70-4c46-86b8-331f5f34744d HTTP/1.1" status: 200 len: 1099 time: 0.6290245
Jul 09 18:46:49.652410 dv-cinder-780933-10-smb neutron-server[109954]: DEBUG neutron.plugins.ml2.drivers.mech_agent [req-0ca53b47-fdb6-4631-ac4f-646f9e71c28f req-ae3074c8-0f7c-44d3-b098-a1f8f87b4960 service neutron] Checking agent: {'id': '0bae69b0-a84c-46b5-9668-1ef036e2f077', 'agent_type': 'HyperV agent', 'binary': 'neutron-hyperv-agent', 'topic': 'N/A', 'host': 'hv-cinder-78093', 'admin_state_up': True, 'created_at': datetime.datetime(2021, 7, 9, 18, 43, 52), 'started_at': datetime.datetime(2021, 7, 9, 18, 43, 52), 'heartbeat_timestamp': datetime.datetime(2021, 7, 9, 18, 46, 22), 'description': None, 'resources_synced': None, 'availability_zone': None, 'alive': True, 'configurations': {'vswitch_mappings': {'physnet1$': 'br-data'}}, 'resource_versions': {}} {{(pid=109954) bind_port /opt/stack/neutron/neutron/plugins/ml2/drivers/mech_agent.py:105}}
Jul 09 18:46:49.653190 dv-cinder-780933-10-smb neutron-server[109954]: DEBUG neutron.plugins.ml2.drivers.mech_agent [req-0ca53b47-fdb6-4631-ac4f-646f9e71c28f req-ae3074c8-0f7c-44d3-b098-a1f8f87b4960 service neutron] Checking segment: {'id': '7c0ebfe8-6d5f-490e-bb5a-0673b1e05be6', 'network_type': 'vlan', 'physical_network': 'physnet1', 'segmentation_id': 332, 'network_id': 'dc947fbb-e543-4d01-829d-c07455fd6029'} for mappings: {'physnet1$': 'br-data'} with network types: ['local', 'flat', 'vlan'] {{(pid=109954) check_segment_for_agent /opt/stack/neutron/neutron/plugins/ml2/drivers/mech_agent.py:341}}
Jul 09 18:46:49.653703 dv-cinder-780933-10-smb neutron-server[109954]: DEBUG neutron.plugins.ml2.drivers.mech_agent [req-0ca53b47-fdb6-4631-ac4f-646f9e71c28f req-ae3074c8-0f7c-44d3-b098-a1f8f87b4960 service neutron] Bound using segment: {'id': '7c0ebfe8-6d5f-490e-bb5a-0673b1e05be6', 'network_type': 'vlan', 'physical_network': 'physnet1', 'segmentation_id': 332, 'network_id': 'dc947fbb-e543-4d01-829d-c07455fd6029'} {{(pid=109954) bind_port /opt/stack/neutron/neutron/plugins/ml2/drivers/mech_agent.py:115}}
Jul 09 18:46:49.654155 dv-cinder-780933-10-smb neutron-server[109954]: DEBUG neutron.plugins.ml2.managers [req-0ca53b47-fdb6-4631-ac4f-646f9e71c28f req-ae3074c8-0f7c-44d3-b098-a1f8f87b4960 service neutron] Bound port: 5201299e-cfc2-457a-96c3-72028ed3e901, host: hv-cinder-78093, vif_type: hyperv, vif_details: {"connectivity": "legacy", "port_filter": false}, binding_levels: [{'bound_driver': 'hyperv', 'bound_segment': {'id': '7c0ebfe8-6d5f-490e-bb5a-0673b1e05be6', 'network_type': 'vlan', 'physical_network': 'physnet1', 'segmentation_id': 332, 'network_id': 'dc947fbb-e543-4d01-829d-c07455fd6029'}}] {{(pid=109954) _bind_port_level /opt/stack/neutron/neutron/plugins/ml2/managers.py:928}}
Jul 09 18:46:49.654433 dv-cinder-780933-10-smb neutron-server[109954]: DEBUG neutron_lib.callbacks.manager [req-0ca53b47-fdb6-4631-ac4f-646f9e71c28f req-ae3074c8-0f7c-44d3-b098-a1f8f87b4960 service neutron] Notify callbacks ['neutron.plugins.ml2.plugin.SecurityGroupDbMixin._ensure_default_security_group_handler-580591'] for port, before_update {{(pid=109954) _notify_loop /usr/local/lib/python3.8/dist-packages/neutron_lib/callbacks/manager.py:192}}
Jul 09 18:46:49.662324 dv-cinder-780933-10-smb neutron-server[109956]: DEBUG neutron.api.rpc.handlers.resources_rpc [None req-bed419ef-8f99-4461-a522-d96ee6a3095f None None] Pushing event updated for resources: {'Port': ['ID=e9c6edd7-2c10-4601-9b0e-b942323a9a46,revision_number=1']} {{(pid=109956) push /opt/stack/neutron/neutron/api/rpc/handlers/resources_rpc.py:237}}
Jul 09 18:46:49.691771 dv-cinder-780933-10-smb neutron-server[109954]: INFO neutron.wsgi [req-d075b331-8fd7-4256-ac8a-a49d02fa2224 req-2cb6fd3c-d5ee-4892-b453-9ebbb9f3d5f5 tempest-AttachVolumeNegativeTest-474383321 tempest-AttachVolumeNegativeTest-474383321-project] 10.222.0.35 "GET /v2.0/security-groups?id=50f57368-b167-4f52-abc7-394907c64459&fields=id&fields=name HTTP/1.1" status: 200 len: 286 time: 0.4794259
Jul 09 18:46:49.724791 dv-cinder-780933-10-smb neutron-server[109956]: DEBUG neutron.plugins.ml2.managers [None req-bed419ef-8f99-4461-a522-d96ee6a3095f None None] Attempting to bind port e9c6edd7-2c10-4601-9b0e-b942323a9a46 on host dv-cinder-780933-10-smb for vnic_type normal with profile {{(pid=109956) bind_port /opt/stack/neutron/neutron/plugins/ml2/managers.py:790}}
Jul 09 18:46:49.725011 dv-cinder-780933-10-smb neutron-server[109956]: DEBUG neutron.plugins.ml2.managers [None req-bed419ef-8f99-4461-a522-d96ee6a3095f None None] Attempting to bind port e9c6edd7-2c10-4601-9b0e-b942323a9a46 by drivers openvswitch,hyperv on host dv-cinder-780933-10-smb at level 0 using segments [{'id': 'bdb65765-6a7c-465b-9a29-a6f4b0f9aa9b', 'network_type': 'vlan', 'physical_network': 'physnet1', 'segmentation_id': 343, 'network_id': '2f7b56cd-6f31-4a68-8d0e-96fa023deca8'}] {{(pid=109956) _bind_port_level /opt/stack/neutron/neutron/plugins/ml2/managers.py:815}}
Jul 09 18:46:49.725373 dv-cinder-780933-10-smb neutron-server[109956]: DEBUG neutron.plugins.ml2.drivers.mech_agent [None req-bed419ef-8f99-4461-a522-d96ee6a3095f None None] Attempting to bind port e9c6edd7-2c10-4601-9b0e-b942323a9a46 on network 2f7b56cd-6f31-4a68-8d0e-96fa023deca8 {{(pid=109956) bind_port /opt/stack/neutron/neutron/plugins/ml2/drivers/mech_agent.py:86}}
Jul 09 18:46:49.733498 dv-cinder-780933-10-smb neutron-server[109956]: DEBUG neutron.plugins.ml2.drivers.mech_agent [None req-bed419ef-8f99-4461-a522-d96ee6a3095f None None] Checking agent: {'id': 'a7622a69-f0ab-40c1-b83b-30a36943b390', 'agent_type': 'Open vSwitch agent', 'binary': 'neutron-openvswitch-agent', 'topic': 'N/A', 'host': 'dv-cinder-780933-10-smb', 'admin_state_up': True, 'created_at': datetime.datetime(2021, 7, 9, 18, 37, 48), 'started_at': datetime.datetime(2021, 7, 9, 18, 38, 18), 'heartbeat_timestamp': datetime.datetime(2021, 7, 9, 18, 46, 48), 'description': None, 'resources_synced': None, 'availability_zone': None, 'alive': True, 'configurations': {'arp_responder_enabled': False, 'baremetal_smartnic': False, 'bridge_mappings': {'physnet1': 'br-data'}, 'datapath_type': 'system', 'devices': 0, 'enable_distributed_routing': False, 'extensions': [], 'in_distributed_mode': False, 'integration_bridge': 'br-int', 'l2_population': False, 'log_agent_heartbeats': False, 'ovs_capabilities': {'datapath_types': ['netdev', 'system'], 'iface_types': ['erspan', 'geneve', 'gre', 'internal', 'ip6erspan', 'ip6gre', 'lisp', 'patch', 'stt', 'system', 'tap', 'vxlan']}, 'ovs_hybrid_plug': False, 'resource_provider_bandwidths': {}, 'resource_provider_hypervisors': {'br-data': 'dv-cinder-780933-10-smb'}, 'resource_provider_inventory_defaults': {'allocation_ratio': 1.0, 'min_unit': 1, 'step_size': 1, 'reserved': 0}, 'tunnel_types': [], 'tunneling_ip': None, 'vhostuser_socket_dir': '/var/run/openvswitch'}, 'resource_versions': {'AddressGroup': '1.2', 'ConntrackHelper': '1.0', 'Log': '1.0', 'Network': '1.1', 'Port': '1.7', 'PortForwarding': '1.2', 'QosPolicy': '1.8', 'SecurityGroup': '1.4', 'SecurityGroupRule': '1.2', 'SubPort': '1.0', 'Subnet': '1.1', 'Trunk': '1.1'}} {{(pid=109956) bind_port /opt/stack/neutron/neutron/plugins/ml2/drivers/mech_agent.py:105}}
Jul 09 18:46:49.733784 dv-cinder-780933-10-smb neutron-server[109956]: DEBUG neutron.plugins.ml2.drivers.mech_agent [None req-bed419ef-8f99-4461-a522-d96ee6a3095f None None] Checking segment: {'id': 'bdb65765-6a7c-465b-9a29-a6f4b0f9aa9b', 'network_type': 'vlan', 'physical_network': 'physnet1', 'segmentation_id': 343, 'network_id': '2f7b56cd-6f31-4a68-8d0e-96fa023deca8'} for mappings: {'physnet1': 'br-data'} with network types: ['local', 'flat', 'vlan'] {{(pid=109956) check_segment_for_agent /opt/stack/neutron/neutron/plugins/ml2/drivers/mech_agent.py:341}}
Jul 09 18:46:49.734186 dv-cinder-780933-10-smb neutron-server[109956]: DEBUG neutron_lib.callbacks.manager [None req-bed419ef-8f99-4461-a522-d96ee6a3095f None None] Notify callbacks [] for ovs_bridge_name, before_read {{(pid=109956) _notify_loop /usr/local/lib/python3.8/dist-packages/neutron_lib/callbacks/manager.py:192}}
Jul 09 18:46:49.734563 dv-cinder-780933-10-smb neutron-server[109956]: DEBUG neutron.plugins.ml2.drivers.mech_agent [None req-bed419ef-8f99-4461-a522-d96ee6a3095f None None] Bound using segment: {'id': 'bdb65765-6a7c-465b-9a29-a6f4b0f9aa9b', 'network_type': 'vlan', 'physical_network': 'physnet1', 'segmentation_id': 343, 'network_id': '2f7b56cd-6f31-4a68-8d0e-96fa023deca8'} {{(pid=109956) bind_port /opt/stack/neutron/neutron/plugins/ml2/drivers/mech_agent.py:115}}
Jul 09 18:46:49.735021 dv-cinder-780933-10-smb neutron-server[109956]: DEBUG neutron.plugins.ml2.managers [None req-bed419ef-8f99-4461-a522-d96ee6a3095f None None] Bound port: e9c6edd7-2c10-4601-9b0e-b942323a9a46, host: dv-cinder-780933-10-smb, vif_type: ovs, vif_details: {"connectivity": "l2", "port_filter": true, "ovs_hybrid_plug": false, "datapath_type": "system", "bridge_name": "br-int"}, binding_levels: [{'bound_driver': 'openvswitch', 'bound_segment': {'id': 'bdb65765-6a7c-465b-9a29-a6f4b0f9aa9b', 'network_type': 'vlan', 'physical_network': 'physnet1', 'segmentation_id': 343, 'network_id': '2f7b56cd-6f31-4a68-8d0e-96fa023deca8'}}] {{(pid=109956) _bind_port_level /opt/stack/neutron/neutron/plugins/ml2/managers.py:928}}
Jul 09 18:46:49.735566 dv-cinder-780933-10-smb neutron-server[109956]: DEBUG neutron_lib.callbacks.manager [None req-bed419ef-8f99-4461-a522-d96ee6a3095f None None] Notify callbacks ['neutron.plugins.ml2.plugin.SecurityGroupDbMixin._ensure_default_security_group_handler-580591'] for port, before_update {{(pid=109956) _notify_loop /usr/local/lib/python3.8/dist-packages/neutron_lib/callbacks/manager.py:192}}
Jul 09 18:46:49.737767 dv-cinder-780933-10-smb neutron-server[109954]: INFO neutron.wsgi [req-b19da0e5-6232-4c57-b611-372d0c69b218 req-8b5b15f6-e314-47ef-a847-d2f417dbf377 service neutron] 10.222.0.32 "GET /v2.0/networks/dc947fbb-e543-4d01-829d-c07455fd6029?fields=provider%3Aphysical_network&fields=provider%3Anetwork_type HTTP/1.1" status: 200 len: 281 time: 0.3379517
Jul 09 18:46:49.739631 dv-cinder-780933-10-smb neutron-server[109955]: DEBUG neutron.pecan_wsgi.hooks.policy_enforcement [req-514cfbf2-17d1-4b2d-8207-1ba909d3a525 req-fc65ed77-cdf2-479c-b5fc-26f38d963b60 service neutron] Attributes excluded by policy engine: ['standard_attr_id', 'vlan_transparent'] {{(pid=109955) _exclude_attributes_by_policy /opt/stack/neutron/neutron/pecan_wsgi/hooks/policy_enforcement.py:255}}
Jul 09 18:46:49.741935 dv-cinder-780933-10-smb neutron-server[109955]: INFO neutron.wsgi [req-514cfbf2-17d1-4b2d-8207-1ba909d3a525 req-fc65ed77-cdf2-479c-b5fc-26f38d963b60 service neutron] 10.222.0.32 "GET /v2.0/networks?id=491487f9-888d-4a44-a835-ec20f70211fb HTTP/1.1" status: 200 len: 919 time: 0.1011467
Jul 09 18:46:49.757787 dv-cinder-780933-10-smb neutron-server[109954]: DEBUG neutron.pecan_wsgi.hooks.policy_enforcement [req-2cfb0751-a4c0-4862-bc69-ff1c39ec28f9 req-9c85f0c5-dafc-4ba3-bcee-5da8cbda7cbc tempest-ServerRescueNegativeTestJSON-1084149557 tempest-ServerRescueNegativeTestJSON-1084149557-project] Attributes excluded by policy engine: ['standard_attr_id', 'binding:profile', 'binding:host_id', 'binding:vif_type', 'binding:vif_details'] {{(pid=109954) _exclude_attributes_by_policy /opt/stack/neutron/neutron/pecan_wsgi/hooks/policy_enforcement.py:255}}
Jul 09 18:46:49.765486 dv-cinder-780933-10-smb neutron-server[109954]: INFO neutron.wsgi [req-2cfb0751-a4c0-4862-bc69-ff1c39ec28f9 req-9c85f0c5-dafc-4ba3-bcee-5da8cbda7cbc tempest-ServerRescueNegativeTestJSON-1084149557 tempest-ServerRescueNegativeTestJSON-1084149557-project] 10.222.0.35 "GET /v2.0/ports?device_id=446d05d4-3f70-4c46-86b8-331f5f34744d HTTP/1.1" status: 200 len: 946 time: 0.6464386
Jul 09 18:46:49.797153 dv-cinder-780933-10-smb neutron-server[109955]: DEBUG neutron.wsgi [-] (109955) accepted ('10.222.0.35', 34058) {{(pid=109955) server /usr/local/lib/python3.8/dist-packages/eventlet/wsgi.py:982}}
Jul 09 18:46:49.804527 dv-cinder-780933-10-smb neutron-server[109954]: DEBUG neutron.plugins.ml2.db [req-0ca53b47-fdb6-4631-ac4f-646f9e71c28f req-ae3074c8-0f7c-44d3-b098-a1f8f87b4960 service neutron] For port 5201299e-cfc2-457a-96c3-72028ed3e901, host hv-cinder-78093, cleared binding levels {{(pid=109954) clear_binding_levels /opt/stack/neutron/neutron/plugins/ml2/db.py:87}}
Jul 09 18:46:49.808483 dv-cinder-780933-10-smb neutron-server[109954]: DEBUG neutron.plugins.ml2.db [req-0ca53b47-fdb6-4631-ac4f-646f9e71c28f req-ae3074c8-0f7c-44d3-b098-a1f8f87b4960 service neutron] For port 5201299e-cfc2-457a-96c3-72028ed3e901, host hv-cinder-78093, set binding levels [PortBindingLevel(driver='hyperv',host='hv-cinder-78093',level=0,port_id=5201299e-cfc2-457a-96c3-72028ed3e901,segment=NetworkSegment(7c0ebfe8-6d5f-490e-bb5a-0673b1e05be6),segment_id=7c0ebfe8-6d5f-490e-bb5a-0673b1e05be6)] {{(pid=109954) set_binding_levels /opt/stack/neutron/neutron/plugins/ml2/db.py:59}}
Jul 09 18:46:49.840682 dv-cinder-780933-10-smb neutron-server[109954]: DEBUG neutron_lib.callbacks.manager [req-0ca53b47-fdb6-4631-ac4f-646f9e71c28f req-ae3074c8-0f7c-44d3-b098-a1f8f87b4960 service neutron] Notify callbacks ['neutron.plugins.ml2.plugin.SecurityGroupServerNotifierRpcMixin.notify_sg_on_port_change-581427', 'neutron.plugins.ml2.ovo_rpc._ObjectChangeHandler.handle_event-16677814', 'neutron.api.rpc.agentnotifiers.dhcp_rpc_agent_api.DhcpAgentNotifyAPI._native_event_send_dhcp_notification-16263076', 'neutron.db.l3_db.L3RpcNotifierMixin._notify_gateway_port_ip_changed-8790212711208', 'neutron.db.l3_dvrscheduler_db._notify_l3_agent_port_update-8790212171246', 'neutron.db.l3_hascheduler_db._notify_l3_agent_ha_port_update-8790212172575', 'neutron.services.segments.plugin.NovaSegmentNotifier._notify_port_updated-2385917'] for port, after_update {{(pid=109954) _notify_loop /usr/local/lib/python3.8/dist-packages/neutron_lib/callbacks/manager.py:192}}
Jul 09 18:46:49.845105 dv-cinder-780933-10-smb neutron-server[109956]: DEBUG neutron.plugins.ml2.db [None req-bed419ef-8f99-4461-a522-d96ee6a3095f None None] For port e9c6edd7-2c10-4601-9b0e-b942323a9a46, host dv-cinder-780933-10-smb, cleared binding levels {{(pid=109956) clear_binding_levels /opt/stack/neutron/neutron/plugins/ml2/db.py:87}}
Jul 09 18:46:49.846514 dv-cinder-780933-10-smb neutron-server[109955]: INFO neutron.wsgi [req-514cfbf2-17d1-4b2d-8207-1ba909d3a525 req-cf5c9992-56c4-4520-8b7e-084dc81ec5d4 service neutron] 10.222.0.32 "GET /v2.0/floatingips?fixed_ip_address=172.20.0.14&port_id=20a82ebf-fb6e-458f-984a-fb34ae900662 HTTP/1.1" status: 200 len: 217 time: 0.0501211
Jul 09 18:46:49.848722 dv-cinder-780933-10-smb neutron-server[109956]: DEBUG neutron.plugins.ml2.db [None req-bed419ef-8f99-4461-a522-d96ee6a3095f None None] For port e9c6edd7-2c10-4601-9b0e-b942323a9a46, host dv-cinder-780933-10-smb, set binding levels [PortBindingLevel(driver='openvswitch',host='dv-cinder-780933-10-smb',level=0,port_id=e9c6edd7-2c10-4601-9b0e-b942323a9a46,segment=NetworkSegment(bdb65765-6a7c-465b-9a29-a6f4b0f9aa9b),segment_id=bdb65765-6a7c-465b-9a29-a6f4b0f9aa9b)] {{(pid=109956) set_binding_levels /opt/stack/neutron/neutron/plugins/ml2/db.py:59}}
Jul 09 18:46:49.854890 dv-cinder-780933-10-smb neutron-server[109956]: DEBUG neutron_lib.callbacks.manager [None req-bed419ef-8f99-4461-a522-d96ee6a3095f None None] Notify callbacks ['neutron.plugins.ml2.plugin.SecurityGroupServerNotifierRpcMixin.notify_sg_on_port_change-581427', 'neutron.plugins.ml2.ovo_rpc._ObjectChangeHandler.handle_event-16677814', 'neutron.api.rpc.agentnotifiers.dhcp_rpc_agent_api.DhcpAgentNotifyAPI._native_event_send_dhcp_notification-16263076', 'neutron.db.l3_db.L3RpcNotifierMixin._notify_gateway_port_ip_changed-8790212711208', 'neutron.db.l3_dvrscheduler_db._notify_l3_agent_port_update-8790212171246', 'neutron.db.l3_hascheduler_db._notify_l3_agent_ha_port_update-8790212172575'] for port, after_update {{(pid=109956) _notify_loop /usr/local/lib/python3.8/dist-packages/neutron_lib/callbacks/manager.py:192}}
Jul 09 18:46:49.914540 dv-cinder-780933-10-smb neutron-server[109954]: INFO neutron.wsgi [req-2cfb0751-a4c0-4862-bc69-ff1c39ec28f9 req-d204c038-c7d0-4f2a-b4de-fc240f1e70aa tempest-ServerRescueNegativeTestJSON-1084149557 tempest-ServerRescueNegativeTestJSON-1084149557-project] 10.222.0.35 "GET /v2.0/security-groups?id=b6beaa2a-9f42-4799-8bb0-4c2f4ffa77dc&fields=id&fields=name HTTP/1.1" status: 200 len: 286 time: 0.1477394
Jul 09 18:46:49.926974 dv-cinder-780933-10-smb neutron-server[109954]: DEBUG neutron.pecan_wsgi.hooks.policy_enforcement [req-0ca53b47-fdb6-4631-ac4f-646f9e71c28f req-ae3074c8-0f7c-44d3-b098-a1f8f87b4960 service neutron] Attributes excluded by policy engine: ['standard_attr_id'] {{(pid=109954) _exclude_attributes_by_policy /opt/stack/neutron/neutron/pecan_wsgi/hooks/policy_enforcement.py:255}}
Jul 09 18:46:49.927654 dv-cinder-780933-10-smb neutron-server[109954]: DEBUG neutron_lib.callbacks.manager [req-0ca53b47-fdb6-4631-ac4f-646f9e71c28f req-ae3074c8-0f7c-44d3-b098-a1f8f87b4960 service neutron] Notify callbacks ['neutron.notifiers.nova.Notifier._send_nova_notification-16725918', 'neutron.api.rpc.agentnotifiers.dhcp_rpc_agent_api.DhcpAgentNotifyAPI._send_dhcp_notification-16263094'] for port, before_response {{(pid=109954) _notify_loop /usr/local/lib/python3.8/dist-packages/neutron_lib/callbacks/manager.py:192}}
Jul 09 18:46:49.929075 dv-cinder-780933-10-smb neutron-server[109954]: INFO neutron.wsgi [req-0ca53b47-fdb6-4631-ac4f-646f9e71c28f req-ae3074c8-0f7c-44d3-b098-a1f8f87b4960 service neutron] 10.222.0.32 "PUT /v2.0/ports/5201299e-cfc2-457a-96c3-72028ed3e901 HTTP/1.1" status: 200 len: 1093 time: 3.0688429
Jul 09 18:46:49.929533 dv-cinder-780933-10-smb neutron-server[109954]: DEBUG neutron.notifiers.nova [-] Sending events: [{'name': 'network-changed', 'server_uuid': '70ae45ee-4e0b-4a4e-8234-35a8dbd6f917', 'tag': '5201299e-cfc2-457a-96c3-72028ed3e901'}] {{(pid=109954) send_events /opt/stack/neutron/neutron/notifiers/nova.py:262}}
Jul 09 18:46:49.937060 dv-cinder-780933-10-smb neutron-server[109954]: DEBUG novaclient.v2.client [-] REQ: curl -g -i --cacert "/opt/stack/data/ca-bundle.pem" -X POST http://10.222.0.35/compute/v2.1/os-server-external-events -H "Accept: application/json" -H "Content-Type: application/json" -H "User-Agent: python-novaclient" -H "X-Auth-Token: {SHA256}f51b8d2b2f8a4debe229509d942508ebe968ab9dffa368bbebcc4c9b87ba6077" -H "X-OpenStack-Nova-API-Version: 2.1" -H "X-OpenStack-Request-ID: req-1d41c87e-4fb5-453e-903c-7d8e569606f3" -d '{"events": [{"name": "network-changed", "server_uuid": "70ae45ee-4e0b-4a4e-8234-35a8dbd6f917", "tag": "5201299e-cfc2-457a-96c3-72028ed3e901"}]}' {{(pid=109954) _http_log_request /usr/local/lib/python3.8/dist-packages/keystoneauth1/session.py:519}}
Jul 09 18:46:49.964451 dv-cinder-780933-10-smb neutron-server[109956]: DEBUG neutron.api.rpc.handlers.resources_rpc [None req-bed419ef-8f99-4461-a522-d96ee6a3095f None None] Pushing event updated for resources: {'Port': ['ID=e9c6edd7-2c10-4601-9b0e-b942323a9a46,revision_number=2']} {{(pid=109956) push /opt/stack/neutron/neutron/api/rpc/handlers/resources_rpc.py:237}}
Jul 09 18:46:50.007995 dv-cinder-780933-10-smb neutron-server[109954]: DEBUG neutron.api.rpc.handlers.resources_rpc [None req-ae3074c8-0f7c-44d3-b098-a1f8f87b4960 service neutron] Pushing event updated for resources: {'Port': ['ID=5201299e-cfc2-457a-96c3-72028ed3e901,revision_number=3']} {{(pid=109954) push /opt/stack/neutron/neutron/api/rpc/handlers/resources_rpc.py:237}}
Jul 09 18:46:50.067826 dv-cinder-780933-10-smb neutron-server[109954]: INFO neutron.wsgi [req-439228e8-1613-465e-9cca-c53e130b8642 req-f5ecd6e5-591d-4746-9fd3-e06695a6f169 tempest-DeleteServersTestJSON-1798400350 tempest-DeleteServersTestJSON-1798400350-project] 10.222.0.35 "GET /v2.0/ports?device_id=166b7545-4c85-4a99-8394-c0809a4a4401 HTTP/1.1" status: 200 len: 210 time: 0.0522661
Jul 09 18:46:50.109685 dv-cinder-780933-10-smb neutron-server[109955]: DEBUG neutron_lib.callbacks.manager [None req-92142398-99be-446f-b94c-126dbdfc8142 admin admin] Notify callbacks [] for router_gateway, before_create {{(pid=109955) _notify_loop /usr/local/lib/python3.8/dist-packages/neutron_lib/callbacks/manager.py:192}}
Jul 09 18:46:50.155676 dv-cinder-780933-10-smb neutron-server[109955]: DEBUG neutron_lib.callbacks.manager [None req-92142398-99be-446f-b94c-126dbdfc8142 admin admin] Notify callbacks ['neutron.plugins.ml2.plugin.SecurityGroupDbMixin._ensure_default_security_group_handler-580591'] for port, before_create {{(pid=109955) _notify_loop /usr/local/lib/python3.8/dist-packages/neutron_lib/callbacks/manager.py:192}}
Jul 09 18:46:50.156535 dv-cinder-780933-10-smb neutron-server[109954]: DEBUG novaclient.v2.client [-] RESP: [200] Connection: close Content-Length: 179 Content-Type: application/json Date: Fri, 09 Jul 2021 18:46:49 GMT OpenStack-API-Version: compute 2.1 Server: Apache/2.4.41 (Ubuntu) Vary: OpenStack-API-Version,X-OpenStack-Nova-API-Version X-OpenStack-Nova-API-Version: 2.1 x-compute-request-id: req-661566ec-9190-40be-877e-d097bc6c15b0 x-openstack-request-id: req-661566ec-9190-40be-877e-d097bc6c15b0 {{(pid=109954) _http_log_response /usr/local/lib/python3.8/dist-packages/keystoneauth1/session.py:550}}
Jul 09 18:46:50.156888 dv-cinder-780933-10-smb neutron-server[109954]: DEBUG novaclient.v2.client [-] RESP BODY: {"events": [{"name": "network-changed", "server_uuid": "70ae45ee-4e0b-4a4e-8234-35a8dbd6f917", "tag": "5201299e-cfc2-457a-96c3-72028ed3e901", "status": "completed", "code": 200}]} {{(pid=109954) _http_log_response /usr/local/lib/python3.8/dist-packages/keystoneauth1/session.py:582}}
Jul 09 18:46:50.157059 dv-cinder-780933-10-smb neutron-server[109954]: DEBUG novaclient.v2.client [-] POST call to compute for http://10.222.0.35/compute/v2.1/os-server-external-events used request id req-661566ec-9190-40be-877e-d097bc6c15b0 {{(pid=109954) request /usr/local/lib/python3.8/dist-packages/keystoneauth1/session.py:954}}
Jul 09 18:46:50.157604 dv-cinder-780933-10-smb neutron-server[109954]: INFO neutron.notifiers.nova [-] Nova event response: {'name': 'network-changed', 'server_uuid': '70ae45ee-4e0b-4a4e-8234-35a8dbd6f917', 'tag': '5201299e-cfc2-457a-96c3-72028ed3e901', 'status': 'completed', 'code': 200}
Jul 09 18:46:50.178830 dv-cinder-780933-10-smb neutron-server[109954]: DEBUG neutron.pecan_wsgi.hooks.policy_enforcement [req-0ca53b47-fdb6-4631-ac4f-646f9e71c28f req-5c3781e1-1775-47b9-92d9-a73777d10a86 service neutron] Attributes excluded by policy engine: ['standard_attr_id'] {{(pid=109954) _exclude_attributes_by_policy /opt/stack/neutron/neutron/pecan_wsgi/hooks/policy_enforcement.py:255}}
Jul 09 18:46:50.180476 dv-cinder-780933-10-smb neutron-server[109954]: INFO neutron.wsgi [req-0ca53b47-fdb6-4631-ac4f-646f9e71c28f req-5c3781e1-1775-47b9-92d9-a73777d10a86 service neutron] 10.222.0.32 "GET /v2.0/ports?tenant_id=98ff4d4da70d43c8bcf16bac24df70a0&device_id=70ae45ee-4e0b-4a4e-8234-35a8dbd6f917 HTTP/1.1" status: 200 len: 1096 time: 0.1116993
Jul 09 18:46:50.205907 dv-cinder-780933-10-smb neutron-server[109955]: DEBUG neutron_lib.callbacks.manager [None req-0bbca726-8c93-4066-97e8-9d3dd33a869f admin admin] Notify callbacks [] for security_group, before_create {{(pid=109955) _notify_loop /usr/local/lib/python3.8/dist-packages/neutron_lib/callbacks/manager.py:192}}
Jul 09 18:46:50.223337 dv-cinder-780933-10-smb neutron-server[109955]: DEBUG neutron.pecan_wsgi.hooks.policy_enforcement [req-514cfbf2-17d1-4b2d-8207-1ba909d3a525 req-cad32908-d865-49ba-a26b-7b51cb44abbc service neutron] Attributes excluded by policy engine: ['standard_attr_id', 'shared', 'segment_id'] {{(pid=109955) _exclude_attributes_by_policy /opt/stack/neutron/neutron/pecan_wsgi/hooks/policy_enforcement.py:255}}
Jul 09 18:46:50.224863 dv-cinder-780933-10-smb neutron-server[109955]: INFO neutron.wsgi [req-514cfbf2-17d1-4b2d-8207-1ba909d3a525 req-cad32908-d865-49ba-a26b-7b51cb44abbc service neutron] 10.222.0.32 "GET /v2.0/subnets?id=70591869-9a0e-4bf6-ae16-97a37d2d27aa HTTP/1.1" status: 200 len: 858 time: 0.2795701
Jul 09 18:46:50.352439 dv-cinder-780933-10-smb neutron-server[109954]: INFO neutron.wsgi [req-0ca53b47-fdb6-4631-ac4f-646f9e71c28f req-2dd51d1b-a023-447a-b38c-a67bd40ce422 service neutron] 10.222.0.32 "GET /v2.0/floatingips?fixed_ip_address=172.20.0.4&port_id=5201299e-cfc2-457a-96c3-72028ed3e901 HTTP/1.1" status: 200 len: 217 time: 0.1262453
Jul 09 18:46:50.379494 dv-cinder-780933-10-smb neutron-server[109955]: INFO neutron.wsgi [req-514cfbf2-17d1-4b2d-8207-1ba909d3a525 req-1a80d164-c99c-4108-a692-7e888fbb8fd5 service neutron] 10.222.0.32 "GET /v2.0/ports?network_id=491487f9-888d-4a44-a835-ec20f70211fb&device_owner=network%3Adhcp HTTP/1.1" status: 200 len: 210 time: 0.1453791
Jul 09 18:46:50.484139 dv-cinder-780933-10-smb neutron-server[109954]: DEBUG neutron.pecan_wsgi.hooks.policy_enforcement [req-0ca53b47-fdb6-4631-ac4f-646f9e71c28f req-53bcc5d7-59e5-46cb-b72c-9cbd4912763c service neutron] Attributes excluded by policy engine: ['standard_attr_id', 'shared', 'segment_id'] {{(pid=109954) _exclude_attributes_by_policy /opt/stack/neutron/neutron/pecan_wsgi/hooks/policy_enforcement.py:255}}
Jul 09 18:46:50.484980 dv-cinder-780933-10-smb neutron-server[109956]: DEBUG neutron_lib.callbacks.manager [None req-ac85fd37-7f22-44c9-99bd-b83ca1bded6c None None] Notify callbacks ['neutron.services.segments.db._update_segment_host_mapping_for_agent-8790212721731', 'neutron.plugins.ml2.plugin.Ml2Plugin._retry_binding_revived_agents-16196234'] for agent, after_update {{(pid=109956) _notify_loop /usr/local/lib/python3.8/dist-packages/neutron_lib/callbacks/manager.py:192}}
Jul 09 18:46:50.488824 dv-cinder-780933-10-smb neutron-server[109954]: INFO neutron.wsgi [req-0ca53b47-fdb6-4631-ac4f-646f9e71c28f req-53bcc5d7-59e5-46cb-b72c-9cbd4912763c service neutron] 10.222.0.32 "GET /v2.0/subnets?id=77284e2f-8000-40bf-9f84-415da7fc8afe HTTP/1.1" status: 200 len: 854 time: 0.0874264
Jul 09 18:46:50.520068 dv-cinder-780933-10-smb neutron-server[109956]: DEBUG neutron.plugins.ml2.rpc [None req-b65f1582-cc33-4b5e-8907-f5c474d65ca6 None None] Device 7a43bec2-1fba-4803-8ab4-818b95808c58 no longer exists at agent hyperv_hv-cinder-78093 {{(pid=109956) update_device_down /opt/stack/neutron/neutron/plugins/ml2/rpc.py:259}}
Jul 09 18:46:50.529123 dv-cinder-780933-10-smb neutron-server[109955]: DEBUG neutron_lib.callbacks.manager [None req-0bbca726-8c93-4066-97e8-9d3dd33a869f admin admin] Notify callbacks [] for security_group, precommit_create {{(pid=109955) _notify_loop /usr/local/lib/python3.8/dist-packages/neutron_lib/callbacks/manager.py:192}}
Jul 09 18:46:50.552482 dv-cinder-780933-10-smb neutron-server[109955]: DEBUG neutron_lib.callbacks.manager [None req-0bbca726-8c93-4066-97e8-9d3dd33a869f admin admin] Notify callbacks ['neutron.plugins.ml2.ovo_rpc._ObjectChangeHandler.handle_payload_event-16325233'] for security_group, after_create {{(pid=109955) _notify_loop /usr/local/lib/python3.8/dist-packages/neutron_lib/callbacks/manager.py:192}}
Jul 09 18:46:50.554245 dv-cinder-780933-10-smb neutron-server[109954]: INFO neutron.wsgi [req-0ca53b47-fdb6-4631-ac4f-646f9e71c28f req-bde5bb5d-b241-4e3f-96a2-09da9209b7c5 service neutron] 10.222.0.32 "GET /v2.0/ports?network_id=dc947fbb-e543-4d01-829d-c07455fd6029&device_owner=network%3Adhcp HTTP/1.1" status: 200 len: 210 time: 0.0556684
Jul 09 18:46:50.577367 dv-cinder-780933-10-smb neutron-server[109956]: DEBUG neutron.plugins.ml2.plugin [None req-b65f1582-cc33-4b5e-8907-f5c474d65ca6 None None] No Port match for: 7a43bec2-1fba-4803-8ab4-818b95808c58 {{(pid=109956) port_bound_to_host /opt/stack/neutron/neutron/plugins/ml2/plugin.py:2248}}
Jul 09 18:46:50.577677 dv-cinder-780933-10-smb neutron-server[109956]: DEBUG neutron.plugins.ml2.rpc [None req-b65f1582-cc33-4b5e-8907-f5c474d65ca6 None None] Device 7a43bec2-1fba-4803-8ab4-818b95808c58 not bound to the agent host hv-cinder-78093 {{(pid=109956) update_device_down /opt/stack/neutron/neutron/plugins/ml2/rpc.py:269}}
Jul 09 18:46:50.601465 dv-cinder-780933-10-smb neutron-server[109955]: DEBUG neutron.db.db_base_plugin_common [None req-92142398-99be-446f-b94c-126dbdfc8142 admin admin] Allocated IP 172.28.1.163 (4901c1e2-d62e-4c7f-aae5-403ebb6736bc/3e14d6b6-e8b6-427b-b802-c9818a8087e0/96088953-2979-41b0-9f5f-737f6e9eb284) {{(pid=109955) _store_ip_allocation /opt/stack/neutron/neutron/db/db_base_plugin_common.py:131}}
Jul 09 18:46:50.666811 dv-cinder-780933-10-smb neutron-server[109955]: INFO neutron.wsgi [None req-0bbca726-8c93-4066-97e8-9d3dd33a869f admin admin] 10.222.0.35 "GET /v2.0/security-groups?tenant_id=7650d940c60c4c1cbcbf4d6703634ddb&name=default HTTP/1.1" status: 200 len: 2979 time: 0.8646052
Jul 09 18:46:50.668615 dv-cinder-780933-10-smb neutron-server[109954]: DEBUG neutron.wsgi [-] (109954) accepted ('10.222.0.35', 34082) {{(pid=109954) server /usr/local/lib/python3.8/dist-packages/eventlet/wsgi.py:982}}
Jul 09 18:46:50.671617 dv-cinder-780933-10-smb neutron-server[109955]: DEBUG neutron.api.rpc.handlers.resources_rpc [None req-0bbca726-8c93-4066-97e8-9d3dd33a869f admin admin] Pushing event updated for resources: {'SecurityGroup': ['ID=76e197a4-e7d1-40fd-974b-b9aca0a796d8,revision_number=1']} {{(pid=109955) push /opt/stack/neutron/neutron/api/rpc/handlers/resources_rpc.py:237}}
Jul 09 18:46:50.713387 dv-cinder-780933-10-smb neutron-server[109954]: INFO neutron.wsgi [req-0ca53b47-fdb6-4631-ac4f-646f9e71c28f req-d9c806a8-826c-4213-afd9-480e54c814a2 service neutron] 10.222.0.32 "GET /v2.0/networks/dc947fbb-e543-4d01-829d-c07455fd6029?fields=segments HTTP/1.1" status: 200 len: 212 time: 0.1373260
Jul 09 18:46:50.726115 dv-cinder-780933-10-smb neutron-server[109955]: DEBUG neutron.api.rpc.callbacks.version_manager [None req-0bbca726-8c93-4066-97e8-9d3dd33a869f admin admin] Version for resource type AddressGroup changed None to 1.2 on consumer Open vSwitch agent@dv-cinder-780933-10-smb {{(pid=109955) _set_version /opt/stack/neutron/neutron/api/rpc/callbacks/version_manager.py:113}}
Jul 09 18:46:50.726466 dv-cinder-780933-10-smb neutron-server[109955]: DEBUG neutron.api.rpc.callbacks.version_manager [None req-0bbca726-8c93-4066-97e8-9d3dd33a869f admin admin] Version for resource type ConntrackHelper changed None to 1.0 on consumer Open vSwitch agent@dv-cinder-780933-10-smb {{(pid=109955) _set_version /opt/stack/neutron/neutron/api/rpc/callbacks/version_manager.py:113}}
Jul 09 18:46:50.726839 dv-cinder-780933-10-smb neutron-server[109955]: DEBUG neutron.api.rpc.callbacks.version_manager [None req-0bbca726-8c93-4066-97e8-9d3dd33a869f admin admin] Version for resource type Log changed None to 1.0 on consumer Open vSwitch agent@dv-cinder-780933-10-smb {{(pid=109955) _set_version /opt/stack/neutron/neutron/api/rpc/callbacks/version_manager.py:113}}
Jul 09 18:46:50.727199 dv-cinder-780933-10-smb neutron-server[109955]: DEBUG neutron.api.rpc.callbacks.version_manager [None req-0bbca726-8c93-4066-97e8-9d3dd33a869f admin admin] Version for resource type Network changed None to 1.1 on consumer Open vSwitch agent@dv-cinder-780933-10-smb {{(pid=109955) _set_version /opt/stack/neutron/neutron/api/rpc/callbacks/version_manager.py:113}}
Jul 09 18:46:50.730439 dv-cinder-780933-10-smb neutron-server[109955]: DEBUG neutron.api.rpc.callbacks.version_manager [None req-0bbca726-8c93-4066-97e8-9d3dd33a869f admin admin] Version for resource type Port changed None to 1.7 on consumer Open vSwitch agent@dv-cinder-780933-10-smb {{(pid=109955) _set_version /opt/stack/neutron/neutron/api/rpc/callbacks/version_manager.py:113}}
Jul 09 18:46:50.730439 dv-cinder-780933-10-smb neutron-server[109955]: DEBUG neutron.api.rpc.callbacks.version_manager [None req-0bbca726-8c93-4066-97e8-9d3dd33a869f admin admin] Version for resource type PortForwarding changed None to 1.2 on consumer Open vSwitch agent@dv-cinder-780933-10-smb {{(pid=109955) _set_version /opt/stack/neutron/neutron/api/rpc/callbacks/version_manager.py:113}}
Jul 09 18:46:50.730439 dv-cinder-780933-10-smb neutron-server[109955]: DEBUG neutron.api.rpc.callbacks.version_manager [None req-0bbca726-8c93-4066-97e8-9d3dd33a869f admin admin] Version for resource type QosPolicy changed None to 1.8 on consumer Open vSwitch agent@dv-cinder-780933-10-smb {{(pid=109955) _set_version /opt/stack/neutron/neutron/api/rpc/callbacks/version_manager.py:113}}
Jul 09 18:46:50.730439 dv-cinder-780933-10-smb neutron-server[109955]: DEBUG neutron.api.rpc.callbacks.version_manager [None req-0bbca726-8c93-4066-97e8-9d3dd33a869f admin admin] Version for resource type SecurityGroup changed None to 1.4 on consumer Open vSwitch agent@dv-cinder-780933-10-smb {{(pid=109955) _set_version /opt/stack/neutron/neutron/api/rpc/callbacks/version_manager.py:113}}
Jul 09 18:46:50.730439 dv-cinder-780933-10-smb neutron-server[109955]: DEBUG neutron.api.rpc.callbacks.version_manager [None req-0bbca726-8c93-4066-97e8-9d3dd33a869f admin admin] Version for resource type SecurityGroupRule changed None to 1.2 on consumer Open vSwitch agent@dv-cinder-780933-10-smb {{(pid=109955) _set_version /opt/stack/neutron/neutron/api/rpc/callbacks/version_manager.py:113}}
Jul 09 18:46:50.730439 dv-cinder-780933-10-smb neutron-server[109955]: DEBUG neutron.api.rpc.callbacks.version_manager [None req-0bbca726-8c93-4066-97e8-9d3dd33a869f admin admin] Version for resource type SubPort changed None to 1.0 on consumer Open vSwitch agent@dv-cinder-780933-10-smb {{(pid=109955) _set_version /opt/stack/neutron/neutron/api/rpc/callbacks/version_manager.py:113}}
