Aug 10 08:41:58.425570 dv-cinder-780759-5-iscsi neutron-server[111115]: INFO neutron.wsgi [req-50e65e4c-8c01-4f36-bff6-6cd219e5a122 req-d658209f-2b42-4fdb-a606-8042905d73ed tempest-AttachVolumeShelveTestJSON-476918847 tempest-AttachVolumeShelveTestJSON-476918847-project] 10.222.0.57 "GET /networking/v2.0/ports?device_id=a503e8f9-7359-4418-80b5-c677a7f782f8 HTTP/1.1" status: 200 len: 210 time: 0.0451808
Aug 10 08:41:58.437646 dv-cinder-780759-5-iscsi neutron-server[111116]: DEBUG neutron.plugins.ml2.plugin [None req-387cc518-3097-496d-96d6-790160ff8d7c None None] Current status of the port bd0ae350-caa9-479d-8535-b11b5d1ef578 is: ACTIVE; New status is: ACTIVE {{(pid=111116) _update_individual_port_db_status /opt/stack/neutron/neutron/plugins/ml2/plugin.py:2292}}
Aug 10 08:41:58.592179 dv-cinder-780759-5-iscsi neutron-server[111115]: INFO neutron.wsgi [req-d7e7bc32-1e82-4acf-a198-2bb812076654 req-54a62511-cbc1-481e-aca2-4fdff07f8a2a tempest-AttachVolumeTestJSON-2099323590 tempest-AttachVolumeTestJSON-2099323590-project] 10.222.0.57 "GET /networking/v2.0/ports?device_id=109bc49b-0e4f-47fe-a7db-0c2c00070bd3 HTTP/1.1" status: 200 len: 210 time: 0.0318949
Aug 10 08:41:58.635579 dv-cinder-780759-5-iscsi neutron-server[111115]: INFO neutron.wsgi [req-59ce633f-763b-49a2-b53b-9d9cf5032edd req-e90fafa6-ada8-4b98-8b62-f293e9c2dfbe tempest-ServerRescueNegativeTestJSON-724244939 tempest-ServerRescueNegativeTestJSON-724244939-project] 10.222.0.57 "GET /networking/v2.0/ports?device_id=1d5b2eb6-c45c-44af-a316-224ac78457a9 HTTP/1.1" status: 200 len: 210 time: 0.0383213
Aug 10 08:41:59.150410 dv-cinder-780759-5-iscsi neutron-server[111116]: DEBUG neutron_lib.callbacks.manager [None req-ac2869f1-e03b-44bd-ad72-21b843b37a64 None None] Publish callbacks ['neutron.services.segments.db._update_segment_host_mapping_for_agent-8773693391068', 'neutron.plugins.ml2.plugin.Ml2Plugin._retry_binding_revived_agents-727795'] for agent (cdfdbf3e-db67-464c-b4b2-25b3e2b3ca6d), after_update {{(pid=111116) _notify_loop /usr/local/lib/python3.8/dist-packages/neutron_lib/callbacks/manager.py:176}}
Aug 10 08:41:59.429960 dv-cinder-780759-5-iscsi neutron-server[111115]: INFO neutron.wsgi [req-40c94ddf-532c-4206-9d0c-bd6568be1694 req-79c9a164-5ec9-4ee8-9741-e9cf0a1b35bb tempest-AttachVolumeNegativeTest-365299542 tempest-AttachVolumeNegativeTest-365299542-project] 10.222.0.57 "GET /networking/v2.0/ports?device_id=98f52659-dd55-47b4-8774-968d1cd52014 HTTP/1.1" status: 200 len: 210 time: 0.0514061
Aug 10 08:41:59.455250 dv-cinder-780759-5-iscsi neutron-server[111115]: DEBUG neutron.pecan_wsgi.hooks.policy_enforcement [req-6b378d11-31e4-4b3e-8089-a1e5080a3e5d req-6da1bb32-696f-4569-8239-75361e46a35c tempest-DeleteServersTestJSON-1124351188 tempest-DeleteServersTestJSON-1124351188-project] Attributes excluded by policy engine: ['standard_attr_id', 'binding:profile', 'binding:host_id', 'binding:vif_type', 'binding:vif_details'] {{(pid=111115) _exclude_attributes_by_policy /opt/stack/neutron/neutron/pecan_wsgi/hooks/policy_enforcement.py:259}}
Aug 10 08:41:59.465214 dv-cinder-780759-5-iscsi neutron-server[111115]: INFO neutron.wsgi [req-6b378d11-31e4-4b3e-8089-a1e5080a3e5d req-6da1bb32-696f-4569-8239-75361e46a35c tempest-DeleteServersTestJSON-1124351188 tempest-DeleteServersTestJSON-1124351188-project] 10.222.0.57 "GET /networking/v2.0/ports?device_id=a35ee879-68df-463b-8ac0-f9be287a1839 HTTP/1.1" status: 200 len: 932 time: 0.0879936
Aug 10 08:41:59.529674 dv-cinder-780759-5-iscsi neutron-server[111115]: INFO neutron.wsgi [req-6b378d11-31e4-4b3e-8089-a1e5080a3e5d req-d9e1944c-f489-4595-b34c-8b75f57b1930 tempest-DeleteServersTestJSON-1124351188 tempest-DeleteServersTestJSON-1124351188-project] 10.222.0.57 "GET /networking/v2.0/security-groups?id=eed911c8-12d9-49ce-97c3-a1c110e72b98&fields=id&fields=name HTTP/1.1" status: 200 len: 286 time: 0.0632584
Aug 10 08:41:59.530427 dv-cinder-780759-5-iscsi neutron-server[111116]: DEBUG neutron.plugins.ml2.rpc [None req-387cc518-3097-496d-96d6-790160ff8d7c None None] Device b82f0796-bf1f-478b-9025-a105557c3222 up at agent ovs-agent-dv-cinder-780759-5-iscsi {{(pid=111116) update_device_up /opt/stack/neutron/neutron/plugins/ml2/rpc.py:296}}
Aug 10 08:41:59.534793 dv-cinder-780759-5-iscsi neutron-server[111116]: DEBUG dbcounter [-] [111116] Writing DB stats neutron:SELECT=98,neutron:UPDATE=2 {{(pid=111116) stat_writer /usr/local/lib/python3.8/dist-packages/dbcounter.py:114}}
Aug 10 08:41:59.564637 dv-cinder-780759-5-iscsi neutron-server[111115]: INFO neutron.wsgi [req-45b5e4ab-f95a-4464-98f0-ff6bbd47fc7d req-1560bc0e-25d5-432b-92af-878f077e6c54 tempest-AttachVolumeShelveTestJSON-476918847 tempest-AttachVolumeShelveTestJSON-476918847-project] 10.222.0.57 "GET /networking/v2.0/ports?device_id=a503e8f9-7359-4418-80b5-c677a7f782f8 HTTP/1.1" status: 200 len: 210 time: 0.0332472
Aug 10 08:41:59.582507 dv-cinder-780759-5-iscsi neutron-server[111116]: DEBUG neutron.db.provisioning_blocks [None req-387cc518-3097-496d-96d6-790160ff8d7c None None] Provisioning complete for port b82f0796-bf1f-478b-9025-a105557c3222 triggered by entity L2. {{(pid=111116) provisioning_complete /opt/stack/neutron/neutron/db/provisioning_blocks.py:145}}
Aug 10 08:41:59.582886 dv-cinder-780759-5-iscsi neutron-server[111116]: DEBUG neutron_lib.callbacks.manager [None req-387cc518-3097-496d-96d6-790160ff8d7c None None] Publish callbacks ['neutron.plugins.ml2.plugin.Ml2Plugin._port_provisioned-728669'] for port (b82f0796-bf1f-478b-9025-a105557c3222), provisioning_complete {{(pid=111116) _notify_loop /usr/local/lib/python3.8/dist-packages/neutron_lib/callbacks/manager.py:176}}
Aug 10 08:41:59.623411 dv-cinder-780759-5-iscsi neutron-server[111117]: DEBUG dbcounter [-] [111117] Writing DB stats neutron:SELECT=32 {{(pid=111117) stat_writer /usr/local/lib/python3.8/dist-packages/dbcounter.py:114}}
Aug 10 08:41:59.658864 dv-cinder-780759-5-iscsi neutron-server[111116]: DEBUG dbcounter [-] [111116] Writing DB stats neutron:SELECT=99,neutron:UPDATE=1 {{(pid=111116) stat_writer /usr/local/lib/python3.8/dist-packages/dbcounter.py:114}}
Aug 10 08:41:59.661183 dv-cinder-780759-5-iscsi neutron-server[111116]: DEBUG neutron.plugins.ml2.plugin [None req-387cc518-3097-496d-96d6-790160ff8d7c None None] Current status of the port b82f0796-bf1f-478b-9025-a105557c3222 is: ACTIVE; New status is: ACTIVE {{(pid=111116) _update_individual_port_db_status /opt/stack/neutron/neutron/plugins/ml2/plugin.py:2292}}
Aug 10 08:41:59.702786 dv-cinder-780759-5-iscsi neutron-server[111115]: INFO neutron.wsgi [req-6a8058a2-89d3-4d20-b9ec-8794ddfa5c94 req-d06e0cd5-cf72-4dea-b4a6-df5422940a57 tempest-AttachVolumeTestJSON-2099323590 tempest-AttachVolumeTestJSON-2099323590-project] 10.222.0.57 "GET /networking/v2.0/ports?device_id=109bc49b-0e4f-47fe-a7db-0c2c00070bd3 HTTP/1.1" status: 200 len: 210 time: 0.0310805
Aug 10 08:41:59.749369 dv-cinder-780759-5-iscsi neutron-server[111115]: INFO neutron.wsgi [req-3a75d28a-fc94-44b8-b75c-a32bd23afa21 req-f8d7df95-762c-4fff-a59f-a44a76016c4d tempest-ServerRescueNegativeTestJSON-724244939 tempest-ServerRescueNegativeTestJSON-724244939-project] 10.222.0.57 "GET /networking/v2.0/ports?device_id=1d5b2eb6-c45c-44af-a316-224ac78457a9 HTTP/1.1" status: 200 len: 210 time: 0.0303478
Aug 10 08:41:59.777127 dv-cinder-780759-5-iscsi neutron-server[111117]: DEBUG neutron.db.agents_db [None req-10d28b76-cf86-4b87-98aa-708f3ca1f65f None None] Agent healthcheck: found 6 active agents {{(pid=111117) agent_health_check /opt/stack/neutron/neutron/db/agents_db.py:317}}
Aug 10 08:42:00.581622 dv-cinder-780759-5-iscsi neutron-server[111115]: INFO neutron.wsgi [req-101a5583-0cc7-4ca5-a33b-05a33dc71375 req-0cd28895-c35e-4ec4-be5c-850ad4e43e18 tempest-AttachVolumeNegativeTest-365299542 tempest-AttachVolumeNegativeTest-365299542-project] 10.222.0.57 "GET /networking/v2.0/ports?device_id=98f52659-dd55-47b4-8774-968d1cd52014 HTTP/1.1" status: 200 len: 210 time: 0.0389323
Aug 10 08:42:00.724323 dv-cinder-780759-5-iscsi neutron-server[111115]: DEBUG neutron.pecan_wsgi.hooks.policy_enforcement [req-0c385a6c-061f-483e-8455-64fff0d00c55 req-60dd18ae-3ee3-446e-9f7e-f31ff0d8402f tempest-DeleteServersTestJSON-1124351188 tempest-DeleteServersTestJSON-1124351188-project] Attributes excluded by policy engine: ['standard_attr_id', 'binding:profile', 'binding:host_id', 'binding:vif_type', 'binding:vif_details'] {{(pid=111115) _exclude_attributes_by_policy /opt/stack/neutron/neutron/pecan_wsgi/hooks/policy_enforcement.py:259}}
Aug 10 08:42:00.851159 dv-cinder-780759-5-iscsi neutron-server[111115]: INFO neutron.wsgi [req-0c385a6c-061f-483e-8455-64fff0d00c55 req-60dd18ae-3ee3-446e-9f7e-f31ff0d8402f tempest-DeleteServersTestJSON-1124351188 tempest-DeleteServersTestJSON-1124351188-project] 10.222.0.57 "GET /networking/v2.0/ports?device_id=a35ee879-68df-463b-8ac0-f9be287a1839 HTTP/1.1" status: 200 len: 932 time: 0.0812917
Aug 10 08:42:00.851159 dv-cinder-780759-5-iscsi neutron-server[111115]: INFO neutron.wsgi [req-4f519a3c-76ac-48d8-9c9c-aedfe33d9dd1 req-a865a61e-b645-40be-b708-cff38deaf869 tempest-AttachVolumeShelveTestJSON-476918847 tempest-AttachVolumeShelveTestJSON-476918847-project] 10.222.0.57 "GET /networking/v2.0/ports?device_id=a503e8f9-7359-4418-80b5-c677a7f782f8 HTTP/1.1" status: 200 len: 210 time: 0.0619514
Aug 10 08:42:00.851159 dv-cinder-780759-5-iscsi neutron-server[111115]: INFO neutron.wsgi [req-0c385a6c-061f-483e-8455-64fff0d00c55 req-724fbc40-cd4c-4f91-8313-d38e51ed9049 tempest-DeleteServersTestJSON-1124351188 tempest-DeleteServersTestJSON-1124351188-project] 10.222.0.57 "GET /networking/v2.0/security-groups?id=eed911c8-12d9-49ce-97c3-a1c110e72b98&fields=id&fields=name HTTP/1.1" status: 200 len: 286 time: 0.0630498
Aug 10 08:42:00.900881 dv-cinder-780759-5-iscsi neutron-server[111115]: INFO neutron.wsgi [req-f4579a2d-8435-486a-ad48-fd1aaa6d41fb req-e913a8e5-33a1-409e-a365-159854d358f8 tempest-AttachVolumeTestJSON-2099323590 tempest-AttachVolumeTestJSON-2099323590-project] 10.222.0.57 "GET /networking/v2.0/ports?device_id=109bc49b-0e4f-47fe-a7db-0c2c00070bd3 HTTP/1.1" status: 200 len: 210 time: 0.0415845
Aug 10 08:42:00.905334 dv-cinder-780759-5-iscsi neutron-server[111115]: INFO neutron.wsgi [req-41fbd61d-fbb9-43cd-b043-4d1a2b1ba459 req-bb625f47-4282-473b-8b49-1766ead2b5cc tempest-ServerRescueNegativeTestJSON-724244939 tempest-ServerRescueNegativeTestJSON-724244939-project] 10.222.0.57 "GET /networking/v2.0/ports?device_id=1d5b2eb6-c45c-44af-a316-224ac78457a9 HTTP/1.1" status: 200 len: 210 time: 0.0385277
Aug 10 08:42:01.087286 dv-cinder-780759-5-iscsi neutron-server[111114]: DEBUG neutron.wsgi [req-d9d66f4f-bf36-439b-92a7-d372a0f8ce08 req-d3f61a55-4bc9-4951-9272-a46ee9f789c8 tempest-DeleteServersTestJSON-1124351188 tempest-DeleteServersTestJSON-1124351188-project] http://10.222.0.57:9696/networking/v2.0/extensions returned with HTTP 200 {{(pid=111114) __call__ /opt/stack/neutron/neutron/wsgi.py:730}}
Aug 10 08:42:01.088302 dv-cinder-780759-5-iscsi neutron-server[111114]: INFO neutron.wsgi [req-d9d66f4f-bf36-439b-92a7-d372a0f8ce08 req-d3f61a55-4bc9-4951-9272-a46ee9f789c8 tempest-DeleteServersTestJSON-1124351188 tempest-DeleteServersTestJSON-1124351188-project] 10.222.0.59 "GET /networking/v2.0/extensions HTTP/1.1" status: 200 len: 14320 time: 0.0056100
Aug 10 08:42:01.097744 dv-cinder-780759-5-iscsi neutron-server[111115]: DEBUG neutron.api.v2.base [req-24051a89-45fc-41b4-9da6-d3321dc6884f req-6dcc1ba0-63cb-4d79-abc7-013b9fd3f489 tempest-ServerRescueNegativeTestJSON-724244939 tempest-ServerRescueNegativeTestJSON-724244939-project] Request body: {'port': {'device_id': '869fda72-6efa-4d42-a0b6-6bdf9553d84a', 'network_id': '9da8822a-2250-405c-a336-58b25bed6e36', 'admin_state_up': True, 'tenant_id': 'aa5abc2b996a4056b005a992b5d0a7e9'}} {{(pid=111115) prepare_request_body /opt/stack/neutron/neutron/api/v2/base.py:730}}
Aug 10 08:42:01.178681 dv-cinder-780759-5-iscsi neutron-server[111115]: DEBUG neutron.api.v2.base [req-e8776d55-c698-43ad-87e6-0db9ce3c914d req-54f9dd4b-97a8-4fc0-b95a-48bf3b924a1c tempest-AttachVolumeNegativeTest-365299542 tempest-AttachVolumeNegativeTest-365299542-project] Request body: {'port': {'device_id': '98f52659-dd55-47b4-8774-968d1cd52014', 'network_id': '8e2dbf65-aa4c-43bb-a211-9ad87653008f', 'admin_state_up': True, 'tenant_id': 'e7ab7cc7a6364f5bad3ca36b070968f8', 'security_groups': ['b49a5e3d-c2ce-4a3d-b639-38eceaa01a5d']}} {{(pid=111115) prepare_request_body /opt/stack/neutron/neutron/api/v2/base.py:730}}
Aug 10 08:42:01.281245 dv-cinder-780759-5-iscsi neutron-server[111114]: DEBUG dbcounter [-] [111114] Writing DB stats neutron:SELECT=87,neutron:INSERT=4,neutron:UPDATE=3,neutron:DELETE=6 {{(pid=111114) stat_writer /usr/local/lib/python3.8/dist-packages/dbcounter.py:114}}
Aug 10 08:42:01.351268 dv-cinder-780759-5-iscsi neutron-server[111116]: DEBUG neutron_lib.callbacks.manager [None req-8e7b0757-b527-4cc4-831d-647451526d98 None None] Publish callbacks ['neutron.services.segments.db._update_segment_host_mapping_for_agent-8773693391068', 'neutron.plugins.ml2.plugin.Ml2Plugin._retry_binding_revived_agents-727795'] for agent (9cf7da90-6a8a-466e-a2cb-e90e2e1e2b31), after_update {{(pid=111116) _notify_loop /usr/local/lib/python3.8/dist-packages/neutron_lib/callbacks/manager.py:176}}
Aug 10 08:42:01.355645 dv-cinder-780759-5-iscsi neutron-server[111114]: DEBUG neutron.pecan_wsgi.hooks.policy_enforcement [req-4bceced7-5511-40cb-9914-a3928007cf7e req-c6d3ca5d-6988-48ff-8753-259318c14386 tempest-AttachVolumeTestJSON-2099323590 tempest-AttachVolumeTestJSON-2099323590-project] Attributes excluded by policy engine: ['standard_attr_id', 'vlan_transparent', 'provider:network_type', 'provider:physical_network', 'provider:segmentation_id'] {{(pid=111114) _exclude_attributes_by_policy /opt/stack/neutron/neutron/pecan_wsgi/hooks/policy_enforcement.py:259}}
Aug 10 08:42:01.361069 dv-cinder-780759-5-iscsi neutron-server[111114]: INFO neutron.wsgi [req-4bceced7-5511-40cb-9914-a3928007cf7e req-c6d3ca5d-6988-48ff-8753-259318c14386 tempest-AttachVolumeTestJSON-2099323590 tempest-AttachVolumeTestJSON-2099323590-project] 10.222.0.59 "GET /networking/v2.0/networks?id=3e4939ba-c334-451e-8874-e87c0a70977e HTTP/1.1" status: 200 len: 810 time: 0.1925542
Aug 10 08:42:01.418902 dv-cinder-780759-5-iscsi neutron-server[111115]: DEBUG neutron.pecan_wsgi.hooks.quota_enforcement [req-24051a89-45fc-41b4-9da6-d3321dc6884f req-6dcc1ba0-63cb-4d79-abc7-013b9fd3f489 tempest-ServerRescueNegativeTestJSON-724244939 tempest-ServerRescueNegativeTestJSON-724244939-project] Made reservation on behalf of aa5abc2b996a4056b005a992b5d0a7e9 for: {'port': 1} {{(pid=111115) before /opt/stack/neutron/neutron/pecan_wsgi/hooks/quota_enforcement.py:53}}
Aug 10 08:42:01.426413 dv-cinder-780759-5-iscsi neutron-server[111115]: DEBUG neutron_lib.callbacks.manager [req-24051a89-45fc-41b4-9da6-d3321dc6884f req-6dcc1ba0-63cb-4d79-abc7-013b9fd3f489 tempest-ServerRescueNegativeTestJSON-724244939 tempest-ServerRescueNegativeTestJSON-724244939-project] Publish callbacks ['neutron.plugins.ml2.plugin.SecurityGroupDbMixin._ensure_default_security_group_handler-751866'] for port (None), before_create {{(pid=111115) _notify_loop /usr/local/lib/python3.8/dist-packages/neutron_lib/callbacks/manager.py:176}}
Aug 10 08:42:01.447470 dv-cinder-780759-5-iscsi neutron-server[111115]: DEBUG neutron.pecan_wsgi.hooks.quota_enforcement [req-e8776d55-c698-43ad-87e6-0db9ce3c914d req-54f9dd4b-97a8-4fc0-b95a-48bf3b924a1c tempest-AttachVolumeNegativeTest-365299542 tempest-AttachVolumeNegativeTest-365299542-project] Made reservation on behalf of e7ab7cc7a6364f5bad3ca36b070968f8 for: {'port': 1} {{(pid=111115) before /opt/stack/neutron/neutron/pecan_wsgi/hooks/quota_enforcement.py:53}}
Aug 10 08:42:01.447470 dv-cinder-780759-5-iscsi neutron-server[111115]: DEBUG neutron_lib.callbacks.manager [req-e8776d55-c698-43ad-87e6-0db9ce3c914d req-54f9dd4b-97a8-4fc0-b95a-48bf3b924a1c tempest-AttachVolumeNegativeTest-365299542 tempest-AttachVolumeNegativeTest-365299542-project] Publish callbacks ['neutron.plugins.ml2.plugin.SecurityGroupDbMixin._ensure_default_security_group_handler-751866'] for port (None), before_create {{(pid=111115) _notify_loop /usr/local/lib/python3.8/dist-packages/neutron_lib/callbacks/manager.py:176}}
Aug 10 08:42:01.494117 dv-cinder-780759-5-iscsi neutron-server[111114]: DEBUG neutron.wsgi [-] (111114) accepted ('10.222.0.59', 55711) {{(pid=111114) server /usr/local/lib/python3.8/dist-packages/eventlet/wsgi.py:1004}}
Aug 10 08:42:01.713631 dv-cinder-780759-5-iscsi neutron-server[111114]: DEBUG neutron.wsgi [-] (111114) accepted ('10.222.0.57', 50828) {{(pid=111114) server /usr/local/lib/python3.8/dist-packages/eventlet/wsgi.py:1004}}
Aug 10 08:42:01.797103 dv-cinder-780759-5-iscsi neutron-server[111114]: INFO neutron.wsgi [req-4bceced7-5511-40cb-9914-a3928007cf7e req-b236e5a5-a556-48fc-8005-50c815c24e5a tempest-AttachVolumeTestJSON-2099323590 tempest-AttachVolumeTestJSON-2099323590-project] 10.222.0.59 "GET /networking/v2.0/security-groups?fields=id&fields=name&tenant_id=95db0a5b805944418265a85dc6cef4fc HTTP/1.1" status: 200 len: 380 time: 0.1662605
Aug 10 08:42:01.890393 dv-cinder-780759-5-iscsi neutron-server[111114]: DEBUG neutron.api.v2.base [req-d9d66f4f-bf36-439b-92a7-d372a0f8ce08 req-72b38d6b-c102-4146-aa47-5bf81d10b69e service neutron] Request body: {'port': {'device_id': 'a35ee879-68df-463b-8ac0-f9be287a1839', 'device_owner': 'compute:nova', 'binding:host_id': 'hv-cinder-78075'}} {{(pid=111114) prepare_request_body /opt/stack/neutron/neutron/api/v2/base.py:730}}
Aug 10 08:42:01.902577 dv-cinder-780759-5-iscsi neutron-server[111115]: DEBUG dbcounter [-] [111115] Writing DB stats neutron:SELECT=95,neutron:INSERT=5 {{(pid=111115) stat_writer /usr/local/lib/python3.8/dist-packages/dbcounter.py:114}}
Aug 10 08:42:02.065312 dv-cinder-780759-5-iscsi neutron-server[111114]: DEBUG neutron_lib.callbacks.manager [req-d9d66f4f-bf36-439b-92a7-d372a0f8ce08 req-72b38d6b-c102-4146-aa47-5bf81d10b69e service neutron] Publish callbacks ['neutron.plugins.ml2.plugin.SecurityGroupDbMixin._ensure_default_security_group_handler-751866'] for port (f9f2b93f-61c6-4562-a8cf-53ca6701d154), before_update {{(pid=111114) _notify_loop /usr/local/lib/python3.8/dist-packages/neutron_lib/callbacks/manager.py:176}}
Aug 10 08:42:02.070381 dv-cinder-780759-5-iscsi neutron-server[111114]: DEBUG neutron_lib.callbacks.manager [None req-21fbf060-3652-4e45-9767-51308f0f8f0c admin admin] Publish callbacks [] for security_group (None), before_create {{(pid=111114) _notify_loop /usr/local/lib/python3.8/dist-packages/neutron_lib/callbacks/manager.py:176}}
Aug 10 08:42:02.195298 dv-cinder-780759-5-iscsi neutron-server[111115]: DEBUG dbcounter [-] [111115] Writing DB stats neutron:SELECT=96,neutron:INSERT=3,neutron:UPDATE=1 {{(pid=111115) stat_writer /usr/local/lib/python3.8/dist-packages/dbcounter.py:114}}
Aug 10 08:42:02.203386 dv-cinder-780759-5-iscsi neutron-server[111115]: INFO neutron.wsgi [req-a0f49f43-df70-41b6-9bc6-fcb039da87a4 req-7656275a-99d6-4385-9aeb-30fcab7ad949 tempest-AttachVolumeNegativeTest-365299542 tempest-AttachVolumeNegativeTest-365299542-project] 10.222.0.57 "GET /networking/v2.0/ports?device_id=98f52659-dd55-47b4-8774-968d1cd52014 HTTP/1.1" status: 200 len: 210 time: 0.2997527
Aug 10 08:42:02.276597 dv-cinder-780759-5-iscsi neutron-server[111114]: DEBUG neutron.api.v2.base [req-4bceced7-5511-40cb-9914-a3928007cf7e req-3c3dfdfe-ec54-41e5-aa89-4aecd58b4e3e tempest-AttachVolumeTestJSON-2099323590 tempest-AttachVolumeTestJSON-2099323590-project] Request body: {'port': {'device_id': '109bc49b-0e4f-47fe-a7db-0c2c00070bd3', 'network_id': '3e4939ba-c334-451e-8874-e87c0a70977e', 'admin_state_up': True, 'tenant_id': '95db0a5b805944418265a85dc6cef4fc', 'security_groups': ['cc40ff8f-a01d-423c-b0a1-a557151b54f4']}} {{(pid=111114) prepare_request_body /opt/stack/neutron/neutron/api/v2/base.py:730}}
Aug 10 08:42:02.295710 dv-cinder-780759-5-iscsi neutron-server[111115]: DEBUG neutron.db.db_base_plugin_common [req-24051a89-45fc-41b4-9da6-d3321dc6884f req-6dcc1ba0-63cb-4d79-abc7-013b9fd3f489 tempest-ServerRescueNegativeTestJSON-724244939 tempest-ServerRescueNegativeTestJSON-724244939-project] Allocated IP 172.20.0.11 (9da8822a-2250-405c-a336-58b25bed6e36/3241a5e3-d562-4dd3-b392-a38499531df3/5d235c9d-2ce4-40b7-87cb-cb987180dab3) {{(pid=111115) _store_ip_allocation /opt/stack/neutron/neutron/db/db_base_plugin_common.py:131}}
Aug 10 08:42:02.373630 dv-cinder-780759-5-iscsi neutron-server[111115]: DEBUG neutron.pecan_wsgi.hooks.policy_enforcement [req-77e3d06c-6a6c-4ccd-977c-ad59913a960a req-e6d03534-838e-4975-a24f-5b661125e506 tempest-DeleteServersTestJSON-1124351188 tempest-DeleteServersTestJSON-1124351188-project] Attributes excluded by policy engine: ['standard_attr_id', 'binding:profile', 'binding:host_id', 'binding:vif_type', 'binding:vif_details'] {{(pid=111115) _exclude_attributes_by_policy /opt/stack/neutron/neutron/pecan_wsgi/hooks/policy_enforcement.py:259}}
Aug 10 08:42:02.396059 dv-cinder-780759-5-iscsi neutron-server[111115]: INFO neutron.wsgi [req-77e3d06c-6a6c-4ccd-977c-ad59913a960a req-e6d03534-838e-4975-a24f-5b661125e506 tempest-DeleteServersTestJSON-1124351188 tempest-DeleteServersTestJSON-1124351188-project] 10.222.0.57 "GET /networking/v2.0/ports?device_id=a35ee879-68df-463b-8ac0-f9be287a1839 HTTP/1.1" status: 200 len: 932 time: 0.3568585
Aug 10 08:42:02.507399 dv-cinder-780759-5-iscsi neutron-server[111114]: DEBUG neutron_lib.callbacks.manager [None req-21fbf060-3652-4e45-9767-51308f0f8f0c admin admin] Publish callbacks [] for security_group (5f2b3626-e8d7-4dc5-9c73-c98ca9ffd4da), precommit_create {{(pid=111114) _notify_loop /usr/local/lib/python3.8/dist-packages/neutron_lib/callbacks/manager.py:176}}
Aug 10 08:42:02.537735 dv-cinder-780759-5-iscsi neutron-server[111114]: DEBUG neutron.pecan_wsgi.hooks.quota_enforcement [req-4bceced7-5511-40cb-9914-a3928007cf7e req-3c3dfdfe-ec54-41e5-aa89-4aecd58b4e3e tempest-AttachVolumeTestJSON-2099323590 tempest-AttachVolumeTestJSON-2099323590-project] Made reservation on behalf of 95db0a5b805944418265a85dc6cef4fc for: {'port': 1} {{(pid=111114) before /opt/stack/neutron/neutron/pecan_wsgi/hooks/quota_enforcement.py:53}}
Aug 10 08:42:02.541948 dv-cinder-780759-5-iscsi neutron-server[111114]: DEBUG neutron_lib.callbacks.manager [req-4bceced7-5511-40cb-9914-a3928007cf7e req-3c3dfdfe-ec54-41e5-aa89-4aecd58b4e3e tempest-AttachVolumeTestJSON-2099323590 tempest-AttachVolumeTestJSON-2099323590-project] Publish callbacks ['neutron.plugins.ml2.plugin.SecurityGroupDbMixin._ensure_default_security_group_handler-751866'] for port (None), before_create {{(pid=111114) _notify_loop /usr/local/lib/python3.8/dist-packages/neutron_lib/callbacks/manager.py:176}}
Aug 10 08:42:02.572799 dv-cinder-780759-5-iscsi neutron-server[111115]: INFO neutron.wsgi [req-2c9fa958-6e59-49cd-af89-1c3948ce2f32 req-f1d2c2b5-fcf0-4adc-9d30-5b9a84b2ff2f tempest-AttachVolumeShelveTestJSON-476918847 tempest-AttachVolumeShelveTestJSON-476918847-project] 10.222.0.57 "GET /networking/v2.0/ports?device_id=a503e8f9-7359-4418-80b5-c677a7f782f8 HTTP/1.1" status: 200 len: 210 time: 0.2034352
Aug 10 08:42:02.609367 dv-cinder-780759-5-iscsi neutron-server[111114]: DEBUG neutron_lib.callbacks.manager [None req-21fbf060-3652-4e45-9767-51308f0f8f0c admin admin] Publish callbacks ['neutron.plugins.ml2.ovo_rpc._ObjectChangeHandler.handle_event-3859320'] for security_group (5f2b3626-e8d7-4dc5-9c73-c98ca9ffd4da), after_create {{(pid=111114) _notify_loop /usr/local/lib/python3.8/dist-packages/neutron_lib/callbacks/manager.py:176}}
Aug 10 08:42:02.694306 dv-cinder-780759-5-iscsi neutron-server[111116]: DEBUG neutron_lib.callbacks.manager [None req-ae80145e-f98b-42e5-86f7-236760d0e317 None None] Publish callbacks ['neutron.services.segments.db._update_segment_host_mapping_for_agent-8773693391068', 'neutron.plugins.ml2.plugin.Ml2Plugin._retry_binding_revived_agents-727795'] for agent (1f3f09db-a2d2-4bea-a991-c968e4819807), after_update {{(pid=111116) _notify_loop /usr/local/lib/python3.8/dist-packages/neutron_lib/callbacks/manager.py:176}}
Aug 10 08:42:02.695818 dv-cinder-780759-5-iscsi neutron-server[111115]: DEBUG neutron.db.db_base_plugin_common [req-e8776d55-c698-43ad-87e6-0db9ce3c914d req-54f9dd4b-97a8-4fc0-b95a-48bf3b924a1c tempest-AttachVolumeNegativeTest-365299542 tempest-AttachVolumeNegativeTest-365299542-project] Allocated IP 172.20.0.14 (8e2dbf65-aa4c-43bb-a211-9ad87653008f/7c2589d6-37cb-4f09-8d8e-a94b639e6f4a/516910e9-9912-4c62-bd61-1f72eb8e808d) {{(pid=111115) _store_ip_allocation /opt/stack/neutron/neutron/db/db_base_plugin_common.py:131}}
Aug 10 08:42:02.701180 dv-cinder-780759-5-iscsi neutron-server[111114]: INFO neutron.wsgi [None req-21fbf060-3652-4e45-9767-51308f0f8f0c admin admin] 10.222.0.57 "GET /networking/v2.0/security-groups?tenant_id=17abac2aed18465c85d6ad6b8bd2d7f7&name=default HTTP/1.1" status: 200 len: 2996 time: 0.9967091
Aug 10 08:42:02.709055 dv-cinder-780759-5-iscsi neutron-server[111114]: DEBUG neutron.wsgi [-] (111114) accepted ('10.222.0.59', 55716) {{(pid=111114) server /usr/local/lib/python3.8/dist-packages/eventlet/wsgi.py:1004}}
Aug 10 08:42:02.709390 dv-cinder-780759-5-iscsi neutron-server[111114]: DEBUG neutron.wsgi [-] (111114) accepted ('10.222.0.57', 50866) {{(pid=111114) server /usr/local/lib/python3.8/dist-packages/eventlet/wsgi.py:1004}}
Aug 10 08:42:02.795013 dv-cinder-780759-5-iscsi neutron-server[111115]: INFO neutron.wsgi [req-77e3d06c-6a6c-4ccd-977c-ad59913a960a req-d25c3d29-0b46-4016-ab63-ea7447d2f936 tempest-DeleteServersTestJSON-1124351188 tempest-DeleteServersTestJSON-1124351188-project] 10.222.0.57 "GET /networking/v2.0/security-groups?id=eed911c8-12d9-49ce-97c3-a1c110e72b98&fields=id&fields=name HTTP/1.1" status: 200 len: 286 time: 0.3970866
Aug 10 08:42:02.913028 dv-cinder-780759-5-iscsi neutron-server[111115]: INFO neutron.wsgi [req-ad0d2b6e-8fe7-44fb-a74e-e455b72b9bbb req-13cbbeb9-a916-4631-9729-af13c2a25668 tempest-AttachVolumeTestJSON-2099323590 tempest-AttachVolumeTestJSON-2099323590-project] 10.222.0.57 "GET /networking/v2.0/ports?device_id=109bc49b-0e4f-47fe-a7db-0c2c00070bd3 HTTP/1.1" status: 200 len: 210 time: 0.1016798
Aug 10 08:42:02.917899 dv-cinder-780759-5-iscsi neutron-server[111114]: DEBUG dbcounter [-] [111114] Writing DB stats neutron:SELECT=92,neutron:INSERT=6,neutron:UPDATE=2 {{(pid=111114) stat_writer /usr/local/lib/python3.8/dist-packages/dbcounter.py:114}}
Aug 10 08:42:02.941788 dv-cinder-780759-5-iscsi neutron-server[111114]: DEBUG neutron.api.rpc.handlers.resources_rpc [None req-21fbf060-3652-4e45-9767-51308f0f8f0c admin admin] Pushing event updated for resources: {'SecurityGroup': ['ID=5f2b3626-e8d7-4dc5-9c73-c98ca9ffd4da,revision_number=1']} {{(pid=111114) push /opt/stack/neutron/neutron/api/rpc/handlers/resources_rpc.py:237}}
Aug 10 08:42:02.993107 dv-cinder-780759-5-iscsi neutron-server[111114]: DEBUG dbcounter [-] [111114] Writing DB stats neutron:SELECT=89,neutron:INSERT=9,neutron:UPDATE=2 {{(pid=111114) stat_writer /usr/local/lib/python3.8/dist-packages/dbcounter.py:114}}
Aug 10 08:42:03.030860 dv-cinder-780759-5-iscsi neutron-server[111115]: INFO neutron.wsgi [req-690f8266-88e0-4d5c-b529-0832f7422839 req-c958128f-30d9-4a42-b2d5-9e073eaa5390 tempest-ServerRescueNegativeTestJSON-724244939 tempest-ServerRescueNegativeTestJSON-724244939-project] 10.222.0.57 "GET /networking/v2.0/ports?device_id=1d5b2eb6-c45c-44af-a316-224ac78457a9 HTTP/1.1" status: 200 len: 210 time: 0.0969791
Aug 10 08:42:03.107803 dv-cinder-780759-5-iscsi neutron-server[111114]: DEBUG neutron.pecan_wsgi.hooks.policy_enforcement [req-ec645d1e-2472-4518-b902-9d80ad8476e3 req-3334b3b0-7f71-4c25-ba24-4986054655a3 tempest-ServerRescueNegativeTestJSON-724244939 tempest-ServerRescueNegativeTestJSON-724244939-project] Attributes excluded by policy engine: ['standard_attr_id', 'vlan_transparent', 'provider:network_type', 'provider:physical_network', 'provider:segmentation_id'] {{(pid=111114) _exclude_attributes_by_policy /opt/stack/neutron/neutron/pecan_wsgi/hooks/policy_enforcement.py:259}}
Aug 10 08:42:03.109523 dv-cinder-780759-5-iscsi neutron-server[111114]: INFO neutron.wsgi [req-ec645d1e-2472-4518-b902-9d80ad8476e3 req-3334b3b0-7f71-4c25-ba24-4986054655a3 tempest-ServerRescueNegativeTestJSON-724244939 tempest-ServerRescueNegativeTestJSON-724244939-project] 10.222.0.59 "GET /networking/v2.0/networks?id=9da8822a-2250-405c-a336-58b25bed6e36 HTTP/1.1" status: 200 len: 818 time: 0.3856061
Aug 10 08:42:03.142218 dv-cinder-780759-5-iscsi neutron-server[111114]: DEBUG neutron_lib.callbacks.manager [None req-15041df4-2e3d-45b7-b512-3ec0b8701420 admin admin] Publish callbacks [] for security_group (5f2b3626-e8d7-4dc5-9c73-c98ca9ffd4da), before_delete {{(pid=111114) _notify_loop /usr/local/lib/python3.8/dist-packages/neutron_lib/callbacks/manager.py:176}}
Aug 10 08:42:03.151799 dv-cinder-780759-5-iscsi neutron-server[111115]: DEBUG neutron_lib.callbacks.manager [req-24051a89-45fc-41b4-9da6-d3321dc6884f req-6dcc1ba0-63cb-4d79-abc7-013b9fd3f489 tempest-ServerRescueNegativeTestJSON-724244939 tempest-ServerRescueNegativeTestJSON-724244939-project] Publish callbacks [] for port (5d235c9d-2ce4-40b7-87cb-cb987180dab3), precommit_create {{(pid=111115) _notify_loop /usr/local/lib/python3.8/dist-packages/neutron_lib/callbacks/manager.py:176}}
Aug 10 08:42:03.226602 dv-cinder-780759-5-iscsi neutron-server[111115]: DEBUG neutron_lib.callbacks.manager [req-e8776d55-c698-43ad-87e6-0db9ce3c914d req-54f9dd4b-97a8-4fc0-b95a-48bf3b924a1c tempest-AttachVolumeNegativeTest-365299542 tempest-AttachVolumeNegativeTest-365299542-project] Publish callbacks [] for port (516910e9-9912-4c62-bd61-1f72eb8e808d), precommit_create {{(pid=111115) _notify_loop /usr/local/lib/python3.8/dist-packages/neutron_lib/callbacks/manager.py:176}}
Aug 10 08:42:03.235297 dv-cinder-780759-5-iscsi neutron-server[111115]: DEBUG dbcounter [-] [111115] Writing DB stats neutron:SELECT=89,neutron:INSERT=7,neutron:UPDATE=4 {{(pid=111115) stat_writer /usr/local/lib/python3.8/dist-packages/dbcounter.py:114}}
Aug 10 08:42:03.295497 dv-cinder-780759-5-iscsi neutron-server[111115]: DEBUG neutron_lib.callbacks.manager [req-24051a89-45fc-41b4-9da6-d3321dc6884f req-6dcc1ba0-63cb-4d79-abc7-013b9fd3f489 tempest-ServerRescueNegativeTestJSON-724244939 tempest-ServerRescueNegativeTestJSON-724244939-project] Publish callbacks ['neutron.plugins.ml2.plugin.SecurityGroupServerNotifierRpcMixin._notify_sg_on_port_change-751803', 'neutron.plugins.ml2.ovo_rpc._ObjectChangeHandler.handle_event-4170508', 'neutron.api.rpc.agentnotifiers.dhcp_rpc_agent_api.DhcpAgentNotifyAPI._native_event_send_dhcp_notification-3677311', 'neutron.db.l3_dvrscheduler_db._notify_l3_agent_new_port-8773692937355'] for port (5d235c9d-2ce4-40b7-87cb-cb987180dab3), after_create {{(pid=111115) _notify_loop /usr/local/lib/python3.8/dist-packages/neutron_lib/callbacks/manager.py:176}}
Aug 10 08:42:03.374088 dv-cinder-780759-5-iscsi neutron-server[111114]: DEBUG neutron.db.db_base_plugin_common [req-4bceced7-5511-40cb-9914-a3928007cf7e req-3c3dfdfe-ec54-41e5-aa89-4aecd58b4e3e tempest-AttachVolumeTestJSON-2099323590 tempest-AttachVolumeTestJSON-2099323590-project] Allocated IP 172.20.0.8 (3e4939ba-c334-451e-8874-e87c0a70977e/dd56db84-0be1-41ec-b21c-a1031e42c976/b6485fec-6622-464b-863e-60bbedaea11c) {{(pid=111114) _store_ip_allocation /opt/stack/neutron/neutron/db/db_base_plugin_common.py:131}}
Aug 10 08:42:03.391107 dv-cinder-780759-5-iscsi neutron-server[111115]: DEBUG neutron_lib.callbacks.manager [req-e8776d55-c698-43ad-87e6-0db9ce3c914d req-54f9dd4b-97a8-4fc0-b95a-48bf3b924a1c tempest-AttachVolumeNegativeTest-365299542 tempest-AttachVolumeNegativeTest-365299542-project] Publish callbacks ['neutron.plugins.ml2.plugin.SecurityGroupServerNotifierRpcMixin._notify_sg_on_port_change-751803', 'neutron.plugins.ml2.ovo_rpc._ObjectChangeHandler.handle_event-4170508', 'neutron.api.rpc.agentnotifiers.dhcp_rpc_agent_api.DhcpAgentNotifyAPI._native_event_send_dhcp_notification-3677311', 'neutron.db.l3_dvrscheduler_db._notify_l3_agent_new_port-8773692937355'] for port (516910e9-9912-4c62-bd61-1f72eb8e808d), after_create {{(pid=111115) _notify_loop /usr/local/lib/python3.8/dist-packages/neutron_lib/callbacks/manager.py:176}}
Aug 10 08:42:03.427780 dv-cinder-780759-5-iscsi neutron-server[111114]: DEBUG neutron_lib.callbacks.manager [None req-15041df4-2e3d-45b7-b512-3ec0b8701420 admin admin] Publish callbacks [] for security_group (5f2b3626-e8d7-4dc5-9c73-c98ca9ffd4da), precommit_delete {{(pid=111114) _notify_loop /usr/local/lib/python3.8/dist-packages/neutron_lib/callbacks/manager.py:176}}
Aug 10 08:42:03.476076 dv-cinder-780759-5-iscsi neutron-server[111115]: DEBUG neutron.scheduler.dhcp_agent_scheduler [req-24051a89-45fc-41b4-9da6-d3321dc6884f req-6dcc1ba0-63cb-4d79-abc7-013b9fd3f489 tempest-ServerRescueNegativeTestJSON-724244939 tempest-ServerRescueNegativeTestJSON-724244939-project] Network 9da8822a-2250-405c-a336-58b25bed6e36 is already hosted by enough agents. {{(pid=111115) _get_dhcp_agents_hosting_network /opt/stack/neutron/neutron/scheduler/dhcp_agent_scheduler.py:275}}
Aug 10 08:42:03.477559 dv-cinder-780759-5-iscsi neutron-server[111114]: DEBUG neutron.notifiers.nova [req-d9d66f4f-bf36-439b-92a7-d372a0f8ce08 req-72b38d6b-c102-4146-aa47-5bf81d10b69e service neutron] Ignoring state change previous_port_status: DOWN current_port_status: DOWN port_id f9f2b93f-61c6-4562-a8cf-53ca6701d154 {{(pid=111114) record_port_status_changed /opt/stack/neutron/neutron/notifiers/nova.py:233}}
Aug 10 08:42:03.490651 dv-cinder-780759-5-iscsi neutron-server[111115]: DEBUG neutron.api.rpc.handlers.resources_rpc [None req-6dcc1ba0-63cb-4d79-abc7-013b9fd3f489 tempest-ServerRescueNegativeTestJSON-724244939 tempest-ServerRescueNegativeTestJSON-724244939-project] Pushing event updated for resources: {'Port': ['ID=5d235c9d-2ce4-40b7-87cb-cb987180dab3,revision_number=1']} {{(pid=111115) push /opt/stack/neutron/neutron/api/rpc/handlers/resources_rpc.py:237}}
Aug 10 08:42:03.497457 dv-cinder-780759-5-iscsi neutron-server[111115]: DEBUG neutron.scheduler.base_scheduler [req-24051a89-45fc-41b4-9da6-d3321dc6884f req-6dcc1ba0-63cb-4d79-abc7-013b9fd3f489 tempest-ServerRescueNegativeTestJSON-724244939 tempest-ServerRescueNegativeTestJSON-724244939-project] Resources bound (agent type, host, resource id): {{(pid=111115) schedule /opt/stack/neutron/neutron/scheduler/base_scheduler.py:57}}
Aug 10 08:42:03.500596 dv-cinder-780759-5-iscsi neutron-server[111115]: DEBUG neutron.db.l3_dvrscheduler_db [req-24051a89-45fc-41b4-9da6-d3321dc6884f req-6dcc1ba0-63cb-4d79-abc7-013b9fd3f489 tempest-ServerRescueNegativeTestJSON-724244939 tempest-ServerRescueNegativeTestJSON-724244939-project] Received port after_create {{(pid=111115) _notify_l3_agent_new_port /opt/stack/neutron/neutron/db/l3_dvrscheduler_db.py:542}}
Aug 10 08:42:03.508048 dv-cinder-780759-5-iscsi neutron-server[111115]: DEBUG neutron.pecan_wsgi.hooks.policy_enforcement [req-24051a89-45fc-41b4-9da6-d3321dc6884f req-6dcc1ba0-63cb-4d79-abc7-013b9fd3f489 tempest-ServerRescueNegativeTestJSON-724244939 tempest-ServerRescueNegativeTestJSON-724244939-project] Attributes excluded by policy engine: ['standard_attr_id', 'binding:profile', 'binding:host_id', 'binding:vif_type', 'binding:vif_details', 'network'] {{(pid=111115) _exclude_attributes_by_policy /opt/stack/neutron/neutron/pecan_wsgi/hooks/policy_enforcement.py:259}}
Aug 10 08:42:03.508594 dv-cinder-780759-5-iscsi neutron-server[111115]: DEBUG neutron_lib.callbacks.manager [req-24051a89-45fc-41b4-9da6-d3321dc6884f req-6dcc1ba0-63cb-4d79-abc7-013b9fd3f489 tempest-ServerRescueNegativeTestJSON-724244939 tempest-ServerRescueNegativeTestJSON-724244939-project] Publish callbacks ['neutron.notifiers.nova.Notifier._send_nova_notification-4075905', 'neutron.api.rpc.agentnotifiers.dhcp_rpc_agent_api.DhcpAgentNotifyAPI._send_dhcp_notification-3677289'] for port (None), before_response {{(pid=111115) _notify_loop /usr/local/lib/python3.8/dist-packages/neutron_lib/callbacks/manager.py:176}}
Aug 10 08:42:03.526348 dv-cinder-780759-5-iscsi neutron-server[111115]: DEBUG neutron.scheduler.dhcp_agent_scheduler [req-e8776d55-c698-43ad-87e6-0db9ce3c914d req-54f9dd4b-97a8-4fc0-b95a-48bf3b924a1c tempest-AttachVolumeNegativeTest-365299542 tempest-AttachVolumeNegativeTest-365299542-project] Network 8e2dbf65-aa4c-43bb-a211-9ad87653008f is already hosted by enough agents. {{(pid=111115) _get_dhcp_agents_hosting_network /opt/stack/neutron/neutron/scheduler/dhcp_agent_scheduler.py:275}}
Aug 10 08:42:03.530737 dv-cinder-780759-5-iscsi neutron-server[111114]: DEBUG neutron_lib.callbacks.manager [req-d9d66f4f-bf36-439b-92a7-d372a0f8ce08 req-72b38d6b-c102-4146-aa47-5bf81d10b69e service neutron] Publish callbacks [] for port (f9f2b93f-61c6-4562-a8cf-53ca6701d154), precommit_update {{(pid=111114) _notify_loop /usr/local/lib/python3.8/dist-packages/neutron_lib/callbacks/manager.py:176}}
Aug 10 08:42:03.564673 dv-cinder-780759-5-iscsi neutron-server[111115]: DEBUG neutron.scheduler.base_scheduler [req-e8776d55-c698-43ad-87e6-0db9ce3c914d req-54f9dd4b-97a8-4fc0-b95a-48bf3b924a1c tempest-AttachVolumeNegativeTest-365299542 tempest-AttachVolumeNegativeTest-365299542-project] Resources bound (agent type, host, resource id): {{(pid=111115) schedule /opt/stack/neutron/neutron/scheduler/base_scheduler.py:57}}
Aug 10 08:42:03.564673 dv-cinder-780759-5-iscsi neutron-server[111115]: DEBUG neutron.db.l3_dvrscheduler_db [req-e8776d55-c698-43ad-87e6-0db9ce3c914d req-54f9dd4b-97a8-4fc0-b95a-48bf3b924a1c tempest-AttachVolumeNegativeTest-365299542 tempest-AttachVolumeNegativeTest-365299542-project] Received port after_create {{(pid=111115) _notify_l3_agent_new_port /opt/stack/neutron/neutron/db/l3_dvrscheduler_db.py:542}}
Aug 10 08:42:03.567647 dv-cinder-780759-5-iscsi neutron-server[111115]: DEBUG neutron.pecan_wsgi.hooks.policy_enforcement [req-e8776d55-c698-43ad-87e6-0db9ce3c914d req-54f9dd4b-97a8-4fc0-b95a-48bf3b924a1c tempest-AttachVolumeNegativeTest-365299542 tempest-AttachVolumeNegativeTest-365299542-project] Attributes excluded by policy engine: ['standard_attr_id', 'binding:profile', 'binding:host_id', 'binding:vif_type', 'binding:vif_details', 'network'] {{(pid=111115) _exclude_attributes_by_policy /opt/stack/neutron/neutron/pecan_wsgi/hooks/policy_enforcement.py:259}}
Aug 10 08:42:03.570492 dv-cinder-780759-5-iscsi neutron-server[111115]: DEBUG neutron_lib.callbacks.manager [req-e8776d55-c698-43ad-87e6-0db9ce3c914d req-54f9dd4b-97a8-4fc0-b95a-48bf3b924a1c tempest-AttachVolumeNegativeTest-365299542 tempest-AttachVolumeNegativeTest-365299542-project] Publish callbacks ['neutron.notifiers.nova.Notifier._send_nova_notification-4075905', 'neutron.api.rpc.agentnotifiers.dhcp_rpc_agent_api.DhcpAgentNotifyAPI._send_dhcp_notification-3677289'] for port (None), before_response {{(pid=111115) _notify_loop /usr/local/lib/python3.8/dist-packages/neutron_lib/callbacks/manager.py:176}}
Aug 10 08:42:03.588649 dv-cinder-780759-5-iscsi neutron-server[111115]: DEBUG neutron.pecan_wsgi.hooks.policy_enforcement [req-671f885e-c972-474a-b920-a845ae0f5e8b req-dba65bba-4540-4605-997c-18c1cbe96234 tempest-AttachVolumeNegativeTest-365299542 tempest-AttachVolumeNegativeTest-365299542-project] Attributes excluded by policy engine: ['standard_attr_id', 'binding:profile', 'binding:host_id', 'binding:vif_type', 'binding:vif_details'] {{(pid=111115) _exclude_attributes_by_policy /opt/stack/neutron/neutron/pecan_wsgi/hooks/policy_enforcement.py:259}}
Aug 10 08:42:03.590202 dv-cinder-780759-5-iscsi neutron-server[111115]: INFO neutron.wsgi [req-671f885e-c972-474a-b920-a845ae0f5e8b req-dba65bba-4540-4605-997c-18c1cbe96234 tempest-AttachVolumeNegativeTest-365299542 tempest-AttachVolumeNegativeTest-365299542-project] 10.222.0.57 "GET /networking/v2.0/ports?device_id=98f52659-dd55-47b4-8774-968d1cd52014 HTTP/1.1" status: 200 len: 932 time: 0.2578449
Aug 10 08:42:03.613729 dv-cinder-780759-5-iscsi neutron-server[111115]: DEBUG dbcounter [-] [111115] Writing DB stats neutron:SELECT=93,neutron:UPDATE=3,neutron:INSERT=3,neutron:DELETE=1 {{(pid=111115) stat_writer /usr/local/lib/python3.8/dist-packages/dbcounter.py:114}}
Aug 10 08:42:03.679235 dv-cinder-780759-5-iscsi neutron-server[111115]: DEBUG neutron.api.rpc.handlers.resources_rpc [None req-54f9dd4b-97a8-4fc0-b95a-48bf3b924a1c tempest-AttachVolumeNegativeTest-365299542 tempest-AttachVolumeNegativeTest-365299542-project] Pushing event updated for resources: {'Port': ['ID=516910e9-9912-4c62-bd61-1f72eb8e808d,revision_number=1']} {{(pid=111115) push /opt/stack/neutron/neutron/api/rpc/handlers/resources_rpc.py:237}}
Aug 10 08:42:03.679788 dv-cinder-780759-5-iscsi neutron-server[111114]: DEBUG neutron_lib.callbacks.manager [req-4bceced7-5511-40cb-9914-a3928007cf7e req-3c3dfdfe-ec54-41e5-aa89-4aecd58b4e3e tempest-AttachVolumeTestJSON-2099323590 tempest-AttachVolumeTestJSON-2099323590-project] Publish callbacks [] for port (b6485fec-6622-464b-863e-60bbedaea11c), precommit_create {{(pid=111114) _notify_loop /usr/local/lib/python3.8/dist-packages/neutron_lib/callbacks/manager.py:176}}
Aug 10 08:42:03.706958 dv-cinder-780759-5-iscsi neutron-server[111115]: INFO neutron.wsgi [req-24051a89-45fc-41b4-9da6-d3321dc6884f req-6dcc1ba0-63cb-4d79-abc7-013b9fd3f489 tempest-ServerRescueNegativeTestJSON-724244939 tempest-ServerRescueNegativeTestJSON-724244939-project] 10.222.0.59 "POST /networking/v2.0/ports HTTP/1.1" status: 201 len: 934 time: 2.6211333
Aug 10 08:42:03.708039 dv-cinder-780759-5-iscsi neutron-server[111114]: DEBUG neutron.db.provisioning_blocks [req-d9d66f4f-bf36-439b-92a7-d372a0f8ce08 req-72b38d6b-c102-4146-aa47-5bf81d10b69e service neutron] Transition to ACTIVE for port object f9f2b93f-61c6-4562-a8cf-53ca6701d154 will not be triggered until provisioned by entity L2. {{(pid=111114) add_provisioning_component /opt/stack/neutron/neutron/db/provisioning_blocks.py:75}}
Aug 10 08:42:03.716894 dv-cinder-780759-5-iscsi neutron-server[111114]: DEBUG neutron_lib.callbacks.manager [None req-15041df4-2e3d-45b7-b512-3ec0b8701420 admin admin] Publish callbacks ['neutron.plugins.ml2.ovo_rpc._ObjectChangeHandler.handle_event-3859320'] for security_group (5f2b3626-e8d7-4dc5-9c73-c98ca9ffd4da), after_delete {{(pid=111114) _notify_loop /usr/local/lib/python3.8/dist-packages/neutron_lib/callbacks/manager.py:176}}
Aug 10 08:42:03.719575 dv-cinder-780759-5-iscsi neutron-server[111114]: DEBUG neutron_lib.callbacks.manager [None req-15041df4-2e3d-45b7-b512-3ec0b8701420 admin admin] Publish callbacks [] for security_group (None), before_response {{(pid=111114) _notify_loop /usr/local/lib/python3.8/dist-packages/neutron_lib/callbacks/manager.py:176}}
Aug 10 08:42:03.724255 dv-cinder-780759-5-iscsi neutron-server[111114]: INFO neutron.wsgi [None req-15041df4-2e3d-45b7-b512-3ec0b8701420 admin admin] 10.222.0.57 "DELETE /networking/v2.0/security-groups/5f2b3626-e8d7-4dc5-9c73-c98ca9ffd4da HTTP/1.1" status: 204 len: 168 time: 1.0069475
Aug 10 08:42:03.739275 dv-cinder-780759-5-iscsi neutron-server[111114]: DEBUG neutron.api.rpc.handlers.resources_rpc [None req-15041df4-2e3d-45b7-b512-3ec0b8701420 admin admin] Pushing event deleted for resources: {'SecurityGroup': ['ID=5f2b3626-e8d7-4dc5-9c73-c98ca9ffd4da,revision_number=None']} {{(pid=111114) push /opt/stack/neutron/neutron/api/rpc/handlers/resources_rpc.py:237}}
Aug 10 08:42:03.773092 dv-cinder-780759-5-iscsi neutron-server[111114]: DEBUG neutron.api.v2.base [req-ec645d1e-2472-4518-b902-9d80ad8476e3 req-750e3255-9b42-4a78-96b0-b2619aaeee0b tempest-ServerRescueNegativeTestJSON-724244939 tempest-ServerRescueNegativeTestJSON-724244939-project] Request body: {'port': {'device_id': '1d5b2eb6-c45c-44af-a316-224ac78457a9', 'network_id': '9da8822a-2250-405c-a336-58b25bed6e36', 'admin_state_up': True, 'tenant_id': 'aa5abc2b996a4056b005a992b5d0a7e9'}} {{(pid=111114) prepare_request_body /opt/stack/neutron/neutron/api/v2/base.py:730}}
Aug 10 08:42:03.811097 dv-cinder-780759-5-iscsi neutron-server[111115]: DEBUG neutron.api.v2.base [req-24051a89-45fc-41b4-9da6-d3321dc6884f req-f407cc58-90ce-42b3-8ab5-40a429a6b07a service neutron] Request body: {'port': {'device_id': '869fda72-6efa-4d42-a0b6-6bdf9553d84a', 'device_owner': 'compute:nova', 'binding:host_id': 'hv-cinder-78075'}} {{(pid=111115) prepare_request_body /opt/stack/neutron/neutron/api/v2/base.py:730}}
Aug 10 08:42:03.831446 dv-cinder-780759-5-iscsi neutron-server[111114]: DEBUG neutron_lib.callbacks.manager [req-d9d66f4f-bf36-439b-92a7-d372a0f8ce08 req-72b38d6b-c102-4146-aa47-5bf81d10b69e service neutron] Publish callbacks ['neutron.plugins.ml2.plugin.SecurityGroupServerNotifierRpcMixin._notify_sg_on_port_change-751803', 'neutron.plugins.ml2.ovo_rpc._ObjectChangeHandler.handle_event-4170508', 'neutron.api.rpc.agentnotifiers.dhcp_rpc_agent_api.DhcpAgentNotifyAPI._native_event_send_dhcp_notification-3677311', 'neutron.db.l3_db.L3RpcNotifierMixin._notify_gateway_port_ip_changed-8773693353189', 'neutron.db.l3_dvrscheduler_db._notify_l3_agent_port_update-8773692937373', 'neutron.db.l3_hascheduler_db._notify_l3_agent_ha_port_update-8773692937391'] for port (f9f2b93f-61c6-4562-a8cf-53ca6701d154), after_update {{(pid=111114) _notify_loop /usr/local/lib/python3.8/dist-packages/neutron_lib/callbacks/manager.py:176}}
Aug 10 08:42:03.845453 dv-cinder-780759-5-iscsi neutron-server[111115]: INFO neutron.wsgi [req-e8776d55-c698-43ad-87e6-0db9ce3c914d req-54f9dd4b-97a8-4fc0-b95a-48bf3b924a1c tempest-AttachVolumeNegativeTest-365299542 tempest-AttachVolumeNegativeTest-365299542-project] 10.222.0.59 "POST /networking/v2.0/ports HTTP/1.1" status: 201 len: 934 time: 2.7522800
Aug 10 08:42:03.956303 dv-cinder-780759-5-iscsi neutron-server[111115]: INFO neutron.wsgi [req-671f885e-c972-474a-b920-a845ae0f5e8b req-59a4a7f9-1736-41a6-87e7-734438a90728 tempest-AttachVolumeNegativeTest-365299542 tempest-AttachVolumeNegativeTest-365299542-project] 10.222.0.57 "GET /networking/v2.0/security-groups?id=b49a5e3d-c2ce-4a3d-b639-38eceaa01a5d&fields=id&fields=name HTTP/1.1" status: 200 len: 312 time: 0.3388643
Aug 10 08:42:03.980182 dv-cinder-780759-5-iscsi neutron-server[111115]: DEBUG neutron.api.v2.base [req-e8776d55-c698-43ad-87e6-0db9ce3c914d req-c2a7bd30-75c3-4585-ac24-eb15c1556045 service neutron] Request body: {'port': {'device_id': '98f52659-dd55-47b4-8774-968d1cd52014', 'device_owner': 'compute:nova', 'binding:host_id': 'hv-cinder-78075'}} {{(pid=111115) prepare_request_body /opt/stack/neutron/neutron/api/v2/base.py:730}}
Aug 10 08:42:04.007386 dv-cinder-780759-5-iscsi neutron-server[111114]: DEBUG neutron_lib.callbacks.manager [req-4bceced7-5511-40cb-9914-a3928007cf7e req-3c3dfdfe-ec54-41e5-aa89-4aecd58b4e3e tempest-AttachVolumeTestJSON-2099323590 tempest-AttachVolumeTestJSON-2099323590-project] Publish callbacks ['neutron.plugins.ml2.plugin.SecurityGroupServerNotifierRpcMixin._notify_sg_on_port_change-751803', 'neutron.plugins.ml2.ovo_rpc._ObjectChangeHandler.handle_event-4170508', 'neutron.api.rpc.agentnotifiers.dhcp_rpc_agent_api.DhcpAgentNotifyAPI._native_event_send_dhcp_notification-3677311', 'neutron.db.l3_dvrscheduler_db._notify_l3_agent_new_port-8773692937355'] for port (b6485fec-6622-464b-863e-60bbedaea11c), after_create {{(pid=111114) _notify_loop /usr/local/lib/python3.8/dist-packages/neutron_lib/callbacks/manager.py:176}}
Aug 10 08:42:04.013026 dv-cinder-780759-5-iscsi neutron-server[111114]: DEBUG dbcounter [-] [111114] Writing DB stats neutron:SELECT=85,neutron:UPDATE=6,neutron:INSERT=5,neutron:DELETE=4 {{(pid=111114) stat_writer /usr/local/lib/python3.8/dist-packages/dbcounter.py:114}}
Aug 10 08:42:04.150125 dv-cinder-780759-5-iscsi neutron-server[111115]: DEBUG neutron.wsgi [-] (111115) accepted ('10.222.0.59', 55719) {{(pid=111115) server /usr/local/lib/python3.8/dist-packages/eventlet/wsgi.py:1004}}
Aug 10 08:42:04.162193 dv-cinder-780759-5-iscsi neutron-server[111116]: DEBUG neutron.db.provisioning_blocks [None req-4953bbf6-1d35-4132-bb24-812d8849cabd None None] Provisioning complete for port 516910e9-9912-4c62-bd61-1f72eb8e808d triggered by entity DHCP. {{(pid=111116) provisioning_complete /opt/stack/neutron/neutron/db/provisioning_blocks.py:145}}
Aug 10 08:42:04.164329 dv-cinder-780759-5-iscsi neutron-server[111116]: DEBUG neutron_lib.callbacks.manager [None req-4953bbf6-1d35-4132-bb24-812d8849cabd None None] Publish callbacks ['neutron.plugins.ml2.plugin.Ml2Plugin._port_provisioned-728669'] for port (516910e9-9912-4c62-bd61-1f72eb8e808d), provisioning_complete {{(pid=111116) _notify_loop /usr/local/lib/python3.8/dist-packages/neutron_lib/callbacks/manager.py:176}}
Aug 10 08:42:04.175443 dv-cinder-780759-5-iscsi neutron-server[111114]: DEBUG neutron.scheduler.dhcp_agent_scheduler [req-4bceced7-5511-40cb-9914-a3928007cf7e req-3c3dfdfe-ec54-41e5-aa89-4aecd58b4e3e tempest-AttachVolumeTestJSON-2099323590 tempest-AttachVolumeTestJSON-2099323590-project] Network 3e4939ba-c334-451e-8874-e87c0a70977e is already hosted by enough agents. {{(pid=111114) _get_dhcp_agents_hosting_network /opt/stack/neutron/neutron/scheduler/dhcp_agent_scheduler.py:275}}
Aug 10 08:42:04.204196 dv-cinder-780759-5-iscsi neutron-server[111114]: DEBUG neutron.scheduler.base_scheduler [req-4bceced7-5511-40cb-9914-a3928007cf7e req-3c3dfdfe-ec54-41e5-aa89-4aecd58b4e3e tempest-AttachVolumeTestJSON-2099323590 tempest-AttachVolumeTestJSON-2099323590-project] Resources bound (agent type, host, resource id): {{(pid=111114) schedule /opt/stack/neutron/neutron/scheduler/base_scheduler.py:57}}
Aug 10 08:42:04.221108 dv-cinder-780759-5-iscsi neutron-server[111114]: DEBUG neutron.db.l3_dvrscheduler_db [req-4bceced7-5511-40cb-9914-a3928007cf7e req-3c3dfdfe-ec54-41e5-aa89-4aecd58b4e3e tempest-AttachVolumeTestJSON-2099323590 tempest-AttachVolumeTestJSON-2099323590-project] Received port after_create {{(pid=111114) _notify_l3_agent_new_port /opt/stack/neutron/neutron/db/l3_dvrscheduler_db.py:542}}
