Oct 28 15:55:54.685910 dv-cinder-780759-4-iscsi devstack@n-api.service[115813]: DEBUG oslo_concurrency.lockutils [None req-492a5b8d-e57c-42a4-bc96-12a0401d0dab tempest-AttachVolumeNegativeTest-983153139 tempest-AttachVolumeNegativeTest-983153139-project] Lock "1f22bc3a-ddd0-4eaf-9abd-b3f00b2f601e" released by "nova.context.set_target_cell..get_or_set_cached_cell_and_set_connections" :: held 0.001s {{(pid=115813) inner /usr/local/lib/python3.8/dist-packages/oslo_concurrency/lockutils.py:367}}
Oct 28 15:55:54.855765 dv-cinder-780759-4-iscsi devstack@n-api.service[115813]: DEBUG nova.policy [None req-492a5b8d-e57c-42a4-bc96-12a0401d0dab tempest-AttachVolumeNegativeTest-983153139 tempest-AttachVolumeNegativeTest-983153139-project] Policy check for os_compute_api:os-extended-server-attributes failed with credentials {'is_admin': False, 'user_id': '695c2629c5a44785b3fb0ea89529d9c5', 'user_domain_id': 'default', 'system_scope': None, 'domain_id': None, 'project_id': 'bd291a80b9204a609cd29640ab93b579', 'project_domain_id': 'default', 'roles': ['member', 'reader'], 'is_admin_project': True, 'service_user_id': None, 'service_user_domain_id': None, 'service_project_id': None, 'service_project_domain_id': None, 'service_roles': []} {{(pid=115813) authorize /opt/stack/nova/nova/policy.py:199}}
Oct 28 15:55:54.870789 dv-cinder-780759-4-iscsi devstack@n-api.service[115813]: INFO nova.api.openstack.requestlog [None req-492a5b8d-e57c-42a4-bc96-12a0401d0dab tempest-AttachVolumeNegativeTest-983153139 tempest-AttachVolumeNegativeTest-983153139-project] 10.222.0.74 "GET /compute/v2.1/servers/07b8e1b9-ec0a-48f3-b3fb-b152fda2741a" status: 200 len: 1276 microversion: 2.1 time: 0.202527
Oct 28 15:55:54.872720 dv-cinder-780759-4-iscsi devstack@n-api.service[115813]: [pid: 115813|app: 0|req: 11/14] 10.222.0.74 () {58 vars in 1235 bytes} [Thu Oct 28 15:55:54 2021] GET /compute/v2.1/servers/07b8e1b9-ec0a-48f3-b3fb-b152fda2741a => generated 1276 bytes in 207 msecs (HTTP/1.1 200) 9 headers in 358 bytes (1 switches on core 0)
Oct 28 15:55:55.682935 dv-cinder-780759-4-iscsi devstack@n-api.service[115813]: DEBUG nova.api.openstack.wsgi [None req-55ea64c4-62c9-4cd6-b01c-fc735e7ea484 tempest-DeleteServersTestJSON-1551317183 tempest-DeleteServersTestJSON-1551317183-project] Calling method '>' {{(pid=115813) _process_stack /opt/stack/nova/nova/api/openstack/wsgi.py:513}}
Oct 28 15:55:55.684360 dv-cinder-780759-4-iscsi devstack@n-api.service[115813]: DEBUG nova.compute.api [None req-55ea64c4-62c9-4cd6-b01c-fc735e7ea484 tempest-DeleteServersTestJSON-1551317183 tempest-DeleteServersTestJSON-1551317183-project] [instance: acb35b2f-f708-475b-a22f-3efd470ec036] Fetching instance by UUID {{(pid=115813) get /opt/stack/nova/nova/compute/api.py:2863}}
Oct 28 15:55:55.695854 dv-cinder-780759-4-iscsi devstack@n-api.service[115813]: DEBUG oslo_concurrency.lockutils [None req-55ea64c4-62c9-4cd6-b01c-fc735e7ea484 tempest-DeleteServersTestJSON-1551317183 tempest-DeleteServersTestJSON-1551317183-project] Lock "1f22bc3a-ddd0-4eaf-9abd-b3f00b2f601e" acquired by "nova.context.set_target_cell..get_or_set_cached_cell_and_set_connections" :: waited 0.000s {{(pid=115813) inner /usr/local/lib/python3.8/dist-packages/oslo_concurrency/lockutils.py:355}}
Oct 28 15:55:55.704413 dv-cinder-780759-4-iscsi devstack@n-api.service[115813]: DEBUG oslo_concurrency.lockutils [None req-55ea64c4-62c9-4cd6-b01c-fc735e7ea484 tempest-DeleteServersTestJSON-1551317183 tempest-DeleteServersTestJSON-1551317183-project] Lock "1f22bc3a-ddd0-4eaf-9abd-b3f00b2f601e" released by "nova.context.set_target_cell..get_or_set_cached_cell_and_set_connections" :: held 0.005s {{(pid=115813) inner /usr/local/lib/python3.8/dist-packages/oslo_concurrency/lockutils.py:367}}
Oct 28 15:55:55.705613 dv-cinder-780759-4-iscsi devstack@n-api.service[115813]: DEBUG oslo_concurrency.lockutils [None req-55ea64c4-62c9-4cd6-b01c-fc735e7ea484 tempest-DeleteServersTestJSON-1551317183 tempest-DeleteServersTestJSON-1551317183-project] Lock "1f22bc3a-ddd0-4eaf-9abd-b3f00b2f601e" acquired by "nova.context.set_target_cell..get_or_set_cached_cell_and_set_connections" :: waited 0.000s {{(pid=115813) inner /usr/local/lib/python3.8/dist-packages/oslo_concurrency/lockutils.py:355}}
Oct 28 15:55:55.706238 dv-cinder-780759-4-iscsi devstack@n-api.service[115813]: DEBUG oslo_concurrency.lockutils [None req-55ea64c4-62c9-4cd6-b01c-fc735e7ea484 tempest-DeleteServersTestJSON-1551317183 tempest-DeleteServersTestJSON-1551317183-project] Lock "1f22bc3a-ddd0-4eaf-9abd-b3f00b2f601e" released by "nova.context.set_target_cell..get_or_set_cached_cell_and_set_connections" :: held 0.001s {{(pid=115813) inner /usr/local/lib/python3.8/dist-packages/oslo_concurrency/lockutils.py:367}}
Oct 28 15:55:56.021155 dv-cinder-780759-4-iscsi devstack@n-api.service[115814]: DEBUG nova.virt.hardware [None req-2ef8ff65-5ef6-4050-9c5a-be094f19a6ce tempest-ServerRescueNegativeTestJSON-2047380175 tempest-ServerRescueNegativeTestJSON-2047380175-project] Flavor limits 0:0:0 {{(pid=115814) get_cpu_topology_constraints /opt/stack/nova/nova/virt/hardware.py:343}}
Oct 28 15:55:56.021691 dv-cinder-780759-4-iscsi devstack@n-api.service[115814]: DEBUG nova.virt.hardware [None req-2ef8ff65-5ef6-4050-9c5a-be094f19a6ce tempest-ServerRescueNegativeTestJSON-2047380175 tempest-ServerRescueNegativeTestJSON-2047380175-project] Image limits 0:0:0 {{(pid=115814) get_cpu_topology_constraints /opt/stack/nova/nova/virt/hardware.py:347}}
Oct 28 15:55:56.026197 dv-cinder-780759-4-iscsi devstack@n-api.service[115814]: DEBUG nova.virt.hardware [None req-2ef8ff65-5ef6-4050-9c5a-be094f19a6ce tempest-ServerRescueNegativeTestJSON-2047380175 tempest-ServerRescueNegativeTestJSON-2047380175-project] Flavor pref 0:0:0 {{(pid=115814) get_cpu_topology_constraints /opt/stack/nova/nova/virt/hardware.py:383}}
Oct 28 15:55:56.027425 dv-cinder-780759-4-iscsi devstack@n-api.service[115814]: DEBUG nova.virt.hardware [None req-2ef8ff65-5ef6-4050-9c5a-be094f19a6ce tempest-ServerRescueNegativeTestJSON-2047380175 tempest-ServerRescueNegativeTestJSON-2047380175-project] Image pref 0:0:0 {{(pid=115814) get_cpu_topology_constraints /opt/stack/nova/nova/virt/hardware.py:387}}
Oct 28 15:55:56.028924 dv-cinder-780759-4-iscsi devstack@n-api.service[115814]: DEBUG nova.virt.hardware [None req-2ef8ff65-5ef6-4050-9c5a-be094f19a6ce tempest-ServerRescueNegativeTestJSON-2047380175 tempest-ServerRescueNegativeTestJSON-2047380175-project] Chose sockets=0, cores=0, threads=0; limits were sockets=65536, cores=65536, threads=65536 {{(pid=115814) get_cpu_topology_constraints /opt/stack/nova/nova/virt/hardware.py:425}}
Oct 28 15:55:56.058023 dv-cinder-780759-4-iscsi devstack@n-api.service[115814]: DEBUG oslo_concurrency.lockutils [None req-2ef8ff65-5ef6-4050-9c5a-be094f19a6ce tempest-ServerRescueNegativeTestJSON-2047380175 tempest-ServerRescueNegativeTestJSON-2047380175-project] Lock "00000000-0000-0000-0000-000000000000" acquired by "nova.context.set_target_cell..get_or_set_cached_cell_and_set_connections" :: waited 0.000s {{(pid=115814) inner /usr/local/lib/python3.8/dist-packages/oslo_concurrency/lockutils.py:355}}
Oct 28 15:55:56.058888 dv-cinder-780759-4-iscsi devstack@n-api.service[115814]: DEBUG oslo_concurrency.lockutils [None req-2ef8ff65-5ef6-4050-9c5a-be094f19a6ce tempest-ServerRescueNegativeTestJSON-2047380175 tempest-ServerRescueNegativeTestJSON-2047380175-project] Lock "00000000-0000-0000-0000-000000000000" released by "nova.context.set_target_cell..get_or_set_cached_cell_and_set_connections" :: held 0.007s {{(pid=115814) inner /usr/local/lib/python3.8/dist-packages/oslo_concurrency/lockutils.py:367}}
Oct 28 15:55:56.061781 dv-cinder-780759-4-iscsi devstack@n-api.service[115814]: DEBUG oslo_concurrency.lockutils [None req-2ef8ff65-5ef6-4050-9c5a-be094f19a6ce tempest-ServerRescueNegativeTestJSON-2047380175 tempest-ServerRescueNegativeTestJSON-2047380175-project] Lock "1f22bc3a-ddd0-4eaf-9abd-b3f00b2f601e" acquired by "nova.context.set_target_cell..get_or_set_cached_cell_and_set_connections" :: waited 0.000s {{(pid=115814) inner /usr/local/lib/python3.8/dist-packages/oslo_concurrency/lockutils.py:355}}
Oct 28 15:55:56.062964 dv-cinder-780759-4-iscsi devstack@n-api.service[115814]: DEBUG oslo_concurrency.lockutils [None req-2ef8ff65-5ef6-4050-9c5a-be094f19a6ce tempest-ServerRescueNegativeTestJSON-2047380175 tempest-ServerRescueNegativeTestJSON-2047380175-project] Lock "1f22bc3a-ddd0-4eaf-9abd-b3f00b2f601e" released by "nova.context.set_target_cell..get_or_set_cached_cell_and_set_connections" :: held 0.002s {{(pid=115814) inner /usr/local/lib/python3.8/dist-packages/oslo_concurrency/lockutils.py:367}}
Oct 28 15:55:56.116308 dv-cinder-780759-4-iscsi devstack@n-api.service[115814]: DEBUG nova.quota [None req-2ef8ff65-5ef6-4050-9c5a-be094f19a6ce tempest-ServerRescueNegativeTestJSON-2047380175 tempest-ServerRescueNegativeTestJSON-2047380175-project] Getting quotas for project f586310c63014686828ab57e05f5173c. Resources: {'instances', 'ram', 'cores'} {{(pid=115814) _get_quotas /opt/stack/nova/nova/quota.py:387}}
Oct 28 15:55:56.122352 dv-cinder-780759-4-iscsi devstack@n-api.service[115814]: DEBUG nova.quota [None req-2ef8ff65-5ef6-4050-9c5a-be094f19a6ce tempest-ServerRescueNegativeTestJSON-2047380175 tempest-ServerRescueNegativeTestJSON-2047380175-project] Getting quotas for user bb540ceaa55f4239935896b77fb9d19a and project f586310c63014686828ab57e05f5173c. Resources: {'instances', 'ram', 'cores'} {{(pid=115814) _get_quotas /opt/stack/nova/nova/quota.py:377}}
Oct 28 15:55:56.150122 dv-cinder-780759-4-iscsi devstack@n-api.service[115814]: DEBUG nova.compute.api [None req-2ef8ff65-5ef6-4050-9c5a-be094f19a6ce tempest-ServerRescueNegativeTestJSON-2047380175 tempest-ServerRescueNegativeTestJSON-2047380175-project] Going to run 1 instances... {{(pid=115814) _provision_instances /opt/stack/nova/nova/compute/api.py:1350}}
Oct 28 15:55:56.172242 dv-cinder-780759-4-iscsi devstack@n-api.service[115814]: DEBUG nova.compute.api [None req-2ef8ff65-5ef6-4050-9c5a-be094f19a6ce tempest-ServerRescueNegativeTestJSON-2047380175 tempest-ServerRescueNegativeTestJSON-2047380175-project] [instance: 36ed34e4-ea85-4729-aa71-b797ebcd91b0] block_device_mapping [BlockDeviceMapping(attachment_id=,boot_index=0,connection_info=None,created_at=,delete_on_termination=True,deleted=,deleted_at=,destination_type='local',device_name=None,device_type='disk',disk_bus=None,guest_format=None,id=,image_id='388d35ba-ac12-4aba-9a4e-f1d74a8e5fcc',instance=,instance_uuid=,no_device=False,snapshot_id=None,source_type='image',tag=None,updated_at=,uuid=,volume_id=None,volume_size=None,volume_type=None)] {{(pid=115814) _bdm_validate_set_size_and_instance /opt/stack/nova/nova/compute/api.py:1757}}
Oct 28 15:55:56.337500 dv-cinder-780759-4-iscsi devstack@n-api.service[115814]: INFO nova.api.openstack.requestlog [None req-2ef8ff65-5ef6-4050-9c5a-be094f19a6ce tempest-ServerRescueNegativeTestJSON-2047380175 tempest-ServerRescueNegativeTestJSON-2047380175-project] 10.222.0.74 "POST /compute/v2.1/servers" status: 202 len: 383 microversion: 2.1 time: 3.629574
Oct 28 15:55:56.345776 dv-cinder-780759-4-iscsi devstack@n-api.service[115814]: [pid: 115814|app: 0|req: 4/15] 10.222.0.74 () {60 vars in 1146 bytes} [Thu Oct 28 15:55:52 2021] POST /compute/v2.1/servers => generated 383 bytes in 3645 msecs (HTTP/1.1 202) 10 headers in 451 bytes (1 switches on core 0)
Oct 28 15:55:56.357507 dv-cinder-780759-4-iscsi devstack@n-api.service[115813]: DEBUG nova.policy [None req-55ea64c4-62c9-4cd6-b01c-fc735e7ea484 tempest-DeleteServersTestJSON-1551317183 tempest-DeleteServersTestJSON-1551317183-project] Policy check for os_compute_api:os-extended-server-attributes failed with credentials {'is_admin': False, 'user_id': 'fea8c0bd97114127867c7b5b786562ca', 'user_domain_id': 'default', 'system_scope': None, 'domain_id': None, 'project_id': 'd80b423472d84137bdff815014b08e27', 'project_domain_id': 'default', 'roles': ['member', 'reader'], 'is_admin_project': True, 'service_user_id': None, 'service_user_domain_id': None, 'service_project_id': None, 'service_project_domain_id': None, 'service_roles': []} {{(pid=115813) authorize /opt/stack/nova/nova/policy.py:199}}
Oct 28 15:55:56.359717 dv-cinder-780759-4-iscsi devstack@n-api.service[115814]: DEBUG nova.api.openstack.wsgi [None req-384680fb-38b6-408b-9229-19c35edf283b tempest-AttachVolumeNegativeTest-983153139 tempest-AttachVolumeNegativeTest-983153139-project] Calling method '>' {{(pid=115814) _process_stack /opt/stack/nova/nova/api/openstack/wsgi.py:513}}
Oct 28 15:55:56.360472 dv-cinder-780759-4-iscsi devstack@n-api.service[115814]: DEBUG nova.compute.api [None req-384680fb-38b6-408b-9229-19c35edf283b tempest-AttachVolumeNegativeTest-983153139 tempest-AttachVolumeNegativeTest-983153139-project] [instance: 07b8e1b9-ec0a-48f3-b3fb-b152fda2741a] Fetching instance by UUID {{(pid=115814) get /opt/stack/nova/nova/compute/api.py:2863}}
Oct 28 15:55:56.380411 dv-cinder-780759-4-iscsi devstack@n-api.service[115813]: INFO nova.api.openstack.requestlog [None req-55ea64c4-62c9-4cd6-b01c-fc735e7ea484 tempest-DeleteServersTestJSON-1551317183 tempest-DeleteServersTestJSON-1551317183-project] 10.222.0.74 "GET /compute/v2.1/servers/acb35b2f-f708-475b-a22f-3efd470ec036" status: 200 len: 1314 microversion: 2.1 time: 0.701774
Oct 28 15:55:56.390514 dv-cinder-780759-4-iscsi devstack@n-api.service[115813]: [pid: 115813|app: 0|req: 12/16] 10.222.0.74 () {58 vars in 1235 bytes} [Thu Oct 28 15:55:55 2021] GET /compute/v2.1/servers/acb35b2f-f708-475b-a22f-3efd470ec036 => generated 1314 bytes in 713 msecs (HTTP/1.1 200) 9 headers in 358 bytes (2 switches on core 0)
Oct 28 15:55:56.393229 dv-cinder-780759-4-iscsi devstack@n-api.service[115814]: DEBUG oslo_concurrency.lockutils [None req-384680fb-38b6-408b-9229-19c35edf283b tempest-AttachVolumeNegativeTest-983153139 tempest-AttachVolumeNegativeTest-983153139-project] Lock "1f22bc3a-ddd0-4eaf-9abd-b3f00b2f601e" acquired by "nova.context.set_target_cell..get_or_set_cached_cell_and_set_connections" :: waited 0.008s {{(pid=115814) inner /usr/local/lib/python3.8/dist-packages/oslo_concurrency/lockutils.py:355}}
Oct 28 15:55:56.393866 dv-cinder-780759-4-iscsi devstack@n-api.service[115814]: DEBUG oslo_concurrency.lockutils [None req-384680fb-38b6-408b-9229-19c35edf283b tempest-AttachVolumeNegativeTest-983153139 tempest-AttachVolumeNegativeTest-983153139-project] Lock "1f22bc3a-ddd0-4eaf-9abd-b3f00b2f601e" released by "nova.context.set_target_cell..get_or_set_cached_cell_and_set_connections" :: held 0.001s {{(pid=115814) inner /usr/local/lib/python3.8/dist-packages/oslo_concurrency/lockutils.py:367}}
Oct 28 15:55:56.394995 dv-cinder-780759-4-iscsi devstack@n-api.service[115814]: DEBUG oslo_concurrency.lockutils [None req-384680fb-38b6-408b-9229-19c35edf283b tempest-AttachVolumeNegativeTest-983153139 tempest-AttachVolumeNegativeTest-983153139-project] Lock "1f22bc3a-ddd0-4eaf-9abd-b3f00b2f601e" acquired by "nova.context.set_target_cell..get_or_set_cached_cell_and_set_connections" :: waited 0.000s {{(pid=115814) inner /usr/local/lib/python3.8/dist-packages/oslo_concurrency/lockutils.py:355}}
Oct 28 15:55:56.395430 dv-cinder-780759-4-iscsi devstack@n-api.service[115813]: DEBUG nova.api.openstack.wsgi [None req-cf723621-9af1-4440-abf4-bdc32096af59 tempest-ServerRescueNegativeTestJSON-2047380175 tempest-ServerRescueNegativeTestJSON-2047380175-project] Calling method '>' {{(pid=115813) _process_stack /opt/stack/nova/nova/api/openstack/wsgi.py:513}}
Oct 28 15:55:56.396048 dv-cinder-780759-4-iscsi devstack@n-api.service[115814]: DEBUG oslo_concurrency.lockutils [None req-384680fb-38b6-408b-9229-19c35edf283b tempest-AttachVolumeNegativeTest-983153139 tempest-AttachVolumeNegativeTest-983153139-project] Lock "1f22bc3a-ddd0-4eaf-9abd-b3f00b2f601e" released by "nova.context.set_target_cell..get_or_set_cached_cell_and_set_connections" :: held 0.001s {{(pid=115814) inner /usr/local/lib/python3.8/dist-packages/oslo_concurrency/lockutils.py:367}}
Oct 28 15:55:56.396153 dv-cinder-780759-4-iscsi devstack@n-api.service[115813]: DEBUG nova.compute.api [None req-cf723621-9af1-4440-abf4-bdc32096af59 tempest-ServerRescueNegativeTestJSON-2047380175 tempest-ServerRescueNegativeTestJSON-2047380175-project] [instance: 36ed34e4-ea85-4729-aa71-b797ebcd91b0] Fetching instance by UUID {{(pid=115813) get /opt/stack/nova/nova/compute/api.py:2863}}
Oct 28 15:55:57.011422 dv-cinder-780759-4-iscsi devstack@n-api.service[115813]: DEBUG nova.policy [None req-cf723621-9af1-4440-abf4-bdc32096af59 tempest-ServerRescueNegativeTestJSON-2047380175 tempest-ServerRescueNegativeTestJSON-2047380175-project] Policy check for os_compute_api:os-extended-server-attributes failed with credentials {'is_admin': False, 'user_id': 'bb540ceaa55f4239935896b77fb9d19a', 'user_domain_id': 'default', 'system_scope': None, 'domain_id': None, 'project_id': 'f586310c63014686828ab57e05f5173c', 'project_domain_id': 'default', 'roles': ['member', 'reader'], 'is_admin_project': True, 'service_user_id': None, 'service_user_domain_id': None, 'service_project_id': None, 'service_project_domain_id': None, 'service_roles': []} {{(pid=115813) authorize /opt/stack/nova/nova/policy.py:199}}
Oct 28 15:55:57.020042 dv-cinder-780759-4-iscsi devstack@n-api.service[115813]: INFO nova.api.openstack.requestlog [None req-cf723621-9af1-4440-abf4-bdc32096af59 tempest-ServerRescueNegativeTestJSON-2047380175 tempest-ServerRescueNegativeTestJSON-2047380175-project] 10.222.0.74 "GET /compute/v2.1/servers/36ed34e4-ea85-4729-aa71-b797ebcd91b0" status: 200 len: 1222 microversion: 2.1 time: 0.628217
Oct 28 15:55:57.034284 dv-cinder-780759-4-iscsi devstack@n-api.service[115813]: [pid: 115813|app: 0|req: 13/17] 10.222.0.74 () {58 vars in 1235 bytes} [Thu Oct 28 15:55:56 2021] GET /compute/v2.1/servers/36ed34e4-ea85-4729-aa71-b797ebcd91b0 => generated 1222 bytes in 643 msecs (HTTP/1.1 200) 9 headers in 358 bytes (1 switches on core 0)
Oct 28 15:55:57.408940 dv-cinder-780759-4-iscsi devstack@n-api.service[115813]: DEBUG nova.api.openstack.wsgi [None req-8d451c64-edbd-48b3-94aa-6ab3d2d0b298 tempest-DeleteServersTestJSON-1551317183 tempest-DeleteServersTestJSON-1551317183-project] Calling method '>' {{(pid=115813) _process_stack /opt/stack/nova/nova/api/openstack/wsgi.py:513}}
Oct 28 15:55:57.410080 dv-cinder-780759-4-iscsi devstack@n-api.service[115813]: DEBUG nova.compute.api [None req-8d451c64-edbd-48b3-94aa-6ab3d2d0b298 tempest-DeleteServersTestJSON-1551317183 tempest-DeleteServersTestJSON-1551317183-project] [instance: acb35b2f-f708-475b-a22f-3efd470ec036] Fetching instance by UUID {{(pid=115813) get /opt/stack/nova/nova/compute/api.py:2863}}
Oct 28 15:55:57.425145 dv-cinder-780759-4-iscsi devstack@n-api.service[115813]: DEBUG oslo_concurrency.lockutils [None req-8d451c64-edbd-48b3-94aa-6ab3d2d0b298 tempest-DeleteServersTestJSON-1551317183 tempest-DeleteServersTestJSON-1551317183-project] Lock "1f22bc3a-ddd0-4eaf-9abd-b3f00b2f601e" acquired by "nova.context.set_target_cell..get_or_set_cached_cell_and_set_connections" :: waited 0.000s {{(pid=115813) inner /usr/local/lib/python3.8/dist-packages/oslo_concurrency/lockutils.py:355}}
Oct 28 15:55:57.426474 dv-cinder-780759-4-iscsi devstack@n-api.service[115813]: DEBUG oslo_concurrency.lockutils [None req-8d451c64-edbd-48b3-94aa-6ab3d2d0b298 tempest-DeleteServersTestJSON-1551317183 tempest-DeleteServersTestJSON-1551317183-project] Lock "1f22bc3a-ddd0-4eaf-9abd-b3f00b2f601e" released by "nova.context.set_target_cell..get_or_set_cached_cell_and_set_connections" :: held 0.004s {{(pid=115813) inner /usr/local/lib/python3.8/dist-packages/oslo_concurrency/lockutils.py:367}}
Oct 28 15:55:57.430762 dv-cinder-780759-4-iscsi devstack@n-api.service[115813]: DEBUG oslo_concurrency.lockutils [None req-8d451c64-edbd-48b3-94aa-6ab3d2d0b298 tempest-DeleteServersTestJSON-1551317183 tempest-DeleteServersTestJSON-1551317183-project] Lock "1f22bc3a-ddd0-4eaf-9abd-b3f00b2f601e" acquired by "nova.context.set_target_cell..get_or_set_cached_cell_and_set_connections" :: waited 0.002s {{(pid=115813) inner /usr/local/lib/python3.8/dist-packages/oslo_concurrency/lockutils.py:355}}
Oct 28 15:55:57.432487 dv-cinder-780759-4-iscsi devstack@n-api.service[115813]: DEBUG oslo_concurrency.lockutils [None req-8d451c64-edbd-48b3-94aa-6ab3d2d0b298 tempest-DeleteServersTestJSON-1551317183 tempest-DeleteServersTestJSON-1551317183-project] Lock "1f22bc3a-ddd0-4eaf-9abd-b3f00b2f601e" released by "nova.context.set_target_cell..get_or_set_cached_cell_and_set_connections" :: held 0.002s {{(pid=115813) inner /usr/local/lib/python3.8/dist-packages/oslo_concurrency/lockutils.py:367}}
Oct 28 15:55:57.558237 dv-cinder-780759-4-iscsi devstack@n-api.service[115814]: DEBUG nova.policy [None req-384680fb-38b6-408b-9229-19c35edf283b tempest-AttachVolumeNegativeTest-983153139 tempest-AttachVolumeNegativeTest-983153139-project] Policy check for os_compute_api:os-extended-server-attributes failed with credentials {'is_admin': False, 'user_id': '695c2629c5a44785b3fb0ea89529d9c5', 'user_domain_id': 'default', 'system_scope': None, 'domain_id': None, 'project_id': 'bd291a80b9204a609cd29640ab93b579', 'project_domain_id': 'default', 'roles': ['member', 'reader'], 'is_admin_project': True, 'service_user_id': None, 'service_user_domain_id': None, 'service_project_id': None, 'service_project_domain_id': None, 'service_roles': []} {{(pid=115814) authorize /opt/stack/nova/nova/policy.py:199}}
Oct 28 15:55:57.586257 dv-cinder-780759-4-iscsi devstack@n-api.service[115814]: INFO nova.api.openstack.requestlog [None req-384680fb-38b6-408b-9229-19c35edf283b tempest-AttachVolumeNegativeTest-983153139 tempest-AttachVolumeNegativeTest-983153139-project] 10.222.0.74 "GET /compute/v2.1/servers/07b8e1b9-ec0a-48f3-b3fb-b152fda2741a" status: 200 len: 1318 microversion: 2.1 time: 1.239037
Oct 28 15:55:57.588179 dv-cinder-780759-4-iscsi devstack@n-api.service[115814]: [pid: 115814|app: 0|req: 5/18] 10.222.0.74 () {58 vars in 1235 bytes} [Thu Oct 28 15:55:56 2021] GET /compute/v2.1/servers/07b8e1b9-ec0a-48f3-b3fb-b152fda2741a => generated 1318 bytes in 1241 msecs (HTTP/1.1 200) 9 headers in 358 bytes (1 switches on core 0)
Oct 28 15:55:58.006749 dv-cinder-780759-4-iscsi devstack@n-api.service[115813]: DEBUG nova.policy [None req-8d451c64-edbd-48b3-94aa-6ab3d2d0b298 tempest-DeleteServersTestJSON-1551317183 tempest-DeleteServersTestJSON-1551317183-project] Policy check for os_compute_api:os-extended-server-attributes failed with credentials {'is_admin': False, 'user_id': 'fea8c0bd97114127867c7b5b786562ca', 'user_domain_id': 'default', 'system_scope': None, 'domain_id': None, 'project_id': 'd80b423472d84137bdff815014b08e27', 'project_domain_id': 'default', 'roles': ['member', 'reader'], 'is_admin_project': True, 'service_user_id': None, 'service_user_domain_id': None, 'service_project_id': None, 'service_project_domain_id': None, 'service_roles': []} {{(pid=115813) authorize /opt/stack/nova/nova/policy.py:199}}
Oct 28 15:55:58.032653 dv-cinder-780759-4-iscsi devstack@n-api.service[115813]: INFO nova.api.openstack.requestlog [None req-8d451c64-edbd-48b3-94aa-6ab3d2d0b298 tempest-DeleteServersTestJSON-1551317183 tempest-DeleteServersTestJSON-1551317183-project] 10.222.0.74 "GET /compute/v2.1/servers/acb35b2f-f708-475b-a22f-3efd470ec036" status: 200 len: 1314 microversion: 2.1 time: 0.626318
Oct 28 15:55:58.037879 dv-cinder-780759-4-iscsi devstack@n-api.service[115813]: [pid: 115813|app: 0|req: 14/19] 10.222.0.74 () {58 vars in 1235 bytes} [Thu Oct 28 15:55:57 2021] GET /compute/v2.1/servers/acb35b2f-f708-475b-a22f-3efd470ec036 => generated 1314 bytes in 633 msecs (HTTP/1.1 200) 9 headers in 358 bytes (1 switches on core 0)
Oct 28 15:55:58.041730 dv-cinder-780759-4-iscsi devstack@n-api.service[115814]: DEBUG nova.api.openstack.wsgi [None req-b4d05f21-3156-4b0c-85ab-fac115c69b37 tempest-ServerRescueNegativeTestJSON-2047380175 tempest-ServerRescueNegativeTestJSON-2047380175-project] Calling method '>' {{(pid=115814) _process_stack /opt/stack/nova/nova/api/openstack/wsgi.py:513}}
Oct 28 15:55:58.047225 dv-cinder-780759-4-iscsi devstack@n-api.service[115814]: DEBUG nova.compute.api [None req-b4d05f21-3156-4b0c-85ab-fac115c69b37 tempest-ServerRescueNegativeTestJSON-2047380175 tempest-ServerRescueNegativeTestJSON-2047380175-project] [instance: 36ed34e4-ea85-4729-aa71-b797ebcd91b0] Fetching instance by UUID {{(pid=115814) get /opt/stack/nova/nova/compute/api.py:2863}}
Oct 28 15:55:58.064994 dv-cinder-780759-4-iscsi devstack@n-api.service[115814]: DEBUG oslo_concurrency.lockutils [None req-b4d05f21-3156-4b0c-85ab-fac115c69b37 tempest-ServerRescueNegativeTestJSON-2047380175 tempest-ServerRescueNegativeTestJSON-2047380175-project] Lock "1f22bc3a-ddd0-4eaf-9abd-b3f00b2f601e" acquired by "nova.context.set_target_cell..get_or_set_cached_cell_and_set_connections" :: waited 0.000s {{(pid=115814) inner /usr/local/lib/python3.8/dist-packages/oslo_concurrency/lockutils.py:355}}
Oct 28 15:55:58.065866 dv-cinder-780759-4-iscsi devstack@n-api.service[115814]: DEBUG oslo_concurrency.lockutils [None req-b4d05f21-3156-4b0c-85ab-fac115c69b37 tempest-ServerRescueNegativeTestJSON-2047380175 tempest-ServerRescueNegativeTestJSON-2047380175-project] Lock "1f22bc3a-ddd0-4eaf-9abd-b3f00b2f601e" released by "nova.context.set_target_cell..get_or_set_cached_cell_and_set_connections" :: held 0.003s {{(pid=115814) inner /usr/local/lib/python3.8/dist-packages/oslo_concurrency/lockutils.py:367}}
Oct 28 15:55:58.069456 dv-cinder-780759-4-iscsi devstack@n-api.service[115814]: DEBUG oslo_concurrency.lockutils [None req-b4d05f21-3156-4b0c-85ab-fac115c69b37 tempest-ServerRescueNegativeTestJSON-2047380175 tempest-ServerRescueNegativeTestJSON-2047380175-project] Lock "1f22bc3a-ddd0-4eaf-9abd-b3f00b2f601e" acquired by "nova.context.set_target_cell..get_or_set_cached_cell_and_set_connections" :: waited 0.000s {{(pid=115814) inner /usr/local/lib/python3.8/dist-packages/oslo_concurrency/lockutils.py:355}}
Oct 28 15:55:58.071995 dv-cinder-780759-4-iscsi devstack@n-api.service[115814]: DEBUG oslo_concurrency.lockutils [None req-b4d05f21-3156-4b0c-85ab-fac115c69b37 tempest-ServerRescueNegativeTestJSON-2047380175 tempest-ServerRescueNegativeTestJSON-2047380175-project] Lock "1f22bc3a-ddd0-4eaf-9abd-b3f00b2f601e" released by "nova.context.set_target_cell..get_or_set_cached_cell_and_set_connections" :: held 0.002s {{(pid=115814) inner /usr/local/lib/python3.8/dist-packages/oslo_concurrency/lockutils.py:367}}
Oct 28 15:55:58.670636 dv-cinder-780759-4-iscsi devstack@n-api.service[115813]: DEBUG nova.api.openstack.wsgi [None req-4bde7a8b-4ba0-427b-817d-a3f7bad21112 tempest-AttachVolumeShelveTestJSON-703376082 tempest-AttachVolumeShelveTestJSON-703376082-project] Action: 'create', calling method: .version_select at 0x7f0a78b314c0>, body: {"keypair": {"name": "tempest-keypair-140712610"}} {{(pid=115813) _process_stack /opt/stack/nova/nova/api/openstack/wsgi.py:511}}
Oct 28 15:55:58.737750 dv-cinder-780759-4-iscsi devstack@n-api.service[115813]: DEBUG nova.quota [None req-4bde7a8b-4ba0-427b-817d-a3f7bad21112 tempest-AttachVolumeShelveTestJSON-703376082 tempest-AttachVolumeShelveTestJSON-703376082-project] Getting quotas for project fadbd0e3fcb84829adf37aa7a971b1a8. Resources: {'key_pairs'} {{(pid=115813) _get_quotas /opt/stack/nova/nova/quota.py:387}}
Oct 28 15:55:58.742940 dv-cinder-780759-4-iscsi devstack@n-api.service[115813]: DEBUG nova.quota [None req-4bde7a8b-4ba0-427b-817d-a3f7bad21112 tempest-AttachVolumeShelveTestJSON-703376082 tempest-AttachVolumeShelveTestJSON-703376082-project] Getting quotas for user 4998e48ddd864a499a297bb8de74c3e6 and project fadbd0e3fcb84829adf37aa7a971b1a8. Resources: {'key_pairs'} {{(pid=115813) _get_quotas /opt/stack/nova/nova/quota.py:377}}
Oct 28 15:55:58.850160 dv-cinder-780759-4-iscsi devstack@n-api.service[115814]: DEBUG nova.policy [None req-b4d05f21-3156-4b0c-85ab-fac115c69b37 tempest-ServerRescueNegativeTestJSON-2047380175 tempest-ServerRescueNegativeTestJSON-2047380175-project] Policy check for os_compute_api:os-extended-server-attributes failed with credentials {'is_admin': False, 'user_id': 'bb540ceaa55f4239935896b77fb9d19a', 'user_domain_id': 'default', 'system_scope': None, 'domain_id': None, 'project_id': 'f586310c63014686828ab57e05f5173c', 'project_domain_id': 'default', 'roles': ['member', 'reader'], 'is_admin_project': True, 'service_user_id': None, 'service_user_domain_id': None, 'service_project_id': None, 'service_project_domain_id': None, 'service_roles': []} {{(pid=115814) authorize /opt/stack/nova/nova/policy.py:199}}
Oct 28 15:55:58.867711 dv-cinder-780759-4-iscsi devstack@n-api.service[115814]: INFO nova.api.openstack.requestlog [None req-b4d05f21-3156-4b0c-85ab-fac115c69b37 tempest-ServerRescueNegativeTestJSON-2047380175 tempest-ServerRescueNegativeTestJSON-2047380175-project] 10.222.0.74 "GET /compute/v2.1/servers/36ed34e4-ea85-4729-aa71-b797ebcd91b0" status: 200 len: 1218 microversion: 2.1 time: 0.825919
Oct 28 15:55:58.882626 dv-cinder-780759-4-iscsi devstack@n-api.service[115814]: [pid: 115814|app: 0|req: 6/20] 10.222.0.74 () {58 vars in 1235 bytes} [Thu Oct 28 15:55:58 2021] GET /compute/v2.1/servers/36ed34e4-ea85-4729-aa71-b797ebcd91b0 => generated 1218 bytes in 838 msecs (HTTP/1.1 200) 9 headers in 358 bytes (2 switches on core 0)
Oct 28 15:55:58.899571 dv-cinder-780759-4-iscsi devstack@n-api.service[115814]: DEBUG nova.api.openstack.wsgi [None req-6c0a26be-d3a3-4a1f-ba04-378152ac1edf tempest-AttachVolumeNegativeTest-983153139 tempest-AttachVolumeNegativeTest-983153139-project] Calling method '>' {{(pid=115814) _process_stack /opt/stack/nova/nova/api/openstack/wsgi.py:513}}
Oct 28 15:55:58.905110 dv-cinder-780759-4-iscsi devstack@n-api.service[115814]: DEBUG nova.compute.api [None req-6c0a26be-d3a3-4a1f-ba04-378152ac1edf tempest-AttachVolumeNegativeTest-983153139 tempest-AttachVolumeNegativeTest-983153139-project] [instance: 07b8e1b9-ec0a-48f3-b3fb-b152fda2741a] Fetching instance by UUID {{(pid=115814) get /opt/stack/nova/nova/compute/api.py:2863}}
Oct 28 15:55:58.939884 dv-cinder-780759-4-iscsi devstack@n-api.service[115814]: DEBUG oslo_concurrency.lockutils [None req-6c0a26be-d3a3-4a1f-ba04-378152ac1edf tempest-AttachVolumeNegativeTest-983153139 tempest-AttachVolumeNegativeTest-983153139-project] Lock "1f22bc3a-ddd0-4eaf-9abd-b3f00b2f601e" acquired by "nova.context.set_target_cell..get_or_set_cached_cell_and_set_connections" :: waited 0.000s {{(pid=115814) inner /usr/local/lib/python3.8/dist-packages/oslo_concurrency/lockutils.py:355}}
Oct 28 15:55:58.945316 dv-cinder-780759-4-iscsi devstack@n-api.service[115814]: DEBUG oslo_concurrency.lockutils [None req-6c0a26be-d3a3-4a1f-ba04-378152ac1edf tempest-AttachVolumeNegativeTest-983153139 tempest-AttachVolumeNegativeTest-983153139-project] Lock "1f22bc3a-ddd0-4eaf-9abd-b3f00b2f601e" released by "nova.context.set_target_cell..get_or_set_cached_cell_and_set_connections" :: held 0.006s {{(pid=115814) inner /usr/local/lib/python3.8/dist-packages/oslo_concurrency/lockutils.py:367}}
Oct 28 15:55:58.950970 dv-cinder-780759-4-iscsi devstack@n-api.service[115814]: DEBUG oslo_concurrency.lockutils [None req-6c0a26be-d3a3-4a1f-ba04-378152ac1edf tempest-AttachVolumeNegativeTest-983153139 tempest-AttachVolumeNegativeTest-983153139-project] Lock "1f22bc3a-ddd0-4eaf-9abd-b3f00b2f601e" acquired by "nova.context.set_target_cell..get_or_set_cached_cell_and_set_connections" :: waited 0.000s {{(pid=115814) inner /usr/local/lib/python3.8/dist-packages/oslo_concurrency/lockutils.py:355}}
Oct 28 15:55:58.951756 dv-cinder-780759-4-iscsi devstack@n-api.service[115814]: DEBUG oslo_concurrency.lockutils [None req-6c0a26be-d3a3-4a1f-ba04-378152ac1edf tempest-AttachVolumeNegativeTest-983153139 tempest-AttachVolumeNegativeTest-983153139-project] Lock "1f22bc3a-ddd0-4eaf-9abd-b3f00b2f601e" released by "nova.context.set_target_cell..get_or_set_cached_cell_and_set_connections" :: held 0.005s {{(pid=115814) inner /usr/local/lib/python3.8/dist-packages/oslo_concurrency/lockutils.py:367}}
Oct 28 15:55:59.190326 dv-cinder-780759-4-iscsi devstack@n-api.service[115813]: DEBUG nova.quota [None req-4bde7a8b-4ba0-427b-817d-a3f7bad21112 tempest-AttachVolumeShelveTestJSON-703376082 tempest-AttachVolumeShelveTestJSON-703376082-project] Getting quotas for project fadbd0e3fcb84829adf37aa7a971b1a8. Resources: {'key_pairs'} {{(pid=115813) _get_quotas /opt/stack/nova/nova/quota.py:387}}
Oct 28 15:55:59.199028 dv-cinder-780759-4-iscsi devstack@n-api.service[115813]: DEBUG nova.quota [None req-4bde7a8b-4ba0-427b-817d-a3f7bad21112 tempest-AttachVolumeShelveTestJSON-703376082 tempest-AttachVolumeShelveTestJSON-703376082-project] Getting quotas for user 4998e48ddd864a499a297bb8de74c3e6 and project fadbd0e3fcb84829adf37aa7a971b1a8. Resources: {'key_pairs'} {{(pid=115813) _get_quotas /opt/stack/nova/nova/quota.py:377}}
Oct 28 15:55:59.216551 dv-cinder-780759-4-iscsi devstack@n-api.service[115813]: INFO nova.api.openstack.requestlog [None req-4bde7a8b-4ba0-427b-817d-a3f7bad21112 tempest-AttachVolumeShelveTestJSON-703376082 tempest-AttachVolumeShelveTestJSON-703376082-project] 10.222.0.74 "POST /compute/v2.1/os-keypairs" status: 201 len: 2319 microversion: 2.20 time: 1.021411
Oct 28 15:55:59.218162 dv-cinder-780759-4-iscsi devstack@n-api.service[115813]: [pid: 115813|app: 0|req: 15/21] 10.222.0.74 () {62 vars in 1198 bytes} [Thu Oct 28 15:55:58 2021] POST /compute/v2.1/os-keypairs => generated 2319 bytes in 1024 msecs (HTTP/1.1 201) 9 headers in 365 bytes (2 switches on core 0)
Oct 28 15:55:59.225773 dv-cinder-780759-4-iscsi devstack@n-api.service[115813]: DEBUG nova.api.openstack.wsgi [None req-c5fea03b-0909-46af-b9c8-cabeb67fa0db tempest-DeleteServersTestJSON-1551317183 tempest-DeleteServersTestJSON-1551317183-project] Calling method '>' {{(pid=115813) _process_stack /opt/stack/nova/nova/api/openstack/wsgi.py:513}}
Oct 28 15:55:59.226826 dv-cinder-780759-4-iscsi devstack@n-api.service[115813]: DEBUG nova.compute.api [None req-c5fea03b-0909-46af-b9c8-cabeb67fa0db tempest-DeleteServersTestJSON-1551317183 tempest-DeleteServersTestJSON-1551317183-project] [instance: acb35b2f-f708-475b-a22f-3efd470ec036] Fetching instance by UUID {{(pid=115813) get /opt/stack/nova/nova/compute/api.py:2863}}
Oct 28 15:55:59.234663 dv-cinder-780759-4-iscsi devstack@n-api.service[115813]: DEBUG oslo_concurrency.lockutils [None req-c5fea03b-0909-46af-b9c8-cabeb67fa0db tempest-DeleteServersTestJSON-1551317183 tempest-DeleteServersTestJSON-1551317183-project] Lock "1f22bc3a-ddd0-4eaf-9abd-b3f00b2f601e" acquired by "nova.context.set_target_cell..get_or_set_cached_cell_and_set_connections" :: waited 0.000s {{(pid=115813) inner /usr/local/lib/python3.8/dist-packages/oslo_concurrency/lockutils.py:355}}
Oct 28 15:55:59.235615 dv-cinder-780759-4-iscsi devstack@n-api.service[115813]: DEBUG oslo_concurrency.lockutils [None req-c5fea03b-0909-46af-b9c8-cabeb67fa0db tempest-DeleteServersTestJSON-1551317183 tempest-DeleteServersTestJSON-1551317183-project] Lock "1f22bc3a-ddd0-4eaf-9abd-b3f00b2f601e" released by "nova.context.set_target_cell..get_or_set_cached_cell_and_set_connections" :: held 0.001s {{(pid=115813) inner /usr/local/lib/python3.8/dist-packages/oslo_concurrency/lockutils.py:367}}
Oct 28 15:55:59.236615 dv-cinder-780759-4-iscsi devstack@n-api.service[115813]: DEBUG oslo_concurrency.lockutils [None req-c5fea03b-0909-46af-b9c8-cabeb67fa0db tempest-DeleteServersTestJSON-1551317183 tempest-DeleteServersTestJSON-1551317183-project] Lock "1f22bc3a-ddd0-4eaf-9abd-b3f00b2f601e" acquired by "nova.context.set_target_cell..get_or_set_cached_cell_and_set_connections" :: waited 0.000s {{(pid=115813) inner /usr/local/lib/python3.8/dist-packages/oslo_concurrency/lockutils.py:355}}
Oct 28 15:55:59.237271 dv-cinder-780759-4-iscsi devstack@n-api.service[115813]: DEBUG oslo_concurrency.lockutils [None req-c5fea03b-0909-46af-b9c8-cabeb67fa0db tempest-DeleteServersTestJSON-1551317183 tempest-DeleteServersTestJSON-1551317183-project] Lock "1f22bc3a-ddd0-4eaf-9abd-b3f00b2f601e" released by "nova.context.set_target_cell..get_or_set_cached_cell_and_set_connections" :: held 0.001s {{(pid=115813) inner /usr/local/lib/python3.8/dist-packages/oslo_concurrency/lockutils.py:367}}
Oct 28 15:56:00.536613 dv-cinder-780759-4-iscsi devstack@n-api.service[115814]: DEBUG nova.policy [None req-6c0a26be-d3a3-4a1f-ba04-378152ac1edf tempest-AttachVolumeNegativeTest-983153139 tempest-AttachVolumeNegativeTest-983153139-project] Policy check for os_compute_api:os-extended-server-attributes failed with credentials {'is_admin': False, 'user_id': '695c2629c5a44785b3fb0ea89529d9c5', 'user_domain_id': 'default', 'system_scope': None, 'domain_id': None, 'project_id': 'bd291a80b9204a609cd29640ab93b579', 'project_domain_id': 'default', 'roles': ['member', 'reader'], 'is_admin_project': True, 'service_user_id': None, 'service_user_domain_id': None, 'service_project_id': None, 'service_project_domain_id': None, 'service_roles': []} {{(pid=115814) authorize /opt/stack/nova/nova/policy.py:199}}
Oct 28 15:56:00.550385 dv-cinder-780759-4-iscsi devstack@n-api.service[115814]: INFO nova.api.openstack.requestlog [None req-6c0a26be-d3a3-4a1f-ba04-378152ac1edf tempest-AttachVolumeNegativeTest-983153139 tempest-AttachVolumeNegativeTest-983153139-project] 10.222.0.74 "GET /compute/v2.1/servers/07b8e1b9-ec0a-48f3-b3fb-b152fda2741a" status: 200 len: 1318 microversion: 2.1 time: 1.667717
Oct 28 15:56:00.561113 dv-cinder-780759-4-iscsi devstack@n-api.service[115814]: [pid: 115814|app: 0|req: 7/22] 10.222.0.74 () {58 vars in 1235 bytes} [Thu Oct 28 15:55:58 2021] GET /compute/v2.1/servers/07b8e1b9-ec0a-48f3-b3fb-b152fda2741a => generated 1318 bytes in 1677 msecs (HTTP/1.1 200) 9 headers in 358 bytes (1 switches on core 0)
Oct 28 15:56:00.569094 dv-cinder-780759-4-iscsi devstack@n-api.service[115814]: DEBUG nova.api.openstack.wsgi [None req-f9d708af-469d-455d-90df-f59e5f5f6749 tempest-ServerRescueNegativeTestJSON-2047380175 tempest-ServerRescueNegativeTestJSON-2047380175-project] Calling method '>' {{(pid=115814) _process_stack /opt/stack/nova/nova/api/openstack/wsgi.py:513}}
Oct 28 15:56:00.569983 dv-cinder-780759-4-iscsi devstack@n-api.service[115814]: DEBUG nova.compute.api [None req-f9d708af-469d-455d-90df-f59e5f5f6749 tempest-ServerRescueNegativeTestJSON-2047380175 tempest-ServerRescueNegativeTestJSON-2047380175-project] [instance: 36ed34e4-ea85-4729-aa71-b797ebcd91b0] Fetching instance by UUID {{(pid=115814) get /opt/stack/nova/nova/compute/api.py:2863}}
Oct 28 15:56:00.584376 dv-cinder-780759-4-iscsi devstack@n-api.service[115814]: DEBUG oslo_concurrency.lockutils [None req-f9d708af-469d-455d-90df-f59e5f5f6749 tempest-ServerRescueNegativeTestJSON-2047380175 tempest-ServerRescueNegativeTestJSON-2047380175-project] Lock "1f22bc3a-ddd0-4eaf-9abd-b3f00b2f601e" acquired by "nova.context.set_target_cell..get_or_set_cached_cell_and_set_connections" :: waited 0.000s {{(pid=115814) inner /usr/local/lib/python3.8/dist-packages/oslo_concurrency/lockutils.py:355}}
Oct 28 15:56:00.588330 dv-cinder-780759-4-iscsi devstack@n-api.service[115814]: DEBUG oslo_concurrency.lockutils [None req-f9d708af-469d-455d-90df-f59e5f5f6749 tempest-ServerRescueNegativeTestJSON-2047380175 tempest-ServerRescueNegativeTestJSON-2047380175-project] Lock "1f22bc3a-ddd0-4eaf-9abd-b3f00b2f601e" released by "nova.context.set_target_cell..get_or_set_cached_cell_and_set_connections" :: held 0.004s {{(pid=115814) inner /usr/local/lib/python3.8/dist-packages/oslo_concurrency/lockutils.py:367}}
Oct 28 15:56:00.590886 dv-cinder-780759-4-iscsi devstack@n-api.service[115814]: DEBUG oslo_concurrency.lockutils [None req-f9d708af-469d-455d-90df-f59e5f5f6749 tempest-ServerRescueNegativeTestJSON-2047380175 tempest-ServerRescueNegativeTestJSON-2047380175-project] Lock "1f22bc3a-ddd0-4eaf-9abd-b3f00b2f601e" acquired by "nova.context.set_target_cell..get_or_set_cached_cell_and_set_connections" :: waited 0.000s {{(pid=115814) inner /usr/local/lib/python3.8/dist-packages/oslo_concurrency/lockutils.py:355}}
Oct 28 15:56:00.592306 dv-cinder-780759-4-iscsi devstack@n-api.service[115814]: DEBUG oslo_concurrency.lockutils [None req-f9d708af-469d-455d-90df-f59e5f5f6749 tempest-ServerRescueNegativeTestJSON-2047380175 tempest-ServerRescueNegativeTestJSON-2047380175-project] Lock "1f22bc3a-ddd0-4eaf-9abd-b3f00b2f601e" released by "nova.context.set_target_cell..get_or_set_cached_cell_and_set_connections" :: held 0.001s {{(pid=115814) inner /usr/local/lib/python3.8/dist-packages/oslo_concurrency/lockutils.py:367}}
Oct 28 15:56:00.856624 dv-cinder-780759-4-iscsi devstack@n-api.service[115813]: DEBUG nova.policy [None req-c5fea03b-0909-46af-b9c8-cabeb67fa0db tempest-DeleteServersTestJSON-1551317183 tempest-DeleteServersTestJSON-1551317183-project] Policy check for os_compute_api:os-extended-server-attributes failed with credentials {'is_admin': False, 'user_id': 'fea8c0bd97114127867c7b5b786562ca', 'user_domain_id': 'default', 'system_scope': None, 'domain_id': None, 'project_id': 'd80b423472d84137bdff815014b08e27', 'project_domain_id': 'default', 'roles': ['member', 'reader'], 'is_admin_project': True, 'service_user_id': None, 'service_user_domain_id': None, 'service_project_id': None, 'service_project_domain_id': None, 'service_roles': []} {{(pid=115813) authorize /opt/stack/nova/nova/policy.py:199}}
Oct 28 15:56:00.861415 dv-cinder-780759-4-iscsi devstack@n-api.service[115814]: DEBUG nova.policy [None req-f9d708af-469d-455d-90df-f59e5f5f6749 tempest-ServerRescueNegativeTestJSON-2047380175 tempest-ServerRescueNegativeTestJSON-2047380175-project] Policy check for os_compute_api:os-extended-server-attributes failed with credentials {'is_admin': False, 'user_id': 'bb540ceaa55f4239935896b77fb9d19a', 'user_domain_id': 'default', 'system_scope': None, 'domain_id': None, 'project_id': 'f586310c63014686828ab57e05f5173c', 'project_domain_id': 'default', 'roles': ['member', 'reader'], 'is_admin_project': True, 'service_user_id': None, 'service_user_domain_id': None, 'service_project_id': None, 'service_project_domain_id': None, 'service_roles': []} {{(pid=115814) authorize /opt/stack/nova/nova/policy.py:199}}
Oct 28 15:56:00.883179 dv-cinder-780759-4-iscsi devstack@n-api.service[115814]: INFO nova.api.openstack.requestlog [None req-f9d708af-469d-455d-90df-f59e5f5f6749 tempest-ServerRescueNegativeTestJSON-2047380175 tempest-ServerRescueNegativeTestJSON-2047380175-project] 10.222.0.74 "GET /compute/v2.1/servers/36ed34e4-ea85-4729-aa71-b797ebcd91b0" status: 200 len: 1280 microversion: 2.1 time: 0.327694
Oct 28 15:56:00.885320 dv-cinder-780759-4-iscsi devstack@n-api.service[115813]: INFO nova.api.openstack.requestlog [None req-c5fea03b-0909-46af-b9c8-cabeb67fa0db tempest-DeleteServersTestJSON-1551317183 tempest-DeleteServersTestJSON-1551317183-project] 10.222.0.74 "GET /compute/v2.1/servers/acb35b2f-f708-475b-a22f-3efd470ec036" status: 200 len: 1314 microversion: 2.1 time: 1.656952
Oct 28 15:56:00.891336 dv-cinder-780759-4-iscsi devstack@n-api.service[115814]: [pid: 115814|app: 0|req: 8/23] 10.222.0.74 () {58 vars in 1235 bytes} [Thu Oct 28 15:56:00 2021] GET /compute/v2.1/servers/36ed34e4-ea85-4729-aa71-b797ebcd91b0 => generated 1280 bytes in 337 msecs (HTTP/1.1 200) 9 headers in 358 bytes (1 switches on core 0)
Oct 28 15:56:00.903471 dv-cinder-780759-4-iscsi devstack@n-api.service[115813]: [pid: 115813|app: 0|req: 16/24] 10.222.0.74 () {58 vars in 1235 bytes} [Thu Oct 28 15:55:59 2021] GET /compute/v2.1/servers/acb35b2f-f708-475b-a22f-3efd470ec036 => generated 1314 bytes in 1684 msecs (HTTP/1.1 200) 9 headers in 358 bytes (1 switches on core 0)
Oct 28 15:56:01.300587 dv-cinder-780759-4-iscsi devstack@n-api.service[115814]: DEBUG nova.api.openstack.wsgi [req-44292bb5-dd51-405b-88b4-60869f761a85 req-6b5b517b-afe5-47d4-b2ed-394c9d74fa8d service nova] Action: 'create', calling method: >, body: {"events": [{"name": "network-changed", "server_uuid": "acb35b2f-f708-475b-a22f-3efd470ec036", "tag": "f5dbfc8a-2c77-4fb2-8efa-dd0e60bc539e"}]} {{(pid=115814) _process_stack /opt/stack/nova/nova/api/openstack/wsgi.py:511}}
Oct 28 15:56:01.303426 dv-cinder-780759-4-iscsi devstack@n-api.service[115814]: /usr/local/lib/python3.8/dist-packages/oslo_policy/policy.py:1075: UserWarning: Policy os_compute_api:os-server-external-events:create failed scope check. The token used to make the request was project scoped but the policy requires ['system'] scope. This behavior may change in the future where using the intended scope is required
Oct 28 15:56:01.303426 dv-cinder-780759-4-iscsi devstack@n-api.service[115814]: warnings.warn(msg)
Oct 28 15:56:01.335931 dv-cinder-780759-4-iscsi devstack@n-api.service[115814]: DEBUG oslo_concurrency.lockutils [req-44292bb5-dd51-405b-88b4-60869f761a85 req-6b5b517b-afe5-47d4-b2ed-394c9d74fa8d service nova] Lock "1f22bc3a-ddd0-4eaf-9abd-b3f00b2f601e" acquired by "nova.context.set_target_cell..get_or_set_cached_cell_and_set_connections" :: waited 0.000s {{(pid=115814) inner /usr/local/lib/python3.8/dist-packages/oslo_concurrency/lockutils.py:355}}
Oct 28 15:56:01.337074 dv-cinder-780759-4-iscsi devstack@n-api.service[115814]: DEBUG oslo_concurrency.lockutils [req-44292bb5-dd51-405b-88b4-60869f761a85 req-6b5b517b-afe5-47d4-b2ed-394c9d74fa8d service nova] Lock "1f22bc3a-ddd0-4eaf-9abd-b3f00b2f601e" released by "nova.context.set_target_cell..get_or_set_cached_cell_and_set_connections" :: held 0.005s {{(pid=115814) inner /usr/local/lib/python3.8/dist-packages/oslo_concurrency/lockutils.py:367}}
Oct 28 15:56:01.376615 dv-cinder-780759-4-iscsi devstack@n-api.service[115814]: INFO nova.api.openstack.compute.server_external_events [req-44292bb5-dd51-405b-88b4-60869f761a85 req-6b5b517b-afe5-47d4-b2ed-394c9d74fa8d service nova] Creating event network-changed:f5dbfc8a-2c77-4fb2-8efa-dd0e60bc539e for instance acb35b2f-f708-475b-a22f-3efd470ec036 on hv-cinder-78075
Oct 28 15:56:01.377143 dv-cinder-780759-4-iscsi devstack@n-api.service[115814]: DEBUG oslo_concurrency.lockutils [req-44292bb5-dd51-405b-88b4-60869f761a85 req-6b5b517b-afe5-47d4-b2ed-394c9d74fa8d service nova] Acquired lock "compute-rpcapi-router" {{(pid=115814) lock /usr/local/lib/python3.8/dist-packages/oslo_concurrency/lockutils.py:266}}
Oct 28 15:56:01.379800 dv-cinder-780759-4-iscsi devstack@n-api.service[115814]: DEBUG oslo_concurrency.lockutils [None req-2f7f9f31-4921-4cf7-82bb-1f727cfa90fc None None] Lock "00000000-0000-0000-0000-000000000000" acquired by "nova.context.set_target_cell..get_or_set_cached_cell_and_set_connections" :: waited 0.000s {{(pid=115814) inner /usr/local/lib/python3.8/dist-packages/oslo_concurrency/lockutils.py:355}}
Oct 28 15:56:01.380378 dv-cinder-780759-4-iscsi devstack@n-api.service[115814]: DEBUG oslo_concurrency.lockutils [None req-2f7f9f31-4921-4cf7-82bb-1f727cfa90fc None None] Lock "00000000-0000-0000-0000-000000000000" released by "nova.context.set_target_cell..get_or_set_cached_cell_and_set_connections" :: held 0.001s {{(pid=115814) inner /usr/local/lib/python3.8/dist-packages/oslo_concurrency/lockutils.py:367}}
Oct 28 15:56:01.381186 dv-cinder-780759-4-iscsi devstack@n-api.service[115814]: DEBUG oslo_concurrency.lockutils [None req-2f7f9f31-4921-4cf7-82bb-1f727cfa90fc None None] Lock "1f22bc3a-ddd0-4eaf-9abd-b3f00b2f601e" acquired by "nova.context.set_target_cell..get_or_set_cached_cell_and_set_connections" :: waited 0.000s {{(pid=115814) inner /usr/local/lib/python3.8/dist-packages/oslo_concurrency/lockutils.py:355}}
Oct 28 15:56:01.381762 dv-cinder-780759-4-iscsi devstack@n-api.service[115814]: DEBUG oslo_concurrency.lockutils [None req-2f7f9f31-4921-4cf7-82bb-1f727cfa90fc None None] Lock "1f22bc3a-ddd0-4eaf-9abd-b3f00b2f601e" released by "nova.context.set_target_cell..get_or_set_cached_cell_and_set_connections" :: held 0.000s {{(pid=115814) inner /usr/local/lib/python3.8/dist-packages/oslo_concurrency/lockutils.py:367}}
Oct 28 15:56:01.402462 dv-cinder-780759-4-iscsi devstack@n-api.service[115814]: INFO nova.compute.rpcapi [None req-2f7f9f31-4921-4cf7-82bb-1f727cfa90fc None None] Automatically selected compute RPC version 6.0 from minimum service version 60
Oct 28 15:56:01.403624 dv-cinder-780759-4-iscsi devstack@n-api.service[115814]: DEBUG oslo_concurrency.lockutils [None req-2f7f9f31-4921-4cf7-82bb-1f727cfa90fc None None] Releasing lock "compute-rpcapi-router" {{(pid=115814) lock /usr/local/lib/python3.8/dist-packages/oslo_concurrency/lockutils.py:282}}
Oct 28 15:56:01.461756 dv-cinder-780759-4-iscsi devstack@n-api.service[115814]: INFO nova.api.openstack.requestlog [None req-2f7f9f31-4921-4cf7-82bb-1f727cfa90fc None None] 10.222.0.74 "POST /compute/v2.1/os-server-external-events" status: 200 len: 179 microversion: 2.1 time: 0.569005
Oct 28 15:56:01.464097 dv-cinder-780759-4-iscsi devstack@n-api.service[115814]: [pid: 115814|app: 0|req: 9/25] 10.222.0.74 () {64 vars in 1317 bytes} [Thu Oct 28 15:56:00 2021] POST /compute/v2.1/os-server-external-events => generated 179 bytes in 572 msecs (HTTP/1.1 200) 9 headers in 357 bytes (1 switches on core 0)
Oct 28 15:56:01.576249 dv-cinder-780759-4-iscsi devstack@n-api.service[115813]: DEBUG nova.api.openstack.wsgi [None req-709216b8-3f7c-493a-958a-8d1672807bb7 tempest-AttachVolumeNegativeTest-983153139 tempest-AttachVolumeNegativeTest-983153139-project] Calling method '>' {{(pid=115813) _process_stack /opt/stack/nova/nova/api/openstack/wsgi.py:513}}
Oct 28 15:56:01.577249 dv-cinder-780759-4-iscsi devstack@n-api.service[115813]: DEBUG nova.compute.api [None req-709216b8-3f7c-493a-958a-8d1672807bb7 tempest-AttachVolumeNegativeTest-983153139 tempest-AttachVolumeNegativeTest-983153139-project] [instance: 07b8e1b9-ec0a-48f3-b3fb-b152fda2741a] Fetching instance by UUID {{(pid=115813) get /opt/stack/nova/nova/compute/api.py:2863}}
