Aug 26 15:23:03.567594 dv-cinder-779576-7-iscsi devstack@c-api.service[100724]: warnings.warn(
Aug 26 15:23:03.568067 dv-cinder-779576-7-iscsi devstack@c-api.service[100724]: DEBUG cinder.api.openstack.wsgi [None req-a5729eeb-216b-42a7-bf33-39becc6f29e8 tempest-DeleteServersTestJSON-1730502919 tempest-DeleteServersTestJSON-1730502919-project] Calling method 'all' {{(pid=100724) _process_stack /opt/stack/cinder/cinder/api/openstack/wsgi.py:856}}
Aug 26 15:23:03.569033 dv-cinder-779576-7-iscsi devstack@c-api.service[100724]: INFO cinder.api.openstack.wsgi [None req-a5729eeb-216b-42a7-bf33-39becc6f29e8 tempest-DeleteServersTestJSON-1730502919 tempest-DeleteServersTestJSON-1730502919-project] http://10.222.0.20/volume// returned with HTTP 300
Aug 26 15:23:03.569594 dv-cinder-779576-7-iscsi devstack@c-api.service[100724]: [pid: 100724|app: 0|req: 198/419] 10.222.0.47 () {56 vars in 1099 bytes} [Thu Aug 26 15:23:03 2021] GET /volume/ => generated 386 bytes in 3 msecs (HTTP/1.1 300) 5 headers in 169 bytes (1 switches on core 0)
Aug 26 15:23:03.585538 dv-cinder-779576-7-iscsi devstack@c-api.service[100723]: INFO cinder.volume.api [None req-65aea2d4-1484-41a3-a425-c7c9d4066d48 tempest-VolumeSnapshotQuotasNegativeTestJSON-1452026919 tempest-VolumeSnapshotQuotasNegativeTestJSON-1452026919-project] Volume info retrieved successfully.
Aug 26 15:23:03.603075 dv-cinder-779576-7-iscsi devstack@c-api.service[100723]: INFO cinder.api.openstack.wsgi [None req-65aea2d4-1484-41a3-a425-c7c9d4066d48 tempest-VolumeSnapshotQuotasNegativeTestJSON-1452026919 tempest-VolumeSnapshotQuotasNegativeTestJSON-1452026919-project] http://10.222.0.20/volume/v3/b6630e56f310497ba987ca6fc275d75a/volumes/4bd3284a-1b3a-4328-b3af-1a3e0ae4ae59 returned with HTTP 200
Aug 26 15:23:03.604869 dv-cinder-779576-7-iscsi devstack@c-api.service[100723]: [pid: 100723|app: 0|req: 222/420] 10.222.0.20 () {58 vars in 1325 bytes} [Thu Aug 26 15:23:03 2021] GET /volume/v3/b6630e56f310497ba987ca6fc275d75a/volumes/4bd3284a-1b3a-4328-b3af-1a3e0ae4ae59 => generated 928 bytes in 66 msecs (HTTP/1.1 200) 7 headers in 285 bytes (1 switches on core 0)
Aug 26 15:23:03.634723 dv-cinder-779576-7-iscsi devstack@c-api.service[100724]: INFO cinder.api.openstack.wsgi [None req-0e7237a9-2bfc-4b43-897a-0bd58a74ae71 tempest-GroupSnapshotsTest-1805401842 tempest-GroupSnapshotsTest-1805401842-project] GET http://10.222.0.20/volume/v3/b280c72f826147f7b898700825588df5/group_snapshots/98292d9f-9ef7-4d15-aaee-f479b13a35bc
Aug 26 15:23:03.635379 dv-cinder-779576-7-iscsi devstack@c-api.service[100724]: DEBUG cinder.api.openstack.wsgi [None req-0e7237a9-2bfc-4b43-897a-0bd58a74ae71 tempest-GroupSnapshotsTest-1805401842 tempest-GroupSnapshotsTest-1805401842-project] Empty body provided in request {{(pid=100724) get_body /opt/stack/cinder/cinder/api/openstack/wsgi.py:703}}
Aug 26 15:23:03.635788 dv-cinder-779576-7-iscsi devstack@c-api.service[100724]: DEBUG cinder.api.openstack.wsgi [None req-0e7237a9-2bfc-4b43-897a-0bd58a74ae71 tempest-GroupSnapshotsTest-1805401842 tempest-GroupSnapshotsTest-1805401842-project] Calling method 'version_select' {{(pid=100724) _process_stack /opt/stack/cinder/cinder/api/openstack/wsgi.py:856}}
Aug 26 15:23:03.636171 dv-cinder-779576-7-iscsi devstack@c-api.service[100724]: DEBUG cinder.api.v3.group_snapshots [None req-0e7237a9-2bfc-4b43-897a-0bd58a74ae71 tempest-GroupSnapshotsTest-1805401842 tempest-GroupSnapshotsTest-1805401842-project] show called for member 98292d9f-9ef7-4d15-aaee-f479b13a35bc {{(pid=100724) show /opt/stack/cinder/cinder/api/v3/group_snapshots.py:58}}
Aug 26 15:23:03.639810 dv-cinder-779576-7-iscsi devstack@c-api.service[100723]: INFO cinder.api.openstack.wsgi [req-12d1c8c6-0c63-4ead-ba4b-8f813010db6b req-070ee0c9-3caa-4603-af93-e2e5a9d14a7d tempest-DeleteServersTestJSON-1730502919 tempest-DeleteServersTestJSON-1730502919-project] GET http://10.222.0.20/volume/v3/ee4e5400142e4c7fbe137913ded5ccba/volumes/dd3fc5bf-094c-4948-b111-12a762fe16f5
Aug 26 15:23:03.640556 dv-cinder-779576-7-iscsi devstack@c-api.service[100723]: DEBUG cinder.api.openstack.wsgi [req-12d1c8c6-0c63-4ead-ba4b-8f813010db6b req-070ee0c9-3caa-4603-af93-e2e5a9d14a7d tempest-DeleteServersTestJSON-1730502919 tempest-DeleteServersTestJSON-1730502919-project] Empty body provided in request {{(pid=100723) get_body /opt/stack/cinder/cinder/api/openstack/wsgi.py:703}}
Aug 26 15:23:03.640696 dv-cinder-779576-7-iscsi devstack@c-api.service[100723]: /usr/local/lib/python3.8/dist-packages/webob/acceptparse.py:1047: DeprecationWarning: The behavior of AcceptValidHeader.best_match is currently being maintained for backward compatibility, but it will be deprecated in the future, as it does not conform to the RFC.
Aug 26 15:23:03.640696 dv-cinder-779576-7-iscsi devstack@c-api.service[100723]: warnings.warn(
Aug 26 15:23:03.642171 dv-cinder-779576-7-iscsi devstack@c-api.service[100723]: DEBUG cinder.api.openstack.wsgi [req-12d1c8c6-0c63-4ead-ba4b-8f813010db6b req-070ee0c9-3caa-4603-af93-e2e5a9d14a7d tempest-DeleteServersTestJSON-1730502919 tempest-DeleteServersTestJSON-1730502919-project] Calling method 'show' {{(pid=100723) _process_stack /opt/stack/cinder/cinder/api/openstack/wsgi.py:856}}
Aug 26 15:23:03.643410 dv-cinder-779576-7-iscsi devstack@c-api.service[100724]: /usr/local/lib/python3.8/dist-packages/oslo_context/context.py:105: DeprecationWarning: Policy enforcement is depending on the value of is_admin. This key is deprecated. Please update your policy file to use the standard policy values.
Aug 26 15:23:03.643410 dv-cinder-779576-7-iscsi devstack@c-api.service[100724]: warnings.warn('Policy enforcement is depending on the value of '
Aug 26 15:23:03.650477 dv-cinder-779576-7-iscsi devstack@c-api.service[100724]: INFO cinder.api.openstack.wsgi [None req-0e7237a9-2bfc-4b43-897a-0bd58a74ae71 tempest-GroupSnapshotsTest-1805401842 tempest-GroupSnapshotsTest-1805401842-project] http://10.222.0.20/volume/v3/b280c72f826147f7b898700825588df5/group_snapshots/98292d9f-9ef7-4d15-aaee-f479b13a35bc returned with HTTP 200
Aug 26 15:23:03.652351 dv-cinder-779576-7-iscsi devstack@c-api.service[100724]: [pid: 100724|app: 0|req: 199/421] 10.222.0.20 () {60 vars in 1390 bytes} [Thu Aug 26 15:23:03 2021] GET /volume/v3/b280c72f826147f7b898700825588df5/group_snapshots/98292d9f-9ef7-4d15-aaee-f479b13a35bc => generated 326 bytes in 21 msecs (HTTP/1.1 200) 7 headers in 286 bytes (1 switches on core 0)
Aug 26 15:23:03.670570 dv-cinder-779576-7-iscsi devstack@c-api.service[100723]: /usr/local/lib/python3.8/dist-packages/oslo_context/context.py:105: DeprecationWarning: Policy enforcement is depending on the value of is_admin. This key is deprecated. Please update your policy file to use the standard policy values.
Aug 26 15:23:03.670570 dv-cinder-779576-7-iscsi devstack@c-api.service[100723]: warnings.warn('Policy enforcement is depending on the value of '
Aug 26 15:23:03.673422 dv-cinder-779576-7-iscsi devstack@c-api.service[100724]: INFO cinder.api.openstack.wsgi [None req-0ef4f543-982d-41e0-b50d-0a6ec641866f tempest-GroupSnapshotsTest-1805401842 tempest-GroupSnapshotsTest-1805401842-project] GET http://10.222.0.20/volume/v3/b280c72f826147f7b898700825588df5/snapshots/detail
Aug 26 15:23:03.674522 dv-cinder-779576-7-iscsi devstack@c-api.service[100724]: DEBUG cinder.api.openstack.wsgi [None req-0ef4f543-982d-41e0-b50d-0a6ec641866f tempest-GroupSnapshotsTest-1805401842 tempest-GroupSnapshotsTest-1805401842-project] Empty body provided in request {{(pid=100724) get_body /opt/stack/cinder/cinder/api/openstack/wsgi.py:703}}
Aug 26 15:23:03.674883 dv-cinder-779576-7-iscsi devstack@c-api.service[100724]: /usr/local/lib/python3.8/dist-packages/webob/acceptparse.py:1047: DeprecationWarning: The behavior of AcceptValidHeader.best_match is currently being maintained for backward compatibility, but it will be deprecated in the future, as it does not conform to the RFC.
Aug 26 15:23:03.674883 dv-cinder-779576-7-iscsi devstack@c-api.service[100724]: warnings.warn(
Aug 26 15:23:03.675861 dv-cinder-779576-7-iscsi devstack@c-api.service[100724]: DEBUG cinder.api.openstack.wsgi [None req-0ef4f543-982d-41e0-b50d-0a6ec641866f tempest-GroupSnapshotsTest-1805401842 tempest-GroupSnapshotsTest-1805401842-project] Calling method 'detail' {{(pid=100724) _process_stack /opt/stack/cinder/cinder/api/openstack/wsgi.py:856}}
Aug 26 15:23:03.676638 dv-cinder-779576-7-iscsi devstack@c-api.service[100724]: DEBUG cinder.api.api_utils [None req-0ef4f543-982d-41e0-b50d-0a6ec641866f tempest-GroupSnapshotsTest-1805401842 tempest-GroupSnapshotsTest-1805401842-project] Removing options '' from query. {{(pid=100724) remove_invalid_filter_options /opt/stack/cinder/cinder/api/api_utils.py:73}}
Aug 26 15:23:03.679664 dv-cinder-779576-7-iscsi devstack@c-api.service[100724]: DEBUG cinder.db.sqlalchemy.api [None req-0ef4f543-982d-41e0-b50d-0a6ec641866f tempest-GroupSnapshotsTest-1805401842 tempest-GroupSnapshotsTest-1805401842-project] Building query based on filter {{(pid=100724) _process_snaps_filters /opt/stack/cinder/cinder/db/sqlalchemy/api.py:3138}}
Aug 26 15:23:03.689776 dv-cinder-779576-7-iscsi devstack@c-api.service[100723]: INFO cinder.volume.api [req-12d1c8c6-0c63-4ead-ba4b-8f813010db6b req-070ee0c9-3caa-4603-af93-e2e5a9d14a7d tempest-DeleteServersTestJSON-1730502919 tempest-DeleteServersTestJSON-1730502919-project] Volume info retrieved successfully.
Aug 26 15:23:03.700386 dv-cinder-779576-7-iscsi devstack@c-api.service[100724]: INFO cinder.volume.api [None req-0ef4f543-982d-41e0-b50d-0a6ec641866f tempest-GroupSnapshotsTest-1805401842 tempest-GroupSnapshotsTest-1805401842-project] Get all snapshots completed successfully.
Aug 26 15:23:03.702393 dv-cinder-779576-7-iscsi devstack@c-api.service[100724]: /usr/local/lib/python3.8/dist-packages/oslo_context/context.py:105: DeprecationWarning: Policy enforcement is depending on the value of is_admin. This key is deprecated. Please update your policy file to use the standard policy values.
Aug 26 15:23:03.702393 dv-cinder-779576-7-iscsi devstack@c-api.service[100724]: warnings.warn('Policy enforcement is depending on the value of '
Aug 26 15:23:03.704793 dv-cinder-779576-7-iscsi devstack@c-api.service[100724]: INFO cinder.api.openstack.wsgi [None req-0ef4f543-982d-41e0-b50d-0a6ec641866f tempest-GroupSnapshotsTest-1805401842 tempest-GroupSnapshotsTest-1805401842-project] http://10.222.0.20/volume/v3/b280c72f826147f7b898700825588df5/snapshots/detail returned with HTTP 200
Aug 26 15:23:03.706931 dv-cinder-779576-7-iscsi devstack@c-api.service[100724]: [pid: 100724|app: 0|req: 200/422] 10.222.0.20 () {58 vars in 1241 bytes} [Thu Aug 26 15:23:03 2021] GET /volume/v3/b280c72f826147f7b898700825588df5/snapshots/detail => generated 929 bytes in 46 msecs (HTTP/1.1 200) 7 headers in 285 bytes (1 switches on core 0)
Aug 26 15:23:03.708434 dv-cinder-779576-7-iscsi devstack@c-api.service[100723]: INFO cinder.api.openstack.wsgi [req-12d1c8c6-0c63-4ead-ba4b-8f813010db6b req-070ee0c9-3caa-4603-af93-e2e5a9d14a7d tempest-DeleteServersTestJSON-1730502919 tempest-DeleteServersTestJSON-1730502919-project] http://10.222.0.20/volume/v3/ee4e5400142e4c7fbe137913ded5ccba/volumes/dd3fc5bf-094c-4948-b111-12a762fe16f5 returned with HTTP 200
Aug 26 15:23:03.709412 dv-cinder-779576-7-iscsi devstack@c-api.service[100723]: [pid: 100723|app: 0|req: 223/423] 10.222.0.47 () {60 vars in 1413 bytes} [Thu Aug 26 15:23:03 2021] GET /volume/v3/ee4e5400142e4c7fbe137913ded5ccba/volumes/dd3fc5bf-094c-4948-b111-12a762fe16f5 => generated 1011 bytes in 74 msecs (HTTP/1.1 200) 7 headers in 287 bytes (2 switches on core 0)
Aug 26 15:23:03.724345 dv-cinder-779576-7-iscsi devstack@c-api.service[100724]: INFO cinder.api.openstack.wsgi [None req-a92e947f-fbb7-42ee-9ec7-554e9734eb18 tempest-GroupSnapshotsTest-1805401842 tempest-GroupSnapshotsTest-1805401842-project] GET http://10.222.0.20/volume/v3/b280c72f826147f7b898700825588df5/snapshots/a36c3ba8-6b38-4ac1-b73a-6a3e2b1c1f96
Aug 26 15:23:03.725013 dv-cinder-779576-7-iscsi devstack@c-api.service[100724]: DEBUG cinder.api.openstack.wsgi [None req-a92e947f-fbb7-42ee-9ec7-554e9734eb18 tempest-GroupSnapshotsTest-1805401842 tempest-GroupSnapshotsTest-1805401842-project] Empty body provided in request {{(pid=100724) get_body /opt/stack/cinder/cinder/api/openstack/wsgi.py:703}}
Aug 26 15:23:03.725278 dv-cinder-779576-7-iscsi devstack@c-api.service[100724]: /usr/local/lib/python3.8/dist-packages/webob/acceptparse.py:1047: DeprecationWarning: The behavior of AcceptValidHeader.best_match is currently being maintained for backward compatibility, but it will be deprecated in the future, as it does not conform to the RFC.
Aug 26 15:23:03.725278 dv-cinder-779576-7-iscsi devstack@c-api.service[100724]: warnings.warn(
Aug 26 15:23:03.726168 dv-cinder-779576-7-iscsi devstack@c-api.service[100724]: DEBUG cinder.api.openstack.wsgi [None req-a92e947f-fbb7-42ee-9ec7-554e9734eb18 tempest-GroupSnapshotsTest-1805401842 tempest-GroupSnapshotsTest-1805401842-project] Calling method 'show' {{(pid=100724) _process_stack /opt/stack/cinder/cinder/api/openstack/wsgi.py:856}}
Aug 26 15:23:03.739139 dv-cinder-779576-7-iscsi devstack@c-api.service[100724]: /usr/local/lib/python3.8/dist-packages/oslo_context/context.py:105: DeprecationWarning: Policy enforcement is depending on the value of is_admin. This key is deprecated. Please update your policy file to use the standard policy values.
Aug 26 15:23:03.739139 dv-cinder-779576-7-iscsi devstack@c-api.service[100724]: warnings.warn('Policy enforcement is depending on the value of '
Aug 26 15:23:03.740332 dv-cinder-779576-7-iscsi devstack@c-api.service[100724]: INFO cinder.volume.api [None req-a92e947f-fbb7-42ee-9ec7-554e9734eb18 tempest-GroupSnapshotsTest-1805401842 tempest-GroupSnapshotsTest-1805401842-project] Snapshot retrieved successfully.
Aug 26 15:23:03.742813 dv-cinder-779576-7-iscsi devstack@c-api.service[100724]: INFO cinder.api.openstack.wsgi [None req-a92e947f-fbb7-42ee-9ec7-554e9734eb18 tempest-GroupSnapshotsTest-1805401842 tempest-GroupSnapshotsTest-1805401842-project] http://10.222.0.20/volume/v3/b280c72f826147f7b898700825588df5/snapshots/a36c3ba8-6b38-4ac1-b73a-6a3e2b1c1f96 returned with HTTP 200
Aug 26 15:23:03.744142 dv-cinder-779576-7-iscsi devstack@c-api.service[100724]: [pid: 100724|app: 0|req: 201/424] 10.222.0.20 () {58 vars in 1331 bytes} [Thu Aug 26 15:23:03 2021] GET /volume/v3/b280c72f826147f7b898700825588df5/snapshots/a36c3ba8-6b38-4ac1-b73a-6a3e2b1c1f96 => generated 469 bytes in 25 msecs (HTTP/1.1 200) 7 headers in 285 bytes (1 switches on core 0)
Aug 26 15:23:03.756971 dv-cinder-779576-7-iscsi devstack@c-api.service[100723]: INFO cinder.api.openstack.wsgi [None req-f8cccfc8-fe0a-4c93-8b68-339964ee2091 tempest-GroupSnapshotsTest-1805401842 tempest-GroupSnapshotsTest-1805401842-project] GET http://10.222.0.20/volume/v3/b280c72f826147f7b898700825588df5/snapshots/3d1c3305-6e60-456b-b0ce-93c8770b6a57
Aug 26 15:23:03.757451 dv-cinder-779576-7-iscsi devstack@c-api.service[100723]: DEBUG cinder.api.openstack.wsgi [None req-f8cccfc8-fe0a-4c93-8b68-339964ee2091 tempest-GroupSnapshotsTest-1805401842 tempest-GroupSnapshotsTest-1805401842-project] Empty body provided in request {{(pid=100723) get_body /opt/stack/cinder/cinder/api/openstack/wsgi.py:703}}
Aug 26 15:23:03.757629 dv-cinder-779576-7-iscsi devstack@c-api.service[100723]: /usr/local/lib/python3.8/dist-packages/webob/acceptparse.py:1047: DeprecationWarning: The behavior of AcceptValidHeader.best_match is currently being maintained for backward compatibility, but it will be deprecated in the future, as it does not conform to the RFC.
Aug 26 15:23:03.757629 dv-cinder-779576-7-iscsi devstack@c-api.service[100723]: warnings.warn(
Aug 26 15:23:03.758049 dv-cinder-779576-7-iscsi devstack@c-api.service[100723]: DEBUG cinder.api.openstack.wsgi [None req-f8cccfc8-fe0a-4c93-8b68-339964ee2091 tempest-GroupSnapshotsTest-1805401842 tempest-GroupSnapshotsTest-1805401842-project] Calling method 'show' {{(pid=100723) _process_stack /opt/stack/cinder/cinder/api/openstack/wsgi.py:856}}
Aug 26 15:23:03.769675 dv-cinder-779576-7-iscsi devstack@c-api.service[100723]: /usr/local/lib/python3.8/dist-packages/oslo_context/context.py:105: DeprecationWarning: Policy enforcement is depending on the value of is_admin. This key is deprecated. Please update your policy file to use the standard policy values.
Aug 26 15:23:03.769675 dv-cinder-779576-7-iscsi devstack@c-api.service[100723]: warnings.warn('Policy enforcement is depending on the value of '
Aug 26 15:23:03.770765 dv-cinder-779576-7-iscsi devstack@c-api.service[100723]: INFO cinder.volume.api [None req-f8cccfc8-fe0a-4c93-8b68-339964ee2091 tempest-GroupSnapshotsTest-1805401842 tempest-GroupSnapshotsTest-1805401842-project] Snapshot retrieved successfully.
Aug 26 15:23:03.772721 dv-cinder-779576-7-iscsi devstack@c-api.service[100723]: INFO cinder.api.openstack.wsgi [None req-f8cccfc8-fe0a-4c93-8b68-339964ee2091 tempest-GroupSnapshotsTest-1805401842 tempest-GroupSnapshotsTest-1805401842-project] http://10.222.0.20/volume/v3/b280c72f826147f7b898700825588df5/snapshots/3d1c3305-6e60-456b-b0ce-93c8770b6a57 returned with HTTP 200
Aug 26 15:23:03.773680 dv-cinder-779576-7-iscsi devstack@c-api.service[100723]: [pid: 100723|app: 0|req: 224/425] 10.222.0.20 () {58 vars in 1331 bytes} [Thu Aug 26 15:23:03 2021] GET /volume/v3/b280c72f826147f7b898700825588df5/snapshots/3d1c3305-6e60-456b-b0ce-93c8770b6a57 => generated 469 bytes in 21 msecs (HTTP/1.1 200) 7 headers in 285 bytes (1 switches on core 0)
Aug 26 15:23:03.787815 dv-cinder-779576-7-iscsi devstack@c-api.service[100724]: INFO cinder.api.openstack.wsgi [None req-c32fe2af-2c98-4f05-af17-b0c1631f6689 tempest-GroupSnapshotsTest-1805401842 tempest-GroupSnapshotsTest-1805401842-project] DELETE http://10.222.0.20/volume/v3/b280c72f826147f7b898700825588df5/group_snapshots/98292d9f-9ef7-4d15-aaee-f479b13a35bc
Aug 26 15:23:03.788708 dv-cinder-779576-7-iscsi devstack@c-api.service[100724]: DEBUG cinder.api.openstack.wsgi [None req-c32fe2af-2c98-4f05-af17-b0c1631f6689 tempest-GroupSnapshotsTest-1805401842 tempest-GroupSnapshotsTest-1805401842-project] Empty body provided in request {{(pid=100724) get_body /opt/stack/cinder/cinder/api/openstack/wsgi.py:703}}
Aug 26 15:23:03.788990 dv-cinder-779576-7-iscsi devstack@c-api.service[100724]: /usr/local/lib/python3.8/dist-packages/webob/acceptparse.py:1047: DeprecationWarning: The behavior of AcceptValidHeader.best_match is currently being maintained for backward compatibility, but it will be deprecated in the future, as it does not conform to the RFC.
Aug 26 15:23:03.788990 dv-cinder-779576-7-iscsi devstack@c-api.service[100724]: warnings.warn(
Aug 26 15:23:03.789554 dv-cinder-779576-7-iscsi devstack@c-api.service[100724]: DEBUG cinder.api.openstack.wsgi [None req-c32fe2af-2c98-4f05-af17-b0c1631f6689 tempest-GroupSnapshotsTest-1805401842 tempest-GroupSnapshotsTest-1805401842-project] Calling method 'version_select' {{(pid=100724) _process_stack /opt/stack/cinder/cinder/api/openstack/wsgi.py:856}}
Aug 26 15:23:03.790285 dv-cinder-779576-7-iscsi devstack@c-api.service[100724]: DEBUG cinder.api.v3.group_snapshots [None req-c32fe2af-2c98-4f05-af17-b0c1631f6689 tempest-GroupSnapshotsTest-1805401842 tempest-GroupSnapshotsTest-1805401842-project] delete called for member 98292d9f-9ef7-4d15-aaee-f479b13a35bc {{(pid=100724) delete /opt/stack/cinder/cinder/api/v3/group_snapshots.py:72}}
Aug 26 15:23:03.790797 dv-cinder-779576-7-iscsi devstack@c-api.service[100724]: INFO cinder.api.v3.group_snapshots [None req-c32fe2af-2c98-4f05-af17-b0c1631f6689 tempest-GroupSnapshotsTest-1805401842 tempest-GroupSnapshotsTest-1805401842-project] Delete group_snapshot with id: 98292d9f-9ef7-4d15-aaee-f479b13a35bc
Aug 26 15:23:03.800679 dv-cinder-779576-7-iscsi devstack@c-api.service[100724]: /usr/local/lib/python3.8/dist-packages/oslo_context/context.py:105: DeprecationWarning: Policy enforcement is depending on the value of is_admin. This key is deprecated. Please update your policy file to use the standard policy values.
Aug 26 15:23:03.800679 dv-cinder-779576-7-iscsi devstack@c-api.service[100724]: warnings.warn('Policy enforcement is depending on the value of '
Aug 26 15:23:03.868561 dv-cinder-779576-7-iscsi devstack@c-api.service[100724]: INFO cinder.api.openstack.wsgi [None req-c32fe2af-2c98-4f05-af17-b0c1631f6689 tempest-GroupSnapshotsTest-1805401842 tempest-GroupSnapshotsTest-1805401842-project] http://10.222.0.20/volume/v3/b280c72f826147f7b898700825588df5/group_snapshots/98292d9f-9ef7-4d15-aaee-f479b13a35bc returned with HTTP 202
Aug 26 15:23:03.871486 dv-cinder-779576-7-iscsi devstack@c-api.service[100724]: [pid: 100724|app: 0|req: 202/426] 10.222.0.20 () {60 vars in 1393 bytes} [Thu Aug 26 15:23:03 2021] DELETE /volume/v3/b280c72f826147f7b898700825588df5/group_snapshots/98292d9f-9ef7-4d15-aaee-f479b13a35bc => generated 0 bytes in 91 msecs (HTTP/1.1 202) 6 headers in 234 bytes (1 switches on core 0)
Aug 26 15:23:03.881208 dv-cinder-779576-7-iscsi devstack@c-api.service[100723]: INFO cinder.api.openstack.wsgi [None req-c1fe7d70-c915-44ef-84e0-48d99ab0eefa tempest-GroupSnapshotsTest-1805401842 tempest-GroupSnapshotsTest-1805401842-project] GET http://10.222.0.20/volume/v3/b280c72f826147f7b898700825588df5/volumes/detail
Aug 26 15:23:03.881929 dv-cinder-779576-7-iscsi devstack@c-api.service[100723]: DEBUG cinder.api.openstack.wsgi [None req-c1fe7d70-c915-44ef-84e0-48d99ab0eefa tempest-GroupSnapshotsTest-1805401842 tempest-GroupSnapshotsTest-1805401842-project] Empty body provided in request {{(pid=100723) get_body /opt/stack/cinder/cinder/api/openstack/wsgi.py:703}}
Aug 26 15:23:03.882185 dv-cinder-779576-7-iscsi devstack@c-api.service[100723]: /usr/local/lib/python3.8/dist-packages/webob/acceptparse.py:1047: DeprecationWarning: The behavior of AcceptValidHeader.best_match is currently being maintained for backward compatibility, but it will be deprecated in the future, as it does not conform to the RFC.
Aug 26 15:23:03.882185 dv-cinder-779576-7-iscsi devstack@c-api.service[100723]: warnings.warn(
Aug 26 15:23:03.882671 dv-cinder-779576-7-iscsi devstack@c-api.service[100723]: DEBUG cinder.api.openstack.wsgi [None req-c1fe7d70-c915-44ef-84e0-48d99ab0eefa tempest-GroupSnapshotsTest-1805401842 tempest-GroupSnapshotsTest-1805401842-project] Calling method 'detail' {{(pid=100723) _process_stack /opt/stack/cinder/cinder/api/openstack/wsgi.py:856}}
Aug 26 15:23:03.883863 dv-cinder-779576-7-iscsi devstack@c-api.service[100723]: DEBUG cinder.api.api_utils [None req-c1fe7d70-c915-44ef-84e0-48d99ab0eefa tempest-GroupSnapshotsTest-1805401842 tempest-GroupSnapshotsTest-1805401842-project] Removing options '' from query. {{(pid=100723) remove_invalid_filter_options /opt/stack/cinder/cinder/api/api_utils.py:73}}
Aug 26 15:23:03.886122 dv-cinder-779576-7-iscsi devstack@c-api.service[100723]: DEBUG cinder.volume.api [None req-c1fe7d70-c915-44ef-84e0-48d99ab0eefa tempest-GroupSnapshotsTest-1805401842 tempest-GroupSnapshotsTest-1805401842-project] Searching by: MultiDict([('no_migration_targets', True)]). {{(pid=100723) get_all /opt/stack/cinder/cinder/volume/api.py:619}}
Aug 26 15:23:03.895641 dv-cinder-779576-7-iscsi devstack@c-api.service[100724]: INFO cinder.api.openstack.wsgi [None req-68301dbd-4f4e-409a-94b2-732ae3be1e05 tempest-VolumesListAdminTestJSON-1238685394 tempest-VolumesListAdminTestJSON-1238685394-project] GET http://10.222.0.20/volume/v3/5b405143c5d048dfb23dfc8934159aab/volumes/38b13c38-87e6-4a7f-aa65-858a48cf403e
Aug 26 15:23:03.896483 dv-cinder-779576-7-iscsi devstack@c-api.service[100724]: DEBUG cinder.api.openstack.wsgi [None req-68301dbd-4f4e-409a-94b2-732ae3be1e05 tempest-VolumesListAdminTestJSON-1238685394 tempest-VolumesListAdminTestJSON-1238685394-project] Empty body provided in request {{(pid=100724) get_body /opt/stack/cinder/cinder/api/openstack/wsgi.py:703}}
Aug 26 15:23:03.896734 dv-cinder-779576-7-iscsi devstack@c-api.service[100724]: /usr/local/lib/python3.8/dist-packages/webob/acceptparse.py:1047: DeprecationWarning: The behavior of AcceptValidHeader.best_match is currently being maintained for backward compatibility, but it will be deprecated in the future, as it does not conform to the RFC.
Aug 26 15:23:03.896734 dv-cinder-779576-7-iscsi devstack@c-api.service[100724]: warnings.warn(
Aug 26 15:23:03.897215 dv-cinder-779576-7-iscsi devstack@c-api.service[100724]: DEBUG cinder.api.openstack.wsgi [None req-68301dbd-4f4e-409a-94b2-732ae3be1e05 tempest-VolumesListAdminTestJSON-1238685394 tempest-VolumesListAdminTestJSON-1238685394-project] Calling method 'show' {{(pid=100724) _process_stack /opt/stack/cinder/cinder/api/openstack/wsgi.py:856}}
Aug 26 15:23:03.922986 dv-cinder-779576-7-iscsi devstack@c-api.service[100724]: /usr/local/lib/python3.8/dist-packages/oslo_context/context.py:105: DeprecationWarning: Policy enforcement is depending on the value of is_admin. This key is deprecated. Please update your policy file to use the standard policy values.
Aug 26 15:23:03.922986 dv-cinder-779576-7-iscsi devstack@c-api.service[100724]: warnings.warn('Policy enforcement is depending on the value of '
Aug 26 15:23:03.935240 dv-cinder-779576-7-iscsi devstack@c-api.service[100724]: INFO cinder.volume.api [None req-68301dbd-4f4e-409a-94b2-732ae3be1e05 tempest-VolumesListAdminTestJSON-1238685394 tempest-VolumesListAdminTestJSON-1238685394-project] Volume info retrieved successfully.
Aug 26 15:23:03.938766 dv-cinder-779576-7-iscsi devstack@c-api.service[100723]: INFO cinder.volume.api [None req-c1fe7d70-c915-44ef-84e0-48d99ab0eefa tempest-GroupSnapshotsTest-1805401842 tempest-GroupSnapshotsTest-1805401842-project] Get all volumes completed successfully.
Aug 26 15:23:03.940486 dv-cinder-779576-7-iscsi devstack@c-api.service[100723]: WARNING stevedore.named [None req-c1fe7d70-c915-44ef-84e0-48d99ab0eefa tempest-GroupSnapshotsTest-1805401842 tempest-GroupSnapshotsTest-1805401842-project] Could not load cinder.keymgr.conf_key_mgr.ConfKeyManager
Aug 26 15:23:03.940879 dv-cinder-779576-7-iscsi devstack@c-api.service[100723]: WARNING castellan.key_manager [None req-c1fe7d70-c915-44ef-84e0-48d99ab0eefa tempest-GroupSnapshotsTest-1805401842 tempest-GroupSnapshotsTest-1805401842-project] Deprecation Warning : cinder.keymgr.conf_key_mgr.ConfKeyManager is not a stevedore based driver, trying to load it as a class: stevedore.exception.NoMatches: No 'castellan.drivers' driver found, looking for 'cinder.keymgr.conf_key_mgr.ConfKeyManager'
Aug 26 15:23:03.949024 dv-cinder-779576-7-iscsi devstack@c-api.service[100724]: INFO cinder.api.openstack.wsgi [None req-68301dbd-4f4e-409a-94b2-732ae3be1e05 tempest-VolumesListAdminTestJSON-1238685394 tempest-VolumesListAdminTestJSON-1238685394-project] http://10.222.0.20/volume/v3/5b405143c5d048dfb23dfc8934159aab/volumes/38b13c38-87e6-4a7f-aa65-858a48cf403e returned with HTTP 200
Aug 26 15:23:03.949527 dv-cinder-779576-7-iscsi devstack@c-api.service[100723]: DEBUG oslo_db.sqlalchemy.engines [None req-c1fe7d70-c915-44ef-84e0-48d99ab0eefa tempest-GroupSnapshotsTest-1805401842 tempest-GroupSnapshotsTest-1805401842-project] MySQL server mode set to STRICT_TRANS_TABLES,STRICT_ALL_TABLES,NO_ZERO_IN_DATE,NO_ZERO_DATE,ERROR_FOR_DIVISION_BY_ZERO,TRADITIONAL,NO_ENGINE_SUBSTITUTION {{(pid=100723) _check_effective_sql_mode /usr/local/lib/python3.8/dist-packages/oslo_db/sqlalchemy/engines.py:314}}
Aug 26 15:23:03.953933 dv-cinder-779576-7-iscsi devstack@c-api.service[100724]: [pid: 100724|app: 0|req: 203/427] 10.222.0.20 () {58 vars in 1325 bytes} [Thu Aug 26 15:23:03 2021] GET /volume/v3/5b405143c5d048dfb23dfc8934159aab/volumes/38b13c38-87e6-4a7f-aa65-858a48cf403e => generated 916 bytes in 60 msecs (HTTP/1.1 200) 7 headers in 285 bytes (2 switches on core 0)
Aug 26 15:23:03.959907 dv-cinder-779576-7-iscsi devstack@c-api.service[100723]: /usr/local/lib/python3.8/dist-packages/oslo_context/context.py:105: DeprecationWarning: Policy enforcement is depending on the value of is_admin. This key is deprecated. Please update your policy file to use the standard policy values.
Aug 26 15:23:03.959907 dv-cinder-779576-7-iscsi devstack@c-api.service[100723]: warnings.warn('Policy enforcement is depending on the value of '
Aug 26 15:23:03.969663 dv-cinder-779576-7-iscsi devstack@c-api.service[100724]: INFO cinder.api.openstack.wsgi [None req-ac2a2eef-fc67-4349-a3b9-9ab5775918bc tempest-VolumesListAdminTestJSON-1238685394 tempest-VolumesListAdminTestJSON-1238685394-project] GET http://10.222.0.20/volume/v3/5b405143c5d048dfb23dfc8934159aab/volumes/38b13c38-87e6-4a7f-aa65-858a48cf403e
Aug 26 15:23:03.970327 dv-cinder-779576-7-iscsi devstack@c-api.service[100724]: DEBUG cinder.api.openstack.wsgi [None req-ac2a2eef-fc67-4349-a3b9-9ab5775918bc tempest-VolumesListAdminTestJSON-1238685394 tempest-VolumesListAdminTestJSON-1238685394-project] Empty body provided in request {{(pid=100724) get_body /opt/stack/cinder/cinder/api/openstack/wsgi.py:703}}
Aug 26 15:23:03.970590 dv-cinder-779576-7-iscsi devstack@c-api.service[100724]: /usr/local/lib/python3.8/dist-packages/webob/acceptparse.py:1047: DeprecationWarning: The behavior of AcceptValidHeader.best_match is currently being maintained for backward compatibility, but it will be deprecated in the future, as it does not conform to the RFC.
Aug 26 15:23:03.970590 dv-cinder-779576-7-iscsi devstack@c-api.service[100724]: warnings.warn(
Aug 26 15:23:03.971113 dv-cinder-779576-7-iscsi devstack@c-api.service[100724]: DEBUG cinder.api.openstack.wsgi [None req-ac2a2eef-fc67-4349-a3b9-9ab5775918bc tempest-VolumesListAdminTestJSON-1238685394 tempest-VolumesListAdminTestJSON-1238685394-project] Calling method 'show' {{(pid=100724) _process_stack /opt/stack/cinder/cinder/api/openstack/wsgi.py:856}}
Aug 26 15:23:03.973534 dv-cinder-779576-7-iscsi devstack@c-api.service[100723]: WARNING stevedore.named [None req-c1fe7d70-c915-44ef-84e0-48d99ab0eefa tempest-GroupSnapshotsTest-1805401842 tempest-GroupSnapshotsTest-1805401842-project] Could not load cinder.keymgr.conf_key_mgr.ConfKeyManager
Aug 26 15:23:03.974302 dv-cinder-779576-7-iscsi devstack@c-api.service[100723]: WARNING castellan.key_manager [None req-c1fe7d70-c915-44ef-84e0-48d99ab0eefa tempest-GroupSnapshotsTest-1805401842 tempest-GroupSnapshotsTest-1805401842-project] Deprecation Warning : cinder.keymgr.conf_key_mgr.ConfKeyManager is not a stevedore based driver, trying to load it as a class: stevedore.exception.NoMatches: No 'castellan.drivers' driver found, looking for 'cinder.keymgr.conf_key_mgr.ConfKeyManager'
Aug 26 15:23:03.984403 dv-cinder-779576-7-iscsi devstack@c-api.service[100723]: DEBUG oslo_db.sqlalchemy.engines [None req-c1fe7d70-c915-44ef-84e0-48d99ab0eefa tempest-GroupSnapshotsTest-1805401842 tempest-GroupSnapshotsTest-1805401842-project] MySQL server mode set to STRICT_TRANS_TABLES,STRICT_ALL_TABLES,NO_ZERO_IN_DATE,NO_ZERO_DATE,ERROR_FOR_DIVISION_BY_ZERO,TRADITIONAL,NO_ENGINE_SUBSTITUTION {{(pid=100723) _check_effective_sql_mode /usr/local/lib/python3.8/dist-packages/oslo_db/sqlalchemy/engines.py:314}}
Aug 26 15:23:03.985661 dv-cinder-779576-7-iscsi devstack@c-api.service[100724]: /usr/local/lib/python3.8/dist-packages/oslo_context/context.py:105: DeprecationWarning: Policy enforcement is depending on the value of is_admin. This key is deprecated. Please update your policy file to use the standard policy values.
Aug 26 15:23:03.985661 dv-cinder-779576-7-iscsi devstack@c-api.service[100724]: warnings.warn('Policy enforcement is depending on the value of '
Aug 26 15:23:03.993435 dv-cinder-779576-7-iscsi devstack@c-api.service[100723]: /usr/local/lib/python3.8/dist-packages/oslo_context/context.py:105: DeprecationWarning: Policy enforcement is depending on the value of is_admin. This key is deprecated. Please update your policy file to use the standard policy values.
Aug 26 15:23:03.993435 dv-cinder-779576-7-iscsi devstack@c-api.service[100723]: warnings.warn('Policy enforcement is depending on the value of '
Aug 26 15:23:03.998667 dv-cinder-779576-7-iscsi devstack@c-api.service[100724]: INFO cinder.volume.api [None req-ac2a2eef-fc67-4349-a3b9-9ab5775918bc tempest-VolumesListAdminTestJSON-1238685394 tempest-VolumesListAdminTestJSON-1238685394-project] Volume info retrieved successfully.
Aug 26 15:23:04.011791 dv-cinder-779576-7-iscsi devstack@c-api.service[100723]: INFO cinder.api.openstack.wsgi [None req-c1fe7d70-c915-44ef-84e0-48d99ab0eefa tempest-GroupSnapshotsTest-1805401842 tempest-GroupSnapshotsTest-1805401842-project] http://10.222.0.20/volume/v3/b280c72f826147f7b898700825588df5/volumes/detail returned with HTTP 200
Aug 26 15:23:04.013751 dv-cinder-779576-7-iscsi devstack@c-api.service[100723]: [pid: 100723|app: 0|req: 225/428] 10.222.0.20 () {60 vars in 1276 bytes} [Thu Aug 26 15:23:03 2021] GET /volume/v3/b280c72f826147f7b898700825588df5/volumes/detail => generated 1991 bytes in 136 msecs (HTTP/1.1 200) 7 headers in 287 bytes (1 switches on core 0)
Aug 26 15:23:04.017850 dv-cinder-779576-7-iscsi devstack@c-api.service[100724]: INFO cinder.api.openstack.wsgi [None req-ac2a2eef-fc67-4349-a3b9-9ab5775918bc tempest-VolumesListAdminTestJSON-1238685394 tempest-VolumesListAdminTestJSON-1238685394-project] http://10.222.0.20/volume/v3/5b405143c5d048dfb23dfc8934159aab/volumes/38b13c38-87e6-4a7f-aa65-858a48cf403e returned with HTTP 200
Aug 26 15:23:04.019692 dv-cinder-779576-7-iscsi devstack@c-api.service[100724]: [pid: 100724|app: 0|req: 204/429] 10.222.0.20 () {58 vars in 1325 bytes} [Thu Aug 26 15:23:03 2021] GET /volume/v3/5b405143c5d048dfb23dfc8934159aab/volumes/38b13c38-87e6-4a7f-aa65-858a48cf403e => generated 916 bytes in 53 msecs (HTTP/1.1 200) 7 headers in 285 bytes (2 switches on core 0)
Aug 26 15:23:04.038609 dv-cinder-779576-7-iscsi devstack@c-api.service[100723]: INFO cinder.api.openstack.wsgi [None req-6ff22291-d7c3-4df1-ac55-738bf8828085 tempest-GroupSnapshotsTest-1805401842 tempest-GroupSnapshotsTest-1805401842-project] GET http://10.222.0.20/volume/v3/b280c72f826147f7b898700825588df5/snapshots/detail
Aug 26 15:23:04.039891 dv-cinder-779576-7-iscsi devstack@c-api.service[100723]: DEBUG cinder.api.openstack.wsgi [None req-6ff22291-d7c3-4df1-ac55-738bf8828085 tempest-GroupSnapshotsTest-1805401842 tempest-GroupSnapshotsTest-1805401842-project] Empty body provided in request {{(pid=100723) get_body /opt/stack/cinder/cinder/api/openstack/wsgi.py:703}}
Aug 26 15:23:04.040269 dv-cinder-779576-7-iscsi devstack@c-api.service[100723]: /usr/local/lib/python3.8/dist-packages/webob/acceptparse.py:1047: DeprecationWarning: The behavior of AcceptValidHeader.best_match is currently being maintained for backward compatibility, but it will be deprecated in the future, as it does not conform to the RFC.
Aug 26 15:23:04.040269 dv-cinder-779576-7-iscsi devstack@c-api.service[100723]: warnings.warn(
Aug 26 15:23:04.041124 dv-cinder-779576-7-iscsi devstack@c-api.service[100723]: DEBUG cinder.api.openstack.wsgi [None req-6ff22291-d7c3-4df1-ac55-738bf8828085 tempest-GroupSnapshotsTest-1805401842 tempest-GroupSnapshotsTest-1805401842-project] Calling method 'detail' {{(pid=100723) _process_stack /opt/stack/cinder/cinder/api/openstack/wsgi.py:856}}
Aug 26 15:23:04.042468 dv-cinder-779576-7-iscsi devstack@c-api.service[100723]: DEBUG cinder.api.api_utils [None req-6ff22291-d7c3-4df1-ac55-738bf8828085 tempest-GroupSnapshotsTest-1805401842 tempest-GroupSnapshotsTest-1805401842-project] Removing options '' from query. {{(pid=100723) remove_invalid_filter_options /opt/stack/cinder/cinder/api/api_utils.py:73}}
Aug 26 15:23:04.045315 dv-cinder-779576-7-iscsi devstack@c-api.service[100724]: INFO cinder.api.openstack.wsgi [None req-b8c9640e-e5d1-43bc-94ae-cf6f3efdecd3 tempest-VolumesListAdminTestJSON-1238685394 tempest-VolumesListAdminTestJSON-1238685394-project] POST http://10.222.0.20/volume/v3/5b405143c5d048dfb23dfc8934159aab/volumes
Aug 26 15:23:04.046098 dv-cinder-779576-7-iscsi devstack@c-api.service[100724]: /usr/local/lib/python3.8/dist-packages/webob/acceptparse.py:1047: DeprecationWarning: The behavior of AcceptValidHeader.best_match is currently being maintained for backward compatibility, but it will be deprecated in the future, as it does not conform to the RFC.
Aug 26 15:23:04.046098 dv-cinder-779576-7-iscsi devstack@c-api.service[100724]: warnings.warn(
Aug 26 15:23:04.046718 dv-cinder-779576-7-iscsi devstack@c-api.service[100724]: DEBUG cinder.api.openstack.wsgi [None req-b8c9640e-e5d1-43bc-94ae-cf6f3efdecd3 tempest-VolumesListAdminTestJSON-1238685394 tempest-VolumesListAdminTestJSON-1238685394-project] Action: 'create', calling method: create, body: {"volume": {"size": 1, "name": "tempest-VolumesListAdminTestJSON-Volume-1294683914"}} {{(pid=100724) _process_stack /opt/stack/cinder/cinder/api/openstack/wsgi.py:854}}
Aug 26 15:23:04.047895 dv-cinder-779576-7-iscsi devstack@c-api.service[100723]: DEBUG cinder.db.sqlalchemy.api [None req-6ff22291-d7c3-4df1-ac55-738bf8828085 tempest-GroupSnapshotsTest-1805401842 tempest-GroupSnapshotsTest-1805401842-project] Building query based on filter {{(pid=100723) _process_snaps_filters /opt/stack/cinder/cinder/db/sqlalchemy/api.py:3138}}
Aug 26 15:23:04.049290 dv-cinder-779576-7-iscsi devstack@c-api.service[100724]: DEBUG cinder.api.v3.volumes [None req-b8c9640e-e5d1-43bc-94ae-cf6f3efdecd3 tempest-VolumesListAdminTestJSON-1238685394 tempest-VolumesListAdminTestJSON-1238685394-project] Create volume request body: {'volume': {'size': 1, 'name': 'tempest-VolumesListAdminTestJSON-Volume-1294683914'}} {{(pid=100724) create /opt/stack/cinder/cinder/api/v3/volumes.py:290}}
Aug 26 15:23:04.049290 dv-cinder-779576-7-iscsi devstack@c-api.service[100724]: INFO cinder.api.v3.volumes [None req-b8c9640e-e5d1-43bc-94ae-cf6f3efdecd3 tempest-VolumesListAdminTestJSON-1238685394 tempest-VolumesListAdminTestJSON-1238685394-project] Create volume of 1 GB
Aug 26 15:23:04.061134 dv-cinder-779576-7-iscsi devstack@c-api.service[100724]: INFO cinder.volume.api [None req-b8c9640e-e5d1-43bc-94ae-cf6f3efdecd3 tempest-VolumesListAdminTestJSON-1238685394 tempest-VolumesListAdminTestJSON-1238685394-project] Availability Zones retrieved successfully.
Aug 26 15:23:04.084830 dv-cinder-779576-7-iscsi devstack@c-api.service[100723]: INFO cinder.volume.api [None req-6ff22291-d7c3-4df1-ac55-738bf8828085 tempest-GroupSnapshotsTest-1805401842 tempest-GroupSnapshotsTest-1805401842-project] Get all snapshots completed successfully.
Aug 26 15:23:04.086662 dv-cinder-779576-7-iscsi devstack@c-api.service[100723]: /usr/local/lib/python3.8/dist-packages/oslo_context/context.py:105: DeprecationWarning: Policy enforcement is depending on the value of is_admin. This key is deprecated. Please update your policy file to use the standard policy values.
Aug 26 15:23:04.086662 dv-cinder-779576-7-iscsi devstack@c-api.service[100723]: warnings.warn('Policy enforcement is depending on the value of '
Aug 26 15:23:04.087485 dv-cinder-779576-7-iscsi devstack@c-api.service[100724]: DEBUG cinder.volume.api [None req-b8c9640e-e5d1-43bc-94ae-cf6f3efdecd3 tempest-VolumesListAdminTestJSON-1238685394 tempest-VolumesListAdminTestJSON-1238685394-project] Flow 'volume_create_api' (15df4222-af6f-47e9-863a-ebcb8ef05e87) transitioned into state 'RUNNING' from state 'PENDING' {{(pid=100724) _flow_receiver /usr/local/lib/python3.8/dist-packages/taskflow/listeners/logging.py:141}}
Aug 26 15:23:04.088964 dv-cinder-779576-7-iscsi devstack@c-api.service[100723]: INFO cinder.api.openstack.wsgi [None req-6ff22291-d7c3-4df1-ac55-738bf8828085 tempest-GroupSnapshotsTest-1805401842 tempest-GroupSnapshotsTest-1805401842-project] http://10.222.0.20/volume/v3/b280c72f826147f7b898700825588df5/snapshots/detail returned with HTTP 200
Aug 26 15:23:04.090275 dv-cinder-779576-7-iscsi devstack@c-api.service[100723]: [pid: 100723|app: 0|req: 226/430] 10.222.0.20 () {58 vars in 1241 bytes} [Thu Aug 26 15:23:04 2021] GET /volume/v3/b280c72f826147f7b898700825588df5/snapshots/detail => generated 925 bytes in 61 msecs (HTTP/1.1 200) 7 headers in 285 bytes (2 switches on core 0)
Aug 26 15:23:04.095280 dv-cinder-779576-7-iscsi devstack@c-api.service[100724]: DEBUG cinder.volume.api [None req-b8c9640e-e5d1-43bc-94ae-cf6f3efdecd3 tempest-VolumesListAdminTestJSON-1238685394 tempest-VolumesListAdminTestJSON-1238685394-project] Task 'cinder.volume.flows.api.create_volume.ExtractVolumeRequestTask;volume:create' (288e2840-50bd-43f9-86a9-748612be1dd5) transitioned into state 'RUNNING' from state 'PENDING' {{(pid=100724) _task_receiver /usr/local/lib/python3.8/dist-packages/taskflow/listeners/logging.py:190}}
Aug 26 15:23:04.097475 dv-cinder-779576-7-iscsi devstack@c-api.service[100724]: DEBUG cinder.volume.flows.api.create_volume [None req-b8c9640e-e5d1-43bc-94ae-cf6f3efdecd3 tempest-VolumesListAdminTestJSON-1238685394 tempest-VolumesListAdminTestJSON-1238685394-project] Validating volume size '1' using validate_int {{(pid=100724) _extract_size /opt/stack/cinder/cinder/volume/flows/api/create_volume.py:225}}
Aug 26 15:23:04.098498 dv-cinder-779576-7-iscsi devstack@c-api.service[100723]: INFO cinder.api.openstack.wsgi [None req-41daa3cf-0733-4ff4-a58f-8941943e607a tempest-SnapshotsActionsTest-668210565 tempest-SnapshotsActionsTest-668210565-project] GET http://10.222.0.20/volume/v3/9c2c836dc8e74961aef4bdbd32fa231d/volumes/71156394-867a-4c07-898d-d5853d38b148
Aug 26 15:23:04.099360 dv-cinder-779576-7-iscsi devstack@c-api.service[100723]: DEBUG cinder.api.openstack.wsgi [None req-41daa3cf-0733-4ff4-a58f-8941943e607a tempest-SnapshotsActionsTest-668210565 tempest-SnapshotsActionsTest-668210565-project] Empty body provided in request {{(pid=100723) get_body /opt/stack/cinder/cinder/api/openstack/wsgi.py:703}}
Aug 26 15:23:04.099631 dv-cinder-779576-7-iscsi devstack@c-api.service[100723]: /usr/local/lib/python3.8/dist-packages/webob/acceptparse.py:1047: DeprecationWarning: The behavior of AcceptValidHeader.best_match is currently being maintained for backward compatibility, but it will be deprecated in the future, as it does not conform to the RFC.
Aug 26 15:23:04.099631 dv-cinder-779576-7-iscsi devstack@c-api.service[100723]: warnings.warn(
Aug 26 15:23:04.100170 dv-cinder-779576-7-iscsi devstack@c-api.service[100723]: DEBUG cinder.api.openstack.wsgi [None req-41daa3cf-0733-4ff4-a58f-8941943e607a tempest-SnapshotsActionsTest-668210565 tempest-SnapshotsActionsTest-668210565-project] Calling method 'show' {{(pid=100723) _process_stack /opt/stack/cinder/cinder/api/openstack/wsgi.py:856}}
Aug 26 15:23:04.123584 dv-cinder-779576-7-iscsi devstack@c-api.service[100723]: INFO cinder.api.openstack.wsgi [None req-41daa3cf-0733-4ff4-a58f-8941943e607a tempest-SnapshotsActionsTest-668210565 tempest-SnapshotsActionsTest-668210565-project] http://10.222.0.20/volume/v3/9c2c836dc8e74961aef4bdbd32fa231d/volumes/71156394-867a-4c07-898d-d5853d38b148 returned with HTTP 404
Aug 26 15:23:04.130141 dv-cinder-779576-7-iscsi devstack@c-api.service[100723]: [pid: 100723|app: 0|req: 227/431] 10.222.0.20 () {58 vars in 1325 bytes} [Thu Aug 26 15:23:04 2021] GET /volume/v3/9c2c836dc8e74961aef4bdbd32fa231d/volumes/71156394-867a-4c07-898d-d5853d38b148 => generated 109 bytes in 35 msecs (HTTP/1.1 404) 7 headers in 292 bytes (1 switches on core 0)
Aug 26 15:23:04.133866 dv-cinder-779576-7-iscsi devstack@c-api.service[100723]: INFO cinder.api.openstack.wsgi [None req-d48106ac-4d66-47c9-8088-9f739803fba6 tempest-GroupSnapshotsTest-1805401842 tempest-GroupSnapshotsTest-1805401842-project] GET http://10.222.0.20/volume/v3/b280c72f826147f7b898700825588df5/snapshots/3d1c3305-6e60-456b-b0ce-93c8770b6a57
Aug 26 15:23:04.135235 dv-cinder-779576-7-iscsi devstack@c-api.service[100723]: DEBUG cinder.api.openstack.wsgi [None req-d48106ac-4d66-47c9-8088-9f739803fba6 tempest-GroupSnapshotsTest-1805401842 tempest-GroupSnapshotsTest-1805401842-project] Empty body provided in request {{(pid=100723) get_body /opt/stack/cinder/cinder/api/openstack/wsgi.py:703}}
Aug 26 15:23:04.135416 dv-cinder-779576-7-iscsi devstack@c-api.service[100723]: DEBUG cinder.api.openstack.wsgi [None req-d48106ac-4d66-47c9-8088-9f739803fba6 tempest-GroupSnapshotsTest-1805401842 tempest-GroupSnapshotsTest-1805401842-project] Calling method 'show' {{(pid=100723) _process_stack /opt/stack/cinder/cinder/api/openstack/wsgi.py:856}}
Aug 26 15:23:04.157290 dv-cinder-779576-7-iscsi devstack@c-api.service[100724]: DEBUG cinder.volume.api [None req-b8c9640e-e5d1-43bc-94ae-cf6f3efdecd3 tempest-VolumesListAdminTestJSON-1238685394 tempest-VolumesListAdminTestJSON-1238685394-project] Task 'cinder.volume.flows.api.create_volume.ExtractVolumeRequestTask;volume:create' (288e2840-50bd-43f9-86a9-748612be1dd5) transitioned into state 'SUCCESS' from state 'RUNNING' with result '{'size': 1, 'snapshot_id': None, 'source_volid': None, 'volume_type': VolumeType(created_at=2021-08-26T15:12:37Z,deleted=False,deleted_at=None,description='Default Volume Type',extra_specs={},id=3c9d6463-e0ce-4db8-a3a8-d038c0b1ade5,is_public=True,name='__DEFAULT__',projects=[],qos_specs=,qos_specs_id=None,updated_at=2021-08-26T15:12:37Z), 'volume_type_id': '3c9d6463-e0ce-4db8-a3a8-d038c0b1ade5', 'encryption_key_id': None, 'qos_specs': None, 'consistencygroup_id': None, 'cgsnapshot_id': None, 'group_id': None, 'replication_status': 'disabled', 'refresh_az': False, 'backup_id': None, 'multiattach': False, 'availability_zones': ['nova']}' {{(pid=100724) _task_receiver /usr/local/lib/python3.8/dist-packages/taskflow/listeners/logging.py:178}}
Aug 26 15:23:04.158842 dv-cinder-779576-7-iscsi devstack@c-api.service[100723]: /usr/local/lib/python3.8/dist-packages/oslo_context/context.py:105: DeprecationWarning: Policy enforcement is depending on the value of is_admin. This key is deprecated. Please update your policy file to use the standard policy values.
Aug 26 15:23:04.158842 dv-cinder-779576-7-iscsi devstack@c-api.service[100723]: warnings.warn('Policy enforcement is depending on the value of '
Aug 26 15:23:04.160984 dv-cinder-779576-7-iscsi devstack@c-api.service[100723]: INFO cinder.volume.api [None req-d48106ac-4d66-47c9-8088-9f739803fba6 tempest-GroupSnapshotsTest-1805401842 tempest-GroupSnapshotsTest-1805401842-project] Snapshot retrieved successfully.
Aug 26 15:23:04.162385 dv-cinder-779576-7-iscsi devstack@c-api.service[100724]: DEBUG cinder.volume.api [None req-b8c9640e-e5d1-43bc-94ae-cf6f3efdecd3 tempest-VolumesListAdminTestJSON-1238685394 tempest-VolumesListAdminTestJSON-1238685394-project] Task 'cinder.volume.flows.api.create_volume.QuotaReserveTask;volume:create' (0ee3cc73-8b49-4d46-bf3e-832c726159f3) transitioned into state 'RUNNING' from state 'PENDING' {{(pid=100724) _task_receiver /usr/local/lib/python3.8/dist-packages/taskflow/listeners/logging.py:190}}
Aug 26 15:23:04.166923 dv-cinder-779576-7-iscsi devstack@c-api.service[100723]: INFO cinder.api.openstack.wsgi [None req-d48106ac-4d66-47c9-8088-9f739803fba6 tempest-GroupSnapshotsTest-1805401842 tempest-GroupSnapshotsTest-1805401842-project] http://10.222.0.20/volume/v3/b280c72f826147f7b898700825588df5/snapshots/3d1c3305-6e60-456b-b0ce-93c8770b6a57 returned with HTTP 200
Aug 26 15:23:04.169966 dv-cinder-779576-7-iscsi devstack@c-api.service[100723]: [pid: 100723|app: 0|req: 228/432] 10.222.0.20 () {58 vars in 1331 bytes} [Thu Aug 26 15:23:04 2021] GET /volume/v3/b280c72f826147f7b898700825588df5/snapshots/3d1c3305-6e60-456b-b0ce-93c8770b6a57 => generated 467 bytes in 44 msecs (HTTP/1.1 200) 7 headers in 285 bytes (1 switches on core 0)
Aug 26 15:23:04.277398 dv-cinder-779576-7-iscsi devstack@c-api.service[100724]: DEBUG cinder.quota [None req-b8c9640e-e5d1-43bc-94ae-cf6f3efdecd3 tempest-VolumesListAdminTestJSON-1238685394 tempest-VolumesListAdminTestJSON-1238685394-project] Created reservations ['7881fe10-b9c2-4c7a-b864-0352c7a723f4', 'f42da630-b05c-48bf-a918-923137ce5346', 'a7417107-c232-4612-a800-bb07509d0399', '5bbaabdc-5dc6-4163-869f-b85ac222ab96'] {{(pid=100724) reserve /opt/stack/cinder/cinder/quota.py:755}}
Aug 26 15:23:04.281888 dv-cinder-779576-7-iscsi devstack@c-api.service[100724]: DEBUG cinder.volume.api [None req-b8c9640e-e5d1-43bc-94ae-cf6f3efdecd3 tempest-VolumesListAdminTestJSON-1238685394 tempest-VolumesListAdminTestJSON-1238685394-project] Task 'cinder.volume.flows.api.create_volume.QuotaReserveTask;volume:create' (0ee3cc73-8b49-4d46-bf3e-832c726159f3) transitioned into state 'SUCCESS' from state 'RUNNING' with result '{'reservations': ['7881fe10-b9c2-4c7a-b864-0352c7a723f4', 'f42da630-b05c-48bf-a918-923137ce5346', 'a7417107-c232-4612-a800-bb07509d0399', '5bbaabdc-5dc6-4163-869f-b85ac222ab96']}' {{(pid=100724) _task_receiver /usr/local/lib/python3.8/dist-packages/taskflow/listeners/logging.py:178}}
Aug 26 15:23:04.285978 dv-cinder-779576-7-iscsi devstack@c-api.service[100724]: DEBUG cinder.volume.api [None req-b8c9640e-e5d1-43bc-94ae-cf6f3efdecd3 tempest-VolumesListAdminTestJSON-1238685394 tempest-VolumesListAdminTestJSON-1238685394-project] Task 'cinder.volume.flows.api.create_volume.EntryCreateTask;volume:create' (85bd4114-c55a-4502-b737-1d5adea0f539) transitioned into state 'RUNNING' from state 'PENDING' {{(pid=100724) _task_receiver /usr/local/lib/python3.8/dist-packages/taskflow/listeners/logging.py:190}}
