Aug 18 16:03:47.909271 dv-cinder-779576-6-iscsi neutron-server[93776]: DEBUG neutron.plugins.ml2.drivers.mech_agent [req-b749e8e7-52f0-4059-b11c-dc40cb8b92cc req-30bfb2ac-6c17-4bd3-aedd-c1bf1403acd9 service neutron] Bound using segment: {'id': '7559248d-d3af-4aed-bc29-7394a75177d0', 'network_type': 'vlan', 'physical_network': 'physnet1', 'segmentation_id': 889, 'network_id': '1c2d5c24-4753-44c0-8eb4-47484ae62694'} {{(pid=93776) bind_port /opt/stack/neutron/neutron/plugins/ml2/drivers/mech_agent.py:114}}
Aug 18 16:03:47.909397 dv-cinder-779576-6-iscsi neutron-server[93776]: DEBUG neutron.plugins.ml2.managers [req-b749e8e7-52f0-4059-b11c-dc40cb8b92cc req-30bfb2ac-6c17-4bd3-aedd-c1bf1403acd9 service neutron] Bound port: e9c2e159-64f2-4c36-986b-38506eb3c4ae, host: hv-cinder-77957, vif_type: hyperv, vif_details: {"connectivity": "legacy", "port_filter": false}, binding_levels: [{'bound_driver': 'hyperv', 'bound_segment': {'id': '7559248d-d3af-4aed-bc29-7394a75177d0', 'network_type': 'vlan', 'physical_network': 'physnet1', 'segmentation_id': 889, 'network_id': '1c2d5c24-4753-44c0-8eb4-47484ae62694'}}] {{(pid=93776) _bind_port_level /opt/stack/neutron/neutron/plugins/ml2/managers.py:928}}
Aug 18 16:03:47.909786 dv-cinder-779576-6-iscsi neutron-server[93776]: DEBUG neutron_lib.callbacks.manager [req-b749e8e7-52f0-4059-b11c-dc40cb8b92cc req-30bfb2ac-6c17-4bd3-aedd-c1bf1403acd9 service neutron] Notify callbacks ['neutron.plugins.ml2.plugin.SecurityGroupDbMixin._ensure_default_security_group_handler-684865'] for port, before_update {{(pid=93776) _notify_loop /usr/local/lib/python3.8/dist-packages/neutron_lib/callbacks/manager.py:192}}
Aug 18 16:03:48.002590 dv-cinder-779576-6-iscsi neutron-server[93775]: DEBUG neutron_lib.callbacks.manager [req-31bf3239-191c-4ca6-a937-ac2a25cceccc req-df4a7706-97bd-4da4-8eee-8df326ef9498 tempest-ServerRescueNegativeTestJSON-1389246921 tempest-ServerRescueNegativeTestJSON-1389246921-project] Notify callbacks [] for port, precommit_create {{(pid=93775) _notify_loop /usr/local/lib/python3.8/dist-packages/neutron_lib/callbacks/manager.py:192}}
Aug 18 16:03:48.045048 dv-cinder-779576-6-iscsi neutron-server[93775]: DEBUG neutron_lib.callbacks.manager [req-31bf3239-191c-4ca6-a937-ac2a25cceccc req-df4a7706-97bd-4da4-8eee-8df326ef9498 tempest-ServerRescueNegativeTestJSON-1389246921 tempest-ServerRescueNegativeTestJSON-1389246921-project] Notify callbacks ['neutron.plugins.ml2.plugin.SecurityGroupServerNotifierRpcMixin._notify_sg_on_port_change-684800', 'neutron.plugins.ml2.ovo_rpc._ObjectChangeHandler.handle_event-32984', 'neutron.api.rpc.agentnotifiers.dhcp_rpc_agent_api.DhcpAgentNotifyAPI._native_event_send_dhcp_notification-1578970', 'neutron.db.l3_dvrscheduler_db._notify_l3_agent_new_port-8762988272981', 'neutron.services.segments.plugin.NovaSegmentNotifier._notify_port_created_or_deleted-6675218'] for port, after_create {{(pid=93775) _notify_loop /usr/local/lib/python3.8/dist-packages/neutron_lib/callbacks/manager.py:192}}
Aug 18 16:03:48.093777 dv-cinder-779576-6-iscsi neutron-server[93775]: DEBUG neutron.scheduler.dhcp_agent_scheduler [req-31bf3239-191c-4ca6-a937-ac2a25cceccc req-df4a7706-97bd-4da4-8eee-8df326ef9498 tempest-ServerRescueNegativeTestJSON-1389246921 tempest-ServerRescueNegativeTestJSON-1389246921-project] Network 1c2d5c24-4753-44c0-8eb4-47484ae62694 is already hosted by enough agents. {{(pid=93775) _get_dhcp_agents_hosting_network /opt/stack/neutron/neutron/scheduler/dhcp_agent_scheduler.py:275}}
Aug 18 16:03:48.096992 dv-cinder-779576-6-iscsi neutron-server[93775]: DEBUG neutron.scheduler.base_scheduler [req-31bf3239-191c-4ca6-a937-ac2a25cceccc req-df4a7706-97bd-4da4-8eee-8df326ef9498 tempest-ServerRescueNegativeTestJSON-1389246921 tempest-ServerRescueNegativeTestJSON-1389246921-project] Resources bound (agent type, host, resource id): {{(pid=93775) schedule /opt/stack/neutron/neutron/scheduler/base_scheduler.py:57}}
Aug 18 16:03:48.100968 dv-cinder-779576-6-iscsi neutron-server[93775]: DEBUG neutron.db.l3_dvrscheduler_db [req-31bf3239-191c-4ca6-a937-ac2a25cceccc req-df4a7706-97bd-4da4-8eee-8df326ef9498 tempest-ServerRescueNegativeTestJSON-1389246921 tempest-ServerRescueNegativeTestJSON-1389246921-project] Received port after_create {{(pid=93775) _notify_l3_agent_new_port /opt/stack/neutron/neutron/db/l3_dvrscheduler_db.py:535}}
Aug 18 16:03:48.108421 dv-cinder-779576-6-iscsi neutron-server[93775]: DEBUG neutron.api.rpc.handlers.resources_rpc [None req-df4a7706-97bd-4da4-8eee-8df326ef9498 tempest-ServerRescueNegativeTestJSON-1389246921 tempest-ServerRescueNegativeTestJSON-1389246921-project] Pushing event updated for resources: {'Port': ['ID=1c6eb96b-7757-46fe-b359-27de782b065b,revision_number=1']} {{(pid=93775) push /opt/stack/neutron/neutron/api/rpc/handlers/resources_rpc.py:237}}
Aug 18 16:03:48.162651 dv-cinder-779576-6-iscsi neutron-server[93775]: DEBUG neutron.pecan_wsgi.hooks.policy_enforcement [req-31bf3239-191c-4ca6-a937-ac2a25cceccc req-df4a7706-97bd-4da4-8eee-8df326ef9498 tempest-ServerRescueNegativeTestJSON-1389246921 tempest-ServerRescueNegativeTestJSON-1389246921-project] Attributes excluded by policy engine: ['standard_attr_id', 'binding:profile', 'binding:host_id', 'binding:vif_type', 'binding:vif_details', 'network'] {{(pid=93775) _exclude_attributes_by_policy /opt/stack/neutron/neutron/pecan_wsgi/hooks/policy_enforcement.py:255}}
Aug 18 16:03:48.163629 dv-cinder-779576-6-iscsi neutron-server[93775]: DEBUG neutron_lib.callbacks.manager [req-31bf3239-191c-4ca6-a937-ac2a25cceccc req-df4a7706-97bd-4da4-8eee-8df326ef9498 tempest-ServerRescueNegativeTestJSON-1389246921 tempest-ServerRescueNegativeTestJSON-1389246921-project] Notify callbacks ['neutron.notifiers.nova.Notifier._send_nova_notification-44747'] for port, before_response {{(pid=93775) _notify_loop /usr/local/lib/python3.8/dist-packages/neutron_lib/callbacks/manager.py:192}}
Aug 18 16:03:48.185238 dv-cinder-779576-6-iscsi neutron-server[93775]: INFO neutron.wsgi [req-31bf3239-191c-4ca6-a937-ac2a25cceccc req-df4a7706-97bd-4da4-8eee-8df326ef9498 tempest-ServerRescueNegativeTestJSON-1389246921 tempest-ServerRescueNegativeTestJSON-1389246921-project] 10.222.0.37 "POST /v2.0/ports HTTP/1.1" status: 201 len: 933 time: 0.7218883
Aug 18 16:03:48.194951 dv-cinder-779576-6-iscsi neutron-server[93775]: DEBUG neutron.api.v2.base [req-31bf3239-191c-4ca6-a937-ac2a25cceccc req-185d3353-7721-4c43-9be6-950d56fa67ba service neutron] Request body: {'port': {'device_id': 'fce5941e-6270-4e45-a019-480723143f71', 'device_owner': 'compute:nova', 'binding:host_id': 'hv-cinder-77957'}} {{(pid=93775) prepare_request_body /opt/stack/neutron/neutron/api/v2/base.py:730}}
Aug 18 16:03:48.222626 dv-cinder-779576-6-iscsi neutron-server[93776]: DEBUG neutron.plugins.ml2.db [req-b749e8e7-52f0-4059-b11c-dc40cb8b92cc req-30bfb2ac-6c17-4bd3-aedd-c1bf1403acd9 service neutron] For port e9c2e159-64f2-4c36-986b-38506eb3c4ae, host hv-cinder-77957, cleared binding levels {{(pid=93776) clear_binding_levels /opt/stack/neutron/neutron/plugins/ml2/db.py:87}}
Aug 18 16:03:48.226399 dv-cinder-779576-6-iscsi neutron-server[93776]: DEBUG neutron.plugins.ml2.db [req-b749e8e7-52f0-4059-b11c-dc40cb8b92cc req-30bfb2ac-6c17-4bd3-aedd-c1bf1403acd9 service neutron] For port e9c2e159-64f2-4c36-986b-38506eb3c4ae, host hv-cinder-77957, set binding levels [PortBindingLevel(driver='hyperv',host='hv-cinder-77957',level=0,port_id=e9c2e159-64f2-4c36-986b-38506eb3c4ae,segment=NetworkSegment(7559248d-d3af-4aed-bc29-7394a75177d0),segment_id=7559248d-d3af-4aed-bc29-7394a75177d0)] {{(pid=93776) set_binding_levels /opt/stack/neutron/neutron/plugins/ml2/db.py:59}}
Aug 18 16:03:48.234125 dv-cinder-779576-6-iscsi neutron-server[93776]: DEBUG neutron_lib.callbacks.manager [req-b749e8e7-52f0-4059-b11c-dc40cb8b92cc req-30bfb2ac-6c17-4bd3-aedd-c1bf1403acd9 service neutron] Notify callbacks ['neutron.plugins.ml2.plugin.SecurityGroupServerNotifierRpcMixin._notify_sg_on_port_change-684800', 'neutron.plugins.ml2.ovo_rpc._ObjectChangeHandler.handle_event-32984', 'neutron.api.rpc.agentnotifiers.dhcp_rpc_agent_api.DhcpAgentNotifyAPI._native_event_send_dhcp_notification-1578970', 'neutron.db.l3_db.L3RpcNotifierMixin._notify_gateway_port_ip_changed-8762988793200', 'neutron.db.l3_dvrscheduler_db._notify_l3_agent_port_update-8762988272999', 'neutron.db.l3_hascheduler_db._notify_l3_agent_ha_port_update-8762988273017', 'neutron.services.segments.plugin.NovaSegmentNotifier._notify_port_updated-6574900'] for port, after_update {{(pid=93776) _notify_loop /usr/local/lib/python3.8/dist-packages/neutron_lib/callbacks/manager.py:192}}
Aug 18 16:03:48.272234 dv-cinder-779576-6-iscsi neutron-server[93775]: DEBUG neutron_lib.callbacks.manager [req-31bf3239-191c-4ca6-a937-ac2a25cceccc req-185d3353-7721-4c43-9be6-950d56fa67ba service neutron] Notify callbacks ['neutron.plugins.ml2.plugin.SecurityGroupDbMixin._ensure_default_security_group_handler-684865'] for port, before_update {{(pid=93775) _notify_loop /usr/local/lib/python3.8/dist-packages/neutron_lib/callbacks/manager.py:192}}
Aug 18 16:03:48.290467 dv-cinder-779576-6-iscsi neutron-server[93776]: DEBUG neutron.pecan_wsgi.hooks.policy_enforcement [req-b749e8e7-52f0-4059-b11c-dc40cb8b92cc req-30bfb2ac-6c17-4bd3-aedd-c1bf1403acd9 service neutron] Attributes excluded by policy engine: ['standard_attr_id'] {{(pid=93776) _exclude_attributes_by_policy /opt/stack/neutron/neutron/pecan_wsgi/hooks/policy_enforcement.py:255}}
Aug 18 16:03:48.291882 dv-cinder-779576-6-iscsi neutron-server[93776]: DEBUG neutron_lib.callbacks.manager [req-b749e8e7-52f0-4059-b11c-dc40cb8b92cc req-30bfb2ac-6c17-4bd3-aedd-c1bf1403acd9 service neutron] Notify callbacks ['neutron.notifiers.nova.Notifier._send_nova_notification-44747', 'neutron.api.rpc.agentnotifiers.dhcp_rpc_agent_api.DhcpAgentNotifyAPI._send_dhcp_notification-1578956'] for port, before_response {{(pid=93776) _notify_loop /usr/local/lib/python3.8/dist-packages/neutron_lib/callbacks/manager.py:192}}
Aug 18 16:03:48.293862 dv-cinder-779576-6-iscsi neutron-server[93776]: INFO neutron.wsgi [req-b749e8e7-52f0-4059-b11c-dc40cb8b92cc req-30bfb2ac-6c17-4bd3-aedd-c1bf1403acd9 service neutron] 10.222.0.37 "PUT /v2.0/ports/e9c2e159-64f2-4c36-986b-38506eb3c4ae HTTP/1.1" status: 200 len: 1093 time: 0.9829419
Aug 18 16:03:48.294447 dv-cinder-779576-6-iscsi neutron-server[93776]: DEBUG neutron.notifiers.nova [-] Sending events: [{'name': 'network-changed', 'server_uuid': 'aa430759-0f8d-4502-90e9-cd7008bf5c0d', 'tag': 'e9c2e159-64f2-4c36-986b-38506eb3c4ae'}] {{(pid=93776) send_events /opt/stack/neutron/neutron/notifiers/nova.py:262}}
Aug 18 16:03:48.297714 dv-cinder-779576-6-iscsi neutron-server[93776]: DEBUG novaclient.v2.client [-] REQ: curl -g -i --cacert "/opt/stack/data/ca-bundle.pem" -X POST http://10.222.0.38/compute/v2.1/os-server-external-events -H "Accept: application/json" -H "Content-Type: application/json" -H "User-Agent: python-novaclient" -H "X-Auth-Token: {SHA256}fc6b3a2ba49ce3e8def81357aeffc1f2b36a14a6f922d9b4fc3a09cfbdbb8572" -H "X-OpenStack-Nova-API-Version: 2.1" -H "X-OpenStack-Request-ID: req-6e807607-e569-419d-8ed9-8b8894c6f964" -d '{"events": [{"name": "network-changed", "server_uuid": "aa430759-0f8d-4502-90e9-cd7008bf5c0d", "tag": "e9c2e159-64f2-4c36-986b-38506eb3c4ae"}]}' {{(pid=93776) _http_log_request /usr/local/lib/python3.8/dist-packages/keystoneauth1/session.py:519}}
Aug 18 16:03:48.329220 dv-cinder-779576-6-iscsi neutron-server[93776]: DEBUG neutron.api.rpc.handlers.resources_rpc [None req-30bfb2ac-6c17-4bd3-aedd-c1bf1403acd9 service neutron] Pushing event updated for resources: {'Port': ['ID=e9c2e159-64f2-4c36-986b-38506eb3c4ae,revision_number=3']} {{(pid=93776) push /opt/stack/neutron/neutron/api/rpc/handlers/resources_rpc.py:237}}
Aug 18 16:03:48.358989 dv-cinder-779576-6-iscsi neutron-server[93776]: DEBUG novaclient.v2.client [-] RESP: [200] Connection: close Content-Length: 179 Content-Type: application/json Date: Wed, 18 Aug 2021 16:03:48 GMT OpenStack-API-Version: compute 2.1 Server: Apache/2.4.41 (Ubuntu) Vary: OpenStack-API-Version,X-OpenStack-Nova-API-Version X-OpenStack-Nova-API-Version: 2.1 x-compute-request-id: req-2ba425b6-ca11-4662-998b-2c7b280dc32d x-openstack-request-id: req-2ba425b6-ca11-4662-998b-2c7b280dc32d {{(pid=93776) _http_log_response /usr/local/lib/python3.8/dist-packages/keystoneauth1/session.py:550}}
Aug 18 16:03:48.359401 dv-cinder-779576-6-iscsi neutron-server[93776]: DEBUG novaclient.v2.client [-] RESP BODY: {"events": [{"name": "network-changed", "server_uuid": "aa430759-0f8d-4502-90e9-cd7008bf5c0d", "tag": "e9c2e159-64f2-4c36-986b-38506eb3c4ae", "status": "completed", "code": 200}]} {{(pid=93776) _http_log_response /usr/local/lib/python3.8/dist-packages/keystoneauth1/session.py:582}}
Aug 18 16:03:48.359771 dv-cinder-779576-6-iscsi neutron-server[93776]: DEBUG novaclient.v2.client [-] POST call to compute for http://10.222.0.38/compute/v2.1/os-server-external-events used request id req-2ba425b6-ca11-4662-998b-2c7b280dc32d {{(pid=93776) request /usr/local/lib/python3.8/dist-packages/keystoneauth1/session.py:954}}
Aug 18 16:03:48.360321 dv-cinder-779576-6-iscsi neutron-server[93776]: INFO neutron.notifiers.nova [-] Nova event response: {'name': 'network-changed', 'server_uuid': 'aa430759-0f8d-4502-90e9-cd7008bf5c0d', 'tag': 'e9c2e159-64f2-4c36-986b-38506eb3c4ae', 'status': 'completed', 'code': 200}
Aug 18 16:03:48.394468 dv-cinder-779576-6-iscsi neutron-server[93776]: DEBUG neutron.pecan_wsgi.hooks.policy_enforcement [req-b749e8e7-52f0-4059-b11c-dc40cb8b92cc req-50b0d3f0-d2d2-47eb-91af-93505d325bb4 service neutron] Attributes excluded by policy engine: ['standard_attr_id'] {{(pid=93776) _exclude_attributes_by_policy /opt/stack/neutron/neutron/pecan_wsgi/hooks/policy_enforcement.py:255}}
Aug 18 16:03:48.396072 dv-cinder-779576-6-iscsi neutron-server[93776]: INFO neutron.wsgi [req-b749e8e7-52f0-4059-b11c-dc40cb8b92cc req-50b0d3f0-d2d2-47eb-91af-93505d325bb4 service neutron] 10.222.0.37 "GET /v2.0/ports?tenant_id=40180e07d7424db483afaf1b0fce98d3&device_id=aa430759-0f8d-4502-90e9-cd7008bf5c0d HTTP/1.1" status: 200 len: 1096 time: 0.0543101
Aug 18 16:03:48.459613 dv-cinder-779576-6-iscsi neutron-server[93776]: INFO neutron.wsgi [req-b749e8e7-52f0-4059-b11c-dc40cb8b92cc req-8d85e8af-3ef9-4cb1-afcf-fdb436c435c7 service neutron] 10.222.0.37 "GET /v2.0/floatingips?fixed_ip_address=172.20.0.8&port_id=e9c2e159-64f2-4c36-986b-38506eb3c4ae HTTP/1.1" status: 200 len: 217 time: 0.0459194
Aug 18 16:03:48.500758 dv-cinder-779576-6-iscsi neutron-server[93775]: DEBUG neutron.pecan_wsgi.hooks.policy_enforcement [req-2ef96af8-966f-40a7-8168-5ff02b621470 req-b6e32d4f-5106-4c8d-84fe-5dd300caa313 tempest-ServerRescueNegativeTestJSON-1389246921 tempest-ServerRescueNegativeTestJSON-1389246921-project] Attributes excluded by policy engine: ['standard_attr_id', 'binding:profile', 'binding:host_id', 'binding:vif_type', 'binding:vif_details'] {{(pid=93775) _exclude_attributes_by_policy /opt/stack/neutron/neutron/pecan_wsgi/hooks/policy_enforcement.py:255}}
Aug 18 16:03:48.502452 dv-cinder-779576-6-iscsi neutron-server[93775]: INFO neutron.wsgi [req-2ef96af8-966f-40a7-8168-5ff02b621470 req-b6e32d4f-5106-4c8d-84fe-5dd300caa313 tempest-ServerRescueNegativeTestJSON-1389246921 tempest-ServerRescueNegativeTestJSON-1389246921-project] 10.222.0.38 "GET /v2.0/ports?device_id=fce5941e-6270-4e45-a019-480723143f71 HTTP/1.1" status: 200 len: 931 time: 0.1085968
Aug 18 16:03:48.517583 dv-cinder-779576-6-iscsi neutron-server[93776]: DEBUG neutron.pecan_wsgi.hooks.policy_enforcement [req-b749e8e7-52f0-4059-b11c-dc40cb8b92cc req-1766867d-08d5-4b37-bb96-966e84566aa9 service neutron] Attributes excluded by policy engine: ['standard_attr_id', 'shared', 'segment_id'] {{(pid=93776) _exclude_attributes_by_policy /opt/stack/neutron/neutron/pecan_wsgi/hooks/policy_enforcement.py:255}}
Aug 18 16:03:48.519710 dv-cinder-779576-6-iscsi neutron-server[93776]: INFO neutron.wsgi [req-b749e8e7-52f0-4059-b11c-dc40cb8b92cc req-1766867d-08d5-4b37-bb96-966e84566aa9 service neutron] 10.222.0.37 "GET /v2.0/subnets?id=6c87f48a-950b-46ac-bfd4-b3dab79baf03 HTTP/1.1" status: 200 len: 858 time: 0.0506206
Aug 18 16:03:48.567958 dv-cinder-779576-6-iscsi neutron-server[93776]: INFO neutron.wsgi [req-b749e8e7-52f0-4059-b11c-dc40cb8b92cc req-ef166399-4b8d-4281-a44c-a8192d5b8593 service neutron] 10.222.0.37 "GET /v2.0/ports?network_id=1c2d5c24-4753-44c0-8eb4-47484ae62694&device_owner=network%3Adhcp HTTP/1.1" status: 200 len: 210 time: 0.0340309
Aug 18 16:03:48.568863 dv-cinder-779576-6-iscsi neutron-server[93775]: INFO neutron.wsgi [req-2ef96af8-966f-40a7-8168-5ff02b621470 req-8c30d1e5-7bf9-457b-aa5a-781471329abf tempest-ServerRescueNegativeTestJSON-1389246921 tempest-ServerRescueNegativeTestJSON-1389246921-project] 10.222.0.38 "GET /v2.0/security-groups?id=58fdf53a-4e35-4027-a71b-9057f428b86b&fields=id&fields=name HTTP/1.1" status: 200 len: 286 time: 0.0562575
Aug 18 16:03:48.644931 dv-cinder-779576-6-iscsi neutron-server[93775]: DEBUG neutron.notifiers.nova [req-31bf3239-191c-4ca6-a937-ac2a25cceccc req-185d3353-7721-4c43-9be6-950d56fa67ba service neutron] Ignoring state change previous_port_status: DOWN current_port_status: DOWN port_id 1c6eb96b-7757-46fe-b359-27de782b065b {{(pid=93775) record_port_status_changed /opt/stack/neutron/neutron/notifiers/nova.py:224}}
Aug 18 16:03:48.652920 dv-cinder-779576-6-iscsi neutron-server[93775]: DEBUG neutron_lib.callbacks.manager [req-31bf3239-191c-4ca6-a937-ac2a25cceccc req-185d3353-7721-4c43-9be6-950d56fa67ba service neutron] Notify callbacks [] for port, precommit_update {{(pid=93775) _notify_loop /usr/local/lib/python3.8/dist-packages/neutron_lib/callbacks/manager.py:192}}
Aug 18 16:03:48.665520 dv-cinder-779576-6-iscsi neutron-server[93775]: DEBUG neutron.db.provisioning_blocks [req-31bf3239-191c-4ca6-a937-ac2a25cceccc req-185d3353-7721-4c43-9be6-950d56fa67ba service neutron] Transition to ACTIVE for port object 1c6eb96b-7757-46fe-b359-27de782b065b will not be triggered until provisioned by entity L2. {{(pid=93775) add_provisioning_component /opt/stack/neutron/neutron/db/provisioning_blocks.py:73}}
Aug 18 16:03:48.674639 dv-cinder-779576-6-iscsi neutron-server[93775]: DEBUG neutron_lib.callbacks.manager [req-31bf3239-191c-4ca6-a937-ac2a25cceccc req-185d3353-7721-4c43-9be6-950d56fa67ba service neutron] Notify callbacks ['neutron.plugins.ml2.plugin.SecurityGroupServerNotifierRpcMixin._notify_sg_on_port_change-684800', 'neutron.plugins.ml2.ovo_rpc._ObjectChangeHandler.handle_event-32984', 'neutron.api.rpc.agentnotifiers.dhcp_rpc_agent_api.DhcpAgentNotifyAPI._native_event_send_dhcp_notification-1578970', 'neutron.db.l3_db.L3RpcNotifierMixin._notify_gateway_port_ip_changed-8762988793200', 'neutron.db.l3_dvrscheduler_db._notify_l3_agent_port_update-8762988272999', 'neutron.db.l3_hascheduler_db._notify_l3_agent_ha_port_update-8762988273017', 'neutron.services.segments.plugin.NovaSegmentNotifier._notify_port_updated-6675229'] for port, after_update {{(pid=93775) _notify_loop /usr/local/lib/python3.8/dist-packages/neutron_lib/callbacks/manager.py:192}}
Aug 18 16:03:48.677524 dv-cinder-779576-6-iscsi neutron-server[93776]: INFO neutron.wsgi [req-b749e8e7-52f0-4059-b11c-dc40cb8b92cc req-677ec3b6-8b5f-4fb8-8ca7-1887dd1b8e20 service neutron] 10.222.0.37 "GET /v2.0/networks/1c2d5c24-4753-44c0-8eb4-47484ae62694?fields=segments HTTP/1.1" status: 200 len: 212 time: 0.0964119
Aug 18 16:03:48.730267 dv-cinder-779576-6-iscsi neutron-server[93775]: DEBUG neutron.api.rpc.handlers.resources_rpc [None req-185d3353-7721-4c43-9be6-950d56fa67ba service neutron] Pushing event updated for resources: {'Port': ['ID=1c6eb96b-7757-46fe-b359-27de782b065b,revision_number=2']} {{(pid=93775) push /opt/stack/neutron/neutron/api/rpc/handlers/resources_rpc.py:237}}
Aug 18 16:03:48.792412 dv-cinder-779576-6-iscsi neutron-server[93776]: INFO neutron.wsgi [req-b749e8e7-52f0-4059-b11c-dc40cb8b92cc req-e9b40fb6-8358-404c-8d46-a3fbfb84cd4a service neutron] 10.222.0.37 "GET /v2.0/networks/1c2d5c24-4753-44c0-8eb4-47484ae62694?fields=provider%3Aphysical_network&fields=provider%3Anetwork_type HTTP/1.1" status: 200 len: 281 time: 0.1042469
Aug 18 16:03:48.821178 dv-cinder-779576-6-iscsi neutron-server[93775]: DEBUG neutron.plugins.ml2.managers [req-31bf3239-191c-4ca6-a937-ac2a25cceccc req-185d3353-7721-4c43-9be6-950d56fa67ba service neutron] Attempting to bind port 1c6eb96b-7757-46fe-b359-27de782b065b on host hv-cinder-77957 for vnic_type normal with profile {{(pid=93775) bind_port /opt/stack/neutron/neutron/plugins/ml2/managers.py:790}}
Aug 18 16:03:48.821559 dv-cinder-779576-6-iscsi neutron-server[93775]: DEBUG neutron.plugins.ml2.managers [req-31bf3239-191c-4ca6-a937-ac2a25cceccc req-185d3353-7721-4c43-9be6-950d56fa67ba service neutron] Attempting to bind port 1c6eb96b-7757-46fe-b359-27de782b065b by drivers openvswitch,hyperv on host hv-cinder-77957 at level 0 using segments [{'id': '7559248d-d3af-4aed-bc29-7394a75177d0', 'network_type': 'vlan', 'physical_network': 'physnet1', 'segmentation_id': 889, 'network_id': '1c2d5c24-4753-44c0-8eb4-47484ae62694'}] {{(pid=93775) _bind_port_level /opt/stack/neutron/neutron/plugins/ml2/managers.py:815}}
Aug 18 16:03:48.822035 dv-cinder-779576-6-iscsi neutron-server[93775]: DEBUG neutron.plugins.ml2.drivers.mech_agent [req-31bf3239-191c-4ca6-a937-ac2a25cceccc req-185d3353-7721-4c43-9be6-950d56fa67ba service neutron] Attempting to bind port 1c6eb96b-7757-46fe-b359-27de782b065b on network 1c2d5c24-4753-44c0-8eb4-47484ae62694 {{(pid=93775) bind_port /opt/stack/neutron/neutron/plugins/ml2/drivers/mech_agent.py:85}}
Aug 18 16:03:48.828742 dv-cinder-779576-6-iscsi neutron-server[93775]: DEBUG neutron.plugins.ml2.drivers.mech_agent [req-31bf3239-191c-4ca6-a937-ac2a25cceccc req-185d3353-7721-4c43-9be6-950d56fa67ba service neutron] Port 1c6eb96b-7757-46fe-b359-27de782b065b on network 1c2d5c24-4753-44c0-8eb4-47484ae62694 not bound, no agent of type Open vSwitch agent registered on host hv-cinder-77957 {{(pid=93775) bind_port /opt/stack/neutron/neutron/plugins/ml2/drivers/mech_agent.py:97}}
Aug 18 16:03:48.829103 dv-cinder-779576-6-iscsi neutron-server[93775]: DEBUG neutron.plugins.ml2.drivers.mech_agent [req-31bf3239-191c-4ca6-a937-ac2a25cceccc req-185d3353-7721-4c43-9be6-950d56fa67ba service neutron] Attempting to bind port 1c6eb96b-7757-46fe-b359-27de782b065b on network 1c2d5c24-4753-44c0-8eb4-47484ae62694 {{(pid=93775) bind_port /opt/stack/neutron/neutron/plugins/ml2/drivers/mech_agent.py:85}}
Aug 18 16:03:48.835241 dv-cinder-779576-6-iscsi neutron-server[93775]: DEBUG neutron.plugins.ml2.drivers.mech_agent [req-31bf3239-191c-4ca6-a937-ac2a25cceccc req-185d3353-7721-4c43-9be6-950d56fa67ba service neutron] Checking agent: {'id': '48d7fbf4-e878-4b0d-9cf5-d56e6ef52504', 'agent_type': 'HyperV agent', 'binary': 'neutron-hyperv-agent', 'topic': 'N/A', 'host': 'hv-cinder-77957', 'admin_state_up': True, 'created_at': datetime.datetime(2021, 8, 18, 16, 0, 29), 'started_at': datetime.datetime(2021, 8, 18, 16, 0, 29), 'heartbeat_timestamp': datetime.datetime(2021, 8, 18, 16, 3, 29), 'description': None, 'resources_synced': None, 'availability_zone': None, 'alive': True, 'configurations': {'vswitch_mappings': {'physnet1$': 'br-data'}}, 'resource_versions': {}} {{(pid=93775) bind_port /opt/stack/neutron/neutron/plugins/ml2/drivers/mech_agent.py:104}}
Aug 18 16:03:48.835562 dv-cinder-779576-6-iscsi neutron-server[93775]: DEBUG neutron.plugins.ml2.drivers.mech_agent [req-31bf3239-191c-4ca6-a937-ac2a25cceccc req-185d3353-7721-4c43-9be6-950d56fa67ba service neutron] Checking segment: {'id': '7559248d-d3af-4aed-bc29-7394a75177d0', 'network_type': 'vlan', 'physical_network': 'physnet1', 'segmentation_id': 889, 'network_id': '1c2d5c24-4753-44c0-8eb4-47484ae62694'} for mappings: {'physnet1$': 'br-data'} with network types: ['local', 'flat', 'vlan'] {{(pid=93775) check_segment_for_agent /opt/stack/neutron/neutron/plugins/ml2/drivers/mech_agent.py:352}}
Aug 18 16:03:48.835990 dv-cinder-779576-6-iscsi neutron-server[93775]: DEBUG neutron.plugins.ml2.drivers.mech_agent [req-31bf3239-191c-4ca6-a937-ac2a25cceccc req-185d3353-7721-4c43-9be6-950d56fa67ba service neutron] Bound using segment: {'id': '7559248d-d3af-4aed-bc29-7394a75177d0', 'network_type': 'vlan', 'physical_network': 'physnet1', 'segmentation_id': 889, 'network_id': '1c2d5c24-4753-44c0-8eb4-47484ae62694'} {{(pid=93775) bind_port /opt/stack/neutron/neutron/plugins/ml2/drivers/mech_agent.py:114}}
Aug 18 16:03:48.836559 dv-cinder-779576-6-iscsi neutron-server[93775]: DEBUG neutron.plugins.ml2.managers [req-31bf3239-191c-4ca6-a937-ac2a25cceccc req-185d3353-7721-4c43-9be6-950d56fa67ba service neutron] Bound port: 1c6eb96b-7757-46fe-b359-27de782b065b, host: hv-cinder-77957, vif_type: hyperv, vif_details: {"connectivity": "legacy", "port_filter": false}, binding_levels: [{'bound_driver': 'hyperv', 'bound_segment': {'id': '7559248d-d3af-4aed-bc29-7394a75177d0', 'network_type': 'vlan', 'physical_network': 'physnet1', 'segmentation_id': 889, 'network_id': '1c2d5c24-4753-44c0-8eb4-47484ae62694'}}] {{(pid=93775) _bind_port_level /opt/stack/neutron/neutron/plugins/ml2/managers.py:928}}
Aug 18 16:03:48.837403 dv-cinder-779576-6-iscsi neutron-server[93775]: DEBUG neutron_lib.callbacks.manager [req-31bf3239-191c-4ca6-a937-ac2a25cceccc req-185d3353-7721-4c43-9be6-950d56fa67ba service neutron] Notify callbacks ['neutron.plugins.ml2.plugin.SecurityGroupDbMixin._ensure_default_security_group_handler-684865'] for port, before_update {{(pid=93775) _notify_loop /usr/local/lib/python3.8/dist-packages/neutron_lib/callbacks/manager.py:192}}
Aug 18 16:03:48.908392 dv-cinder-779576-6-iscsi neutron-server[93775]: DEBUG neutron.plugins.ml2.db [req-31bf3239-191c-4ca6-a937-ac2a25cceccc req-185d3353-7721-4c43-9be6-950d56fa67ba service neutron] For port 1c6eb96b-7757-46fe-b359-27de782b065b, host hv-cinder-77957, cleared binding levels {{(pid=93775) clear_binding_levels /opt/stack/neutron/neutron/plugins/ml2/db.py:87}}
Aug 18 16:03:48.915867 dv-cinder-779576-6-iscsi neutron-server[93775]: DEBUG neutron.plugins.ml2.db [req-31bf3239-191c-4ca6-a937-ac2a25cceccc req-185d3353-7721-4c43-9be6-950d56fa67ba service neutron] For port 1c6eb96b-7757-46fe-b359-27de782b065b, host hv-cinder-77957, set binding levels [PortBindingLevel(driver='hyperv',host='hv-cinder-77957',level=0,port_id=1c6eb96b-7757-46fe-b359-27de782b065b,segment=NetworkSegment(7559248d-d3af-4aed-bc29-7394a75177d0),segment_id=7559248d-d3af-4aed-bc29-7394a75177d0)] {{(pid=93775) set_binding_levels /opt/stack/neutron/neutron/plugins/ml2/db.py:59}}
Aug 18 16:03:48.925489 dv-cinder-779576-6-iscsi neutron-server[93775]: DEBUG neutron_lib.callbacks.manager [req-31bf3239-191c-4ca6-a937-ac2a25cceccc req-185d3353-7721-4c43-9be6-950d56fa67ba service neutron] Notify callbacks ['neutron.plugins.ml2.plugin.SecurityGroupServerNotifierRpcMixin._notify_sg_on_port_change-684800', 'neutron.plugins.ml2.ovo_rpc._ObjectChangeHandler.handle_event-32984', 'neutron.api.rpc.agentnotifiers.dhcp_rpc_agent_api.DhcpAgentNotifyAPI._native_event_send_dhcp_notification-1578970', 'neutron.db.l3_db.L3RpcNotifierMixin._notify_gateway_port_ip_changed-8762988793200', 'neutron.db.l3_dvrscheduler_db._notify_l3_agent_port_update-8762988272999', 'neutron.db.l3_hascheduler_db._notify_l3_agent_ha_port_update-8762988273017', 'neutron.services.segments.plugin.NovaSegmentNotifier._notify_port_updated-6675229'] for port, after_update {{(pid=93775) _notify_loop /usr/local/lib/python3.8/dist-packages/neutron_lib/callbacks/manager.py:192}}
Aug 18 16:03:48.932864 dv-cinder-779576-6-iscsi neutron-server[93776]: DEBUG neutron.pecan_wsgi.hooks.policy_enforcement [req-6e807607-e569-419d-8ed9-8b8894c6f964 req-5e76f16e-b7b5-4a10-913f-6cbce4818b14 service neutron] Attributes excluded by policy engine: ['standard_attr_id'] {{(pid=93776) _exclude_attributes_by_policy /opt/stack/neutron/neutron/pecan_wsgi/hooks/policy_enforcement.py:255}}
Aug 18 16:03:48.934436 dv-cinder-779576-6-iscsi neutron-server[93776]: INFO neutron.wsgi [req-6e807607-e569-419d-8ed9-8b8894c6f964 req-5e76f16e-b7b5-4a10-913f-6cbce4818b14 service neutron] 10.222.0.37 "GET /v2.0/ports?tenant_id=40180e07d7424db483afaf1b0fce98d3&device_id=aa430759-0f8d-4502-90e9-cd7008bf5c0d HTTP/1.1" status: 200 len: 1096 time: 0.0571346
Aug 18 16:03:48.972624 dv-cinder-779576-6-iscsi neutron-server[93775]: DEBUG neutron.pecan_wsgi.hooks.policy_enforcement [req-31bf3239-191c-4ca6-a937-ac2a25cceccc req-185d3353-7721-4c43-9be6-950d56fa67ba service neutron] Attributes excluded by policy engine: ['standard_attr_id'] {{(pid=93775) _exclude_attributes_by_policy /opt/stack/neutron/neutron/pecan_wsgi/hooks/policy_enforcement.py:255}}
Aug 18 16:03:48.973252 dv-cinder-779576-6-iscsi neutron-server[93775]: DEBUG neutron_lib.callbacks.manager [req-31bf3239-191c-4ca6-a937-ac2a25cceccc req-185d3353-7721-4c43-9be6-950d56fa67ba service neutron] Notify callbacks ['neutron.notifiers.nova.Notifier._send_nova_notification-44747'] for port, before_response {{(pid=93775) _notify_loop /usr/local/lib/python3.8/dist-packages/neutron_lib/callbacks/manager.py:192}}
Aug 18 16:03:48.974667 dv-cinder-779576-6-iscsi neutron-server[93775]: INFO neutron.wsgi [req-31bf3239-191c-4ca6-a937-ac2a25cceccc req-185d3353-7721-4c43-9be6-950d56fa67ba service neutron] 10.222.0.37 "PUT /v2.0/ports/1c6eb96b-7757-46fe-b359-27de782b065b HTTP/1.1" status: 200 len: 1093 time: 0.7840147
Aug 18 16:03:48.975115 dv-cinder-779576-6-iscsi neutron-server[93775]: DEBUG neutron.notifiers.nova [-] Sending events: [{'name': 'network-changed', 'server_uuid': 'fce5941e-6270-4e45-a019-480723143f71', 'tag': '1c6eb96b-7757-46fe-b359-27de782b065b'}] {{(pid=93775) send_events /opt/stack/neutron/neutron/notifiers/nova.py:262}}
Aug 18 16:03:48.977537 dv-cinder-779576-6-iscsi neutron-server[93775]: DEBUG novaclient.v2.client [-] REQ: curl -g -i --cacert "/opt/stack/data/ca-bundle.pem" -X POST http://10.222.0.38/compute/v2.1/os-server-external-events -H "Accept: application/json" -H "Content-Type: application/json" -H "User-Agent: python-novaclient" -H "X-Auth-Token: {SHA256}5a11194826f55581791ed24d8cde5c2384274f66ce201c1073ba6ba87bcfe212" -H "X-OpenStack-Nova-API-Version: 2.1" -H "X-OpenStack-Request-ID: req-236f0cf4-ee4f-457e-ba68-50dfd7063537" -d '{"events": [{"name": "network-changed", "server_uuid": "fce5941e-6270-4e45-a019-480723143f71", "tag": "1c6eb96b-7757-46fe-b359-27de782b065b"}]}' {{(pid=93775) _http_log_request /usr/local/lib/python3.8/dist-packages/keystoneauth1/session.py:519}}
Aug 18 16:03:49.007331 dv-cinder-779576-6-iscsi neutron-server[93775]: DEBUG neutron.api.rpc.handlers.resources_rpc [None req-185d3353-7721-4c43-9be6-950d56fa67ba service neutron] Pushing event updated for resources: {'Port': ['ID=1c6eb96b-7757-46fe-b359-27de782b065b,revision_number=3']} {{(pid=93775) push /opt/stack/neutron/neutron/api/rpc/handlers/resources_rpc.py:237}}
Aug 18 16:03:49.064073 dv-cinder-779576-6-iscsi neutron-server[93775]: DEBUG novaclient.v2.client [-] RESP: [200] Connection: close Content-Length: 179 Content-Type: application/json Date: Wed, 18 Aug 2021 16:03:48 GMT OpenStack-API-Version: compute 2.1 Server: Apache/2.4.41 (Ubuntu) Vary: OpenStack-API-Version,X-OpenStack-Nova-API-Version X-OpenStack-Nova-API-Version: 2.1 x-compute-request-id: req-d0f0fadd-00db-449d-9ccc-8eaa04436ecc x-openstack-request-id: req-d0f0fadd-00db-449d-9ccc-8eaa04436ecc {{(pid=93775) _http_log_response /usr/local/lib/python3.8/dist-packages/keystoneauth1/session.py:550}}
Aug 18 16:03:49.064348 dv-cinder-779576-6-iscsi neutron-server[93775]: DEBUG novaclient.v2.client [-] RESP BODY: {"events": [{"name": "network-changed", "server_uuid": "fce5941e-6270-4e45-a019-480723143f71", "tag": "1c6eb96b-7757-46fe-b359-27de782b065b", "status": "completed", "code": 200}]} {{(pid=93775) _http_log_response /usr/local/lib/python3.8/dist-packages/keystoneauth1/session.py:582}}
Aug 18 16:03:49.064596 dv-cinder-779576-6-iscsi neutron-server[93775]: DEBUG novaclient.v2.client [-] POST call to compute for http://10.222.0.38/compute/v2.1/os-server-external-events used request id req-d0f0fadd-00db-449d-9ccc-8eaa04436ecc {{(pid=93775) request /usr/local/lib/python3.8/dist-packages/keystoneauth1/session.py:954}}
Aug 18 16:03:49.064987 dv-cinder-779576-6-iscsi neutron-server[93775]: INFO neutron.notifiers.nova [-] Nova event response: {'name': 'network-changed', 'server_uuid': 'fce5941e-6270-4e45-a019-480723143f71', 'tag': '1c6eb96b-7757-46fe-b359-27de782b065b', 'status': 'completed', 'code': 200}
Aug 18 16:03:49.083265 dv-cinder-779576-6-iscsi neutron-server[93776]: DEBUG neutron.pecan_wsgi.hooks.policy_enforcement [req-6e807607-e569-419d-8ed9-8b8894c6f964 req-3ef9db86-70d2-4193-98ba-d727e3a369ab service neutron] Attributes excluded by policy engine: ['standard_attr_id', 'vlan_transparent'] {{(pid=93776) _exclude_attributes_by_policy /opt/stack/neutron/neutron/pecan_wsgi/hooks/policy_enforcement.py:255}}
Aug 18 16:03:49.085442 dv-cinder-779576-6-iscsi neutron-server[93776]: INFO neutron.wsgi [req-6e807607-e569-419d-8ed9-8b8894c6f964 req-3ef9db86-70d2-4193-98ba-d727e3a369ab service neutron] 10.222.0.37 "GET /v2.0/networks?id=1c2d5c24-4753-44c0-8eb4-47484ae62694 HTTP/1.1" status: 200 len: 919 time: 0.1398578
Aug 18 16:03:49.087363 dv-cinder-779576-6-iscsi neutron-server[93775]: DEBUG neutron.pecan_wsgi.hooks.policy_enforcement [req-31bf3239-191c-4ca6-a937-ac2a25cceccc req-2ecba497-323d-4b8d-b356-c273851444d5 service neutron] Attributes excluded by policy engine: ['standard_attr_id'] {{(pid=93775) _exclude_attributes_by_policy /opt/stack/neutron/neutron/pecan_wsgi/hooks/policy_enforcement.py:255}}
Aug 18 16:03:49.089476 dv-cinder-779576-6-iscsi neutron-server[93775]: INFO neutron.wsgi [req-31bf3239-191c-4ca6-a937-ac2a25cceccc req-2ecba497-323d-4b8d-b356-c273851444d5 service neutron] 10.222.0.37 "GET /v2.0/ports?tenant_id=40180e07d7424db483afaf1b0fce98d3&device_id=fce5941e-6270-4e45-a019-480723143f71 HTTP/1.1" status: 200 len: 1096 time: 0.0607688
Aug 18 16:03:49.163549 dv-cinder-779576-6-iscsi neutron-server[93775]: INFO neutron.wsgi [req-31bf3239-191c-4ca6-a937-ac2a25cceccc req-a36904e0-e1b6-4d51-a05b-4529c617ac2a service neutron] 10.222.0.37 "GET /v2.0/floatingips?fixed_ip_address=172.20.0.4&port_id=1c6eb96b-7757-46fe-b359-27de782b065b HTTP/1.1" status: 200 len: 217 time: 0.0445838
Aug 18 16:03:49.169197 dv-cinder-779576-6-iscsi neutron-server[93776]: INFO neutron.wsgi [req-6e807607-e569-419d-8ed9-8b8894c6f964 req-f30f3e81-f02b-46ac-baf8-0dd31e4f4039 service neutron] 10.222.0.37 "GET /v2.0/floatingips?fixed_ip_address=172.20.0.8&port_id=e9c2e159-64f2-4c36-986b-38506eb3c4ae HTTP/1.1" status: 200 len: 217 time: 0.0524075
Aug 18 16:03:49.230823 dv-cinder-779576-6-iscsi neutron-server[93776]: DEBUG neutron.pecan_wsgi.hooks.policy_enforcement [req-6e807607-e569-419d-8ed9-8b8894c6f964 req-84aa1239-0565-4bff-b85f-8bf4cc812b9a service neutron] Attributes excluded by policy engine: ['standard_attr_id', 'shared', 'segment_id'] {{(pid=93776) _exclude_attributes_by_policy /opt/stack/neutron/neutron/pecan_wsgi/hooks/policy_enforcement.py:255}}
Aug 18 16:03:49.235269 dv-cinder-779576-6-iscsi neutron-server[93775]: DEBUG neutron.pecan_wsgi.hooks.policy_enforcement [req-31bf3239-191c-4ca6-a937-ac2a25cceccc req-d79bff46-4815-4589-9fb6-71453110596f service neutron] Attributes excluded by policy engine: ['standard_attr_id', 'shared', 'segment_id'] {{(pid=93775) _exclude_attributes_by_policy /opt/stack/neutron/neutron/pecan_wsgi/hooks/policy_enforcement.py:255}}
Aug 18 16:03:49.236886 dv-cinder-779576-6-iscsi neutron-server[93775]: INFO neutron.wsgi [req-31bf3239-191c-4ca6-a937-ac2a25cceccc req-d79bff46-4815-4589-9fb6-71453110596f service neutron] 10.222.0.37 "GET /v2.0/subnets?id=6c87f48a-950b-46ac-bfd4-b3dab79baf03 HTTP/1.1" status: 200 len: 858 time: 0.0563855
Aug 18 16:03:49.237419 dv-cinder-779576-6-iscsi neutron-server[93776]: INFO neutron.wsgi [req-6e807607-e569-419d-8ed9-8b8894c6f964 req-84aa1239-0565-4bff-b85f-8bf4cc812b9a service neutron] 10.222.0.37 "GET /v2.0/subnets?id=6c87f48a-950b-46ac-bfd4-b3dab79baf03 HTTP/1.1" status: 200 len: 858 time: 0.0555129
Aug 18 16:03:49.294989 dv-cinder-779576-6-iscsi neutron-server[93775]: INFO neutron.wsgi [req-31bf3239-191c-4ca6-a937-ac2a25cceccc req-b7c01a1f-1637-4254-9915-b0689b2ab0fb service neutron] 10.222.0.37 "GET /v2.0/ports?network_id=1c2d5c24-4753-44c0-8eb4-47484ae62694&device_owner=network%3Adhcp HTTP/1.1" status: 200 len: 210 time: 0.0348647
Aug 18 16:03:49.298990 dv-cinder-779576-6-iscsi neutron-server[93776]: INFO neutron.wsgi [req-6e807607-e569-419d-8ed9-8b8894c6f964 req-dc125eaa-4eab-402b-b691-db37900653db service neutron] 10.222.0.37 "GET /v2.0/ports?network_id=1c2d5c24-4753-44c0-8eb4-47484ae62694&device_owner=network%3Adhcp HTTP/1.1" status: 200 len: 210 time: 0.0386112
Aug 18 16:03:49.413410 dv-cinder-779576-6-iscsi neutron-server[93776]: INFO neutron.wsgi [req-6e807607-e569-419d-8ed9-8b8894c6f964 req-0f1e0ca8-ffbb-4c36-9670-cfd3afef117e service neutron] 10.222.0.37 "GET /v2.0/networks/1c2d5c24-4753-44c0-8eb4-47484ae62694?fields=segments HTTP/1.1" status: 200 len: 212 time: 0.0933800
Aug 18 16:03:49.413774 dv-cinder-779576-6-iscsi neutron-server[93775]: INFO neutron.wsgi [req-31bf3239-191c-4ca6-a937-ac2a25cceccc req-1a3bd3a6-d430-4dfb-9fd9-83b67f11368a service neutron] 10.222.0.37 "GET /v2.0/networks/1c2d5c24-4753-44c0-8eb4-47484ae62694?fields=segments HTTP/1.1" status: 200 len: 212 time: 0.0947502
Aug 18 16:03:49.532927 dv-cinder-779576-6-iscsi neutron-server[93775]: INFO neutron.wsgi [req-31bf3239-191c-4ca6-a937-ac2a25cceccc req-33652af4-f23a-4ef6-b0f6-a2c0de387adb service neutron] 10.222.0.37 "GET /v2.0/networks/1c2d5c24-4753-44c0-8eb4-47484ae62694?fields=provider%3Aphysical_network&fields=provider%3Anetwork_type HTTP/1.1" status: 200 len: 281 time: 0.0997968
Aug 18 16:03:49.534154 dv-cinder-779576-6-iscsi neutron-server[93776]: INFO neutron.wsgi [req-6e807607-e569-419d-8ed9-8b8894c6f964 req-198aac9d-9870-4858-abdc-730a66bcbc5c service neutron] 10.222.0.37 "GET /v2.0/networks/1c2d5c24-4753-44c0-8eb4-47484ae62694?fields=provider%3Aphysical_network&fields=provider%3Anetwork_type HTTP/1.1" status: 200 len: 281 time: 0.1019912
Aug 18 16:03:49.570936 dv-cinder-779576-6-iscsi neutron-server[93776]: DEBUG neutron.wsgi [-] (93776) accepted ('10.222.0.38', 51422) {{(pid=93776) server /usr/local/lib/python3.8/dist-packages/eventlet/wsgi.py:982}}
Aug 18 16:03:49.661585 dv-cinder-779576-6-iscsi neutron-server[93776]: DEBUG neutron.pecan_wsgi.hooks.policy_enforcement [req-236f0cf4-ee4f-457e-ba68-50dfd7063537 req-e2629e06-3022-48f9-a19f-c73992955f0d service neutron] Attributes excluded by policy engine: ['standard_attr_id'] {{(pid=93776) _exclude_attributes_by_policy /opt/stack/neutron/neutron/pecan_wsgi/hooks/policy_enforcement.py:255}}
Aug 18 16:03:49.663539 dv-cinder-779576-6-iscsi neutron-server[93776]: INFO neutron.wsgi [req-236f0cf4-ee4f-457e-ba68-50dfd7063537 req-e2629e06-3022-48f9-a19f-c73992955f0d service neutron] 10.222.0.37 "GET /v2.0/ports?tenant_id=40180e07d7424db483afaf1b0fce98d3&device_id=fce5941e-6270-4e45-a019-480723143f71 HTTP/1.1" status: 200 len: 1096 time: 0.0505276
Aug 18 16:03:49.695644 dv-cinder-779576-6-iscsi neutron-server[93775]: DEBUG neutron.pecan_wsgi.hooks.policy_enforcement [req-84fd8762-ce1b-4965-ae31-e75e44daa7c6 req-be53d315-4815-426b-a348-db9aeadda246 tempest-ServerRescueNegativeTestJSON-1389246921 tempest-ServerRescueNegativeTestJSON-1389246921-project] Attributes excluded by policy engine: ['standard_attr_id', 'binding:profile', 'binding:host_id', 'binding:vif_type', 'binding:vif_details'] {{(pid=93775) _exclude_attributes_by_policy /opt/stack/neutron/neutron/pecan_wsgi/hooks/policy_enforcement.py:255}}
Aug 18 16:03:49.697248 dv-cinder-779576-6-iscsi neutron-server[93775]: INFO neutron.wsgi [req-84fd8762-ce1b-4965-ae31-e75e44daa7c6 req-be53d315-4815-426b-a348-db9aeadda246 tempest-ServerRescueNegativeTestJSON-1389246921 tempest-ServerRescueNegativeTestJSON-1389246921-project] 10.222.0.38 "GET /v2.0/ports?device_id=fce5941e-6270-4e45-a019-480723143f71 HTTP/1.1" status: 200 len: 943 time: 0.0579841
Aug 18 16:03:49.728853 dv-cinder-779576-6-iscsi neutron-server[93776]: DEBUG neutron_lib.callbacks.manager [None req-0c0860b4-54d1-4b13-8674-d977d95ba5ac admin admin] Notify callbacks [] for security_group, before_create {{(pid=93776) _notify_loop /usr/local/lib/python3.8/dist-packages/neutron_lib/callbacks/manager.py:192}}
Aug 18 16:03:49.739249 dv-cinder-779576-6-iscsi neutron-server[93775]: INFO neutron.wsgi [req-84fd8762-ce1b-4965-ae31-e75e44daa7c6 req-b7dc2c1d-e7d3-4259-bd5c-83288e071a5e tempest-ServerRescueNegativeTestJSON-1389246921 tempest-ServerRescueNegativeTestJSON-1389246921-project] 10.222.0.38 "GET /v2.0/security-groups?id=58fdf53a-4e35-4027-a71b-9057f428b86b&fields=id&fields=name HTTP/1.1" status: 200 len: 286 time: 0.0346360
Aug 18 16:03:49.800798 dv-cinder-779576-6-iscsi neutron-server[93776]: DEBUG neutron.pecan_wsgi.hooks.policy_enforcement [req-236f0cf4-ee4f-457e-ba68-50dfd7063537 req-6abb697b-0858-4579-94ae-52453d442889 service neutron] Attributes excluded by policy engine: ['standard_attr_id', 'vlan_transparent'] {{(pid=93776) _exclude_attributes_by_policy /opt/stack/neutron/neutron/pecan_wsgi/hooks/policy_enforcement.py:255}}
Aug 18 16:03:49.802453 dv-cinder-779576-6-iscsi neutron-server[93776]: INFO neutron.wsgi [req-236f0cf4-ee4f-457e-ba68-50dfd7063537 req-6abb697b-0858-4579-94ae-52453d442889 service neutron] 10.222.0.37 "GET /v2.0/networks?id=1c2d5c24-4753-44c0-8eb4-47484ae62694 HTTP/1.1" status: 200 len: 919 time: 0.1281614
Aug 18 16:03:49.854472 dv-cinder-779576-6-iscsi neutron-server[93776]: INFO neutron.wsgi [req-236f0cf4-ee4f-457e-ba68-50dfd7063537 req-1acb54ae-029c-47b2-bcc4-01a4877f5ce4 service neutron] 10.222.0.37 "GET /v2.0/floatingips?fixed_ip_address=172.20.0.4&port_id=1c6eb96b-7757-46fe-b359-27de782b065b HTTP/1.1" status: 200 len: 217 time: 0.0431659
Aug 18 16:03:49.926485 dv-cinder-779576-6-iscsi neutron-server[93776]: DEBUG neutron.pecan_wsgi.hooks.policy_enforcement [req-236f0cf4-ee4f-457e-ba68-50dfd7063537 req-9cbc9af4-6b8e-4fa0-8244-e5319138f5d7 service neutron] Attributes excluded by policy engine: ['standard_attr_id', 'shared', 'segment_id'] {{(pid=93776) _exclude_attributes_by_policy /opt/stack/neutron/neutron/pecan_wsgi/hooks/policy_enforcement.py:255}}
Aug 18 16:03:49.928020 dv-cinder-779576-6-iscsi neutron-server[93776]: INFO neutron.wsgi [req-236f0cf4-ee4f-457e-ba68-50dfd7063537 req-9cbc9af4-6b8e-4fa0-8244-e5319138f5d7 service neutron] 10.222.0.37 "GET /v2.0/subnets?id=6c87f48a-950b-46ac-bfd4-b3dab79baf03 HTTP/1.1" status: 200 len: 858 time: 0.0627375
Aug 18 16:03:49.933264 dv-cinder-779576-6-iscsi neutron-server[93776]: DEBUG neutron_lib.callbacks.manager [None req-0c0860b4-54d1-4b13-8674-d977d95ba5ac admin admin] Notify callbacks [] for security_group, precommit_create {{(pid=93776) _notify_loop /usr/local/lib/python3.8/dist-packages/neutron_lib/callbacks/manager.py:192}}
Aug 18 16:03:49.949389 dv-cinder-779576-6-iscsi neutron-server[93776]: DEBUG neutron_lib.callbacks.manager [None req-0c0860b4-54d1-4b13-8674-d977d95ba5ac admin admin] Notify callbacks ['neutron.plugins.ml2.ovo_rpc._ObjectChangeHandler.handle_event-1762536'] for security_group, after_create {{(pid=93776) _notify_loop /usr/local/lib/python3.8/dist-packages/neutron_lib/callbacks/manager.py:192}}
Aug 18 16:03:49.979844 dv-cinder-779576-6-iscsi neutron-server[93776]: INFO neutron.wsgi [req-236f0cf4-ee4f-457e-ba68-50dfd7063537 req-9d40857f-6d44-491a-ac9d-46ad05acee28 service neutron] 10.222.0.37 "GET /v2.0/ports?network_id=1c2d5c24-4753-44c0-8eb4-47484ae62694&device_owner=network%3Adhcp HTTP/1.1" status: 200 len: 210 time: 0.0422134
Aug 18 16:03:50.030923 dv-cinder-779576-6-iscsi neutron-server[93776]: INFO neutron.wsgi [None req-0c0860b4-54d1-4b13-8674-d977d95ba5ac admin admin] 10.222.0.38 "GET /v2.0/security-groups?tenant_id=4be60b3b12a94be887a2593943fe2207&name=default HTTP/1.1" status: 200 len: 2979 time: 0.4585872
Aug 18 16:03:50.033773 dv-cinder-779576-6-iscsi neutron-server[93775]: DEBUG neutron.wsgi [-] (93775) accepted ('10.222.0.38', 51430) {{(pid=93775) server /usr/local/lib/python3.8/dist-packages/eventlet/wsgi.py:982}}
Aug 18 16:03:50.062843 dv-cinder-779576-6-iscsi neutron-server[93776]: DEBUG neutron.api.rpc.handlers.resources_rpc [None req-0c0860b4-54d1-4b13-8674-d977d95ba5ac admin admin] Pushing event updated for resources: {'SecurityGroup': ['ID=98fd22a0-2a5c-4aae-90e8-a9c5fd37358c,revision_number=1']} {{(pid=93776) push /opt/stack/neutron/neutron/api/rpc/handlers/resources_rpc.py:237}}
Aug 18 16:03:50.099115 dv-cinder-779576-6-iscsi neutron-server[93775]: DEBUG neutron_lib.callbacks.manager [None req-2c542937-196d-48e8-bae7-ca1cdfb2bfa8 admin admin] Notify callbacks [] for security_group, before_delete {{(pid=93775) _notify_loop /usr/local/lib/python3.8/dist-packages/neutron_lib/callbacks/manager.py:192}}
Aug 18 16:03:50.117286 dv-cinder-779576-6-iscsi neutron-server[93776]: INFO neutron.wsgi [req-236f0cf4-ee4f-457e-ba68-50dfd7063537 req-c96ca5aa-74b8-47c0-993e-ae8691283e5d service neutron] 10.222.0.37 "GET /v2.0/networks/1c2d5c24-4753-44c0-8eb4-47484ae62694?fields=segments HTTP/1.1" status: 200 len: 212 time: 0.1173215
Aug 18 16:03:50.128783 dv-cinder-779576-6-iscsi neutron-server[93775]: DEBUG neutron_lib.callbacks.manager [None req-2c542937-196d-48e8-bae7-ca1cdfb2bfa8 admin admin] Notify callbacks [] for security_group, precommit_delete {{(pid=93775) _notify_loop /usr/local/lib/python3.8/dist-packages/neutron_lib/callbacks/manager.py:192}}
Aug 18 16:03:50.195195 dv-cinder-779576-6-iscsi neutron-server[93775]: DEBUG neutron_lib.callbacks.manager [None req-2c542937-196d-48e8-bae7-ca1cdfb2bfa8 admin admin] Notify callbacks ['neutron.plugins.ml2.ovo_rpc._ObjectChangeHandler.handle_event-1762536'] for security_group, after_delete {{(pid=93775) _notify_loop /usr/local/lib/python3.8/dist-packages/neutron_lib/callbacks/manager.py:192}}
Aug 18 16:03:50.202629 dv-cinder-779576-6-iscsi neutron-server[93775]: DEBUG neutron_lib.callbacks.manager [None req-2c542937-196d-48e8-bae7-ca1cdfb2bfa8 admin admin] Notify callbacks [] for security_group, before_response {{(pid=93775) _notify_loop /usr/local/lib/python3.8/dist-packages/neutron_lib/callbacks/manager.py:192}}
Aug 18 16:03:50.208351 dv-cinder-779576-6-iscsi neutron-server[93775]: INFO neutron.wsgi [None req-2c542937-196d-48e8-bae7-ca1cdfb2bfa8 admin admin] 10.222.0.38 "DELETE /v2.0/security-groups/98fd22a0-2a5c-4aae-90e8-a9c5fd37358c HTTP/1.1" status: 204 len: 168 time: 0.1732073
Aug 18 16:03:50.221690 dv-cinder-779576-6-iscsi neutron-server[93775]: DEBUG neutron.api.rpc.handlers.resources_rpc [None req-2c542937-196d-48e8-bae7-ca1cdfb2bfa8 admin admin] Pushing event deleted for resources: {'SecurityGroup': ['ID=98fd22a0-2a5c-4aae-90e8-a9c5fd37358c,revision_number=None']} {{(pid=93775) push /opt/stack/neutron/neutron/api/rpc/handlers/resources_rpc.py:237}}
Aug 18 16:03:50.265049 dv-cinder-779576-6-iscsi neutron-server[93776]: INFO neutron.wsgi [req-236f0cf4-ee4f-457e-ba68-50dfd7063537 req-b0a7b47c-3d03-49a9-9c92-15554eb230e2 service neutron] 10.222.0.37 "GET /v2.0/networks/1c2d5c24-4753-44c0-8eb4-47484ae62694?fields=provider%3Aphysical_network&fields=provider%3Anetwork_type HTTP/1.1" status: 200 len: 281 time: 0.1401961
Aug 18 16:03:50.523697 dv-cinder-779576-6-iscsi neutron-server[93775]: DEBUG neutron.wsgi [-] (93775) accepted ('10.222.0.38', 51444) {{(pid=93775) server /usr/local/lib/python3.8/dist-packages/eventlet/wsgi.py:982}}
Aug 18 16:03:50.536757 dv-cinder-779576-6-iscsi neutron-server[93775]: DEBUG neutron_lib.callbacks.manager [None req-7ca9edf3-de75-4499-b529-f39d2465bc44 admin admin] Notify callbacks [] for security_group, before_create {{(pid=93775) _notify_loop /usr/local/lib/python3.8/dist-packages/neutron_lib/callbacks/manager.py:192}}
Aug 18 16:03:50.635424 dv-cinder-779576-6-iscsi neutron-server[93775]: DEBUG neutron_lib.callbacks.manager [None req-7ca9edf3-de75-4499-b529-f39d2465bc44 admin admin] Notify callbacks [] for security_group, precommit_create {{(pid=93775) _notify_loop /usr/local/lib/python3.8/dist-packages/neutron_lib/callbacks/manager.py:192}}
Aug 18 16:03:50.639412 dv-cinder-779576-6-iscsi neutron-server[93775]: DEBUG neutron_lib.callbacks.manager [None req-7ca9edf3-de75-4499-b529-f39d2465bc44 admin admin] Notify callbacks ['neutron.plugins.ml2.ovo_rpc._ObjectChangeHandler.handle_event-1762536'] for security_group, after_create {{(pid=93775) _notify_loop /usr/local/lib/python3.8/dist-packages/neutron_lib/callbacks/manager.py:192}}
Aug 18 16:03:50.679654 dv-cinder-779576-6-iscsi neutron-server[93775]: INFO neutron.wsgi [None req-7ca9edf3-de75-4499-b529-f39d2465bc44 admin admin] 10.222.0.38 "GET /v2.0/security-groups?tenant_id=83f0c27e8f834bbcbdaf0e765ede0b28&name=default HTTP/1.1" status: 200 len: 2979 time: 0.1548452
Aug 18 16:03:50.681230 dv-cinder-779576-6-iscsi neutron-server[93775]: DEBUG neutron.api.rpc.handlers.resources_rpc [None req-7ca9edf3-de75-4499-b529-f39d2465bc44 admin admin] Pushing event updated for resources: {'SecurityGroup': ['ID=cc3ed9e2-8ade-48b3-a0ec-3025e5afcdc4,revision_number=1']} {{(pid=93775) push /opt/stack/neutron/neutron/api/rpc/handlers/resources_rpc.py:237}}
Aug 18 16:03:50.683253 dv-cinder-779576-6-iscsi neutron-server[93776]: DEBUG neutron.wsgi [-] (93776) accepted ('10.222.0.38', 51448) {{(pid=93776) server /usr/local/lib/python3.8/dist-packages/eventlet/wsgi.py:982}}
Aug 18 16:03:50.742139 dv-cinder-779576-6-iscsi neutron-server[93776]: DEBUG neutron_lib.callbacks.manager [None req-13a89506-4a38-43c0-8a74-eacf0f357078 admin admin] Notify callbacks [] for security_group, before_delete {{(pid=93776) _notify_loop /usr/local/lib/python3.8/dist-packages/neutron_lib/callbacks/manager.py:192}}
