Aug 18 16:02:43.244392 dv-cinder-779576-6-iscsi devstack@c-api.service[100796]: INFO cinder.api.v3.groups [None req-2969f739-44eb-4fa7-bd60-05bf8169089d tempest-GroupSnapshotsTest-403820567 tempest-GroupSnapshotsTest-403820567-project] Delete group with id: d6467cf1-24e1-42de-85cd-96f01a5a062e
Aug 18 16:02:43.252389 dv-cinder-779576-6-iscsi devstack@c-api.service[100796]: /usr/local/lib/python3.8/dist-packages/oslo_context/context.py:105: DeprecationWarning: Policy enforcement is depending on the value of is_admin. This key is deprecated. Please update your policy file to use the standard policy values.
Aug 18 16:02:43.252389 dv-cinder-779576-6-iscsi devstack@c-api.service[100796]: warnings.warn('Policy enforcement is depending on the value of '
Aug 18 16:02:43.309008 dv-cinder-779576-6-iscsi devstack@c-api.service[100796]: INFO cinder.api.openstack.wsgi [None req-2969f739-44eb-4fa7-bd60-05bf8169089d tempest-GroupSnapshotsTest-403820567 tempest-GroupSnapshotsTest-403820567-project] http://10.222.0.38/volume/v3/f692148f86ed48258fbea1108b399779/groups/d6467cf1-24e1-42de-85cd-96f01a5a062e/action returned with HTTP 202
Aug 18 16:02:43.310279 dv-cinder-779576-6-iscsi devstack@c-api.service[100796]: [pid: 100796|app: 0|req: 95/189] 10.222.0.38 () {62 vars in 1405 bytes} [Wed Aug 18 16:02:43 2021] POST /volume/v3/f692148f86ed48258fbea1108b399779/groups/d6467cf1-24e1-42de-85cd-96f01a5a062e/action => generated 0 bytes in 75 msecs (HTTP/1.1 202) 6 headers in 234 bytes (1 switches on core 0)
Aug 18 16:02:43.318171 dv-cinder-779576-6-iscsi devstack@c-api.service[100797]: INFO cinder.api.openstack.wsgi [None req-7c642c2c-0a53-42da-8e3a-57fd4ec2dacc tempest-GroupSnapshotsTest-403820567 tempest-GroupSnapshotsTest-403820567-project] GET http://10.222.0.38/volume/v3/f692148f86ed48258fbea1108b399779/volumes/a9c53b2a-f81a-4063-8b1d-a787dbe320b6
Aug 18 16:02:43.318781 dv-cinder-779576-6-iscsi devstack@c-api.service[100797]: DEBUG cinder.api.openstack.wsgi [None req-7c642c2c-0a53-42da-8e3a-57fd4ec2dacc tempest-GroupSnapshotsTest-403820567 tempest-GroupSnapshotsTest-403820567-project] Empty body provided in request {{(pid=100797) get_body /opt/stack/cinder/cinder/api/openstack/wsgi.py:703}}
Aug 18 16:02:43.318876 dv-cinder-779576-6-iscsi devstack@c-api.service[100797]: /usr/local/lib/python3.8/dist-packages/webob/acceptparse.py:1047: DeprecationWarning: The behavior of AcceptValidHeader.best_match is currently being maintained for backward compatibility, but it will be deprecated in the future, as it does not conform to the RFC.
Aug 18 16:02:43.318876 dv-cinder-779576-6-iscsi devstack@c-api.service[100797]: warnings.warn(
Aug 18 16:02:43.319289 dv-cinder-779576-6-iscsi devstack@c-api.service[100797]: DEBUG cinder.api.openstack.wsgi [None req-7c642c2c-0a53-42da-8e3a-57fd4ec2dacc tempest-GroupSnapshotsTest-403820567 tempest-GroupSnapshotsTest-403820567-project] Calling method 'show' {{(pid=100797) _process_stack /opt/stack/cinder/cinder/api/openstack/wsgi.py:856}}
Aug 18 16:02:43.333273 dv-cinder-779576-6-iscsi devstack@c-api.service[100797]: /usr/local/lib/python3.8/dist-packages/oslo_context/context.py:105: DeprecationWarning: Policy enforcement is depending on the value of is_admin. This key is deprecated. Please update your policy file to use the standard policy values.
Aug 18 16:02:43.333273 dv-cinder-779576-6-iscsi devstack@c-api.service[100797]: warnings.warn('Policy enforcement is depending on the value of '
Aug 18 16:02:43.342468 dv-cinder-779576-6-iscsi devstack@c-api.service[100797]: INFO cinder.volume.api [None req-7c642c2c-0a53-42da-8e3a-57fd4ec2dacc tempest-GroupSnapshotsTest-403820567 tempest-GroupSnapshotsTest-403820567-project] Volume info retrieved successfully.
Aug 18 16:02:43.349289 dv-cinder-779576-6-iscsi devstack@c-api.service[100797]: WARNING stevedore.named [None req-7c642c2c-0a53-42da-8e3a-57fd4ec2dacc tempest-GroupSnapshotsTest-403820567 tempest-GroupSnapshotsTest-403820567-project] Could not load cinder.keymgr.conf_key_mgr.ConfKeyManager
Aug 18 16:02:43.349664 dv-cinder-779576-6-iscsi devstack@c-api.service[100797]: WARNING castellan.key_manager [None req-7c642c2c-0a53-42da-8e3a-57fd4ec2dacc tempest-GroupSnapshotsTest-403820567 tempest-GroupSnapshotsTest-403820567-project] Deprecation Warning : cinder.keymgr.conf_key_mgr.ConfKeyManager is not a stevedore based driver, trying to load it as a class: stevedore.exception.NoMatches: No 'castellan.drivers' driver found, looking for 'cinder.keymgr.conf_key_mgr.ConfKeyManager'
Aug 18 16:02:43.356437 dv-cinder-779576-6-iscsi devstack@c-api.service[100797]: DEBUG oslo_db.sqlalchemy.engines [None req-7c642c2c-0a53-42da-8e3a-57fd4ec2dacc tempest-GroupSnapshotsTest-403820567 tempest-GroupSnapshotsTest-403820567-project] MySQL server mode set to STRICT_TRANS_TABLES,STRICT_ALL_TABLES,NO_ZERO_IN_DATE,NO_ZERO_DATE,ERROR_FOR_DIVISION_BY_ZERO,TRADITIONAL,NO_ENGINE_SUBSTITUTION {{(pid=100797) _check_effective_sql_mode /usr/local/lib/python3.8/dist-packages/oslo_db/sqlalchemy/engines.py:314}}
Aug 18 16:02:43.361894 dv-cinder-779576-6-iscsi devstack@c-api.service[100797]: /usr/local/lib/python3.8/dist-packages/oslo_context/context.py:105: DeprecationWarning: Policy enforcement is depending on the value of is_admin. This key is deprecated. Please update your policy file to use the standard policy values.
Aug 18 16:02:43.361894 dv-cinder-779576-6-iscsi devstack@c-api.service[100797]: warnings.warn('Policy enforcement is depending on the value of '
Aug 18 16:02:43.375232 dv-cinder-779576-6-iscsi devstack@c-api.service[100797]: INFO cinder.api.openstack.wsgi [None req-7c642c2c-0a53-42da-8e3a-57fd4ec2dacc tempest-GroupSnapshotsTest-403820567 tempest-GroupSnapshotsTest-403820567-project] http://10.222.0.38/volume/v3/f692148f86ed48258fbea1108b399779/volumes/a9c53b2a-f81a-4063-8b1d-a787dbe320b6 returned with HTTP 200
Aug 18 16:02:43.376005 dv-cinder-779576-6-iscsi devstack@c-api.service[100797]: [pid: 100797|app: 0|req: 95/190] 10.222.0.38 () {60 vars in 1366 bytes} [Wed Aug 18 16:02:43 2021] GET /volume/v3/f692148f86ed48258fbea1108b399779/volumes/a9c53b2a-f81a-4063-8b1d-a787dbe320b6 => generated 998 bytes in 62 msecs (HTTP/1.1 200) 7 headers in 286 bytes (2 switches on core 0)
Aug 18 16:02:43.425963 dv-cinder-779576-6-iscsi devstack@c-api.service[100796]: INFO cinder.api.openstack.wsgi [None req-215d8dcf-1efd-43c5-95d4-0b6ade54c46e tempest-GroupsTest-287746592 tempest-GroupsTest-287746592-project] GET http://10.222.0.38/volume/v3/307434a2547a40adaad2af554e2def0f/groups/b6d4697d-769f-4058-bf99-3b11bad3c5d6
Aug 18 16:02:43.426542 dv-cinder-779576-6-iscsi devstack@c-api.service[100796]: DEBUG cinder.api.openstack.wsgi [None req-215d8dcf-1efd-43c5-95d4-0b6ade54c46e tempest-GroupsTest-287746592 tempest-GroupsTest-287746592-project] Empty body provided in request {{(pid=100796) get_body /opt/stack/cinder/cinder/api/openstack/wsgi.py:703}}
Aug 18 16:02:43.426660 dv-cinder-779576-6-iscsi devstack@c-api.service[100796]: /usr/local/lib/python3.8/dist-packages/webob/acceptparse.py:1047: DeprecationWarning: The behavior of AcceptValidHeader.best_match is currently being maintained for backward compatibility, but it will be deprecated in the future, as it does not conform to the RFC.
Aug 18 16:02:43.426660 dv-cinder-779576-6-iscsi devstack@c-api.service[100796]: warnings.warn(
Aug 18 16:02:43.426907 dv-cinder-779576-6-iscsi devstack@c-api.service[100796]: DEBUG cinder.api.openstack.wsgi [None req-215d8dcf-1efd-43c5-95d4-0b6ade54c46e tempest-GroupsTest-287746592 tempest-GroupsTest-287746592-project] Calling method 'version_select' {{(pid=100796) _process_stack /opt/stack/cinder/cinder/api/openstack/wsgi.py:856}}
Aug 18 16:02:43.427246 dv-cinder-779576-6-iscsi devstack@c-api.service[100796]: DEBUG cinder.api.v3.groups [None req-215d8dcf-1efd-43c5-95d4-0b6ade54c46e tempest-GroupsTest-287746592 tempest-GroupsTest-287746592-project] show called for member b6d4697d-769f-4058-bf99-3b11bad3c5d6 {{(pid=100796) show /opt/stack/cinder/cinder/api/v3/groups.py:58}}
Aug 18 16:02:43.437414 dv-cinder-779576-6-iscsi devstack@c-api.service[100796]: INFO cinder.api.openstack.wsgi [None req-215d8dcf-1efd-43c5-95d4-0b6ade54c46e tempest-GroupsTest-287746592 tempest-GroupsTest-287746592-project] http://10.222.0.38/volume/v3/307434a2547a40adaad2af554e2def0f/groups/b6d4697d-769f-4058-bf99-3b11bad3c5d6 returned with HTTP 404
Aug 18 16:02:43.438966 dv-cinder-779576-6-iscsi devstack@c-api.service[100796]: [pid: 100796|app: 0|req: 96/191] 10.222.0.38 () {60 vars in 1363 bytes} [Wed Aug 18 16:02:43 2021] GET /volume/v3/307434a2547a40adaad2af554e2def0f/groups/b6d4697d-769f-4058-bf99-3b11bad3c5d6 => generated 108 bytes in 17 msecs (HTTP/1.1 404) 7 headers in 293 bytes (2 switches on core 0)
Aug 18 16:02:43.460170 dv-cinder-779576-6-iscsi devstack@c-api.service[100797]: INFO cinder.api.openstack.wsgi [None req-e67b6680-7e2a-460c-a6d5-eb5e60e26dec tempest-GroupsTest-287746592 tempest-GroupsTest-287746592-project] GET http://10.222.0.38/volume/v3/307434a2547a40adaad2af554e2def0f/groups/detail
Aug 18 16:02:43.461585 dv-cinder-779576-6-iscsi devstack@c-api.service[100797]: DEBUG cinder.api.openstack.wsgi [None req-e67b6680-7e2a-460c-a6d5-eb5e60e26dec tempest-GroupsTest-287746592 tempest-GroupsTest-287746592-project] Empty body provided in request {{(pid=100797) get_body /opt/stack/cinder/cinder/api/openstack/wsgi.py:703}}
Aug 18 16:02:43.461942 dv-cinder-779576-6-iscsi devstack@c-api.service[100797]: /usr/local/lib/python3.8/dist-packages/webob/acceptparse.py:1047: DeprecationWarning: The behavior of AcceptValidHeader.best_match is currently being maintained for backward compatibility, but it will be deprecated in the future, as it does not conform to the RFC.
Aug 18 16:02:43.461942 dv-cinder-779576-6-iscsi devstack@c-api.service[100797]: warnings.warn(
Aug 18 16:02:43.463252 dv-cinder-779576-6-iscsi devstack@c-api.service[100797]: DEBUG cinder.api.openstack.wsgi [None req-e67b6680-7e2a-460c-a6d5-eb5e60e26dec tempest-GroupsTest-287746592 tempest-GroupsTest-287746592-project] Calling method 'version_select' {{(pid=100797) _process_stack /opt/stack/cinder/cinder/api/openstack/wsgi.py:856}}
Aug 18 16:02:43.492320 dv-cinder-779576-6-iscsi devstack@c-api.service[100797]: INFO cinder.api.openstack.wsgi [None req-e67b6680-7e2a-460c-a6d5-eb5e60e26dec tempest-GroupsTest-287746592 tempest-GroupsTest-287746592-project] http://10.222.0.38/volume/v3/307434a2547a40adaad2af554e2def0f/groups/detail returned with HTTP 200
Aug 18 16:02:43.504543 dv-cinder-779576-6-iscsi devstack@c-api.service[100796]: INFO cinder.api.openstack.wsgi [None req-8b655ef6-813b-4c43-85ab-180f72ac210f tempest-GroupsTest-287746592 tempest-GroupsTest-287746592-project] GET http://10.222.0.38/volume/v3/307434a2547a40adaad2af554e2def0f/volumes/detail
Aug 18 16:02:43.505151 dv-cinder-779576-6-iscsi devstack@c-api.service[100796]: DEBUG cinder.api.openstack.wsgi [None req-8b655ef6-813b-4c43-85ab-180f72ac210f tempest-GroupsTest-287746592 tempest-GroupsTest-287746592-project] Empty body provided in request {{(pid=100796) get_body /opt/stack/cinder/cinder/api/openstack/wsgi.py:703}}
Aug 18 16:02:43.505655 dv-cinder-779576-6-iscsi devstack@c-api.service[100796]: DEBUG cinder.api.openstack.wsgi [None req-8b655ef6-813b-4c43-85ab-180f72ac210f tempest-GroupsTest-287746592 tempest-GroupsTest-287746592-project] Calling method 'detail' {{(pid=100796) _process_stack /opt/stack/cinder/cinder/api/openstack/wsgi.py:856}}
Aug 18 16:02:43.506509 dv-cinder-779576-6-iscsi devstack@c-api.service[100796]: DEBUG cinder.api.api_utils [None req-8b655ef6-813b-4c43-85ab-180f72ac210f tempest-GroupsTest-287746592 tempest-GroupsTest-287746592-project] Removing options '' from query. {{(pid=100796) remove_invalid_filter_options /opt/stack/cinder/cinder/api/api_utils.py:73}}
Aug 18 16:02:43.508325 dv-cinder-779576-6-iscsi devstack@c-api.service[100796]: DEBUG cinder.volume.api [None req-8b655ef6-813b-4c43-85ab-180f72ac210f tempest-GroupsTest-287746592 tempest-GroupsTest-287746592-project] Searching by: MultiDict([('no_migration_targets', True)]). {{(pid=100796) get_all /opt/stack/cinder/cinder/volume/api.py:619}}
Aug 18 16:02:43.511973 dv-cinder-779576-6-iscsi devstack@c-api.service[100797]: [pid: 100797|app: 0|req: 96/192] 10.222.0.38 () {60 vars in 1273 bytes} [Wed Aug 18 16:02:43 2021] GET /volume/v3/307434a2547a40adaad2af554e2def0f/groups/detail => generated 14 bytes in 50 msecs (HTTP/1.1 200) 7 headers in 285 bytes (1 switches on core 0)
Aug 18 16:02:43.560492 dv-cinder-779576-6-iscsi devstack@c-api.service[100796]: INFO cinder.volume.api [None req-8b655ef6-813b-4c43-85ab-180f72ac210f tempest-GroupsTest-287746592 tempest-GroupsTest-287746592-project] Get all volumes completed successfully.
Aug 18 16:02:43.566344 dv-cinder-779576-6-iscsi devstack@c-api.service[100796]: INFO cinder.api.openstack.wsgi [None req-8b655ef6-813b-4c43-85ab-180f72ac210f tempest-GroupsTest-287746592 tempest-GroupsTest-287746592-project] http://10.222.0.38/volume/v3/307434a2547a40adaad2af554e2def0f/volumes/detail returned with HTTP 200
Aug 18 16:02:43.567780 dv-cinder-779576-6-iscsi devstack@c-api.service[100796]: [pid: 100796|app: 0|req: 97/193] 10.222.0.38 () {60 vars in 1276 bytes} [Wed Aug 18 16:02:43 2021] GET /volume/v3/307434a2547a40adaad2af554e2def0f/volumes/detail => generated 15 bytes in 67 msecs (HTTP/1.1 200) 7 headers in 285 bytes (1 switches on core 0)
Aug 18 16:02:43.582587 dv-cinder-779576-6-iscsi devstack@c-api.service[100797]: INFO cinder.api.openstack.wsgi [None req-8ce42785-22c0-42f4-b3dd-9a7ebc386152 tempest-GroupsTest-287746592 tempest-GroupsTest-287746592-project] POST http://10.222.0.38/volume/v3/307434a2547a40adaad2af554e2def0f/groups/b6d4697d-769f-4058-bf99-3b11bad3c5d6/action
Aug 18 16:02:43.583538 dv-cinder-779576-6-iscsi devstack@c-api.service[100797]: DEBUG cinder.api.openstack.wsgi [None req-8ce42785-22c0-42f4-b3dd-9a7ebc386152 tempest-GroupsTest-287746592 tempest-GroupsTest-287746592-project] Action body: b'{"delete": {"delete-volumes": true}}' {{(pid=100797) get_method /opt/stack/cinder/cinder/api/openstack/wsgi.py:971}}
Aug 18 16:02:43.584102 dv-cinder-779576-6-iscsi devstack@c-api.service[100797]: DEBUG cinder.api.openstack.wsgi [None req-8ce42785-22c0-42f4-b3dd-9a7ebc386152 tempest-GroupsTest-287746592 tempest-GroupsTest-287746592-project] Action: 'action', calling method: delete_group, body: {"delete": {"delete-volumes": true}} {{(pid=100797) _process_stack /opt/stack/cinder/cinder/api/openstack/wsgi.py:854}}
Aug 18 16:02:43.585096 dv-cinder-779576-6-iscsi devstack@c-api.service[100797]: DEBUG cinder.api.v3.groups [None req-8ce42785-22c0-42f4-b3dd-9a7ebc386152 tempest-GroupsTest-287746592 tempest-GroupsTest-287746592-project] delete called for group b6d4697d-769f-4058-bf99-3b11bad3c5d6 {{(pid=100797) _delete /opt/stack/cinder/cinder/api/v3/groups.py:117}}
Aug 18 16:02:43.585535 dv-cinder-779576-6-iscsi devstack@c-api.service[100797]: INFO cinder.api.v3.groups [None req-8ce42785-22c0-42f4-b3dd-9a7ebc386152 tempest-GroupsTest-287746592 tempest-GroupsTest-287746592-project] Delete group with id: b6d4697d-769f-4058-bf99-3b11bad3c5d6
Aug 18 16:02:43.592182 dv-cinder-779576-6-iscsi devstack@c-api.service[100797]: INFO cinder.api.openstack.wsgi [None req-8ce42785-22c0-42f4-b3dd-9a7ebc386152 tempest-GroupsTest-287746592 tempest-GroupsTest-287746592-project] http://10.222.0.38/volume/v3/307434a2547a40adaad2af554e2def0f/groups/b6d4697d-769f-4058-bf99-3b11bad3c5d6/action returned with HTTP 404
Aug 18 16:02:43.598438 dv-cinder-779576-6-iscsi devstack@c-api.service[100797]: [pid: 100797|app: 0|req: 97/194] 10.222.0.38 () {62 vars in 1405 bytes} [Wed Aug 18 16:02:43 2021] POST /volume/v3/307434a2547a40adaad2af554e2def0f/groups/b6d4697d-769f-4058-bf99-3b11bad3c5d6/action => generated 108 bytes in 20 msecs (HTTP/1.1 404) 7 headers in 293 bytes (1 switches on core 0)
Aug 18 16:02:43.602301 dv-cinder-779576-6-iscsi devstack@c-api.service[100796]: INFO cinder.api.openstack.wsgi [None req-41d4a33a-23aa-4105-a37e-75a436856d4f tempest-GroupsTest-287746592 tempest-GroupsTest-287746592-project] GET http://10.222.0.38/volume/v3/307434a2547a40adaad2af554e2def0f/volumes/detail
Aug 18 16:02:43.602790 dv-cinder-779576-6-iscsi devstack@c-api.service[100796]: DEBUG cinder.api.openstack.wsgi [None req-41d4a33a-23aa-4105-a37e-75a436856d4f tempest-GroupsTest-287746592 tempest-GroupsTest-287746592-project] Empty body provided in request {{(pid=100796) get_body /opt/stack/cinder/cinder/api/openstack/wsgi.py:703}}
Aug 18 16:02:43.603415 dv-cinder-779576-6-iscsi devstack@c-api.service[100796]: DEBUG cinder.api.openstack.wsgi [None req-41d4a33a-23aa-4105-a37e-75a436856d4f tempest-GroupsTest-287746592 tempest-GroupsTest-287746592-project] Calling method 'detail' {{(pid=100796) _process_stack /opt/stack/cinder/cinder/api/openstack/wsgi.py:856}}
Aug 18 16:02:43.603761 dv-cinder-779576-6-iscsi devstack@c-api.service[100796]: DEBUG cinder.api.api_utils [None req-41d4a33a-23aa-4105-a37e-75a436856d4f tempest-GroupsTest-287746592 tempest-GroupsTest-287746592-project] Removing options '' from query. {{(pid=100796) remove_invalid_filter_options /opt/stack/cinder/cinder/api/api_utils.py:73}}
Aug 18 16:02:43.607535 dv-cinder-779576-6-iscsi devstack@c-api.service[100796]: DEBUG cinder.volume.api [None req-41d4a33a-23aa-4105-a37e-75a436856d4f tempest-GroupsTest-287746592 tempest-GroupsTest-287746592-project] Searching by: MultiDict([('no_migration_targets', True)]). {{(pid=100796) get_all /opt/stack/cinder/cinder/volume/api.py:619}}
Aug 18 16:02:43.673268 dv-cinder-779576-6-iscsi devstack@c-api.service[100797]: INFO cinder.api.openstack.wsgi [None req-62a5982d-cbc8-4ae5-b8e3-52ed87b773be tempest-AttachVolumeNegativeTest-178358505 tempest-AttachVolumeNegativeTest-178358505-project] POST http://10.222.0.38/volume/v3/f5476f18828c4cff8ec2dd656050f682/volumes
Aug 18 16:02:43.674365 dv-cinder-779576-6-iscsi devstack@c-api.service[100797]: DEBUG cinder.api.openstack.wsgi [None req-62a5982d-cbc8-4ae5-b8e3-52ed87b773be tempest-AttachVolumeNegativeTest-178358505 tempest-AttachVolumeNegativeTest-178358505-project] Action: 'create', calling method: create, body: {"volume": {"size": 1, "display_name": "tempest-AttachVolumeNegativeTest-volume-339810867"}} {{(pid=100797) _process_stack /opt/stack/cinder/cinder/api/openstack/wsgi.py:854}}
Aug 18 16:02:43.675703 dv-cinder-779576-6-iscsi devstack@c-api.service[100797]: DEBUG cinder.api.v3.volumes [None req-62a5982d-cbc8-4ae5-b8e3-52ed87b773be tempest-AttachVolumeNegativeTest-178358505 tempest-AttachVolumeNegativeTest-178358505-project] Create volume request body: {'volume': {'size': 1, 'display_name': 'tempest-AttachVolumeNegativeTest-volume-339810867'}} {{(pid=100797) create /opt/stack/cinder/cinder/api/v3/volumes.py:290}}
Aug 18 16:02:43.676777 dv-cinder-779576-6-iscsi devstack@c-api.service[100797]: INFO cinder.api.v3.volumes [None req-62a5982d-cbc8-4ae5-b8e3-52ed87b773be tempest-AttachVolumeNegativeTest-178358505 tempest-AttachVolumeNegativeTest-178358505-project] Create volume of 1 GB
Aug 18 16:02:43.687238 dv-cinder-779576-6-iscsi devstack@c-api.service[100797]: INFO cinder.volume.api [None req-62a5982d-cbc8-4ae5-b8e3-52ed87b773be tempest-AttachVolumeNegativeTest-178358505 tempest-AttachVolumeNegativeTest-178358505-project] Availability Zones retrieved successfully.
Aug 18 16:02:43.709981 dv-cinder-779576-6-iscsi devstack@c-api.service[100797]: DEBUG cinder.volume.api [None req-62a5982d-cbc8-4ae5-b8e3-52ed87b773be tempest-AttachVolumeNegativeTest-178358505 tempest-AttachVolumeNegativeTest-178358505-project] Flow 'volume_create_api' (1f06d873-b9e1-4082-a2b3-4998d0e9d472) transitioned into state 'RUNNING' from state 'PENDING' {{(pid=100797) _flow_receiver /usr/local/lib/python3.8/dist-packages/taskflow/listeners/logging.py:141}}
Aug 18 16:02:43.714368 dv-cinder-779576-6-iscsi devstack@c-api.service[100797]: DEBUG cinder.volume.api [None req-62a5982d-cbc8-4ae5-b8e3-52ed87b773be tempest-AttachVolumeNegativeTest-178358505 tempest-AttachVolumeNegativeTest-178358505-project] Task 'cinder.volume.flows.api.create_volume.ExtractVolumeRequestTask;volume:create' (f9690f40-800b-4f71-874f-2ea939382958) transitioned into state 'RUNNING' from state 'PENDING' {{(pid=100797) _task_receiver /usr/local/lib/python3.8/dist-packages/taskflow/listeners/logging.py:190}}
Aug 18 16:02:43.715196 dv-cinder-779576-6-iscsi devstack@c-api.service[100796]: INFO cinder.volume.api [None req-41d4a33a-23aa-4105-a37e-75a436856d4f tempest-GroupsTest-287746592 tempest-GroupsTest-287746592-project] Get all volumes completed successfully.
Aug 18 16:02:43.716828 dv-cinder-779576-6-iscsi devstack@c-api.service[100797]: DEBUG cinder.volume.flows.api.create_volume [None req-62a5982d-cbc8-4ae5-b8e3-52ed87b773be tempest-AttachVolumeNegativeTest-178358505 tempest-AttachVolumeNegativeTest-178358505-project] Validating volume size '1' using validate_int {{(pid=100797) _extract_size /opt/stack/cinder/cinder/volume/flows/api/create_volume.py:201}}
Aug 18 16:02:43.727360 dv-cinder-779576-6-iscsi devstack@c-api.service[100796]: INFO cinder.api.openstack.wsgi [None req-41d4a33a-23aa-4105-a37e-75a436856d4f tempest-GroupsTest-287746592 tempest-GroupsTest-287746592-project] http://10.222.0.38/volume/v3/307434a2547a40adaad2af554e2def0f/volumes/detail returned with HTTP 200
Aug 18 16:02:43.728793 dv-cinder-779576-6-iscsi devstack@c-api.service[100796]: [pid: 100796|app: 0|req: 98/195] 10.222.0.38 () {60 vars in 1276 bytes} [Wed Aug 18 16:02:43 2021] GET /volume/v3/307434a2547a40adaad2af554e2def0f/volumes/detail => generated 15 bytes in 130 msecs (HTTP/1.1 200) 7 headers in 285 bytes (1 switches on core 0)
Aug 18 16:02:43.734886 dv-cinder-779576-6-iscsi devstack@c-api.service[100796]: INFO cinder.api.openstack.wsgi [None req-eaaae0bf-ba63-41bf-96e0-a2af2d8ba65d tempest-VolumeSnapshotQuotasNegativeTestJSON-548497272 tempest-VolumeSnapshotQuotasNegativeTestJSON-548497272-project] GET http://10.222.0.38/volume/v3/a89a9bc43fc74cea9bfe80a6d84845bc/volumes/a7453e1a-42f7-4af6-9bd9-915971eaac1d
Aug 18 16:02:43.735347 dv-cinder-779576-6-iscsi devstack@c-api.service[100796]: DEBUG cinder.api.openstack.wsgi [None req-eaaae0bf-ba63-41bf-96e0-a2af2d8ba65d tempest-VolumeSnapshotQuotasNegativeTestJSON-548497272 tempest-VolumeSnapshotQuotasNegativeTestJSON-548497272-project] Empty body provided in request {{(pid=100796) get_body /opt/stack/cinder/cinder/api/openstack/wsgi.py:703}}
Aug 18 16:02:43.735776 dv-cinder-779576-6-iscsi devstack@c-api.service[100796]: DEBUG cinder.api.openstack.wsgi [None req-eaaae0bf-ba63-41bf-96e0-a2af2d8ba65d tempest-VolumeSnapshotQuotasNegativeTestJSON-548497272 tempest-VolumeSnapshotQuotasNegativeTestJSON-548497272-project] Calling method 'show' {{(pid=100796) _process_stack /opt/stack/cinder/cinder/api/openstack/wsgi.py:856}}
Aug 18 16:02:43.746974 dv-cinder-779576-6-iscsi devstack@c-api.service[100796]: INFO cinder.api.openstack.wsgi [None req-eaaae0bf-ba63-41bf-96e0-a2af2d8ba65d tempest-VolumeSnapshotQuotasNegativeTestJSON-548497272 tempest-VolumeSnapshotQuotasNegativeTestJSON-548497272-project] http://10.222.0.38/volume/v3/a89a9bc43fc74cea9bfe80a6d84845bc/volumes/a7453e1a-42f7-4af6-9bd9-915971eaac1d returned with HTTP 404
Aug 18 16:02:43.748325 dv-cinder-779576-6-iscsi devstack@c-api.service[100796]: [pid: 100796|app: 0|req: 99/196] 10.222.0.38 () {58 vars in 1325 bytes} [Wed Aug 18 16:02:43 2021] GET /volume/v3/a89a9bc43fc74cea9bfe80a6d84845bc/volumes/a7453e1a-42f7-4af6-9bd9-915971eaac1d => generated 109 bytes in 19 msecs (HTTP/1.1 404) 7 headers in 292 bytes (1 switches on core 0)
Aug 18 16:02:43.752226 dv-cinder-779576-6-iscsi devstack@c-api.service[100796]: INFO cinder.api.openstack.wsgi [None req-ea7c3cf9-6d82-465e-8890-1451968e6e97 tempest-GroupsTest-287746592 tempest-GroupsTest-287746592-project] POST http://10.222.0.38/volume/v3/307434a2547a40adaad2af554e2def0f/groups/48fc2fc9-79f0-4d79-bb7b-573db4ecc5ce/action
Aug 18 16:02:43.753340 dv-cinder-779576-6-iscsi devstack@c-api.service[100796]: DEBUG cinder.api.openstack.wsgi [None req-ea7c3cf9-6d82-465e-8890-1451968e6e97 tempest-GroupsTest-287746592 tempest-GroupsTest-287746592-project] Action body: b'{"delete": {"delete-volumes": true}}' {{(pid=100796) get_method /opt/stack/cinder/cinder/api/openstack/wsgi.py:971}}
Aug 18 16:02:43.753508 dv-cinder-779576-6-iscsi devstack@c-api.service[100796]: DEBUG cinder.api.openstack.wsgi [None req-ea7c3cf9-6d82-465e-8890-1451968e6e97 tempest-GroupsTest-287746592 tempest-GroupsTest-287746592-project] Action: 'action', calling method: delete_group, body: {"delete": {"delete-volumes": true}} {{(pid=100796) _process_stack /opt/stack/cinder/cinder/api/openstack/wsgi.py:854}}
Aug 18 16:02:43.754297 dv-cinder-779576-6-iscsi devstack@c-api.service[100796]: DEBUG cinder.api.v3.groups [None req-ea7c3cf9-6d82-465e-8890-1451968e6e97 tempest-GroupsTest-287746592 tempest-GroupsTest-287746592-project] delete called for group 48fc2fc9-79f0-4d79-bb7b-573db4ecc5ce {{(pid=100796) _delete /opt/stack/cinder/cinder/api/v3/groups.py:117}}
Aug 18 16:02:43.754636 dv-cinder-779576-6-iscsi devstack@c-api.service[100796]: INFO cinder.api.v3.groups [None req-ea7c3cf9-6d82-465e-8890-1451968e6e97 tempest-GroupsTest-287746592 tempest-GroupsTest-287746592-project] Delete group with id: 48fc2fc9-79f0-4d79-bb7b-573db4ecc5ce
Aug 18 16:02:43.759336 dv-cinder-779576-6-iscsi devstack@c-api.service[100796]: INFO cinder.api.openstack.wsgi [None req-ea7c3cf9-6d82-465e-8890-1451968e6e97 tempest-GroupsTest-287746592 tempest-GroupsTest-287746592-project] http://10.222.0.38/volume/v3/307434a2547a40adaad2af554e2def0f/groups/48fc2fc9-79f0-4d79-bb7b-573db4ecc5ce/action returned with HTTP 404
Aug 18 16:02:43.760392 dv-cinder-779576-6-iscsi devstack@c-api.service[100796]: [pid: 100796|app: 0|req: 100/197] 10.222.0.38 () {62 vars in 1405 bytes} [Wed Aug 18 16:02:43 2021] POST /volume/v3/307434a2547a40adaad2af554e2def0f/groups/48fc2fc9-79f0-4d79-bb7b-573db4ecc5ce/action => generated 108 bytes in 12 msecs (HTTP/1.1 404) 7 headers in 293 bytes (1 switches on core 0)
Aug 18 16:02:43.765578 dv-cinder-779576-6-iscsi devstack@c-api.service[100796]: INFO cinder.api.openstack.wsgi [None req-655f141c-56a2-4f4d-98af-5989dcc02545 tempest-VolumeSnapshotQuotasNegativeTestJSON-1912564221 tempest-VolumeSnapshotQuotasNegativeTestJSON-1912564221-project-admin] PUT http://10.222.0.38/volume/v3/af213503e27d4059a39f299dfcb081b5/os-quota-sets/a89a9bc43fc74cea9bfe80a6d84845bc
Aug 18 16:02:43.766232 dv-cinder-779576-6-iscsi devstack@c-api.service[100796]: DEBUG cinder.api.openstack.wsgi [None req-655f141c-56a2-4f4d-98af-5989dcc02545 tempest-VolumeSnapshotQuotasNegativeTestJSON-1912564221 tempest-VolumeSnapshotQuotasNegativeTestJSON-1912564221-project-admin] Action: 'update', calling method: update, body: {"quota_set": {"volumes": 10, "per_volume_gigabytes": -1, "snapshots": 10, "gigabytes": 1000, "backups": 10, "backup_gigabytes": 1000}} {{(pid=100796) _process_stack /opt/stack/cinder/cinder/api/openstack/wsgi.py:854}}
Aug 18 16:02:43.793767 dv-cinder-779576-6-iscsi devstack@c-api.service[100797]: DEBUG cinder.volume.api [None req-62a5982d-cbc8-4ae5-b8e3-52ed87b773be tempest-AttachVolumeNegativeTest-178358505 tempest-AttachVolumeNegativeTest-178358505-project] Task 'cinder.volume.flows.api.create_volume.ExtractVolumeRequestTask;volume:create' (f9690f40-800b-4f71-874f-2ea939382958) transitioned into state 'SUCCESS' from state 'RUNNING' with result '{'size': 1, 'snapshot_id': None, 'source_volid': None, 'volume_type': VolumeType(created_at=2021-08-18T15:53:11Z,deleted=False,deleted_at=None,description='Default Volume Type',extra_specs={},id=f045f92f-232f-453c-9ee9-28131c006bca,is_public=True,name='__DEFAULT__',projects=[],qos_specs=,qos_specs_id=None,updated_at=2021-08-18T15:53:11Z), 'volume_type_id': 'f045f92f-232f-453c-9ee9-28131c006bca', 'encryption_key_id': None, 'qos_specs': None, 'consistencygroup_id': None, 'cgsnapshot_id': None, 'group_id': None, 'replication_status': 'disabled', 'refresh_az': False, 'backup_id': None, 'multiattach': False, 'availability_zones': ['nova']}' {{(pid=100797) _task_receiver /usr/local/lib/python3.8/dist-packages/taskflow/listeners/logging.py:178}}
Aug 18 16:02:43.798961 dv-cinder-779576-6-iscsi devstack@c-api.service[100797]: DEBUG cinder.volume.api [None req-62a5982d-cbc8-4ae5-b8e3-52ed87b773be tempest-AttachVolumeNegativeTest-178358505 tempest-AttachVolumeNegativeTest-178358505-project] Task 'cinder.volume.flows.api.create_volume.QuotaReserveTask;volume:create' (73a51d99-ae7e-421e-8045-636b2300ac98) transitioned into state 'RUNNING' from state 'PENDING' {{(pid=100797) _task_receiver /usr/local/lib/python3.8/dist-packages/taskflow/listeners/logging.py:190}}
Aug 18 16:02:43.996167 dv-cinder-779576-6-iscsi devstack@c-api.service[100797]: DEBUG cinder.quota [None req-62a5982d-cbc8-4ae5-b8e3-52ed87b773be tempest-AttachVolumeNegativeTest-178358505 tempest-AttachVolumeNegativeTest-178358505-project] Created reservations ['6f57aae1-5418-4a0d-a028-5a6841fd641c', '0e14cf12-e126-4b13-b1aa-7449a74abb5c', '7f10cf7d-d8c3-4fa5-a5de-9ca934498b11', '73a9aa9b-066f-433f-93b7-fd07938ac87d'] {{(pid=100797) reserve /opt/stack/cinder/cinder/quota.py:755}}
Aug 18 16:02:43.999729 dv-cinder-779576-6-iscsi devstack@c-api.service[100797]: DEBUG cinder.volume.api [None req-62a5982d-cbc8-4ae5-b8e3-52ed87b773be tempest-AttachVolumeNegativeTest-178358505 tempest-AttachVolumeNegativeTest-178358505-project] Task 'cinder.volume.flows.api.create_volume.QuotaReserveTask;volume:create' (73a51d99-ae7e-421e-8045-636b2300ac98) transitioned into state 'SUCCESS' from state 'RUNNING' with result '{'reservations': ['6f57aae1-5418-4a0d-a028-5a6841fd641c', '0e14cf12-e126-4b13-b1aa-7449a74abb5c', '7f10cf7d-d8c3-4fa5-a5de-9ca934498b11', '73a9aa9b-066f-433f-93b7-fd07938ac87d']}' {{(pid=100797) _task_receiver /usr/local/lib/python3.8/dist-packages/taskflow/listeners/logging.py:178}}
Aug 18 16:02:44.002388 dv-cinder-779576-6-iscsi devstack@c-api.service[100797]: DEBUG cinder.volume.api [None req-62a5982d-cbc8-4ae5-b8e3-52ed87b773be tempest-AttachVolumeNegativeTest-178358505 tempest-AttachVolumeNegativeTest-178358505-project] Task 'cinder.volume.flows.api.create_volume.EntryCreateTask;volume:create' (0f0b667e-2fe8-4415-841c-e4762d2a968a) transitioned into state 'RUNNING' from state 'PENDING' {{(pid=100797) _task_receiver /usr/local/lib/python3.8/dist-packages/taskflow/listeners/logging.py:190}}
Aug 18 16:02:44.028025 dv-cinder-779576-6-iscsi devstack@c-api.service[100796]: INFO cinder.api.openstack.wsgi [None req-655f141c-56a2-4f4d-98af-5989dcc02545 tempest-VolumeSnapshotQuotasNegativeTestJSON-1912564221 tempest-VolumeSnapshotQuotasNegativeTestJSON-1912564221-project-admin] http://10.222.0.38/volume/v3/af213503e27d4059a39f299dfcb081b5/os-quota-sets/a89a9bc43fc74cea9bfe80a6d84845bc returned with HTTP 200
Aug 18 16:02:44.029407 dv-cinder-779576-6-iscsi devstack@c-api.service[100796]: [pid: 100796|app: 0|req: 101/198] 10.222.0.38 () {60 vars in 1352 bytes} [Wed Aug 18 16:02:43 2021] PUT /volume/v3/af213503e27d4059a39f299dfcb081b5/os-quota-sets/a89a9bc43fc74cea9bfe80a6d84845bc => generated 684 bytes in 268 msecs (HTTP/1.1 200) 7 headers in 285 bytes (1 switches on core 0)
Aug 18 16:02:44.034088 dv-cinder-779576-6-iscsi devstack@c-api.service[100796]: INFO cinder.api.openstack.wsgi [None req-574e7df3-7b10-4edc-aa94-5f9fbced985b tempest-GroupsTest-2138914943 tempest-GroupsTest-2138914943-project-admin] DELETE http://10.222.0.38/volume/v3/7faf20498b104be697d33d5fe40d9cb3/group_types/5bb3af85-ae4e-4da1-b38b-4d718ea3d2f1
Aug 18 16:02:44.036018 dv-cinder-779576-6-iscsi devstack@c-api.service[100796]: DEBUG cinder.api.openstack.wsgi [None req-574e7df3-7b10-4edc-aa94-5f9fbced985b tempest-GroupsTest-2138914943 tempest-GroupsTest-2138914943-project-admin] Empty body provided in request {{(pid=100796) get_body /opt/stack/cinder/cinder/api/openstack/wsgi.py:703}}
Aug 18 16:02:44.036475 dv-cinder-779576-6-iscsi devstack@c-api.service[100796]: DEBUG cinder.api.openstack.wsgi [None req-574e7df3-7b10-4edc-aa94-5f9fbced985b tempest-GroupsTest-2138914943 tempest-GroupsTest-2138914943-project-admin] Calling method 'version_select' {{(pid=100796) _process_stack /opt/stack/cinder/cinder/api/openstack/wsgi.py:856}}
Aug 18 16:02:44.037503 dv-cinder-779576-6-iscsi devstack@c-api.service[100797]: DEBUG cinder.volume.api [None req-62a5982d-cbc8-4ae5-b8e3-52ed87b773be tempest-AttachVolumeNegativeTest-178358505 tempest-AttachVolumeNegativeTest-178358505-project] Task 'cinder.volume.flows.api.create_volume.EntryCreateTask;volume:create' (0f0b667e-2fe8-4415-841c-e4762d2a968a) transitioned into state 'SUCCESS' from state 'RUNNING' with result '{'volume_id': '1d443c71-30ef-474d-8eaf-6899f09e40a1', 'volume_properties': VolumeProperties(attach_status='detached',availability_zone='nova',cgsnapshot_id=None,consistencygroup_id=None,display_description=None,display_name='tempest-AttachVolumeNegativeTest-volume-339810867',encryption_key_id=None,group_id=None,group_type_id=,metadata={},multiattach=False,project_id='f5476f18828c4cff8ec2dd656050f682',qos_specs=None,replication_status=,reservations=['6f57aae1-5418-4a0d-a028-5a6841fd641c','0e14cf12-e126-4b13-b1aa-7449a74abb5c','7f10cf7d-d8c3-4fa5-a5de-9ca934498b11','73a9aa9b-066f-433f-93b7-fd07938ac87d'],size=1,snapshot_id=None,source_replicaid=,source_volid=None,status='creating',user_id='ab5b2d0e7d444965b19f5306ed5bd07e',volume_type_id=f045f92f-232f-453c-9ee9-28131c006bca), 'volume': Volume(_name_id=None,admin_metadata=,attach_status='detached',availability_zone='nova',bootable=False,cluster=,cluster_name=None,consistencygroup=,consistencygroup_id=None,created_at=2021-08-18T16:02:44Z,deleted=False,deleted_at=None,display_description=None,display_name='tempest-AttachVolumeNegativeTest-volume-339810867',ec2_id=None,encryption_key_id=None,glance_metadata=,group=,group_id=None,host=None,id=1d443c71-30ef-474d-8eaf-6899f09e40a1,launched_at=None,metadata={},migration_status=None,multiattach=False,previous_status=None,project_id='f5476f18828c4cff8ec2dd656050f682',provider_auth=None,provider_geometry=None,provider_id=None,provider_location=None,replication_driver_data=None,replication_extended_status=None,replication_status=None,scheduled_at=None,service_uuid=None,shared_targets=True,size=1,snapshot_id=None,snapshots=,source_volid=None,status='creating',terminated_at=None,updated_at=None,user_id='ab5b2d0e7d444965b19f5306ed5bd07e',volume_attachment=,volume_type=VolumeType(f045f92f-232f-453c-9ee9-28131c006bca),volume_type_id=f045f92f-232f-453c-9ee9-28131c006bca)}' {{(pid=100797) _task_receiver /usr/local/lib/python3.8/dist-packages/taskflow/listeners/logging.py:178}}
Aug 18 16:02:44.042372 dv-cinder-779576-6-iscsi devstack@c-api.service[100797]: DEBUG cinder.volume.api [None req-62a5982d-cbc8-4ae5-b8e3-52ed87b773be tempest-AttachVolumeNegativeTest-178358505 tempest-AttachVolumeNegativeTest-178358505-project] Task 'cinder.volume.flows.api.create_volume.QuotaCommitTask;volume:create' (0cc5dfc2-405b-42bb-a994-228b7306784e) transitioned into state 'RUNNING' from state 'PENDING' {{(pid=100797) _task_receiver /usr/local/lib/python3.8/dist-packages/taskflow/listeners/logging.py:190}}
Aug 18 16:02:44.060418 dv-cinder-779576-6-iscsi devstack@c-api.service[100796]: INFO cinder.api.openstack.wsgi [None req-574e7df3-7b10-4edc-aa94-5f9fbced985b tempest-GroupsTest-2138914943 tempest-GroupsTest-2138914943-project-admin] http://10.222.0.38/volume/v3/7faf20498b104be697d33d5fe40d9cb3/group_types/5bb3af85-ae4e-4da1-b38b-4d718ea3d2f1 returned with HTTP 202
Aug 18 16:02:44.061913 dv-cinder-779576-6-iscsi devstack@c-api.service[100796]: [pid: 100796|app: 0|req: 102/199] 10.222.0.38 () {60 vars in 1381 bytes} [Wed Aug 18 16:02:44 2021] DELETE /volume/v3/7faf20498b104be697d33d5fe40d9cb3/group_types/5bb3af85-ae4e-4da1-b38b-4d718ea3d2f1 => generated 0 bytes in 31 msecs (HTTP/1.1 202) 6 headers in 234 bytes (1 switches on core 0)
Aug 18 16:02:44.069322 dv-cinder-779576-6-iscsi devstack@c-api.service[100796]: INFO cinder.api.openstack.wsgi [None req-46023326-853d-4f94-9928-74e571796b03 tempest-DeleteServersTestJSON-200659340 tempest-DeleteServersTestJSON-200659340-project] POST http://10.222.0.38/volume/v3/4106ce41f782488f9606a6392d866ff4/volumes
Aug 18 16:02:44.069967 dv-cinder-779576-6-iscsi devstack@c-api.service[100796]: DEBUG cinder.api.openstack.wsgi [None req-46023326-853d-4f94-9928-74e571796b03 tempest-DeleteServersTestJSON-200659340 tempest-DeleteServersTestJSON-200659340-project] Action: 'create', calling method: create, body: {"volume": {"size": 1, "display_name": "tempest-DeleteServersTestJSON-volume-1011598789"}} {{(pid=100796) _process_stack /opt/stack/cinder/cinder/api/openstack/wsgi.py:854}}
Aug 18 16:02:44.070930 dv-cinder-779576-6-iscsi devstack@c-api.service[100796]: DEBUG cinder.api.v3.volumes [None req-46023326-853d-4f94-9928-74e571796b03 tempest-DeleteServersTestJSON-200659340 tempest-DeleteServersTestJSON-200659340-project] Create volume request body: {'volume': {'size': 1, 'display_name': 'tempest-DeleteServersTestJSON-volume-1011598789'}} {{(pid=100796) create /opt/stack/cinder/cinder/api/v3/volumes.py:290}}
Aug 18 16:02:44.071317 dv-cinder-779576-6-iscsi devstack@c-api.service[100796]: INFO cinder.api.v3.volumes [None req-46023326-853d-4f94-9928-74e571796b03 tempest-DeleteServersTestJSON-200659340 tempest-DeleteServersTestJSON-200659340-project] Create volume of 1 GB
Aug 18 16:02:44.078663 dv-cinder-779576-6-iscsi devstack@c-api.service[100796]: INFO cinder.volume.api [None req-46023326-853d-4f94-9928-74e571796b03 tempest-DeleteServersTestJSON-200659340 tempest-DeleteServersTestJSON-200659340-project] Availability Zones retrieved successfully.
Aug 18 16:02:44.079648 dv-cinder-779576-6-iscsi devstack@c-api.service[100797]: DEBUG cinder.volume.api [None req-62a5982d-cbc8-4ae5-b8e3-52ed87b773be tempest-AttachVolumeNegativeTest-178358505 tempest-AttachVolumeNegativeTest-178358505-project] Task 'cinder.volume.flows.api.create_volume.QuotaCommitTask;volume:create' (0cc5dfc2-405b-42bb-a994-228b7306784e) transitioned into state 'SUCCESS' from state 'RUNNING' with result '{'volume_properties': VolumeProperties(attach_status='detached',availability_zone='nova',cgsnapshot_id=None,consistencygroup_id=None,display_description=None,display_name='tempest-AttachVolumeNegativeTest-volume-339810867',encryption_key_id=None,group_id=None,group_type_id=,metadata={},multiattach=False,project_id='f5476f18828c4cff8ec2dd656050f682',qos_specs=None,replication_status=,reservations=['6f57aae1-5418-4a0d-a028-5a6841fd641c','0e14cf12-e126-4b13-b1aa-7449a74abb5c','7f10cf7d-d8c3-4fa5-a5de-9ca934498b11','73a9aa9b-066f-433f-93b7-fd07938ac87d'],size=1,snapshot_id=None,source_replicaid=,source_volid=None,status='creating',user_id='ab5b2d0e7d444965b19f5306ed5bd07e',volume_type_id=f045f92f-232f-453c-9ee9-28131c006bca)}' {{(pid=100797) _task_receiver /usr/local/lib/python3.8/dist-packages/taskflow/listeners/logging.py:178}}
Aug 18 16:02:44.081530 dv-cinder-779576-6-iscsi devstack@c-api.service[100797]: DEBUG cinder.volume.api [None req-62a5982d-cbc8-4ae5-b8e3-52ed87b773be tempest-AttachVolumeNegativeTest-178358505 tempest-AttachVolumeNegativeTest-178358505-project] Task 'cinder.volume.flows.api.create_volume.VolumeCastTask;volume:create' (255707d8-06af-4ecb-bf46-2056c1a674bb) transitioned into state 'RUNNING' from state 'PENDING' {{(pid=100797) _task_receiver /usr/local/lib/python3.8/dist-packages/taskflow/listeners/logging.py:190}}
Aug 18 16:02:44.094640 dv-cinder-779576-6-iscsi devstack@c-api.service[100796]: DEBUG cinder.volume.api [None req-46023326-853d-4f94-9928-74e571796b03 tempest-DeleteServersTestJSON-200659340 tempest-DeleteServersTestJSON-200659340-project] Flow 'volume_create_api' (608139dc-a08d-41e1-9586-4e6ed88d0e4a) transitioned into state 'RUNNING' from state 'PENDING' {{(pid=100796) _flow_receiver /usr/local/lib/python3.8/dist-packages/taskflow/listeners/logging.py:141}}
Aug 18 16:02:44.097485 dv-cinder-779576-6-iscsi devstack@c-api.service[100796]: DEBUG cinder.volume.api [None req-46023326-853d-4f94-9928-74e571796b03 tempest-DeleteServersTestJSON-200659340 tempest-DeleteServersTestJSON-200659340-project] Task 'cinder.volume.flows.api.create_volume.ExtractVolumeRequestTask;volume:create' (cc6197bf-b930-4b26-baa7-b9220dcc789b) transitioned into state 'RUNNING' from state 'PENDING' {{(pid=100796) _task_receiver /usr/local/lib/python3.8/dist-packages/taskflow/listeners/logging.py:190}}
Aug 18 16:02:44.099078 dv-cinder-779576-6-iscsi devstack@c-api.service[100796]: DEBUG cinder.volume.flows.api.create_volume [None req-46023326-853d-4f94-9928-74e571796b03 tempest-DeleteServersTestJSON-200659340 tempest-DeleteServersTestJSON-200659340-project] Validating volume size '1' using validate_int {{(pid=100796) _extract_size /opt/stack/cinder/cinder/volume/flows/api/create_volume.py:201}}
Aug 18 16:02:44.099977 dv-cinder-779576-6-iscsi devstack@c-api.service[100797]: DEBUG cinder.volume.api [None req-62a5982d-cbc8-4ae5-b8e3-52ed87b773be tempest-AttachVolumeNegativeTest-178358505 tempest-AttachVolumeNegativeTest-178358505-project] Task 'cinder.volume.flows.api.create_volume.VolumeCastTask;volume:create' (255707d8-06af-4ecb-bf46-2056c1a674bb) transitioned into state 'SUCCESS' from state 'RUNNING' with result 'None' {{(pid=100797) _task_receiver /usr/local/lib/python3.8/dist-packages/taskflow/listeners/logging.py:178}}
Aug 18 16:02:44.103265 dv-cinder-779576-6-iscsi devstack@c-api.service[100797]: DEBUG cinder.volume.api [None req-62a5982d-cbc8-4ae5-b8e3-52ed87b773be tempest-AttachVolumeNegativeTest-178358505 tempest-AttachVolumeNegativeTest-178358505-project] Flow 'volume_create_api' (1f06d873-b9e1-4082-a2b3-4998d0e9d472) transitioned into state 'SUCCESS' from state 'RUNNING' {{(pid=100797) _flow_receiver /usr/local/lib/python3.8/dist-packages/taskflow/listeners/logging.py:141}}
Aug 18 16:02:44.104079 dv-cinder-779576-6-iscsi devstack@c-api.service[100797]: INFO cinder.volume.api [None req-62a5982d-cbc8-4ae5-b8e3-52ed87b773be tempest-AttachVolumeNegativeTest-178358505 tempest-AttachVolumeNegativeTest-178358505-project] Create volume request issued successfully.
Aug 18 16:02:44.113111 dv-cinder-779576-6-iscsi devstack@c-api.service[100797]: INFO cinder.api.openstack.wsgi [None req-62a5982d-cbc8-4ae5-b8e3-52ed87b773be tempest-AttachVolumeNegativeTest-178358505 tempest-AttachVolumeNegativeTest-178358505-project] http://10.222.0.38/volume/v3/f5476f18828c4cff8ec2dd656050f682/volumes returned with HTTP 202
Aug 18 16:02:44.114366 dv-cinder-779576-6-iscsi devstack@c-api.service[100797]: [pid: 100797|app: 0|req: 98/200] 10.222.0.38 () {60 vars in 1235 bytes} [Wed Aug 18 16:02:43 2021] POST /volume/v3/f5476f18828c4cff8ec2dd656050f682/volumes => generated 823 bytes in 447 msecs (HTTP/1.1 202) 7 headers in 291 bytes (1 switches on core 0)
Aug 18 16:02:44.127428 dv-cinder-779576-6-iscsi devstack@c-api.service[100797]: INFO cinder.api.openstack.wsgi [None req-c02d83b7-3c65-484e-b589-5792ddc5ffd5 tempest-GroupsTest-2138914943 tempest-GroupsTest-2138914943-project-admin] POST http://10.222.0.38/volume/v3/7faf20498b104be697d33d5fe40d9cb3/types
Aug 18 16:02:44.128163 dv-cinder-779576-6-iscsi devstack@c-api.service[100797]: /usr/local/lib/python3.8/dist-packages/webob/acceptparse.py:1047: DeprecationWarning: The behavior of AcceptValidHeader.best_match is currently being maintained for backward compatibility, but it will be deprecated in the future, as it does not conform to the RFC.
Aug 18 16:02:44.128163 dv-cinder-779576-6-iscsi devstack@c-api.service[100797]: warnings.warn(
Aug 18 16:02:44.129447 dv-cinder-779576-6-iscsi devstack@c-api.service[100797]: DEBUG cinder.api.openstack.wsgi [None req-c02d83b7-3c65-484e-b589-5792ddc5ffd5 tempest-GroupsTest-2138914943 tempest-GroupsTest-2138914943-project-admin] Action: 'create', calling method: _create, body: {"volume_type": {"name": "tempest-GroupsTest-volume-type-1925315193"}} {{(pid=100797) _process_stack /opt/stack/cinder/cinder/api/openstack/wsgi.py:854}}
Aug 18 16:02:44.130033 dv-cinder-779576-6-iscsi devstack@c-api.service[100797]: /usr/local/lib/python3.8/dist-packages/oslo_context/context.py:105: DeprecationWarning: Policy enforcement is depending on the value of is_admin. This key is deprecated. Please update your policy file to use the standard policy values.
Aug 18 16:02:44.130033 dv-cinder-779576-6-iscsi devstack@c-api.service[100797]: warnings.warn('Policy enforcement is depending on the value of '
Aug 18 16:02:44.146140 dv-cinder-779576-6-iscsi devstack@c-api.service[100796]: DEBUG cinder.volume.api [None req-46023326-853d-4f94-9928-74e571796b03 tempest-DeleteServersTestJSON-200659340 tempest-DeleteServersTestJSON-200659340-project] Task 'cinder.volume.flows.api.create_volume.ExtractVolumeRequestTask;volume:create' (cc6197bf-b930-4b26-baa7-b9220dcc789b) transitioned into state 'SUCCESS' from state 'RUNNING' with result '{'size': 1, 'snapshot_id': None, 'source_volid': None, 'volume_type': VolumeType(created_at=2021-08-18T15:53:11Z,deleted=False,deleted_at=None,description='Default Volume Type',extra_specs={},id=f045f92f-232f-453c-9ee9-28131c006bca,is_public=True,name='__DEFAULT__',projects=[],qos_specs=,qos_specs_id=None,updated_at=2021-08-18T15:53:11Z), 'volume_type_id': 'f045f92f-232f-453c-9ee9-28131c006bca', 'encryption_key_id': None, 'qos_specs': None, 'consistencygroup_id': None, 'cgsnapshot_id': None, 'group_id': None, 'replication_status': 'disabled', 'refresh_az': False, 'backup_id': None, 'multiattach': False, 'availability_zones': ['nova']}' {{(pid=100796) _task_receiver /usr/local/lib/python3.8/dist-packages/taskflow/listeners/logging.py:178}}
Aug 18 16:02:44.149178 dv-cinder-779576-6-iscsi devstack@c-api.service[100796]: DEBUG cinder.volume.api [None req-46023326-853d-4f94-9928-74e571796b03 tempest-DeleteServersTestJSON-200659340 tempest-DeleteServersTestJSON-200659340-project] Task 'cinder.volume.flows.api.create_volume.QuotaReserveTask;volume:create' (35c7d2db-a653-42e2-8323-05d0b0a19ea0) transitioned into state 'RUNNING' from state 'PENDING' {{(pid=100796) _task_receiver /usr/local/lib/python3.8/dist-packages/taskflow/listeners/logging.py:190}}
Aug 18 16:02:44.165997 dv-cinder-779576-6-iscsi devstack@c-api.service[100797]: INFO cinder.api.openstack.wsgi [None req-c02d83b7-3c65-484e-b589-5792ddc5ffd5 tempest-GroupsTest-2138914943 tempest-GroupsTest-2138914943-project-admin] http://10.222.0.38/volume/v3/7faf20498b104be697d33d5fe40d9cb3/types returned with HTTP 200
Aug 18 16:02:44.172140 dv-cinder-779576-6-iscsi devstack@c-api.service[100797]: [pid: 100797|app: 0|req: 99/201] 10.222.0.38 () {60 vars in 1229 bytes} [Wed Aug 18 16:02:44 2021] POST /volume/v3/7faf20498b104be697d33d5fe40d9cb3/types => generated 216 bytes in 53 msecs (HTTP/1.1 200) 7 headers in 285 bytes (1 switches on core 0)
Aug 18 16:02:44.173574 dv-cinder-779576-6-iscsi devstack@c-api.service[100797]: INFO cinder.api.openstack.wsgi [None req-e0ad38ef-1522-4645-9487-5a4e70b23e26 tempest-AttachVolumeNegativeTest-178358505 tempest-AttachVolumeNegativeTest-178358505-project] GET http://10.222.0.38/volume/v3/f5476f18828c4cff8ec2dd656050f682/volumes/1d443c71-30ef-474d-8eaf-6899f09e40a1
Aug 18 16:02:44.174555 dv-cinder-779576-6-iscsi devstack@c-api.service[100797]: DEBUG cinder.api.openstack.wsgi [None req-e0ad38ef-1522-4645-9487-5a4e70b23e26 tempest-AttachVolumeNegativeTest-178358505 tempest-AttachVolumeNegativeTest-178358505-project] Empty body provided in request {{(pid=100797) get_body /opt/stack/cinder/cinder/api/openstack/wsgi.py:703}}
Aug 18 16:02:44.175036 dv-cinder-779576-6-iscsi devstack@c-api.service[100797]: DEBUG cinder.api.openstack.wsgi [None req-e0ad38ef-1522-4645-9487-5a4e70b23e26 tempest-AttachVolumeNegativeTest-178358505 tempest-AttachVolumeNegativeTest-178358505-project] Calling method 'show' {{(pid=100797) _process_stack /opt/stack/cinder/cinder/api/openstack/wsgi.py:856}}
Aug 18 16:02:44.190215 dv-cinder-779576-6-iscsi devstack@c-api.service[100797]: /usr/local/lib/python3.8/dist-packages/oslo_context/context.py:105: DeprecationWarning: Policy enforcement is depending on the value of is_admin. This key is deprecated. Please update your policy file to use the standard policy values.
Aug 18 16:02:44.190215 dv-cinder-779576-6-iscsi devstack@c-api.service[100797]: warnings.warn('Policy enforcement is depending on the value of '
Aug 18 16:02:44.201306 dv-cinder-779576-6-iscsi devstack@c-api.service[100797]: INFO cinder.volume.api [None req-e0ad38ef-1522-4645-9487-5a4e70b23e26 tempest-AttachVolumeNegativeTest-178358505 tempest-AttachVolumeNegativeTest-178358505-project] Volume info retrieved successfully.
Aug 18 16:02:44.221798 dv-cinder-779576-6-iscsi devstack@c-api.service[100797]: INFO cinder.api.openstack.wsgi [None req-e0ad38ef-1522-4645-9487-5a4e70b23e26 tempest-AttachVolumeNegativeTest-178358505 tempest-AttachVolumeNegativeTest-178358505-project] http://10.222.0.38/volume/v3/f5476f18828c4cff8ec2dd656050f682/volumes/1d443c71-30ef-474d-8eaf-6899f09e40a1 returned with HTTP 200
Aug 18 16:02:44.223952 dv-cinder-779576-6-iscsi devstack@c-api.service[100797]: [pid: 100797|app: 0|req: 100/202] 10.222.0.38 () {58 vars in 1325 bytes} [Wed Aug 18 16:02:44 2021] GET /volume/v3/f5476f18828c4cff8ec2dd656050f682/volumes/1d443c71-30ef-474d-8eaf-6899f09e40a1 => generated 891 bytes in 56 msecs (HTTP/1.1 200) 7 headers in 285 bytes (1 switches on core 0)
Aug 18 16:02:44.232169 dv-cinder-779576-6-iscsi devstack@c-api.service[100797]: INFO cinder.api.openstack.wsgi [None req-6d1ada15-6a56-4fac-a1c3-beee81d5ab99 tempest-GroupsTest-2138914943 tempest-GroupsTest-2138914943-project-admin] POST http://10.222.0.38/volume/v3/7faf20498b104be697d33d5fe40d9cb3/group_types
