May 25 12:12:52.274187 dv-cinder-779233-5-smb devstack@c-api.service[99327]: DEBUG cinder.api.v3.group_snapshots [None req-27a43d4e-f665-4d4d-8225-71f7f5c2cf0e tempest-GroupSnapshotsTest-89672150 tempest-GroupSnapshotsTest-89672150-project] Creating new group_snapshot {'group_snapshot': {'group_id': '63b68ab1-9958-40d8-a711-418c0ea82f28', 'name': 'tempest-group_snapshot-1750183065'}} {{(pid=99327) create /opt/stack/cinder/cinder/api/v3/group_snapshots.py:154}}
May 25 12:12:52.275130 dv-cinder-779233-5-smb devstack@c-api.service[99326]: [pid: 99326|app: 0|req: 122/232] 10.222.0.44 () {58 vars in 1325 bytes} [Tue May 25 12:12:52 2021] GET /volume/v3/5d52882402564485b89e5a848753bb16/volumes/aebc9808-f491-4047-bca9-79f1ea5c99c4 => generated 912 bytes in 84 msecs (HTTP/1.1 200) 7 headers in 285 bytes (1 switches on core 0)
May 25 12:12:52.281042 dv-cinder-779233-5-smb devstack@c-api.service[99327]: /usr/local/lib/python3.8/dist-packages/oslo_context/context.py:105: DeprecationWarning: Policy enforcement is depending on the value of is_admin. This key is deprecated. Please update your policy file to use the standard policy values.
May 25 12:12:52.281042 dv-cinder-779233-5-smb devstack@c-api.service[99327]: warnings.warn('Policy enforcement is depending on the value of '
May 25 12:12:52.285432 dv-cinder-779233-5-smb devstack@c-api.service[99326]: INFO cinder.api.openstack.wsgi [None req-e2f3b651-75bb-454e-8374-92187267946b tempest-VolumeQuotasAdminTestJSON-365022770 tempest-VolumeQuotasAdminTestJSON-365022770-project-admin] GET http://10.222.0.44/volume/v3/82bf193c3e694478af6538d862f78c17/os-quota-sets/da7e4daec7434bc3a77e481293c73dc7/defaults
May 25 12:12:52.286063 dv-cinder-779233-5-smb devstack@c-api.service[99326]: DEBUG cinder.api.openstack.wsgi [None req-e2f3b651-75bb-454e-8374-92187267946b tempest-VolumeQuotasAdminTestJSON-365022770 tempest-VolumeQuotasAdminTestJSON-365022770-project-admin] Empty body provided in request {{(pid=99326) get_body /opt/stack/cinder/cinder/api/openstack/wsgi.py:713}}
May 25 12:12:52.286276 dv-cinder-779233-5-smb devstack@c-api.service[99326]: /usr/local/lib/python3.8/dist-packages/webob/acceptparse.py:1047: DeprecationWarning: The behavior of AcceptValidHeader.best_match is currently being maintained for backward compatibility, but it will be deprecated in the future, as it does not conform to the RFC.
May 25 12:12:52.286276 dv-cinder-779233-5-smb devstack@c-api.service[99326]: warnings.warn(
May 25 12:12:52.286591 dv-cinder-779233-5-smb devstack@c-api.service[99326]: DEBUG cinder.api.openstack.wsgi [None req-e2f3b651-75bb-454e-8374-92187267946b tempest-VolumeQuotasAdminTestJSON-365022770 tempest-VolumeQuotasAdminTestJSON-365022770-project-admin] Calling method 'defaults' {{(pid=99326) _process_stack /opt/stack/cinder/cinder/api/openstack/wsgi.py:866}}
May 25 12:12:52.293820 dv-cinder-779233-5-smb devstack@c-api.service[99327]: INFO cinder.api.v3.group_snapshots [None req-27a43d4e-f665-4d4d-8225-71f7f5c2cf0e tempest-GroupSnapshotsTest-89672150 tempest-GroupSnapshotsTest-89672150-project] Creating group_snapshot tempest-group_snapshot-1750183065.
May 25 12:12:52.307757 dv-cinder-779233-5-smb devstack@c-api.service[99326]: WARNING cinder.quota [None req-e2f3b651-75bb-454e-8374-92187267946b tempest-VolumeQuotasAdminTestJSON-365022770 tempest-VolumeQuotasAdminTestJSON-365022770-project-admin] Deprecated: Default quota for resource: backups is set by the default quota flag: quota_backups, it is now deprecated. Please use the default quota class for default quota.
May 25 12:12:52.308620 dv-cinder-779233-5-smb devstack@c-api.service[99326]: WARNING cinder.quota [None req-e2f3b651-75bb-454e-8374-92187267946b tempest-VolumeQuotasAdminTestJSON-365022770 tempest-VolumeQuotasAdminTestJSON-365022770-project-admin] Deprecated: Default quota for resource: backup_gigabytes is set by the default quota flag: quota_backup_gigabytes, it is now deprecated. Please use the default quota class for default quota.
May 25 12:12:52.310925 dv-cinder-779233-5-smb devstack@c-api.service[99326]: WARNING cinder.quota [None req-e2f3b651-75bb-454e-8374-92187267946b tempest-VolumeQuotasAdminTestJSON-365022770 tempest-VolumeQuotasAdminTestJSON-365022770-project-admin] Deprecated: Default quota for resource: snapshots_tempest-GroupSnapshotsTest-volume-type-386908338 is set by the default quota flag: quota_snapshots_tempest-GroupSnapshotsTest-volume-type-386908338, it is now deprecated. Please use the default quota class for default quota.
May 25 12:12:52.312505 dv-cinder-779233-5-smb devstack@c-api.service[99326]: WARNING cinder.quota [None req-e2f3b651-75bb-454e-8374-92187267946b tempest-VolumeQuotasAdminTestJSON-365022770 tempest-VolumeQuotasAdminTestJSON-365022770-project-admin] Deprecated: Default quota for resource: snapshots_tempest-GroupsTest-volume-type-1227524593 is set by the default quota flag: quota_snapshots_tempest-GroupsTest-volume-type-1227524593, it is now deprecated. Please use the default quota class for default quota.
May 25 12:12:52.313982 dv-cinder-779233-5-smb devstack@c-api.service[99326]: WARNING cinder.quota [None req-e2f3b651-75bb-454e-8374-92187267946b tempest-VolumeQuotasAdminTestJSON-365022770 tempest-VolumeQuotasAdminTestJSON-365022770-project-admin] Deprecated: Default quota for resource: snapshots_tempest-GroupsTest-volume-type-941778631 is set by the default quota flag: quota_snapshots_tempest-GroupsTest-volume-type-941778631, it is now deprecated. Please use the default quota class for default quota.
May 25 12:12:52.315381 dv-cinder-779233-5-smb devstack@c-api.service[99326]: WARNING cinder.quota [None req-e2f3b651-75bb-454e-8374-92187267946b tempest-VolumeQuotasAdminTestJSON-365022770 tempest-VolumeQuotasAdminTestJSON-365022770-project-admin] Deprecated: Default quota for resource: snapshots_tempest-GroupSnapshotsTest-volume-type-28291513 is set by the default quota flag: quota_snapshots_tempest-GroupSnapshotsTest-volume-type-28291513, it is now deprecated. Please use the default quota class for default quota.
May 25 12:12:52.316455 dv-cinder-779233-5-smb devstack@c-api.service[99326]: WARNING cinder.quota [None req-e2f3b651-75bb-454e-8374-92187267946b tempest-VolumeQuotasAdminTestJSON-365022770 tempest-VolumeQuotasAdminTestJSON-365022770-project-admin] Deprecated: Default quota for resource: gigabytes_tempest-GroupSnapshotsTest-volume-type-472194622 is set by the default quota flag: quota_gigabytes_tempest-GroupSnapshotsTest-volume-type-472194622, it is now deprecated. Please use the default quota class for default quota.
May 25 12:12:52.317942 dv-cinder-779233-5-smb devstack@c-api.service[99326]: WARNING cinder.quota [None req-e2f3b651-75bb-454e-8374-92187267946b tempest-VolumeQuotasAdminTestJSON-365022770 tempest-VolumeQuotasAdminTestJSON-365022770-project-admin] Deprecated: Default quota for resource: snapshots_tempest-GroupSnapshotsTest-volume-type-472194622 is set by the default quota flag: quota_snapshots_tempest-GroupSnapshotsTest-volume-type-472194622, it is now deprecated. Please use the default quota class for default quota.
May 25 12:12:52.319254 dv-cinder-779233-5-smb devstack@c-api.service[99326]: WARNING cinder.quota [None req-e2f3b651-75bb-454e-8374-92187267946b tempest-VolumeQuotasAdminTestJSON-365022770 tempest-VolumeQuotasAdminTestJSON-365022770-project-admin] Deprecated: Default quota for resource: volumes_lvmdriver-1 is set by the default quota flag: quota_volumes_lvmdriver-1, it is now deprecated. Please use the default quota class for default quota.
May 25 12:12:52.320433 dv-cinder-779233-5-smb devstack@c-api.service[99326]: WARNING cinder.quota [None req-e2f3b651-75bb-454e-8374-92187267946b tempest-VolumeQuotasAdminTestJSON-365022770 tempest-VolumeQuotasAdminTestJSON-365022770-project-admin] Deprecated: Default quota for resource: gigabytes_lvmdriver-1 is set by the default quota flag: quota_gigabytes_lvmdriver-1, it is now deprecated. Please use the default quota class for default quota.
May 25 12:12:52.321209 dv-cinder-779233-5-smb devstack@c-api.service[99326]: WARNING cinder.quota [None req-e2f3b651-75bb-454e-8374-92187267946b tempest-VolumeQuotasAdminTestJSON-365022770 tempest-VolumeQuotasAdminTestJSON-365022770-project-admin] Deprecated: Default quota for resource: snapshots_lvmdriver-1 is set by the default quota flag: quota_snapshots_lvmdriver-1, it is now deprecated. Please use the default quota class for default quota.
May 25 12:12:52.329185 dv-cinder-779233-5-smb devstack@c-api.service[99326]: INFO cinder.api.openstack.wsgi [None req-e2f3b651-75bb-454e-8374-92187267946b tempest-VolumeQuotasAdminTestJSON-365022770 tempest-VolumeQuotasAdminTestJSON-365022770-project-admin] http://10.222.0.44/volume/v3/82bf193c3e694478af6538d862f78c17/os-quota-sets/da7e4daec7434bc3a77e481293c73dc7/defaults returned with HTTP 200
May 25 12:12:52.335737 dv-cinder-779233-5-smb devstack@c-api.service[99326]: [pid: 99326|app: 0|req: 123/233] 10.222.0.44 () {58 vars in 1358 bytes} [Tue May 25 12:12:52 2021] GET /volume/v3/82bf193c3e694478af6538d862f78c17/os-quota-sets/da7e4daec7434bc3a77e481293c73dc7/defaults => generated 1293 bytes in 50 msecs (HTTP/1.1 200) 7 headers in 286 bytes (1 switches on core 0)
May 25 12:12:52.335948 dv-cinder-779233-5-smb devstack@c-api.service[99326]: INFO cinder.api.openstack.wsgi [req-2a0aca0b-1a13-4320-9db0-f84002b35349 req-e5cbdc93-f661-4007-8bef-78d11e55e8ef tempest-AttachVolumeNegativeTest-905846048 tempest-AttachVolumeNegativeTest-905846048-project] PUT http://10.222.0.44/volume/v3/8ce8597116c24109952d0b56bfad7bf3/attachments/1d1d0a1e-e150-4215-abe1-689a2b02ef52
May 25 12:12:52.336767 dv-cinder-779233-5-smb devstack@c-api.service[99326]: DEBUG cinder.api.openstack.wsgi [req-2a0aca0b-1a13-4320-9db0-f84002b35349 req-e5cbdc93-f661-4007-8bef-78d11e55e8ef tempest-AttachVolumeNegativeTest-905846048 tempest-AttachVolumeNegativeTest-905846048-project] Action: 'update', calling method: version_select, body: {"attachment": {"connector": {"platform": "AMD64", "os_type": "win32", "ip": "10.222.0.54", "host": "hv-cinder-77923", "multipath": false, "initiator": "iqn.1991-05.com.microsoft:hv-cinder-77923", "mountpoint": "/dev/sdb"}}} {{(pid=99326) _process_stack /opt/stack/cinder/cinder/api/openstack/wsgi.py:864}}
May 25 12:12:52.364864 dv-cinder-779233-5-smb devstack@c-api.service[99326]: /usr/local/lib/python3.8/dist-packages/tenacity/__init__.py:333: DeprecationWarning: "retry" function must accept single "retry_state" parameter, please update tooz._retry.retry..
May 25 12:12:52.364864 dv-cinder-779233-5-smb devstack@c-api.service[99326]: return self(f, *args, **kw)
May 25 12:12:52.365330 dv-cinder-779233-5-smb devstack@c-api.service[99326]: DEBUG cinder.coordination [req-2a0aca0b-1a13-4320-9db0-f84002b35349 req-e5cbdc93-f661-4007-8bef-78d11e55e8ef tempest-AttachVolumeNegativeTest-905846048 tempest-AttachVolumeNegativeTest-905846048-project] Lock "b'cinder-attachment_update-c94a5df9-238d-4b17-bae2-f370dde8b575-hv-cinder-77923'" acquired by "attachment_update" :: waited 0.010s {{(pid=99326) _synchronized /opt/stack/cinder/cinder/coordination.py:146}}
May 25 12:12:52.367617 dv-cinder-779233-5-smb devstack@c-api.service[99326]: /usr/local/lib/python3.8/dist-packages/oslo_context/context.py:105: DeprecationWarning: Policy enforcement is depending on the value of is_admin. This key is deprecated. Please update your policy file to use the standard policy values.
May 25 12:12:52.367617 dv-cinder-779233-5-smb devstack@c-api.service[99326]: warnings.warn('Policy enforcement is depending on the value of '
May 25 12:12:52.451777 dv-cinder-779233-5-smb devstack@c-api.service[99327]: /usr/local/lib/python3.8/dist-packages/oslo_context/context.py:105: DeprecationWarning: Policy enforcement is depending on the value of is_admin. This key is deprecated. Please update your policy file to use the standard policy values.
May 25 12:12:52.451777 dv-cinder-779233-5-smb devstack@c-api.service[99327]: warnings.warn('Policy enforcement is depending on the value of '
May 25 12:12:52.709137 dv-cinder-779233-5-smb devstack@c-api.service[99327]: DEBUG cinder.quota [None req-27a43d4e-f665-4d4d-8225-71f7f5c2cf0e tempest-GroupSnapshotsTest-89672150 tempest-GroupSnapshotsTest-89672150-project] Created reservations ['3b4fce64-7182-4d1e-8d36-989d0ae606b9', 'cdc52db7-6148-4abe-8eab-7170b596bc87', '9e3514cf-8054-4c2a-8f72-727929359068', '502d9b04-f70b-4710-a7e4-29b0fafb89d6'] {{(pid=99327) reserve /opt/stack/cinder/cinder/quota.py:755}}
May 25 12:12:52.928588 dv-cinder-779233-5-smb devstack@c-api.service[99327]: INFO cinder.api.openstack.wsgi [None req-27a43d4e-f665-4d4d-8225-71f7f5c2cf0e tempest-GroupSnapshotsTest-89672150 tempest-GroupSnapshotsTest-89672150-project] http://10.222.0.44/volume/v3/86a4f9022ff7459cb8ddf35a6d8d3c3b/group_snapshots returned with HTTP 202
May 25 12:12:52.929701 dv-cinder-779233-5-smb devstack@c-api.service[99327]: [pid: 99327|app: 0|req: 111/234] 10.222.0.44 () {62 vars in 1301 bytes} [Tue May 25 12:12:52 2021] POST /volume/v3/86a4f9022ff7459cb8ddf35a6d8d3c3b/group_snapshots => generated 168 bytes in 661 msecs (HTTP/1.1 202) 7 headers in 292 bytes (1 switches on core 0)
May 25 12:12:52.939464 dv-cinder-779233-5-smb devstack@c-api.service[99327]: INFO cinder.api.openstack.wsgi [None req-003ecbdd-4170-449f-9248-2f5130ae7cd5 tempest-VolumeQuotasAdminTestJSON-365022770 tempest-VolumeQuotasAdminTestJSON-365022770-project-admin] PUT http://10.222.0.44/volume/v3/82bf193c3e694478af6538d862f78c17/os-quota-sets/da7e4daec7434bc3a77e481293c73dc7
May 25 12:12:52.939863 dv-cinder-779233-5-smb devstack@c-api.service[99327]: /usr/local/lib/python3.8/dist-packages/webob/acceptparse.py:1047: DeprecationWarning: The behavior of AcceptValidHeader.best_match is currently being maintained for backward compatibility, but it will be deprecated in the future, as it does not conform to the RFC.
May 25 12:12:52.939863 dv-cinder-779233-5-smb devstack@c-api.service[99327]: warnings.warn(
May 25 12:12:52.940226 dv-cinder-779233-5-smb devstack@c-api.service[99327]: DEBUG cinder.api.openstack.wsgi [None req-003ecbdd-4170-449f-9248-2f5130ae7cd5 tempest-VolumeQuotasAdminTestJSON-365022770 tempest-VolumeQuotasAdminTestJSON-365022770-project-admin] Action: 'update', calling method: update, body: {"quota_set": {"volumes": 15}} {{(pid=99327) _process_stack /opt/stack/cinder/cinder/api/openstack/wsgi.py:864}}
May 25 12:12:52.951625 dv-cinder-779233-5-smb devstack@c-api.service[99327]: /usr/local/lib/python3.8/dist-packages/oslo_context/context.py:105: DeprecationWarning: Policy enforcement is depending on the value of is_admin. This key is deprecated. Please update your policy file to use the standard policy values.
May 25 12:12:52.951625 dv-cinder-779233-5-smb devstack@c-api.service[99327]: warnings.warn('Policy enforcement is depending on the value of '
May 25 12:12:53.107278 dv-cinder-779233-5-smb devstack@c-api.service[99327]: INFO cinder.api.openstack.wsgi [None req-003ecbdd-4170-449f-9248-2f5130ae7cd5 tempest-VolumeQuotasAdminTestJSON-365022770 tempest-VolumeQuotasAdminTestJSON-365022770-project-admin] http://10.222.0.44/volume/v3/82bf193c3e694478af6538d862f78c17/os-quota-sets/da7e4daec7434bc3a77e481293c73dc7 returned with HTTP 200
May 25 12:12:53.108119 dv-cinder-779233-5-smb devstack@c-api.service[99327]: [pid: 99327|app: 0|req: 112/235] 10.222.0.44 () {60 vars in 1351 bytes} [Tue May 25 12:12:52 2021] PUT /volume/v3/82bf193c3e694478af6538d862f78c17/os-quota-sets/da7e4daec7434bc3a77e481293c73dc7 => generated 1251 bytes in 178 msecs (HTTP/1.1 200) 7 headers in 286 bytes (1 switches on core 0)
May 25 12:12:53.116323 dv-cinder-779233-5-smb devstack@c-api.service[99327]: INFO cinder.api.openstack.wsgi [None req-687c68d0-a403-40c0-86e2-5c03556329e9 tempest-AttachVolumeNegativeTest-905846048 tempest-AttachVolumeNegativeTest-905846048-project] GET http://10.222.0.44/volume/v3/8ce8597116c24109952d0b56bfad7bf3/volumes/c94a5df9-238d-4b17-bae2-f370dde8b575
May 25 12:12:53.117096 dv-cinder-779233-5-smb devstack@c-api.service[99327]: DEBUG cinder.api.openstack.wsgi [None req-687c68d0-a403-40c0-86e2-5c03556329e9 tempest-AttachVolumeNegativeTest-905846048 tempest-AttachVolumeNegativeTest-905846048-project] Empty body provided in request {{(pid=99327) get_body /opt/stack/cinder/cinder/api/openstack/wsgi.py:713}}
May 25 12:12:53.117659 dv-cinder-779233-5-smb devstack@c-api.service[99327]: DEBUG cinder.api.openstack.wsgi [None req-687c68d0-a403-40c0-86e2-5c03556329e9 tempest-AttachVolumeNegativeTest-905846048 tempest-AttachVolumeNegativeTest-905846048-project] Calling method 'show' {{(pid=99327) _process_stack /opt/stack/cinder/cinder/api/openstack/wsgi.py:866}}
May 25 12:12:53.140127 dv-cinder-779233-5-smb devstack@c-api.service[99326]: DEBUG cinder.coordination [req-2a0aca0b-1a13-4320-9db0-f84002b35349 req-e5cbdc93-f661-4007-8bef-78d11e55e8ef tempest-AttachVolumeNegativeTest-905846048 tempest-AttachVolumeNegativeTest-905846048-project] Lock "b'cinder-attachment_update-c94a5df9-238d-4b17-bae2-f370dde8b575-hv-cinder-77923'" released by "attachment_update" :: held 0.775s {{(pid=99326) _synchronized /opt/stack/cinder/cinder/coordination.py:158}}
May 25 12:12:53.140945 dv-cinder-779233-5-smb devstack@c-api.service[99326]: INFO cinder.api.openstack.wsgi [req-2a0aca0b-1a13-4320-9db0-f84002b35349 req-e5cbdc93-f661-4007-8bef-78d11e55e8ef tempest-AttachVolumeNegativeTest-905846048 tempest-AttachVolumeNegativeTest-905846048-project] http://10.222.0.44/volume/v3/8ce8597116c24109952d0b56bfad7bf3/attachments/1d1d0a1e-e150-4215-abe1-689a2b02ef52 returned with HTTP 200
May 25 12:12:53.142266 dv-cinder-779233-5-smb devstack@c-api.service[99326]: [pid: 99326|app: 0|req: 124/236] 10.222.0.54 () {64 vars in 1478 bytes} [Tue May 25 12:12:52 2021] PUT /volume/v3/8ce8597116c24109952d0b56bfad7bf3/attachments/1d1d0a1e-e150-4215-abe1-689a2b02ef52 => generated 652 bytes in 812 msecs (HTTP/1.1 200) 7 headers in 286 bytes (1 switches on core 0)
May 25 12:12:53.146416 dv-cinder-779233-5-smb devstack@c-api.service[99326]: INFO cinder.api.openstack.wsgi [None req-ad0acca1-0f80-4ab2-8df5-8dcc8bb12de4 tempest-DeleteServersTestJSON-1449952682 tempest-DeleteServersTestJSON-1449952682-project] GET http://10.222.0.44/volume/v3/ee8e4b92af464ac899e995209323df30/volumes/f8b21825-6355-4c87-9618-ac5bc7b853c4
May 25 12:12:53.146896 dv-cinder-779233-5-smb devstack@c-api.service[99326]: DEBUG cinder.api.openstack.wsgi [None req-ad0acca1-0f80-4ab2-8df5-8dcc8bb12de4 tempest-DeleteServersTestJSON-1449952682 tempest-DeleteServersTestJSON-1449952682-project] Empty body provided in request {{(pid=99326) get_body /opt/stack/cinder/cinder/api/openstack/wsgi.py:713}}
May 25 12:12:53.147074 dv-cinder-779233-5-smb devstack@c-api.service[99326]: /usr/local/lib/python3.8/dist-packages/webob/acceptparse.py:1047: DeprecationWarning: The behavior of AcceptValidHeader.best_match is currently being maintained for backward compatibility, but it will be deprecated in the future, as it does not conform to the RFC.
May 25 12:12:53.147074 dv-cinder-779233-5-smb devstack@c-api.service[99326]: warnings.warn(
May 25 12:12:53.148374 dv-cinder-779233-5-smb devstack@c-api.service[99326]: DEBUG cinder.api.openstack.wsgi [None req-ad0acca1-0f80-4ab2-8df5-8dcc8bb12de4 tempest-DeleteServersTestJSON-1449952682 tempest-DeleteServersTestJSON-1449952682-project] Calling method 'show' {{(pid=99326) _process_stack /opt/stack/cinder/cinder/api/openstack/wsgi.py:866}}
May 25 12:12:53.165625 dv-cinder-779233-5-smb devstack@c-api.service[99327]: /usr/local/lib/python3.8/dist-packages/oslo_context/context.py:105: DeprecationWarning: Policy enforcement is depending on the value of is_admin. This key is deprecated. Please update your policy file to use the standard policy values.
May 25 12:12:53.165625 dv-cinder-779233-5-smb devstack@c-api.service[99327]: warnings.warn('Policy enforcement is depending on the value of '
May 25 12:12:53.175085 dv-cinder-779233-5-smb devstack@c-api.service[99327]: INFO cinder.volume.api [None req-687c68d0-a403-40c0-86e2-5c03556329e9 tempest-AttachVolumeNegativeTest-905846048 tempest-AttachVolumeNegativeTest-905846048-project] Volume info retrieved successfully.
May 25 12:12:53.199054 dv-cinder-779233-5-smb devstack@c-api.service[99326]: /usr/local/lib/python3.8/dist-packages/oslo_context/context.py:105: DeprecationWarning: Policy enforcement is depending on the value of is_admin. This key is deprecated. Please update your policy file to use the standard policy values.
May 25 12:12:53.199054 dv-cinder-779233-5-smb devstack@c-api.service[99326]: warnings.warn('Policy enforcement is depending on the value of '
May 25 12:12:53.199242 dv-cinder-779233-5-smb devstack@c-api.service[99327]: /usr/local/lib/python3.8/dist-packages/oslo_context/context.py:105: DeprecationWarning: Policy enforcement is depending on the value of is_admin. This key is deprecated. Please update your policy file to use the standard policy values.
May 25 12:12:53.199242 dv-cinder-779233-5-smb devstack@c-api.service[99327]: warnings.warn('Policy enforcement is depending on the value of '
May 25 12:12:53.207599 dv-cinder-779233-5-smb devstack@c-api.service[99326]: INFO cinder.volume.api [None req-ad0acca1-0f80-4ab2-8df5-8dcc8bb12de4 tempest-DeleteServersTestJSON-1449952682 tempest-DeleteServersTestJSON-1449952682-project] Volume info retrieved successfully.
May 25 12:12:53.209852 dv-cinder-779233-5-smb devstack@c-api.service[99327]: INFO cinder.api.openstack.wsgi [None req-687c68d0-a403-40c0-86e2-5c03556329e9 tempest-AttachVolumeNegativeTest-905846048 tempest-AttachVolumeNegativeTest-905846048-project] http://10.222.0.44/volume/v3/8ce8597116c24109952d0b56bfad7bf3/volumes/c94a5df9-238d-4b17-bae2-f370dde8b575 returned with HTTP 200
May 25 12:12:53.211181 dv-cinder-779233-5-smb devstack@c-api.service[99327]: [pid: 99327|app: 0|req: 113/237] 10.222.0.44 () {58 vars in 1325 bytes} [Tue May 25 12:12:53 2021] GET /volume/v3/8ce8597116c24109952d0b56bfad7bf3/volumes/c94a5df9-238d-4b17-bae2-f370dde8b575 => generated 916 bytes in 102 msecs (HTTP/1.1 200) 7 headers in 285 bytes (1 switches on core 0)
May 25 12:12:53.215306 dv-cinder-779233-5-smb devstack@c-api.service[99327]: INFO cinder.api.openstack.wsgi [None req-1b6ef5dd-e21e-4125-8324-fcbe78a72fc8 tempest-GroupSnapshotsTest-89672150 tempest-GroupSnapshotsTest-89672150-project] GET http://10.222.0.44/volume/v3/86a4f9022ff7459cb8ddf35a6d8d3c3b/group_snapshots/fc3f706a-7fcc-421c-9f2d-4607144a3696
May 25 12:12:53.215930 dv-cinder-779233-5-smb devstack@c-api.service[99327]: DEBUG cinder.api.openstack.wsgi [None req-1b6ef5dd-e21e-4125-8324-fcbe78a72fc8 tempest-GroupSnapshotsTest-89672150 tempest-GroupSnapshotsTest-89672150-project] Empty body provided in request {{(pid=99327) get_body /opt/stack/cinder/cinder/api/openstack/wsgi.py:713}}
May 25 12:12:53.216189 dv-cinder-779233-5-smb devstack@c-api.service[99327]: /usr/local/lib/python3.8/dist-packages/webob/acceptparse.py:1047: DeprecationWarning: The behavior of AcceptValidHeader.best_match is currently being maintained for backward compatibility, but it will be deprecated in the future, as it does not conform to the RFC.
May 25 12:12:53.216189 dv-cinder-779233-5-smb devstack@c-api.service[99327]: warnings.warn(
May 25 12:12:53.216460 dv-cinder-779233-5-smb devstack@c-api.service[99327]: DEBUG cinder.api.openstack.wsgi [None req-1b6ef5dd-e21e-4125-8324-fcbe78a72fc8 tempest-GroupSnapshotsTest-89672150 tempest-GroupSnapshotsTest-89672150-project] Calling method 'version_select' {{(pid=99327) _process_stack /opt/stack/cinder/cinder/api/openstack/wsgi.py:866}}
May 25 12:12:53.216826 dv-cinder-779233-5-smb devstack@c-api.service[99327]: DEBUG cinder.api.v3.group_snapshots [None req-1b6ef5dd-e21e-4125-8324-fcbe78a72fc8 tempest-GroupSnapshotsTest-89672150 tempest-GroupSnapshotsTest-89672150-project] show called for member fc3f706a-7fcc-421c-9f2d-4607144a3696 {{(pid=99327) show /opt/stack/cinder/cinder/api/v3/group_snapshots.py:58}}
May 25 12:12:53.224919 dv-cinder-779233-5-smb devstack@c-api.service[99327]: /usr/local/lib/python3.8/dist-packages/oslo_context/context.py:105: DeprecationWarning: Policy enforcement is depending on the value of is_admin. This key is deprecated. Please update your policy file to use the standard policy values.
May 25 12:12:53.224919 dv-cinder-779233-5-smb devstack@c-api.service[99327]: warnings.warn('Policy enforcement is depending on the value of '
May 25 12:12:53.234278 dv-cinder-779233-5-smb devstack@c-api.service[99326]: /usr/local/lib/python3.8/dist-packages/oslo_context/context.py:105: DeprecationWarning: Policy enforcement is depending on the value of is_admin. This key is deprecated. Please update your policy file to use the standard policy values.
May 25 12:12:53.234278 dv-cinder-779233-5-smb devstack@c-api.service[99326]: warnings.warn('Policy enforcement is depending on the value of '
May 25 12:12:53.238685 dv-cinder-779233-5-smb devstack@c-api.service[99327]: INFO cinder.api.openstack.wsgi [None req-1b6ef5dd-e21e-4125-8324-fcbe78a72fc8 tempest-GroupSnapshotsTest-89672150 tempest-GroupSnapshotsTest-89672150-project] http://10.222.0.44/volume/v3/86a4f9022ff7459cb8ddf35a6d8d3c3b/group_snapshots/fc3f706a-7fcc-421c-9f2d-4607144a3696 returned with HTTP 200
May 25 12:12:53.243251 dv-cinder-779233-5-smb devstack@c-api.service[99327]: [pid: 99327|app: 0|req: 114/238] 10.222.0.44 () {60 vars in 1390 bytes} [Tue May 25 12:12:53 2021] GET /volume/v3/86a4f9022ff7459cb8ddf35a6d8d3c3b/group_snapshots/fc3f706a-7fcc-421c-9f2d-4607144a3696 => generated 307 bytes in 28 msecs (HTTP/1.1 200) 7 headers in 286 bytes (1 switches on core 0)
May 25 12:12:53.243807 dv-cinder-779233-5-smb devstack@c-api.service[99326]: INFO cinder.api.openstack.wsgi [None req-ad0acca1-0f80-4ab2-8df5-8dcc8bb12de4 tempest-DeleteServersTestJSON-1449952682 tempest-DeleteServersTestJSON-1449952682-project] http://10.222.0.44/volume/v3/ee8e4b92af464ac899e995209323df30/volumes/f8b21825-6355-4c87-9618-ac5bc7b853c4 returned with HTTP 200
May 25 12:12:53.244284 dv-cinder-779233-5-smb devstack@c-api.service[99327]: INFO cinder.api.openstack.wsgi [None req-60ee4c9d-ab1d-46a5-b9af-db0d0efe734b tempest-GroupsTest-2125393627 tempest-GroupsTest-2125393627-project] GET http://10.222.0.44/volume/v3/784b5a8fc4614b4abdb552e90403e5e9/volumes/6e9de216-2615-4651-809c-9401cb71dc05
May 25 12:12:53.245307 dv-cinder-779233-5-smb devstack@c-api.service[99326]: [pid: 99326|app: 0|req: 125/239] 10.222.0.44 () {58 vars in 1325 bytes} [Tue May 25 12:12:53 2021] GET /volume/v3/ee8e4b92af464ac899e995209323df30/volumes/f8b21825-6355-4c87-9618-ac5bc7b853c4 => generated 1206 bytes in 102 msecs (HTTP/1.1 200) 7 headers in 286 bytes (1 switches on core 0)
May 25 12:12:53.245415 dv-cinder-779233-5-smb devstack@c-api.service[99327]: DEBUG cinder.api.openstack.wsgi [None req-60ee4c9d-ab1d-46a5-b9af-db0d0efe734b tempest-GroupsTest-2125393627 tempest-GroupsTest-2125393627-project] Empty body provided in request {{(pid=99327) get_body /opt/stack/cinder/cinder/api/openstack/wsgi.py:713}}
May 25 12:12:53.245788 dv-cinder-779233-5-smb devstack@c-api.service[99327]: /usr/local/lib/python3.8/dist-packages/webob/acceptparse.py:1047: DeprecationWarning: The behavior of AcceptValidHeader.best_match is currently being maintained for backward compatibility, but it will be deprecated in the future, as it does not conform to the RFC.
May 25 12:12:53.245788 dv-cinder-779233-5-smb devstack@c-api.service[99327]: warnings.warn(
May 25 12:12:53.246132 dv-cinder-779233-5-smb devstack@c-api.service[99327]: DEBUG cinder.api.openstack.wsgi [None req-60ee4c9d-ab1d-46a5-b9af-db0d0efe734b tempest-GroupsTest-2125393627 tempest-GroupsTest-2125393627-project] Calling method 'show' {{(pid=99327) _process_stack /opt/stack/cinder/cinder/api/openstack/wsgi.py:866}}
May 25 12:12:53.250781 dv-cinder-779233-5-smb devstack@c-api.service[99326]: INFO cinder.api.openstack.wsgi [None req-5b0ef956-3733-447e-aa88-cc293b2b8449 tempest-VolumeQuotasAdminTestJSON-365022770 tempest-VolumeQuotasAdminTestJSON-365022770-project-admin] DELETE http://10.222.0.44/volume/v3/82bf193c3e694478af6538d862f78c17/os-quota-sets/da7e4daec7434bc3a77e481293c73dc7
May 25 12:12:53.251259 dv-cinder-779233-5-smb devstack@c-api.service[99326]: DEBUG cinder.api.openstack.wsgi [None req-5b0ef956-3733-447e-aa88-cc293b2b8449 tempest-VolumeQuotasAdminTestJSON-365022770 tempest-VolumeQuotasAdminTestJSON-365022770-project-admin] Empty body provided in request {{(pid=99326) get_body /opt/stack/cinder/cinder/api/openstack/wsgi.py:713}}
May 25 12:12:53.251480 dv-cinder-779233-5-smb devstack@c-api.service[99326]: /usr/local/lib/python3.8/dist-packages/webob/acceptparse.py:1047: DeprecationWarning: The behavior of AcceptValidHeader.best_match is currently being maintained for backward compatibility, but it will be deprecated in the future, as it does not conform to the RFC.
May 25 12:12:53.251480 dv-cinder-779233-5-smb devstack@c-api.service[99326]: warnings.warn(
May 25 12:12:53.251820 dv-cinder-779233-5-smb devstack@c-api.service[99326]: DEBUG cinder.api.openstack.wsgi [None req-5b0ef956-3733-447e-aa88-cc293b2b8449 tempest-VolumeQuotasAdminTestJSON-365022770 tempest-VolumeQuotasAdminTestJSON-365022770-project-admin] Calling method 'delete' {{(pid=99326) _process_stack /opt/stack/cinder/cinder/api/openstack/wsgi.py:866}}
May 25 12:12:53.303350 dv-cinder-779233-5-smb devstack@c-api.service[99327]: /usr/local/lib/python3.8/dist-packages/oslo_context/context.py:105: DeprecationWarning: Policy enforcement is depending on the value of is_admin. This key is deprecated. Please update your policy file to use the standard policy values.
May 25 12:12:53.303350 dv-cinder-779233-5-smb devstack@c-api.service[99327]: warnings.warn('Policy enforcement is depending on the value of '
May 25 12:12:53.311898 dv-cinder-779233-5-smb devstack@c-api.service[99327]: INFO cinder.volume.api [None req-60ee4c9d-ab1d-46a5-b9af-db0d0efe734b tempest-GroupsTest-2125393627 tempest-GroupsTest-2125393627-project] Volume info retrieved successfully.
May 25 12:12:53.326277 dv-cinder-779233-5-smb devstack@c-api.service[99327]: WARNING stevedore.named [None req-60ee4c9d-ab1d-46a5-b9af-db0d0efe734b tempest-GroupsTest-2125393627 tempest-GroupsTest-2125393627-project] Could not load cinder.keymgr.conf_key_mgr.ConfKeyManager
May 25 12:12:53.326737 dv-cinder-779233-5-smb devstack@c-api.service[99327]: WARNING castellan.key_manager [None req-60ee4c9d-ab1d-46a5-b9af-db0d0efe734b tempest-GroupsTest-2125393627 tempest-GroupsTest-2125393627-project] Deprecation Warning : cinder.keymgr.conf_key_mgr.ConfKeyManager is not a stevedore based driver, trying to load it as a class: stevedore.exception.NoMatches: No 'castellan.drivers' driver found, looking for 'cinder.keymgr.conf_key_mgr.ConfKeyManager'
May 25 12:12:53.335674 dv-cinder-779233-5-smb devstack@c-api.service[99326]: INFO cinder.api.openstack.wsgi [None req-5b0ef956-3733-447e-aa88-cc293b2b8449 tempest-VolumeQuotasAdminTestJSON-365022770 tempest-VolumeQuotasAdminTestJSON-365022770-project-admin] http://10.222.0.44/volume/v3/82bf193c3e694478af6538d862f78c17/os-quota-sets/da7e4daec7434bc3a77e481293c73dc7 returned with HTTP 200
May 25 12:12:53.336162 dv-cinder-779233-5-smb devstack@c-api.service[99327]: DEBUG oslo_db.sqlalchemy.engines [None req-60ee4c9d-ab1d-46a5-b9af-db0d0efe734b tempest-GroupsTest-2125393627 tempest-GroupsTest-2125393627-project] MySQL server mode set to STRICT_TRANS_TABLES,STRICT_ALL_TABLES,NO_ZERO_IN_DATE,NO_ZERO_DATE,ERROR_FOR_DIVISION_BY_ZERO,TRADITIONAL,NO_ENGINE_SUBSTITUTION {{(pid=99327) _check_effective_sql_mode /usr/local/lib/python3.8/dist-packages/oslo_db/sqlalchemy/engines.py:314}}
May 25 12:12:53.336578 dv-cinder-779233-5-smb devstack@c-api.service[99326]: [pid: 99326|app: 0|req: 126/240] 10.222.0.44 () {58 vars in 1334 bytes} [Tue May 25 12:12:53 2021] DELETE /volume/v3/82bf193c3e694478af6538d862f78c17/os-quota-sets/da7e4daec7434bc3a77e481293c73dc7 => generated 0 bytes in 91 msecs (HTTP/1.1 200) 7 headers in 283 bytes (1 switches on core 0)
May 25 12:12:53.340581 dv-cinder-779233-5-smb devstack@c-api.service[99326]: INFO cinder.api.openstack.wsgi [None req-f0337898-f597-413f-822c-dc67b47bf511 tempest-SnapshotsActionsTest-921265322 tempest-SnapshotsActionsTest-921265322-project] GET http://10.222.0.44/volume/v3/5d52882402564485b89e5a848753bb16/volumes/aebc9808-f491-4047-bca9-79f1ea5c99c4
May 25 12:12:53.340784 dv-cinder-779233-5-smb devstack@c-api.service[99326]: DEBUG cinder.api.openstack.wsgi [None req-f0337898-f597-413f-822c-dc67b47bf511 tempest-SnapshotsActionsTest-921265322 tempest-SnapshotsActionsTest-921265322-project] Empty body provided in request {{(pid=99326) get_body /opt/stack/cinder/cinder/api/openstack/wsgi.py:713}}
May 25 12:12:53.341204 dv-cinder-779233-5-smb devstack@c-api.service[99326]: DEBUG cinder.api.openstack.wsgi [None req-f0337898-f597-413f-822c-dc67b47bf511 tempest-SnapshotsActionsTest-921265322 tempest-SnapshotsActionsTest-921265322-project] Calling method 'show' {{(pid=99326) _process_stack /opt/stack/cinder/cinder/api/openstack/wsgi.py:866}}
May 25 12:12:53.348927 dv-cinder-779233-5-smb devstack@c-api.service[99327]: /usr/local/lib/python3.8/dist-packages/oslo_context/context.py:105: DeprecationWarning: Policy enforcement is depending on the value of is_admin. This key is deprecated. Please update your policy file to use the standard policy values.
May 25 12:12:53.348927 dv-cinder-779233-5-smb devstack@c-api.service[99327]: warnings.warn('Policy enforcement is depending on the value of '
May 25 12:12:53.373752 dv-cinder-779233-5-smb devstack@c-api.service[99327]: INFO cinder.api.openstack.wsgi [None req-60ee4c9d-ab1d-46a5-b9af-db0d0efe734b tempest-GroupsTest-2125393627 tempest-GroupsTest-2125393627-project] http://10.222.0.44/volume/v3/784b5a8fc4614b4abdb552e90403e5e9/volumes/6e9de216-2615-4651-809c-9401cb71dc05 returned with HTTP 200
May 25 12:12:53.385714 dv-cinder-779233-5-smb devstack@c-api.service[99327]: [pid: 99327|app: 0|req: 115/241] 10.222.0.44 () {60 vars in 1366 bytes} [Tue May 25 12:12:53 2021] GET /volume/v3/784b5a8fc4614b4abdb552e90403e5e9/volumes/6e9de216-2615-4651-809c-9401cb71dc05 => generated 985 bytes in 144 msecs (HTTP/1.1 200) 7 headers in 286 bytes (1 switches on core 0)
May 25 12:12:53.390818 dv-cinder-779233-5-smb devstack@c-api.service[99326]: /usr/local/lib/python3.8/dist-packages/oslo_context/context.py:105: DeprecationWarning: Policy enforcement is depending on the value of is_admin. This key is deprecated. Please update your policy file to use the standard policy values.
May 25 12:12:53.390818 dv-cinder-779233-5-smb devstack@c-api.service[99326]: warnings.warn('Policy enforcement is depending on the value of '
May 25 12:12:53.391003 dv-cinder-779233-5-smb devstack@c-api.service[99327]: INFO cinder.api.openstack.wsgi [None req-4d7c3173-dbbc-494f-b912-60a45e3aa6bd tempest-VolumeQuotasAdminTestJSON-365022770 tempest-VolumeQuotasAdminTestJSON-365022770-project-admin] GET http://10.222.0.44/volume/v3/82bf193c3e694478af6538d862f78c17/os-quota-sets/da7e4daec7434bc3a77e481293c73dc7
May 25 12:12:53.391479 dv-cinder-779233-5-smb devstack@c-api.service[99327]: DEBUG cinder.api.openstack.wsgi [None req-4d7c3173-dbbc-494f-b912-60a45e3aa6bd tempest-VolumeQuotasAdminTestJSON-365022770 tempest-VolumeQuotasAdminTestJSON-365022770-project-admin] Empty body provided in request {{(pid=99327) get_body /opt/stack/cinder/cinder/api/openstack/wsgi.py:713}}
May 25 12:12:53.391648 dv-cinder-779233-5-smb devstack@c-api.service[99327]: /usr/local/lib/python3.8/dist-packages/webob/acceptparse.py:1047: DeprecationWarning: The behavior of AcceptValidHeader.best_match is currently being maintained for backward compatibility, but it will be deprecated in the future, as it does not conform to the RFC.
May 25 12:12:53.391648 dv-cinder-779233-5-smb devstack@c-api.service[99327]: warnings.warn(
May 25 12:12:53.392213 dv-cinder-779233-5-smb devstack@c-api.service[99327]: DEBUG cinder.api.openstack.wsgi [None req-4d7c3173-dbbc-494f-b912-60a45e3aa6bd tempest-VolumeQuotasAdminTestJSON-365022770 tempest-VolumeQuotasAdminTestJSON-365022770-project-admin] Calling method 'show' {{(pid=99327) _process_stack /opt/stack/cinder/cinder/api/openstack/wsgi.py:866}}
May 25 12:12:53.401039 dv-cinder-779233-5-smb devstack@c-api.service[99326]: INFO cinder.volume.api [None req-f0337898-f597-413f-822c-dc67b47bf511 tempest-SnapshotsActionsTest-921265322 tempest-SnapshotsActionsTest-921265322-project] Volume info retrieved successfully.
May 25 12:12:53.430795 dv-cinder-779233-5-smb devstack@c-api.service[99326]: INFO cinder.api.openstack.wsgi [None req-f0337898-f597-413f-822c-dc67b47bf511 tempest-SnapshotsActionsTest-921265322 tempest-SnapshotsActionsTest-921265322-project] http://10.222.0.44/volume/v3/5d52882402564485b89e5a848753bb16/volumes/aebc9808-f491-4047-bca9-79f1ea5c99c4 returned with HTTP 200
May 25 12:12:53.431886 dv-cinder-779233-5-smb devstack@c-api.service[99326]: [pid: 99326|app: 0|req: 127/242] 10.222.0.44 () {58 vars in 1325 bytes} [Tue May 25 12:12:53 2021] GET /volume/v3/5d52882402564485b89e5a848753bb16/volumes/aebc9808-f491-4047-bca9-79f1ea5c99c4 => generated 913 bytes in 95 msecs (HTTP/1.1 200) 7 headers in 285 bytes (1 switches on core 0)
May 25 12:12:53.436065 dv-cinder-779233-5-smb devstack@c-api.service[99326]: INFO cinder.api.openstack.wsgi [None req-f04fbbc4-e9d9-425c-99ef-336773ad1dce tempest-GroupsTest-2125393627 tempest-GroupsTest-2125393627-project] PUT http://10.222.0.44/volume/v3/784b5a8fc4614b4abdb552e90403e5e9/groups/c50d70ec-a882-4862-9af8-b79d7e3d6df8
May 25 12:12:53.436647 dv-cinder-779233-5-smb devstack@c-api.service[99326]: /usr/local/lib/python3.8/dist-packages/webob/acceptparse.py:1047: DeprecationWarning: The behavior of AcceptValidHeader.best_match is currently being maintained for backward compatibility, but it will be deprecated in the future, as it does not conform to the RFC.
May 25 12:12:53.436647 dv-cinder-779233-5-smb devstack@c-api.service[99326]: warnings.warn(
May 25 12:12:53.442039 dv-cinder-779233-5-smb devstack@c-api.service[99326]: DEBUG cinder.api.openstack.wsgi [None req-f04fbbc4-e9d9-425c-99ef-336773ad1dce tempest-GroupsTest-2125393627 tempest-GroupsTest-2125393627-project] Action: 'update', calling method: version_select, body: {"group": {"name": "new_group", "description": "This is a new group", "remove_volumes": "6e9de216-2615-4651-809c-9401cb71dc05"}} {{(pid=99326) _process_stack /opt/stack/cinder/cinder/api/openstack/wsgi.py:864}}
May 25 12:12:53.442039 dv-cinder-779233-5-smb devstack@c-api.service[99326]: DEBUG cinder.api.v3.groups [None req-f04fbbc4-e9d9-425c-99ef-336773ad1dce tempest-GroupsTest-2125393627 tempest-GroupsTest-2125393627-project] Update called for group c50d70ec-a882-4862-9af8-b79d7e3d6df8. {{(pid=99326) update /opt/stack/cinder/cinder/api/v3/groups.py:302}}
May 25 12:12:53.442039 dv-cinder-779233-5-smb devstack@c-api.service[99326]: INFO cinder.api.v3.groups [None req-f04fbbc4-e9d9-425c-99ef-336773ad1dce tempest-GroupsTest-2125393627 tempest-GroupsTest-2125393627-project] Updating group c50d70ec-a882-4862-9af8-b79d7e3d6df8 with name new_group description: This is a new group add_volumes: None remove_volumes: 6e9de216-2615-4651-809c-9401cb71dc05.
May 25 12:12:53.442882 dv-cinder-779233-5-smb devstack@c-api.service[99327]: INFO cinder.api.openstack.wsgi [None req-4d7c3173-dbbc-494f-b912-60a45e3aa6bd tempest-VolumeQuotasAdminTestJSON-365022770 tempest-VolumeQuotasAdminTestJSON-365022770-project-admin] http://10.222.0.44/volume/v3/82bf193c3e694478af6538d862f78c17/os-quota-sets/da7e4daec7434bc3a77e481293c73dc7 returned with HTTP 200
May 25 12:12:53.443717 dv-cinder-779233-5-smb devstack@c-api.service[99327]: [pid: 99327|app: 0|req: 116/243] 10.222.0.44 () {58 vars in 1331 bytes} [Tue May 25 12:12:53 2021] GET /volume/v3/82bf193c3e694478af6538d862f78c17/os-quota-sets/da7e4daec7434bc3a77e481293c73dc7 => generated 1293 bytes in 57 msecs (HTTP/1.1 200) 7 headers in 286 bytes (1 switches on core 0)
May 25 12:12:53.453981 dv-cinder-779233-5-smb devstack@c-api.service[99327]: INFO cinder.api.openstack.wsgi [None req-56993a5e-9d7b-4ea2-bac9-756a20572d04 tempest-SnapshotsActionsTest-921265322 tempest-SnapshotsActionsTest-921265322-project] POST http://10.222.0.44/volume/v3/5d52882402564485b89e5a848753bb16/snapshots
May 25 12:12:53.455630 dv-cinder-779233-5-smb devstack@c-api.service[99327]: DEBUG cinder.api.openstack.wsgi [None req-56993a5e-9d7b-4ea2-bac9-756a20572d04 tempest-SnapshotsActionsTest-921265322 tempest-SnapshotsActionsTest-921265322-project] Action: 'create', calling method: create, body: {"snapshot": {"volume_id": "aebc9808-f491-4047-bca9-79f1ea5c99c4", "name": "tempest-SnapshotsActionsTest-Snapshot-338135025"}} {{(pid=99327) _process_stack /opt/stack/cinder/cinder/api/openstack/wsgi.py:864}}
May 25 12:12:53.457272 dv-cinder-779233-5-smb devstack@c-api.service[99326]: /usr/local/lib/python3.8/dist-packages/oslo_context/context.py:105: DeprecationWarning: Policy enforcement is depending on the value of is_admin. This key is deprecated. Please update your policy file to use the standard policy values.
May 25 12:12:53.457272 dv-cinder-779233-5-smb devstack@c-api.service[99326]: warnings.warn('Policy enforcement is depending on the value of '
May 25 12:12:53.507785 dv-cinder-779233-5-smb devstack@c-api.service[99327]: /usr/local/lib/python3.8/dist-packages/oslo_context/context.py:105: DeprecationWarning: Policy enforcement is depending on the value of is_admin. This key is deprecated. Please update your policy file to use the standard policy values.
May 25 12:12:53.507785 dv-cinder-779233-5-smb devstack@c-api.service[99327]: warnings.warn('Policy enforcement is depending on the value of '
May 25 12:12:53.508900 dv-cinder-779233-5-smb devstack@c-api.service[99327]: INFO cinder.volume.api [None req-56993a5e-9d7b-4ea2-bac9-756a20572d04 tempest-SnapshotsActionsTest-921265322 tempest-SnapshotsActionsTest-921265322-project] Volume info retrieved successfully.
May 25 12:12:53.509217 dv-cinder-779233-5-smb devstack@c-api.service[99327]: INFO cinder.api.v2.snapshots [None req-56993a5e-9d7b-4ea2-bac9-756a20572d04 tempest-SnapshotsActionsTest-921265322 tempest-SnapshotsActionsTest-921265322-project] Create snapshot from volume aebc9808-f491-4047-bca9-79f1ea5c99c4
May 25 12:12:53.601974 dv-cinder-779233-5-smb devstack@c-api.service[99326]: INFO cinder.api.openstack.wsgi [None req-f04fbbc4-e9d9-425c-99ef-336773ad1dce tempest-GroupsTest-2125393627 tempest-GroupsTest-2125393627-project] http://10.222.0.44/volume/v3/784b5a8fc4614b4abdb552e90403e5e9/groups/c50d70ec-a882-4862-9af8-b79d7e3d6df8 returned with HTTP 202
May 25 12:12:53.602820 dv-cinder-779233-5-smb devstack@c-api.service[99326]: [pid: 99326|app: 0|req: 128/244] 10.222.0.44 () {62 vars in 1384 bytes} [Tue May 25 12:12:53 2021] PUT /volume/v3/784b5a8fc4614b4abdb552e90403e5e9/groups/c50d70ec-a882-4862-9af8-b79d7e3d6df8 => generated 0 bytes in 170 msecs (HTTP/1.1 202) 6 headers in 234 bytes (1 switches on core 0)
May 25 12:12:53.608838 dv-cinder-779233-5-smb devstack@c-api.service[99326]: INFO cinder.api.openstack.wsgi [None req-ba8a9fdd-1cf3-439a-8adb-4ad2a0e90951 tempest-VolumeQuotasAdminTestJSON-365022770 tempest-VolumeQuotasAdminTestJSON-365022770-project-admin] PUT http://10.222.0.44/volume/v3/82bf193c3e694478af6538d862f78c17/os-quota-sets/da7e4daec7434bc3a77e481293c73dc7
May 25 12:12:53.609720 dv-cinder-779233-5-smb devstack@c-api.service[99326]: /usr/local/lib/python3.8/dist-packages/webob/acceptparse.py:1047: DeprecationWarning: The behavior of AcceptValidHeader.best_match is currently being maintained for backward compatibility, but it will be deprecated in the future, as it does not conform to the RFC.
May 25 12:12:53.609720 dv-cinder-779233-5-smb devstack@c-api.service[99326]: warnings.warn(
May 25 12:12:53.610116 dv-cinder-779233-5-smb devstack@c-api.service[99326]: DEBUG cinder.api.openstack.wsgi [None req-ba8a9fdd-1cf3-439a-8adb-4ad2a0e90951 tempest-VolumeQuotasAdminTestJSON-365022770 tempest-VolumeQuotasAdminTestJSON-365022770-project-admin] Action: 'update', calling method: update, body: {"quota_set": {"volumes": 10, "per_volume_gigabytes": -1, "snapshots": 10, "gigabytes": 1000, "backups": 10, "backup_gigabytes": 1000}} {{(pid=99326) _process_stack /opt/stack/cinder/cinder/api/openstack/wsgi.py:864}}
May 25 12:12:53.783561 dv-cinder-779233-5-smb devstack@c-api.service[99327]: DEBUG cinder.quota [None req-56993a5e-9d7b-4ea2-bac9-756a20572d04 tempest-SnapshotsActionsTest-921265322 tempest-SnapshotsActionsTest-921265322-project] Created reservations ['f034fa10-a6b2-4007-b4e3-d389735dc572', '82fdd712-05d4-4f31-ad09-0dcc2935ca8e', 'b111e64a-1620-46b2-97fa-4db02223f232', 'e4ca4a52-fbee-4792-8c3d-ea9afa8d8450'] {{(pid=99327) reserve /opt/stack/cinder/cinder/quota.py:755}}
May 25 12:12:54.039003 dv-cinder-779233-5-smb devstack@c-api.service[99327]: INFO cinder.volume.api [None req-56993a5e-9d7b-4ea2-bac9-756a20572d04 tempest-SnapshotsActionsTest-921265322 tempest-SnapshotsActionsTest-921265322-project] Snapshot create request issued successfully.
May 25 12:12:54.039866 dv-cinder-779233-5-smb devstack@c-api.service[99327]: INFO cinder.api.openstack.wsgi [None req-56993a5e-9d7b-4ea2-bac9-756a20572d04 tempest-SnapshotsActionsTest-921265322 tempest-SnapshotsActionsTest-921265322-project] http://10.222.0.44/volume/v3/5d52882402564485b89e5a848753bb16/snapshots returned with HTTP 202
May 25 12:12:54.045890 dv-cinder-779233-5-smb devstack@c-api.service[99327]: [pid: 99327|app: 0|req: 117/245] 10.222.0.44 () {60 vars in 1242 bytes} [Tue May 25 12:12:53 2021] POST /volume/v3/5d52882402564485b89e5a848753bb16/snapshots => generated 306 bytes in 591 msecs (HTTP/1.1 202) 7 headers in 291 bytes (1 switches on core 0)
May 25 12:12:54.045890 dv-cinder-779233-5-smb devstack@c-api.service[99327]: INFO cinder.api.openstack.wsgi [None req-110d65b6-1301-464d-af81-1cd97cb719cf tempest-GroupsTest-2125393627 tempest-GroupsTest-2125393627-project] GET http://10.222.0.44/volume/v3/784b5a8fc4614b4abdb552e90403e5e9/groups/c50d70ec-a882-4862-9af8-b79d7e3d6df8
May 25 12:12:54.046109 dv-cinder-779233-5-smb devstack@c-api.service[99327]: DEBUG cinder.api.openstack.wsgi [None req-110d65b6-1301-464d-af81-1cd97cb719cf tempest-GroupsTest-2125393627 tempest-GroupsTest-2125393627-project] Empty body provided in request {{(pid=99327) get_body /opt/stack/cinder/cinder/api/openstack/wsgi.py:713}}
May 25 12:12:54.046370 dv-cinder-779233-5-smb devstack@c-api.service[99327]: /usr/local/lib/python3.8/dist-packages/webob/acceptparse.py:1047: DeprecationWarning: The behavior of AcceptValidHeader.best_match is currently being maintained for backward compatibility, but it will be deprecated in the future, as it does not conform to the RFC.
May 25 12:12:54.046370 dv-cinder-779233-5-smb devstack@c-api.service[99327]: warnings.warn(
May 25 12:12:54.046562 dv-cinder-779233-5-smb devstack@c-api.service[99327]: DEBUG cinder.api.openstack.wsgi [None req-110d65b6-1301-464d-af81-1cd97cb719cf tempest-GroupsTest-2125393627 tempest-GroupsTest-2125393627-project] Calling method 'version_select' {{(pid=99327) _process_stack /opt/stack/cinder/cinder/api/openstack/wsgi.py:866}}
May 25 12:12:54.046912 dv-cinder-779233-5-smb devstack@c-api.service[99327]: DEBUG cinder.api.v3.groups [None req-110d65b6-1301-464d-af81-1cd97cb719cf tempest-GroupsTest-2125393627 tempest-GroupsTest-2125393627-project] show called for member c50d70ec-a882-4862-9af8-b79d7e3d6df8 {{(pid=99327) show /opt/stack/cinder/cinder/api/v3/groups.py:58}}
May 25 12:12:54.054987 dv-cinder-779233-5-smb devstack@c-api.service[99327]: /usr/local/lib/python3.8/dist-packages/oslo_context/context.py:105: DeprecationWarning: Policy enforcement is depending on the value of is_admin. This key is deprecated. Please update your policy file to use the standard policy values.
May 25 12:12:54.054987 dv-cinder-779233-5-smb devstack@c-api.service[99327]: warnings.warn('Policy enforcement is depending on the value of '
May 25 12:12:54.078909 dv-cinder-779233-5-smb devstack@c-api.service[99327]: INFO cinder.api.openstack.wsgi [None req-110d65b6-1301-464d-af81-1cd97cb719cf tempest-GroupsTest-2125393627 tempest-GroupsTest-2125393627-project] http://10.222.0.44/volume/v3/784b5a8fc4614b4abdb552e90403e5e9/groups/c50d70ec-a882-4862-9af8-b79d7e3d6df8 returned with HTTP 200
May 25 12:12:54.079735 dv-cinder-779233-5-smb devstack@c-api.service[99327]: [pid: 99327|app: 0|req: 118/246] 10.222.0.44 () {60 vars in 1363 bytes} [Tue May 25 12:12:54 2021] GET /volume/v3/784b5a8fc4614b4abdb552e90403e5e9/groups/c50d70ec-a882-4862-9af8-b79d7e3d6df8 => generated 324 bytes in 38 msecs (HTTP/1.1 200) 7 headers in 286 bytes (1 switches on core 0)
May 25 12:12:54.084431 dv-cinder-779233-5-smb devstack@c-api.service[99327]: INFO cinder.api.openstack.wsgi [None req-748f069e-b797-4284-b7b9-806cdc4723bd tempest-SnapshotsActionsTest-921265322 tempest-SnapshotsActionsTest-921265322-project] GET http://10.222.0.44/volume/v3/5d52882402564485b89e5a848753bb16/snapshots/f7210bd2-09e3-4984-8bff-5476cff2980f
May 25 12:12:54.084888 dv-cinder-779233-5-smb devstack@c-api.service[99327]: DEBUG cinder.api.openstack.wsgi [None req-748f069e-b797-4284-b7b9-806cdc4723bd tempest-SnapshotsActionsTest-921265322 tempest-SnapshotsActionsTest-921265322-project] Empty body provided in request {{(pid=99327) get_body /opt/stack/cinder/cinder/api/openstack/wsgi.py:713}}
May 25 12:12:54.085062 dv-cinder-779233-5-smb devstack@c-api.service[99327]: /usr/local/lib/python3.8/dist-packages/webob/acceptparse.py:1047: DeprecationWarning: The behavior of AcceptValidHeader.best_match is currently being maintained for backward compatibility, but it will be deprecated in the future, as it does not conform to the RFC.
May 25 12:12:54.085062 dv-cinder-779233-5-smb devstack@c-api.service[99327]: warnings.warn(
