Jul 27 06:47:54.125421 dv-cinder-779194-3-smb devstack@c-api.service[107092]: DEBUG cinder.api.openstack.wsgi [None req-c5861db5-a57c-4710-8185-0516fbb175bf tempest-SnapshotsActionsTest-962711989 tempest-SnapshotsActionsTest-962711989-project] Empty body provided in request {{(pid=107092) get_body /opt/stack/cinder/cinder/api/openstack/wsgi.py:703}}
Jul 27 06:47:54.125421 dv-cinder-779194-3-smb devstack@c-api.service[107092]: /usr/local/lib/python3.8/dist-packages/webob/acceptparse.py:1047: DeprecationWarning: The behavior of AcceptValidHeader.best_match is currently being maintained for backward compatibility, but it will be deprecated in the future, as it does not conform to the RFC.
Jul 27 06:47:54.125421 dv-cinder-779194-3-smb devstack@c-api.service[107092]: warnings.warn(
Jul 27 06:47:54.125421 dv-cinder-779194-3-smb devstack@c-api.service[107092]: DEBUG cinder.api.openstack.wsgi [None req-c5861db5-a57c-4710-8185-0516fbb175bf tempest-SnapshotsActionsTest-962711989 tempest-SnapshotsActionsTest-962711989-project] Calling method 'show' {{(pid=107092) _process_stack /opt/stack/cinder/cinder/api/openstack/wsgi.py:856}}
Jul 27 06:47:54.143533 dv-cinder-779194-3-smb devstack@c-api.service[107092]: /usr/local/lib/python3.8/dist-packages/oslo_context/context.py:105: DeprecationWarning: Policy enforcement is depending on the value of is_admin. This key is deprecated. Please update your policy file to use the standard policy values.
Jul 27 06:47:54.143533 dv-cinder-779194-3-smb devstack@c-api.service[107092]: warnings.warn('Policy enforcement is depending on the value of '
Jul 27 06:47:54.144565 dv-cinder-779194-3-smb devstack@c-api.service[107092]: INFO cinder.volume.api [None req-c5861db5-a57c-4710-8185-0516fbb175bf tempest-SnapshotsActionsTest-962711989 tempest-SnapshotsActionsTest-962711989-project] Snapshot retrieved successfully.
Jul 27 06:47:54.146867 dv-cinder-779194-3-smb devstack@c-api.service[107092]: INFO cinder.api.openstack.wsgi [None req-c5861db5-a57c-4710-8185-0516fbb175bf tempest-SnapshotsActionsTest-962711989 tempest-SnapshotsActionsTest-962711989-project] http://10.222.0.13/volume/v3/b87fbdcf3fa248ce9ea8d0d147a3e366/snapshots/43bf209c-7ec8-4ad4-84d1-7e304cbd44a8 returned with HTTP 200
Jul 27 06:47:54.149213 dv-cinder-779194-3-smb devstack@c-api.service[107092]: [pid: 107092|app: 0|req: 59/133] 10.222.0.13 () {58 vars in 1331 bytes} [Tue Jul 27 06:47:54 2021] GET /volume/v3/b87fbdcf3fa248ce9ea8d0d147a3e366/snapshots/43bf209c-7ec8-4ad4-84d1-7e304cbd44a8 => generated 568 bytes in 32 msecs (HTTP/1.1 200) 7 headers in 285 bytes (1 switches on core 0)
Jul 27 06:47:54.162448 dv-cinder-779194-3-smb devstack@c-api.service[107092]: INFO cinder.api.openstack.wsgi [None req-141a81f5-5e6b-4f11-93fb-80963fdb3c41 tempest-SnapshotsActionsTest-2099840822 tempest-SnapshotsActionsTest-2099840822-project-admin] POST http://10.222.0.13/volume/v3/c3f00d875f164df3a9307b325d84d2c9/snapshots/43bf209c-7ec8-4ad4-84d1-7e304cbd44a8/action
Jul 27 06:47:54.163049 dv-cinder-779194-3-smb devstack@c-api.service[107092]: /usr/local/lib/python3.8/dist-packages/webob/acceptparse.py:1047: DeprecationWarning: The behavior of AcceptValidHeader.best_match is currently being maintained for backward compatibility, but it will be deprecated in the future, as it does not conform to the RFC.
Jul 27 06:47:54.163049 dv-cinder-779194-3-smb devstack@c-api.service[107092]: warnings.warn(
Jul 27 06:47:54.163439 dv-cinder-779194-3-smb devstack@c-api.service[107092]: DEBUG cinder.api.openstack.wsgi [None req-141a81f5-5e6b-4f11-93fb-80963fdb3c41 tempest-SnapshotsActionsTest-2099840822 tempest-SnapshotsActionsTest-2099840822-project-admin] Action body: b'{"os-force_delete": {}}' {{(pid=107092) get_method /opt/stack/cinder/cinder/api/openstack/wsgi.py:971}}
Jul 27 06:47:54.163891 dv-cinder-779194-3-smb devstack@c-api.service[107092]: DEBUG cinder.api.openstack.wsgi [None req-141a81f5-5e6b-4f11-93fb-80963fdb3c41 tempest-SnapshotsActionsTest-2099840822 tempest-SnapshotsActionsTest-2099840822-project-admin] Action: 'action', calling method: _force_delete, body: {"os-force_delete": {}} {{(pid=107092) _process_stack /opt/stack/cinder/cinder/api/openstack/wsgi.py:854}}
Jul 27 06:47:54.174910 dv-cinder-779194-3-smb devstack@c-api.service[107092]: /usr/local/lib/python3.8/dist-packages/oslo_context/context.py:105: DeprecationWarning: Policy enforcement is depending on the value of is_admin. This key is deprecated. Please update your policy file to use the standard policy values.
Jul 27 06:47:54.174910 dv-cinder-779194-3-smb devstack@c-api.service[107092]: warnings.warn('Policy enforcement is depending on the value of '
Jul 27 06:47:54.175686 dv-cinder-779194-3-smb devstack@c-api.service[107092]: INFO cinder.volume.api [None req-141a81f5-5e6b-4f11-93fb-80963fdb3c41 tempest-SnapshotsActionsTest-2099840822 tempest-SnapshotsActionsTest-2099840822-project-admin] Snapshot retrieved successfully.
Jul 27 06:47:54.245945 dv-cinder-779194-3-smb devstack@c-api.service[107092]: INFO cinder.volume.api [None req-141a81f5-5e6b-4f11-93fb-80963fdb3c41 tempest-SnapshotsActionsTest-2099840822 tempest-SnapshotsActionsTest-2099840822-project-admin] Snapshot delete request issued successfully.
Jul 27 06:47:54.246807 dv-cinder-779194-3-smb devstack@c-api.service[107092]: INFO cinder.api.openstack.wsgi [None req-141a81f5-5e6b-4f11-93fb-80963fdb3c41 tempest-SnapshotsActionsTest-2099840822 tempest-SnapshotsActionsTest-2099840822-project-admin] http://10.222.0.13/volume/v3/c3f00d875f164df3a9307b325d84d2c9/snapshots/43bf209c-7ec8-4ad4-84d1-7e304cbd44a8/action returned with HTTP 202
Jul 27 06:47:54.248418 dv-cinder-779194-3-smb devstack@c-api.service[107092]: [pid: 107092|app: 0|req: 60/134] 10.222.0.13 () {60 vars in 1373 bytes} [Tue Jul 27 06:47:54 2021] POST /volume/v3/c3f00d875f164df3a9307b325d84d2c9/snapshots/43bf209c-7ec8-4ad4-84d1-7e304cbd44a8/action => generated 0 bytes in 92 msecs (HTTP/1.1 202) 7 headers in 289 bytes (2 switches on core 0)
Jul 27 06:47:54.253257 dv-cinder-779194-3-smb devstack@c-api.service[107092]: INFO cinder.api.openstack.wsgi [None req-0e5642a8-cc51-4a4f-9277-0a8e37704c53 tempest-GroupSnapshotsTest-1909435484 tempest-GroupSnapshotsTest-1909435484-project] GET http://10.222.0.13/volume/v3/ff83d5ce45424058a957e53e680a2540/volumes/9b2766c5-1b7e-4367-9c12-f187352e257e
Jul 27 06:47:54.253754 dv-cinder-779194-3-smb devstack@c-api.service[107092]: DEBUG cinder.api.openstack.wsgi [None req-0e5642a8-cc51-4a4f-9277-0a8e37704c53 tempest-GroupSnapshotsTest-1909435484 tempest-GroupSnapshotsTest-1909435484-project] Empty body provided in request {{(pid=107092) get_body /opt/stack/cinder/cinder/api/openstack/wsgi.py:703}}
Jul 27 06:47:54.253969 dv-cinder-779194-3-smb devstack@c-api.service[107092]: /usr/local/lib/python3.8/dist-packages/webob/acceptparse.py:1047: DeprecationWarning: The behavior of AcceptValidHeader.best_match is currently being maintained for backward compatibility, but it will be deprecated in the future, as it does not conform to the RFC.
Jul 27 06:47:54.253969 dv-cinder-779194-3-smb devstack@c-api.service[107092]: warnings.warn(
Jul 27 06:47:54.254301 dv-cinder-779194-3-smb devstack@c-api.service[107092]: DEBUG cinder.api.openstack.wsgi [None req-0e5642a8-cc51-4a4f-9277-0a8e37704c53 tempest-GroupSnapshotsTest-1909435484 tempest-GroupSnapshotsTest-1909435484-project] Calling method 'show' {{(pid=107092) _process_stack /opt/stack/cinder/cinder/api/openstack/wsgi.py:856}}
Jul 27 06:47:54.271373 dv-cinder-779194-3-smb devstack@c-api.service[107092]: /usr/local/lib/python3.8/dist-packages/oslo_context/context.py:105: DeprecationWarning: Policy enforcement is depending on the value of is_admin. This key is deprecated. Please update your policy file to use the standard policy values.
Jul 27 06:47:54.271373 dv-cinder-779194-3-smb devstack@c-api.service[107092]: warnings.warn('Policy enforcement is depending on the value of '
Jul 27 06:47:54.281146 dv-cinder-779194-3-smb devstack@c-api.service[107092]: INFO cinder.volume.api [None req-0e5642a8-cc51-4a4f-9277-0a8e37704c53 tempest-GroupSnapshotsTest-1909435484 tempest-GroupSnapshotsTest-1909435484-project] Volume info retrieved successfully.
Jul 27 06:47:54.291480 dv-cinder-779194-3-smb devstack@c-api.service[107093]: INFO cinder.volume.api [None req-0c230686-56e1-4a81-ac75-262e8723a7df tempest-VolumesTestJSON-362858768 tempest-VolumesTestJSON-362858768-project] Delete volume request issued successfully.
Jul 27 06:47:54.293519 dv-cinder-779194-3-smb devstack@c-api.service[107093]: INFO cinder.api.openstack.wsgi [None req-0c230686-56e1-4a81-ac75-262e8723a7df tempest-VolumesTestJSON-362858768 tempest-VolumesTestJSON-362858768-project] http://10.222.0.13/volume/v3/a257b8dce3bc44d49efefa5a48f60a37/volumes/e792bfd8-53ba-4732-b908-c2c26e9fa156 returned with HTTP 202
Jul 27 06:47:54.296873 dv-cinder-779194-3-smb devstack@c-api.service[107093]: [pid: 107093|app: 0|req: 75/135] 10.222.0.13 () {58 vars in 1328 bytes} [Tue Jul 27 06:47:54 2021] DELETE /volume/v3/a257b8dce3bc44d49efefa5a48f60a37/volumes/e792bfd8-53ba-4732-b908-c2c26e9fa156 => generated 0 bytes in 285 msecs (HTTP/1.1 202) 6 headers in 233 bytes (2 switches on core 0)
Jul 27 06:47:54.302116 dv-cinder-779194-3-smb devstack@c-api.service[107093]: INFO cinder.api.openstack.wsgi [None req-7a069ff1-573a-4b34-80c6-4b8d9fa6ab5d tempest-SnapshotsActionsTest-962711989 tempest-SnapshotsActionsTest-962711989-project] GET http://10.222.0.13/volume/v3/b87fbdcf3fa248ce9ea8d0d147a3e366/snapshots/43bf209c-7ec8-4ad4-84d1-7e304cbd44a8
Jul 27 06:47:54.302991 dv-cinder-779194-3-smb devstack@c-api.service[107093]: DEBUG cinder.api.openstack.wsgi [None req-7a069ff1-573a-4b34-80c6-4b8d9fa6ab5d tempest-SnapshotsActionsTest-962711989 tempest-SnapshotsActionsTest-962711989-project] Empty body provided in request {{(pid=107093) get_body /opt/stack/cinder/cinder/api/openstack/wsgi.py:703}}
Jul 27 06:47:54.304439 dv-cinder-779194-3-smb devstack@c-api.service[107093]: /usr/local/lib/python3.8/dist-packages/webob/acceptparse.py:1047: DeprecationWarning: The behavior of AcceptValidHeader.best_match is currently being maintained for backward compatibility, but it will be deprecated in the future, as it does not conform to the RFC.
Jul 27 06:47:54.304439 dv-cinder-779194-3-smb devstack@c-api.service[107093]: warnings.warn(
Jul 27 06:47:54.304920 dv-cinder-779194-3-smb devstack@c-api.service[107093]: DEBUG cinder.api.openstack.wsgi [None req-7a069ff1-573a-4b34-80c6-4b8d9fa6ab5d tempest-SnapshotsActionsTest-962711989 tempest-SnapshotsActionsTest-962711989-project] Calling method 'show' {{(pid=107093) _process_stack /opt/stack/cinder/cinder/api/openstack/wsgi.py:856}}
Jul 27 06:47:54.313787 dv-cinder-779194-3-smb devstack@c-api.service[107092]: WARNING stevedore.named [None req-0e5642a8-cc51-4a4f-9277-0a8e37704c53 tempest-GroupSnapshotsTest-1909435484 tempest-GroupSnapshotsTest-1909435484-project] Could not load cinder.keymgr.conf_key_mgr.ConfKeyManager
Jul 27 06:47:54.316910 dv-cinder-779194-3-smb devstack@c-api.service[107092]: WARNING castellan.key_manager [None req-0e5642a8-cc51-4a4f-9277-0a8e37704c53 tempest-GroupSnapshotsTest-1909435484 tempest-GroupSnapshotsTest-1909435484-project] Deprecation Warning : cinder.keymgr.conf_key_mgr.ConfKeyManager is not a stevedore based driver, trying to load it as a class: stevedore.exception.NoMatches: No 'castellan.drivers' driver found, looking for 'cinder.keymgr.conf_key_mgr.ConfKeyManager'
Jul 27 06:47:54.327301 dv-cinder-779194-3-smb devstack@c-api.service[107092]: DEBUG oslo_db.sqlalchemy.engines [None req-0e5642a8-cc51-4a4f-9277-0a8e37704c53 tempest-GroupSnapshotsTest-1909435484 tempest-GroupSnapshotsTest-1909435484-project] MySQL server mode set to STRICT_TRANS_TABLES,STRICT_ALL_TABLES,NO_ZERO_IN_DATE,NO_ZERO_DATE,ERROR_FOR_DIVISION_BY_ZERO,TRADITIONAL,NO_ENGINE_SUBSTITUTION {{(pid=107092) _check_effective_sql_mode /usr/local/lib/python3.8/dist-packages/oslo_db/sqlalchemy/engines.py:314}}
Jul 27 06:47:54.329625 dv-cinder-779194-3-smb devstack@c-api.service[107093]: /usr/local/lib/python3.8/dist-packages/oslo_context/context.py:105: DeprecationWarning: Policy enforcement is depending on the value of is_admin. This key is deprecated. Please update your policy file to use the standard policy values.
Jul 27 06:47:54.329625 dv-cinder-779194-3-smb devstack@c-api.service[107093]: warnings.warn('Policy enforcement is depending on the value of '
Jul 27 06:47:54.331237 dv-cinder-779194-3-smb devstack@c-api.service[107093]: INFO cinder.volume.api [None req-7a069ff1-573a-4b34-80c6-4b8d9fa6ab5d tempest-SnapshotsActionsTest-962711989 tempest-SnapshotsActionsTest-962711989-project] Snapshot retrieved successfully.
Jul 27 06:47:54.334484 dv-cinder-779194-3-smb devstack@c-api.service[107093]: INFO cinder.api.openstack.wsgi [None req-7a069ff1-573a-4b34-80c6-4b8d9fa6ab5d tempest-SnapshotsActionsTest-962711989 tempest-SnapshotsActionsTest-962711989-project] http://10.222.0.13/volume/v3/b87fbdcf3fa248ce9ea8d0d147a3e366/snapshots/43bf209c-7ec8-4ad4-84d1-7e304cbd44a8 returned with HTTP 200
Jul 27 06:47:54.335927 dv-cinder-779194-3-smb devstack@c-api.service[107093]: [pid: 107093|app: 0|req: 76/136] 10.222.0.13 () {58 vars in 1331 bytes} [Tue Jul 27 06:47:54 2021] GET /volume/v3/b87fbdcf3fa248ce9ea8d0d147a3e366/snapshots/43bf209c-7ec8-4ad4-84d1-7e304cbd44a8 => generated 568 bytes in 38 msecs (HTTP/1.1 200) 7 headers in 285 bytes (1 switches on core 0)
Jul 27 06:47:54.339085 dv-cinder-779194-3-smb devstack@c-api.service[107092]: /usr/local/lib/python3.8/dist-packages/oslo_context/context.py:105: DeprecationWarning: Policy enforcement is depending on the value of is_admin. This key is deprecated. Please update your policy file to use the standard policy values.
Jul 27 06:47:54.339085 dv-cinder-779194-3-smb devstack@c-api.service[107092]: warnings.warn('Policy enforcement is depending on the value of '
Jul 27 06:47:54.355575 dv-cinder-779194-3-smb devstack@c-api.service[107093]: INFO cinder.api.openstack.wsgi [None req-c11e8c54-72a0-48b3-900f-09ec945d8ef7 tempest-VolumesTestJSON-362858768 tempest-VolumesTestJSON-362858768-project] GET http://10.222.0.13/volume/v3/a257b8dce3bc44d49efefa5a48f60a37/volumes/e792bfd8-53ba-4732-b908-c2c26e9fa156
Jul 27 06:47:54.358635 dv-cinder-779194-3-smb devstack@c-api.service[107093]: DEBUG cinder.api.openstack.wsgi [None req-c11e8c54-72a0-48b3-900f-09ec945d8ef7 tempest-VolumesTestJSON-362858768 tempest-VolumesTestJSON-362858768-project] Empty body provided in request {{(pid=107093) get_body /opt/stack/cinder/cinder/api/openstack/wsgi.py:703}}
Jul 27 06:47:54.358754 dv-cinder-779194-3-smb devstack@c-api.service[107092]: INFO cinder.api.openstack.wsgi [None req-0e5642a8-cc51-4a4f-9277-0a8e37704c53 tempest-GroupSnapshotsTest-1909435484 tempest-GroupSnapshotsTest-1909435484-project] http://10.222.0.13/volume/v3/ff83d5ce45424058a957e53e680a2540/volumes/9b2766c5-1b7e-4367-9c12-f187352e257e returned with HTTP 200
Jul 27 06:47:54.358835 dv-cinder-779194-3-smb devstack@c-api.service[107093]: /usr/local/lib/python3.8/dist-packages/webob/acceptparse.py:1047: DeprecationWarning: The behavior of AcceptValidHeader.best_match is currently being maintained for backward compatibility, but it will be deprecated in the future, as it does not conform to the RFC.
Jul 27 06:47:54.358835 dv-cinder-779194-3-smb devstack@c-api.service[107093]: warnings.warn(
Jul 27 06:47:54.359140 dv-cinder-779194-3-smb devstack@c-api.service[107093]: DEBUG cinder.api.openstack.wsgi [None req-c11e8c54-72a0-48b3-900f-09ec945d8ef7 tempest-VolumesTestJSON-362858768 tempest-VolumesTestJSON-362858768-project] Calling method 'show' {{(pid=107093) _process_stack /opt/stack/cinder/cinder/api/openstack/wsgi.py:856}}
Jul 27 06:47:54.371813 dv-cinder-779194-3-smb devstack@c-api.service[107092]: [pid: 107092|app: 0|req: 61/137] 10.222.0.13 () {60 vars in 1366 bytes} [Tue Jul 27 06:47:54 2021] GET /volume/v3/ff83d5ce45424058a957e53e680a2540/volumes/9b2766c5-1b7e-4367-9c12-f187352e257e => generated 1001 bytes in 122 msecs (HTTP/1.1 200) 7 headers in 287 bytes (1 switches on core 0)
Jul 27 06:47:54.377923 dv-cinder-779194-3-smb devstack@c-api.service[107092]: INFO cinder.api.openstack.wsgi [None req-d5134d55-929d-4380-b546-a9224f40413d tempest-GroupSnapshotsTest-1909435484 tempest-GroupSnapshotsTest-1909435484-project] POST http://10.222.0.13/volume/v3/ff83d5ce45424058a957e53e680a2540/volumes
Jul 27 06:47:54.378722 dv-cinder-779194-3-smb devstack@c-api.service[107092]: /usr/local/lib/python3.8/dist-packages/webob/acceptparse.py:1047: DeprecationWarning: The behavior of AcceptValidHeader.best_match is currently being maintained for backward compatibility, but it will be deprecated in the future, as it does not conform to the RFC.
Jul 27 06:47:54.378722 dv-cinder-779194-3-smb devstack@c-api.service[107092]: warnings.warn(
Jul 27 06:47:54.379382 dv-cinder-779194-3-smb devstack@c-api.service[107092]: DEBUG cinder.api.openstack.wsgi [None req-d5134d55-929d-4380-b546-a9224f40413d tempest-GroupSnapshotsTest-1909435484 tempest-GroupSnapshotsTest-1909435484-project] Action: 'create', calling method: create, body: {"volume": {"volume_type": "32b74f04-be58-430f-a658-d2195a2aea64", "group_id": "cbae6498-8b04-407c-b36f-1e912af101fe", "size": 1, "name": "tempest-GroupSnapshotsTest-Volume-1757002534"}} {{(pid=107092) _process_stack /opt/stack/cinder/cinder/api/openstack/wsgi.py:854}}
Jul 27 06:47:54.381321 dv-cinder-779194-3-smb devstack@c-api.service[107092]: DEBUG cinder.api.v3.volumes [None req-d5134d55-929d-4380-b546-a9224f40413d tempest-GroupSnapshotsTest-1909435484 tempest-GroupSnapshotsTest-1909435484-project] Create volume request body: {'volume': {'volume_type': '32b74f04-be58-430f-a658-d2195a2aea64', 'group_id': 'cbae6498-8b04-407c-b36f-1e912af101fe', 'size': 1, 'name': 'tempest-GroupSnapshotsTest-Volume-1757002534'}} {{(pid=107092) create /opt/stack/cinder/cinder/api/v3/volumes.py:290}}
Jul 27 06:47:54.394197 dv-cinder-779194-3-smb devstack@c-api.service[107093]: /usr/local/lib/python3.8/dist-packages/oslo_context/context.py:105: DeprecationWarning: Policy enforcement is depending on the value of is_admin. This key is deprecated. Please update your policy file to use the standard policy values.
Jul 27 06:47:54.394197 dv-cinder-779194-3-smb devstack@c-api.service[107093]: warnings.warn('Policy enforcement is depending on the value of '
Jul 27 06:47:54.398902 dv-cinder-779194-3-smb devstack@c-api.service[107092]: /usr/local/lib/python3.8/dist-packages/oslo_context/context.py:105: DeprecationWarning: Policy enforcement is depending on the value of is_admin. This key is deprecated. Please update your policy file to use the standard policy values.
Jul 27 06:47:54.398902 dv-cinder-779194-3-smb devstack@c-api.service[107092]: warnings.warn('Policy enforcement is depending on the value of '
Jul 27 06:47:54.401426 dv-cinder-779194-3-smb devstack@c-api.service[107092]: INFO cinder.api.v3.volumes [None req-d5134d55-929d-4380-b546-a9224f40413d tempest-GroupSnapshotsTest-1909435484 tempest-GroupSnapshotsTest-1909435484-project] Create volume of 1 GB
Jul 27 06:47:54.419271 dv-cinder-779194-3-smb devstack@c-api.service[107092]: INFO cinder.volume.api [None req-d5134d55-929d-4380-b546-a9224f40413d tempest-GroupSnapshotsTest-1909435484 tempest-GroupSnapshotsTest-1909435484-project] Availability Zones retrieved successfully.
Jul 27 06:47:54.430432 dv-cinder-779194-3-smb devstack@c-api.service[107093]: INFO cinder.volume.api [None req-c11e8c54-72a0-48b3-900f-09ec945d8ef7 tempest-VolumesTestJSON-362858768 tempest-VolumesTestJSON-362858768-project] Volume info retrieved successfully.
Jul 27 06:47:54.442175 dv-cinder-779194-3-smb devstack@c-api.service[107092]: DEBUG cinder.volume.api [None req-d5134d55-929d-4380-b546-a9224f40413d tempest-GroupSnapshotsTest-1909435484 tempest-GroupSnapshotsTest-1909435484-project] Flow 'volume_create_api' (c6a86131-d7db-4400-80c4-ead6dfbc3c11) transitioned into state 'RUNNING' from state 'PENDING' {{(pid=107092) _flow_receiver /usr/local/lib/python3.8/dist-packages/taskflow/listeners/logging.py:141}}
Jul 27 06:47:54.445409 dv-cinder-779194-3-smb devstack@c-api.service[107092]: DEBUG cinder.volume.api [None req-d5134d55-929d-4380-b546-a9224f40413d tempest-GroupSnapshotsTest-1909435484 tempest-GroupSnapshotsTest-1909435484-project] Task 'cinder.volume.flows.api.create_volume.ExtractVolumeRequestTask;volume:create' (1bd8bcca-38af-4c5f-8497-3eae31ceb6b0) transitioned into state 'RUNNING' from state 'PENDING' {{(pid=107092) _task_receiver /usr/local/lib/python3.8/dist-packages/taskflow/listeners/logging.py:190}}
Jul 27 06:47:54.447329 dv-cinder-779194-3-smb devstack@c-api.service[107092]: /usr/local/lib/python3.8/dist-packages/oslo_context/context.py:105: DeprecationWarning: Policy enforcement is depending on the value of is_admin. This key is deprecated. Please update your policy file to use the standard policy values.
Jul 27 06:47:54.447329 dv-cinder-779194-3-smb devstack@c-api.service[107092]: warnings.warn('Policy enforcement is depending on the value of '
Jul 27 06:47:54.448102 dv-cinder-779194-3-smb devstack@c-api.service[107092]: DEBUG cinder.volume.flows.api.create_volume [None req-d5134d55-929d-4380-b546-a9224f40413d tempest-GroupSnapshotsTest-1909435484 tempest-GroupSnapshotsTest-1909435484-project] Validating volume size '1' using validate_int {{(pid=107092) _extract_size /opt/stack/cinder/cinder/volume/flows/api/create_volume.py:201}}
Jul 27 06:47:54.468013 dv-cinder-779194-3-smb devstack@c-api.service[107093]: INFO cinder.api.openstack.wsgi [None req-c11e8c54-72a0-48b3-900f-09ec945d8ef7 tempest-VolumesTestJSON-362858768 tempest-VolumesTestJSON-362858768-project] http://10.222.0.13/volume/v3/a257b8dce3bc44d49efefa5a48f60a37/volumes/e792bfd8-53ba-4732-b908-c2c26e9fa156 returned with HTTP 200
Jul 27 06:47:54.469462 dv-cinder-779194-3-smb devstack@c-api.service[107093]: [pid: 107093|app: 0|req: 77/138] 10.222.0.13 () {58 vars in 1325 bytes} [Tue Jul 27 06:47:54 2021] GET /volume/v3/a257b8dce3bc44d49efefa5a48f60a37/volumes/e792bfd8-53ba-4732-b908-c2c26e9fa156 => generated 921 bytes in 133 msecs (HTTP/1.1 200) 7 headers in 285 bytes (1 switches on core 0)
Jul 27 06:47:54.474740 dv-cinder-779194-3-smb devstack@c-api.service[107092]: DEBUG cinder.volume.api [None req-d5134d55-929d-4380-b546-a9224f40413d tempest-GroupSnapshotsTest-1909435484 tempest-GroupSnapshotsTest-1909435484-project] Task 'cinder.volume.flows.api.create_volume.ExtractVolumeRequestTask;volume:create' (1bd8bcca-38af-4c5f-8497-3eae31ceb6b0) transitioned into state 'SUCCESS' from state 'RUNNING' with result '{'size': 1, 'snapshot_id': None, 'source_volid': None, 'volume_type': VolumeType(created_at=2021-07-27T06:47:50Z,deleted=False,deleted_at=None,description=None,extra_specs={},id=32b74f04-be58-430f-a658-d2195a2aea64,is_public=True,name='tempest-GroupSnapshotsTest-volume-type-1358434837',projects=[],qos_specs=,qos_specs_id=None,updated_at=None), 'volume_type_id': '32b74f04-be58-430f-a658-d2195a2aea64', 'encryption_key_id': None, 'qos_specs': None, 'consistencygroup_id': None, 'cgsnapshot_id': None, 'group_id': 'cbae6498-8b04-407c-b36f-1e912af101fe', 'replication_status': 'disabled', 'refresh_az': False, 'backup_id': None, 'multiattach': False, 'availability_zones': ['nova']}' {{(pid=107092) _task_receiver /usr/local/lib/python3.8/dist-packages/taskflow/listeners/logging.py:178}}
Jul 27 06:47:54.479297 dv-cinder-779194-3-smb devstack@c-api.service[107092]: DEBUG cinder.volume.api [None req-d5134d55-929d-4380-b546-a9224f40413d tempest-GroupSnapshotsTest-1909435484 tempest-GroupSnapshotsTest-1909435484-project] Task 'cinder.volume.flows.api.create_volume.QuotaReserveTask;volume:create' (32f7400d-9890-401e-a4e5-90cfd80f5047) transitioned into state 'RUNNING' from state 'PENDING' {{(pid=107092) _task_receiver /usr/local/lib/python3.8/dist-packages/taskflow/listeners/logging.py:190}}
Jul 27 06:47:54.616561 dv-cinder-779194-3-smb devstack@c-api.service[107092]: DEBUG cinder.quota [None req-d5134d55-929d-4380-b546-a9224f40413d tempest-GroupSnapshotsTest-1909435484 tempest-GroupSnapshotsTest-1909435484-project] Created reservations ['c5e54950-900e-4366-a761-d48265dccc09', '00e1dac6-fcf8-4243-bdaf-2c9fa338b696', '7370c75f-84f8-475e-9076-5178b423dc66', '842f18f2-329f-4f12-a0c0-146f6b384203'] {{(pid=107092) reserve /opt/stack/cinder/cinder/quota.py:755}}
Jul 27 06:47:54.619065 dv-cinder-779194-3-smb devstack@c-api.service[107092]: DEBUG cinder.volume.api [None req-d5134d55-929d-4380-b546-a9224f40413d tempest-GroupSnapshotsTest-1909435484 tempest-GroupSnapshotsTest-1909435484-project] Task 'cinder.volume.flows.api.create_volume.QuotaReserveTask;volume:create' (32f7400d-9890-401e-a4e5-90cfd80f5047) transitioned into state 'SUCCESS' from state 'RUNNING' with result '{'reservations': ['c5e54950-900e-4366-a761-d48265dccc09', '00e1dac6-fcf8-4243-bdaf-2c9fa338b696', '7370c75f-84f8-475e-9076-5178b423dc66', '842f18f2-329f-4f12-a0c0-146f6b384203']}' {{(pid=107092) _task_receiver /usr/local/lib/python3.8/dist-packages/taskflow/listeners/logging.py:178}}
Jul 27 06:47:54.650698 dv-cinder-779194-3-smb devstack@c-api.service[107092]: DEBUG cinder.volume.api [None req-d5134d55-929d-4380-b546-a9224f40413d tempest-GroupSnapshotsTest-1909435484 tempest-GroupSnapshotsTest-1909435484-project] Task 'cinder.volume.flows.api.create_volume.EntryCreateTask;volume:create' (57d7f503-41e9-4504-8c48-04c8f1f3ed3a) transitioned into state 'RUNNING' from state 'PENDING' {{(pid=107092) _task_receiver /usr/local/lib/python3.8/dist-packages/taskflow/listeners/logging.py:190}}
Jul 27 06:47:54.715470 dv-cinder-779194-3-smb devstack@c-api.service[107093]: INFO cinder.api.openstack.wsgi [None req-0d922e6d-7288-4e94-b74e-3a59233489f4 tempest-GroupsV314Test-257011300 tempest-GroupsV314Test-257011300-project] GET http://10.222.0.13/volume/v3/642f7d630da449e7af91613df12613c3/volumes/e5c65c2f-a1ef-4507-a121-cdba34f1bd11
Jul 27 06:47:54.716400 dv-cinder-779194-3-smb devstack@c-api.service[107093]: DEBUG cinder.api.openstack.wsgi [None req-0d922e6d-7288-4e94-b74e-3a59233489f4 tempest-GroupsV314Test-257011300 tempest-GroupsV314Test-257011300-project] Empty body provided in request {{(pid=107093) get_body /opt/stack/cinder/cinder/api/openstack/wsgi.py:703}}
Jul 27 06:47:54.716746 dv-cinder-779194-3-smb devstack@c-api.service[107093]: /usr/local/lib/python3.8/dist-packages/webob/acceptparse.py:1047: DeprecationWarning: The behavior of AcceptValidHeader.best_match is currently being maintained for backward compatibility, but it will be deprecated in the future, as it does not conform to the RFC.
Jul 27 06:47:54.716746 dv-cinder-779194-3-smb devstack@c-api.service[107093]: warnings.warn(
Jul 27 06:47:54.717588 dv-cinder-779194-3-smb devstack@c-api.service[107093]: DEBUG cinder.api.openstack.wsgi [None req-0d922e6d-7288-4e94-b74e-3a59233489f4 tempest-GroupsV314Test-257011300 tempest-GroupsV314Test-257011300-project] Calling method 'show' {{(pid=107093) _process_stack /opt/stack/cinder/cinder/api/openstack/wsgi.py:856}}
Jul 27 06:47:54.737152 dv-cinder-779194-3-smb devstack@c-api.service[107093]: /usr/local/lib/python3.8/dist-packages/oslo_context/context.py:105: DeprecationWarning: Policy enforcement is depending on the value of is_admin. This key is deprecated. Please update your policy file to use the standard policy values.
Jul 27 06:47:54.737152 dv-cinder-779194-3-smb devstack@c-api.service[107093]: warnings.warn('Policy enforcement is depending on the value of '
Jul 27 06:47:54.758462 dv-cinder-779194-3-smb devstack@c-api.service[107093]: INFO cinder.api.openstack.wsgi [None req-0d922e6d-7288-4e94-b74e-3a59233489f4 tempest-GroupsV314Test-257011300 tempest-GroupsV314Test-257011300-project] http://10.222.0.13/volume/v3/642f7d630da449e7af91613df12613c3/volumes/e5c65c2f-a1ef-4507-a121-cdba34f1bd11 returned with HTTP 404
Jul 27 06:47:54.762186 dv-cinder-779194-3-smb devstack@c-api.service[107093]: [pid: 107093|app: 0|req: 78/139] 10.222.0.13 () {60 vars in 1366 bytes} [Tue Jul 27 06:47:54 2021] GET /volume/v3/642f7d630da449e7af91613df12613c3/volumes/e5c65c2f-a1ef-4507-a121-cdba34f1bd11 => generated 109 bytes in 51 msecs (HTTP/1.1 404) 7 headers in 293 bytes (1 switches on core 0)
Jul 27 06:47:54.775755 dv-cinder-779194-3-smb devstack@c-api.service[107093]: INFO cinder.api.openstack.wsgi [None req-66b55e42-4718-4b75-aa29-96178d65d6d5 tempest-GroupsV314Test-257011300 tempest-GroupsV314Test-257011300-project] GET http://10.222.0.13/volume/v3/642f7d630da449e7af91613df12613c3/groups/f614600d-c3fc-42df-a379-a104497f66ec
Jul 27 06:47:54.786260 dv-cinder-779194-3-smb devstack@c-api.service[107093]: DEBUG cinder.api.openstack.wsgi [None req-66b55e42-4718-4b75-aa29-96178d65d6d5 tempest-GroupsV314Test-257011300 tempest-GroupsV314Test-257011300-project] Empty body provided in request {{(pid=107093) get_body /opt/stack/cinder/cinder/api/openstack/wsgi.py:703}}
Jul 27 06:47:54.786260 dv-cinder-779194-3-smb devstack@c-api.service[107093]: /usr/local/lib/python3.8/dist-packages/webob/acceptparse.py:1047: DeprecationWarning: The behavior of AcceptValidHeader.best_match is currently being maintained for backward compatibility, but it will be deprecated in the future, as it does not conform to the RFC.
Jul 27 06:47:54.786260 dv-cinder-779194-3-smb devstack@c-api.service[107093]: warnings.warn(
Jul 27 06:47:54.786260 dv-cinder-779194-3-smb devstack@c-api.service[107093]: DEBUG cinder.api.openstack.wsgi [None req-66b55e42-4718-4b75-aa29-96178d65d6d5 tempest-GroupsV314Test-257011300 tempest-GroupsV314Test-257011300-project] Calling method 'version_select' {{(pid=107093) _process_stack /opt/stack/cinder/cinder/api/openstack/wsgi.py:856}}
Jul 27 06:47:54.786260 dv-cinder-779194-3-smb devstack@c-api.service[107093]: DEBUG cinder.api.v3.groups [None req-66b55e42-4718-4b75-aa29-96178d65d6d5 tempest-GroupsV314Test-257011300 tempest-GroupsV314Test-257011300-project] show called for member f614600d-c3fc-42df-a379-a104497f66ec {{(pid=107093) show /opt/stack/cinder/cinder/api/v3/groups.py:58}}
Jul 27 06:47:54.791114 dv-cinder-779194-3-smb devstack@c-api.service[107093]: /usr/local/lib/python3.8/dist-packages/oslo_context/context.py:105: DeprecationWarning: Policy enforcement is depending on the value of is_admin. This key is deprecated. Please update your policy file to use the standard policy values.
Jul 27 06:47:54.791114 dv-cinder-779194-3-smb devstack@c-api.service[107093]: warnings.warn('Policy enforcement is depending on the value of '
Jul 27 06:47:54.807924 dv-cinder-779194-3-smb devstack@c-api.service[107092]: DEBUG cinder.volume.api [None req-d5134d55-929d-4380-b546-a9224f40413d tempest-GroupSnapshotsTest-1909435484 tempest-GroupSnapshotsTest-1909435484-project] Task 'cinder.volume.flows.api.create_volume.EntryCreateTask;volume:create' (57d7f503-41e9-4504-8c48-04c8f1f3ed3a) transitioned into state 'SUCCESS' from state 'RUNNING' with result '{'volume_id': '4df69a91-9ae4-4b1b-961e-a4bf502dec56', 'volume_properties': VolumeProperties(attach_status='detached',availability_zone='nova',cgsnapshot_id=None,consistencygroup_id=None,display_description=None,display_name='tempest-GroupSnapshotsTest-Volume-1757002534',encryption_key_id=None,group_id=cbae6498-8b04-407c-b36f-1e912af101fe,group_type_id=,metadata={},multiattach=False,project_id='ff83d5ce45424058a957e53e680a2540',qos_specs=None,replication_status=,reservations=['c5e54950-900e-4366-a761-d48265dccc09','00e1dac6-fcf8-4243-bdaf-2c9fa338b696','7370c75f-84f8-475e-9076-5178b423dc66','842f18f2-329f-4f12-a0c0-146f6b384203'],size=1,snapshot_id=None,source_replicaid=,source_volid=None,status='creating',user_id='f11a30ef072544ab852ab1c587b10c2b',volume_type_id=32b74f04-be58-430f-a658-d2195a2aea64), 'volume': Volume(_name_id=None,admin_metadata=,attach_status='detached',availability_zone='nova',bootable=False,cluster=,cluster_name=None,consistencygroup=,consistencygroup_id=None,created_at=2021-07-27T06:47:54Z,deleted=False,deleted_at=None,display_description=None,display_name='tempest-GroupSnapshotsTest-Volume-1757002534',ec2_id=None,encryption_key_id=None,glance_metadata=,group=,group_id=cbae6498-8b04-407c-b36f-1e912af101fe,host=None,id=4df69a91-9ae4-4b1b-961e-a4bf502dec56,launched_at=None,metadata={},migration_status=None,multiattach=False,previous_status=None,project_id='ff83d5ce45424058a957e53e680a2540',provider_auth=None,provider_geometry=None,provider_id=None,provider_location=None,replication_driver_data=None,replication_extended_status=None,replication_status=None,scheduled_at=None,service_uuid=None,shared_targets=True,size=1,snapshot_id=None,snapshots=,source_volid=None,status='creating',terminated_at=None,updated_at=None,user_id='f11a30ef072544ab852ab1c587b10c2b',volume_attachment=,volume_type=VolumeType(32b74f04-be58-430f-a658-d2195a2aea64),volume_type_id=32b74f04-be58-430f-a658-d2195a2aea64)}' {{(pid=107092) _task_receiver /usr/local/lib/python3.8/dist-packages/taskflow/listeners/logging.py:178}}
Jul 27 06:47:54.809967 dv-cinder-779194-3-smb devstack@c-api.service[107092]: DEBUG cinder.volume.api [None req-d5134d55-929d-4380-b546-a9224f40413d tempest-GroupSnapshotsTest-1909435484 tempest-GroupSnapshotsTest-1909435484-project] Task 'cinder.volume.flows.api.create_volume.QuotaCommitTask;volume:create' (1490a320-e607-45f3-b20d-792385e2820e) transitioned into state 'RUNNING' from state 'PENDING' {{(pid=107092) _task_receiver /usr/local/lib/python3.8/dist-packages/taskflow/listeners/logging.py:190}}
Jul 27 06:47:54.823050 dv-cinder-779194-3-smb devstack@c-api.service[107093]: INFO cinder.api.openstack.wsgi [None req-66b55e42-4718-4b75-aa29-96178d65d6d5 tempest-GroupsV314Test-257011300 tempest-GroupsV314Test-257011300-project] http://10.222.0.13/volume/v3/642f7d630da449e7af91613df12613c3/groups/f614600d-c3fc-42df-a379-a104497f66ec returned with HTTP 200
Jul 27 06:47:54.824006 dv-cinder-779194-3-smb devstack@c-api.service[107093]: [pid: 107093|app: 0|req: 79/140] 10.222.0.13 () {60 vars in 1363 bytes} [Tue Jul 27 06:47:54 2021] GET /volume/v3/642f7d630da449e7af91613df12613c3/groups/f614600d-c3fc-42df-a379-a104497f66ec => generated 388 bytes in 58 msecs (HTTP/1.1 200) 7 headers in 286 bytes (1 switches on core 0)
Jul 27 06:47:55.257273 dv-cinder-779194-3-smb devstack@c-api.service[107092]: DEBUG cinder.volume.api [None req-d5134d55-929d-4380-b546-a9224f40413d tempest-GroupSnapshotsTest-1909435484 tempest-GroupSnapshotsTest-1909435484-project] Task 'cinder.volume.flows.api.create_volume.QuotaCommitTask;volume:create' (1490a320-e607-45f3-b20d-792385e2820e) transitioned into state 'SUCCESS' from state 'RUNNING' with result '{'volume_properties': VolumeProperties(attach_status='detached',availability_zone='nova',cgsnapshot_id=None,consistencygroup_id=None,display_description=None,display_name='tempest-GroupSnapshotsTest-Volume-1757002534',encryption_key_id=None,group_id=cbae6498-8b04-407c-b36f-1e912af101fe,group_type_id=,metadata={},multiattach=False,project_id='ff83d5ce45424058a957e53e680a2540',qos_specs=None,replication_status=,reservations=['c5e54950-900e-4366-a761-d48265dccc09','00e1dac6-fcf8-4243-bdaf-2c9fa338b696','7370c75f-84f8-475e-9076-5178b423dc66','842f18f2-329f-4f12-a0c0-146f6b384203'],size=1,snapshot_id=None,source_replicaid=,source_volid=None,status='creating',user_id='f11a30ef072544ab852ab1c587b10c2b',volume_type_id=32b74f04-be58-430f-a658-d2195a2aea64)}' {{(pid=107092) _task_receiver /usr/local/lib/python3.8/dist-packages/taskflow/listeners/logging.py:178}}
Jul 27 06:47:55.259939 dv-cinder-779194-3-smb devstack@c-api.service[107092]: DEBUG cinder.volume.api [None req-d5134d55-929d-4380-b546-a9224f40413d tempest-GroupSnapshotsTest-1909435484 tempest-GroupSnapshotsTest-1909435484-project] Task 'cinder.volume.flows.api.create_volume.VolumeCastTask;volume:create' (b6de5e88-2ed0-4236-a3e6-cbd0c3d68fb9) transitioned into state 'RUNNING' from state 'PENDING' {{(pid=107092) _task_receiver /usr/local/lib/python3.8/dist-packages/taskflow/listeners/logging.py:190}}
Jul 27 06:47:55.346932 dv-cinder-779194-3-smb devstack@c-api.service[107093]: INFO cinder.api.openstack.wsgi [None req-c0e8d297-6443-4579-ab04-f9429fdb7eb5 tempest-SnapshotsActionsTest-962711989 tempest-SnapshotsActionsTest-962711989-project] GET http://10.222.0.13/volume/v3/b87fbdcf3fa248ce9ea8d0d147a3e366/snapshots/43bf209c-7ec8-4ad4-84d1-7e304cbd44a8
Jul 27 06:47:55.347476 dv-cinder-779194-3-smb devstack@c-api.service[107093]: DEBUG cinder.api.openstack.wsgi [None req-c0e8d297-6443-4579-ab04-f9429fdb7eb5 tempest-SnapshotsActionsTest-962711989 tempest-SnapshotsActionsTest-962711989-project] Empty body provided in request {{(pid=107093) get_body /opt/stack/cinder/cinder/api/openstack/wsgi.py:703}}
Jul 27 06:47:55.347570 dv-cinder-779194-3-smb devstack@c-api.service[107093]: /usr/local/lib/python3.8/dist-packages/webob/acceptparse.py:1047: DeprecationWarning: The behavior of AcceptValidHeader.best_match is currently being maintained for backward compatibility, but it will be deprecated in the future, as it does not conform to the RFC.
Jul 27 06:47:55.347570 dv-cinder-779194-3-smb devstack@c-api.service[107093]: warnings.warn(
Jul 27 06:47:55.347864 dv-cinder-779194-3-smb devstack@c-api.service[107093]: DEBUG cinder.api.openstack.wsgi [None req-c0e8d297-6443-4579-ab04-f9429fdb7eb5 tempest-SnapshotsActionsTest-962711989 tempest-SnapshotsActionsTest-962711989-project] Calling method 'show' {{(pid=107093) _process_stack /opt/stack/cinder/cinder/api/openstack/wsgi.py:856}}
Jul 27 06:47:55.356344 dv-cinder-779194-3-smb devstack@c-api.service[107093]: INFO cinder.api.openstack.wsgi [None req-c0e8d297-6443-4579-ab04-f9429fdb7eb5 tempest-SnapshotsActionsTest-962711989 tempest-SnapshotsActionsTest-962711989-project] http://10.222.0.13/volume/v3/b87fbdcf3fa248ce9ea8d0d147a3e366/snapshots/43bf209c-7ec8-4ad4-84d1-7e304cbd44a8 returned with HTTP 404
Jul 27 06:47:55.357256 dv-cinder-779194-3-smb devstack@c-api.service[107093]: [pid: 107093|app: 0|req: 80/141] 10.222.0.13 () {58 vars in 1331 bytes} [Tue Jul 27 06:47:55 2021] GET /volume/v3/b87fbdcf3fa248ce9ea8d0d147a3e366/snapshots/43bf209c-7ec8-4ad4-84d1-7e304cbd44a8 => generated 111 bytes in 14 msecs (HTTP/1.1 404) 7 headers in 292 bytes (1 switches on core 0)
Jul 27 06:47:55.365636 dv-cinder-779194-3-smb devstack@c-api.service[107093]: INFO cinder.api.openstack.wsgi [None req-5009e230-566f-406c-ae43-27de769cf047 tempest-SnapshotsActionsTest-2099840822 tempest-SnapshotsActionsTest-2099840822-project-admin] POST http://10.222.0.13/volume/v3/c3f00d875f164df3a9307b325d84d2c9/snapshots/71851a91-8521-4e5d-b927-2618d7d6b353/action
Jul 27 06:47:55.366600 dv-cinder-779194-3-smb devstack@c-api.service[107093]: DEBUG cinder.api.openstack.wsgi [None req-5009e230-566f-406c-ae43-27de769cf047 tempest-SnapshotsActionsTest-2099840822 tempest-SnapshotsActionsTest-2099840822-project-admin] Action body: b'{"os-reset_status": {"status": "available"}}' {{(pid=107093) get_method /opt/stack/cinder/cinder/api/openstack/wsgi.py:971}}
Jul 27 06:47:55.367168 dv-cinder-779194-3-smb devstack@c-api.service[107093]: DEBUG cinder.api.openstack.wsgi [None req-5009e230-566f-406c-ae43-27de769cf047 tempest-SnapshotsActionsTest-2099840822 tempest-SnapshotsActionsTest-2099840822-project-admin] Action: 'action', calling method: _reset_status, body: {"os-reset_status": {"status": "available"}} {{(pid=107093) _process_stack /opt/stack/cinder/cinder/api/openstack/wsgi.py:854}}
Jul 27 06:47:55.368220 dv-cinder-779194-3-smb devstack@c-api.service[107093]: DEBUG cinder.api.contrib.admin_actions [None req-5009e230-566f-406c-ae43-27de769cf047 tempest-SnapshotsActionsTest-2099840822 tempest-SnapshotsActionsTest-2099840822-project-admin] Updating snapshot '71851a91-8521-4e5d-b927-2618d7d6b353' with '{'status': 'available'}' {{(pid=107093) _reset_status /opt/stack/cinder/cinder/api/contrib/admin_actions.py:100}}
Jul 27 06:47:55.389697 dv-cinder-779194-3-smb devstack@c-api.service[107093]: /usr/local/lib/python3.8/dist-packages/oslo_context/context.py:105: DeprecationWarning: Policy enforcement is depending on the value of is_admin. This key is deprecated. Please update your policy file to use the standard policy values.
Jul 27 06:47:55.389697 dv-cinder-779194-3-smb devstack@c-api.service[107093]: warnings.warn('Policy enforcement is depending on the value of '
Jul 27 06:47:55.404879 dv-cinder-779194-3-smb devstack@c-api.service[107092]: DEBUG cinder.volume.api [None req-d5134d55-929d-4380-b546-a9224f40413d tempest-GroupSnapshotsTest-1909435484 tempest-GroupSnapshotsTest-1909435484-project] Task 'cinder.volume.flows.api.create_volume.VolumeCastTask;volume:create' (b6de5e88-2ed0-4236-a3e6-cbd0c3d68fb9) transitioned into state 'SUCCESS' from state 'RUNNING' with result 'None' {{(pid=107092) _task_receiver /usr/local/lib/python3.8/dist-packages/taskflow/listeners/logging.py:178}}
Jul 27 06:47:55.409015 dv-cinder-779194-3-smb devstack@c-api.service[107092]: DEBUG cinder.volume.api [None req-d5134d55-929d-4380-b546-a9224f40413d tempest-GroupSnapshotsTest-1909435484 tempest-GroupSnapshotsTest-1909435484-project] Flow 'volume_create_api' (c6a86131-d7db-4400-80c4-ead6dfbc3c11) transitioned into state 'SUCCESS' from state 'RUNNING' {{(pid=107092) _flow_receiver /usr/local/lib/python3.8/dist-packages/taskflow/listeners/logging.py:141}}
Jul 27 06:47:55.409964 dv-cinder-779194-3-smb devstack@c-api.service[107092]: INFO cinder.volume.api [None req-d5134d55-929d-4380-b546-a9224f40413d tempest-GroupSnapshotsTest-1909435484 tempest-GroupSnapshotsTest-1909435484-project] Create volume request issued successfully.
Jul 27 06:47:55.418989 dv-cinder-779194-3-smb devstack@c-api.service[107092]: WARNING stevedore.named [None req-d5134d55-929d-4380-b546-a9224f40413d tempest-GroupSnapshotsTest-1909435484 tempest-GroupSnapshotsTest-1909435484-project] Could not load cinder.keymgr.conf_key_mgr.ConfKeyManager
Jul 27 06:47:55.419708 dv-cinder-779194-3-smb devstack@c-api.service[107092]: WARNING castellan.key_manager [None req-d5134d55-929d-4380-b546-a9224f40413d tempest-GroupSnapshotsTest-1909435484 tempest-GroupSnapshotsTest-1909435484-project] Deprecation Warning : cinder.keymgr.conf_key_mgr.ConfKeyManager is not a stevedore based driver, trying to load it as a class: stevedore.exception.NoMatches: No 'castellan.drivers' driver found, looking for 'cinder.keymgr.conf_key_mgr.ConfKeyManager'
Jul 27 06:47:55.428239 dv-cinder-779194-3-smb devstack@c-api.service[107092]: DEBUG oslo_db.sqlalchemy.engines [None req-d5134d55-929d-4380-b546-a9224f40413d tempest-GroupSnapshotsTest-1909435484 tempest-GroupSnapshotsTest-1909435484-project] MySQL server mode set to STRICT_TRANS_TABLES,STRICT_ALL_TABLES,NO_ZERO_IN_DATE,NO_ZERO_DATE,ERROR_FOR_DIVISION_BY_ZERO,TRADITIONAL,NO_ENGINE_SUBSTITUTION {{(pid=107092) _check_effective_sql_mode /usr/local/lib/python3.8/dist-packages/oslo_db/sqlalchemy/engines.py:314}}
Jul 27 06:47:55.439995 dv-cinder-779194-3-smb devstack@c-api.service[107092]: /usr/local/lib/python3.8/dist-packages/oslo_context/context.py:105: DeprecationWarning: Policy enforcement is depending on the value of is_admin. This key is deprecated. Please update your policy file to use the standard policy values.
Jul 27 06:47:55.439995 dv-cinder-779194-3-smb devstack@c-api.service[107092]: warnings.warn('Policy enforcement is depending on the value of '
Jul 27 06:47:55.448482 dv-cinder-779194-3-smb devstack@c-api.service[107092]: INFO cinder.api.openstack.wsgi [None req-d5134d55-929d-4380-b546-a9224f40413d tempest-GroupSnapshotsTest-1909435484 tempest-GroupSnapshotsTest-1909435484-project] http://10.222.0.13/volume/v3/ff83d5ce45424058a957e53e680a2540/volumes returned with HTTP 202
Jul 27 06:47:55.449559 dv-cinder-779194-3-smb devstack@c-api.service[107092]: [pid: 107092|app: 0|req: 62/142] 10.222.0.13 () {62 vars in 1277 bytes} [Tue Jul 27 06:47:54 2021] POST /volume/v3/ff83d5ce45424058a957e53e680a2540/volumes => generated 908 bytes in 1077 msecs (HTTP/1.1 202) 7 headers in 292 bytes (1 switches on core 0)
Jul 27 06:47:55.463348 dv-cinder-779194-3-smb devstack@c-api.service[107092]: INFO cinder.api.openstack.wsgi [None req-2851c4a4-4fcc-4e1b-af09-ce219e945ddd tempest-GroupSnapshotsTest-1909435484 tempest-GroupSnapshotsTest-1909435484-project] GET http://10.222.0.13/volume/v3/ff83d5ce45424058a957e53e680a2540/volumes/4df69a91-9ae4-4b1b-961e-a4bf502dec56
Jul 27 06:47:55.463882 dv-cinder-779194-3-smb devstack@c-api.service[107092]: DEBUG cinder.api.openstack.wsgi [None req-2851c4a4-4fcc-4e1b-af09-ce219e945ddd tempest-GroupSnapshotsTest-1909435484 tempest-GroupSnapshotsTest-1909435484-project] Empty body provided in request {{(pid=107092) get_body /opt/stack/cinder/cinder/api/openstack/wsgi.py:703}}
Jul 27 06:47:55.464061 dv-cinder-779194-3-smb devstack@c-api.service[107092]: /usr/local/lib/python3.8/dist-packages/webob/acceptparse.py:1047: DeprecationWarning: The behavior of AcceptValidHeader.best_match is currently being maintained for backward compatibility, but it will be deprecated in the future, as it does not conform to the RFC.
Jul 27 06:47:55.464061 dv-cinder-779194-3-smb devstack@c-api.service[107092]: warnings.warn(
Jul 27 06:47:55.464383 dv-cinder-779194-3-smb devstack@c-api.service[107092]: DEBUG cinder.api.openstack.wsgi [None req-2851c4a4-4fcc-4e1b-af09-ce219e945ddd tempest-GroupSnapshotsTest-1909435484 tempest-GroupSnapshotsTest-1909435484-project] Calling method 'show' {{(pid=107092) _process_stack /opt/stack/cinder/cinder/api/openstack/wsgi.py:856}}
Jul 27 06:47:55.482367 dv-cinder-779194-3-smb devstack@c-api.service[107092]: /usr/local/lib/python3.8/dist-packages/oslo_context/context.py:105: DeprecationWarning: Policy enforcement is depending on the value of is_admin. This key is deprecated. Please update your policy file to use the standard policy values.
Jul 27 06:47:55.482367 dv-cinder-779194-3-smb devstack@c-api.service[107092]: warnings.warn('Policy enforcement is depending on the value of '
Jul 27 06:47:55.492020 dv-cinder-779194-3-smb devstack@c-api.service[107092]: INFO cinder.volume.api [None req-2851c4a4-4fcc-4e1b-af09-ce219e945ddd tempest-GroupSnapshotsTest-1909435484 tempest-GroupSnapshotsTest-1909435484-project] Volume info retrieved successfully.
Jul 27 06:47:55.500173 dv-cinder-779194-3-smb devstack@c-api.service[107092]: WARNING stevedore.named [None req-2851c4a4-4fcc-4e1b-af09-ce219e945ddd tempest-GroupSnapshotsTest-1909435484 tempest-GroupSnapshotsTest-1909435484-project] Could not load cinder.keymgr.conf_key_mgr.ConfKeyManager
Jul 27 06:47:55.500573 dv-cinder-779194-3-smb devstack@c-api.service[107092]: WARNING castellan.key_manager [None req-2851c4a4-4fcc-4e1b-af09-ce219e945ddd tempest-GroupSnapshotsTest-1909435484 tempest-GroupSnapshotsTest-1909435484-project] Deprecation Warning : cinder.keymgr.conf_key_mgr.ConfKeyManager is not a stevedore based driver, trying to load it as a class: stevedore.exception.NoMatches: No 'castellan.drivers' driver found, looking for 'cinder.keymgr.conf_key_mgr.ConfKeyManager'
Jul 27 06:47:55.521221 dv-cinder-779194-3-smb devstack@c-api.service[107092]: DEBUG oslo_db.sqlalchemy.engines [None req-2851c4a4-4fcc-4e1b-af09-ce219e945ddd tempest-GroupSnapshotsTest-1909435484 tempest-GroupSnapshotsTest-1909435484-project] MySQL server mode set to STRICT_TRANS_TABLES,STRICT_ALL_TABLES,NO_ZERO_IN_DATE,NO_ZERO_DATE,ERROR_FOR_DIVISION_BY_ZERO,TRADITIONAL,NO_ENGINE_SUBSTITUTION {{(pid=107092) _check_effective_sql_mode /usr/local/lib/python3.8/dist-packages/oslo_db/sqlalchemy/engines.py:314}}
Jul 27 06:47:55.524439 dv-cinder-779194-3-smb devstack@c-api.service[107093]: INFO cinder.api.openstack.wsgi [None req-5009e230-566f-406c-ae43-27de769cf047 tempest-SnapshotsActionsTest-2099840822 tempest-SnapshotsActionsTest-2099840822-project-admin] http://10.222.0.13/volume/v3/c3f00d875f164df3a9307b325d84d2c9/snapshots/71851a91-8521-4e5d-b927-2618d7d6b353/action returned with HTTP 202
Jul 27 06:47:55.525741 dv-cinder-779194-3-smb devstack@c-api.service[107093]: [pid: 107093|app: 0|req: 81/143] 10.222.0.13 () {60 vars in 1373 bytes} [Tue Jul 27 06:47:55 2021] POST /volume/v3/c3f00d875f164df3a9307b325d84d2c9/snapshots/71851a91-8521-4e5d-b927-2618d7d6b353/action => generated 0 bytes in 165 msecs (HTTP/1.1 202) 7 headers in 289 bytes (1 switches on core 0)
Jul 27 06:47:55.528546 dv-cinder-779194-3-smb devstack@c-api.service[107092]: /usr/local/lib/python3.8/dist-packages/oslo_context/context.py:105: DeprecationWarning: Policy enforcement is depending on the value of is_admin. This key is deprecated. Please update your policy file to use the standard policy values.
Jul 27 06:47:55.528546 dv-cinder-779194-3-smb devstack@c-api.service[107092]: warnings.warn('Policy enforcement is depending on the value of '
Jul 27 06:47:55.530636 dv-cinder-779194-3-smb devstack@c-api.service[107093]: INFO cinder.api.openstack.wsgi [None req-3b15a66e-08cb-4eb7-a021-fbf34dfc859f tempest-VolumesTestJSON-362858768 tempest-VolumesTestJSON-362858768-project] GET http://10.222.0.13/volume/v3/a257b8dce3bc44d49efefa5a48f60a37/volumes/e792bfd8-53ba-4732-b908-c2c26e9fa156
Jul 27 06:47:55.531097 dv-cinder-779194-3-smb devstack@c-api.service[107093]: DEBUG cinder.api.openstack.wsgi [None req-3b15a66e-08cb-4eb7-a021-fbf34dfc859f tempest-VolumesTestJSON-362858768 tempest-VolumesTestJSON-362858768-project] Empty body provided in request {{(pid=107093) get_body /opt/stack/cinder/cinder/api/openstack/wsgi.py:703}}
Jul 27 06:47:55.531288 dv-cinder-779194-3-smb devstack@c-api.service[107093]: /usr/local/lib/python3.8/dist-packages/webob/acceptparse.py:1047: DeprecationWarning: The behavior of AcceptValidHeader.best_match is currently being maintained for backward compatibility, but it will be deprecated in the future, as it does not conform to the RFC.
Jul 27 06:47:55.531288 dv-cinder-779194-3-smb devstack@c-api.service[107093]: warnings.warn(
