Jul 30 15:27:02.509230 dv-cinder-778907-3-smb devstack@c-api.service[99864]: /usr/local/lib/python3.8/dist-packages/webob/acceptparse.py:1047: DeprecationWarning: The behavior of AcceptValidHeader.best_match is currently being maintained for backward compatibility, but it will be deprecated in the future, as it does not conform to the RFC.
Jul 30 15:27:02.509230 dv-cinder-778907-3-smb devstack@c-api.service[99864]: warnings.warn(
Jul 30 15:27:02.514704 dv-cinder-778907-3-smb devstack@c-api.service[99864]: DEBUG cinder.api.openstack.wsgi [None req-1c392865-8180-49a5-94a5-043b7f377e8f tempest-VolumesTestJSON-840439498 tempest-VolumesTestJSON-840439498-project] Action: 'create', calling method: create, body: {"volume": {"metadata": {"Type": "work"}, "size": 1, "display_name": "tempest-VolumesTestJSON-volume-616926691"}} {{(pid=99864) _process_stack /opt/stack/cinder/cinder/api/openstack/wsgi.py:854}}
Jul 30 15:27:02.519468 dv-cinder-778907-3-smb devstack@c-api.service[99864]: DEBUG cinder.api.v3.volumes [None req-1c392865-8180-49a5-94a5-043b7f377e8f tempest-VolumesTestJSON-840439498 tempest-VolumesTestJSON-840439498-project] Create volume request body: {'volume': {'metadata': {'Type': 'work'}, 'size': 1, 'display_name': 'tempest-VolumesTestJSON-volume-616926691'}} {{(pid=99864) create /opt/stack/cinder/cinder/api/v3/volumes.py:290}}
Jul 30 15:27:02.520721 dv-cinder-778907-3-smb devstack@c-api.service[99864]: INFO cinder.api.v3.volumes [None req-1c392865-8180-49a5-94a5-043b7f377e8f tempest-VolumesTestJSON-840439498 tempest-VolumesTestJSON-840439498-project] Create volume of 1 GB
Jul 30 15:27:02.530127 dv-cinder-778907-3-smb devstack@c-api.service[99864]: /usr/local/lib/python3.8/dist-packages/oslo_context/context.py:105: DeprecationWarning: Policy enforcement is depending on the value of is_admin. This key is deprecated. Please update your policy file to use the standard policy values.
Jul 30 15:27:02.530127 dv-cinder-778907-3-smb devstack@c-api.service[99864]: warnings.warn('Policy enforcement is depending on the value of '
Jul 30 15:27:02.558945 dv-cinder-778907-3-smb devstack@c-api.service[99864]: INFO cinder.volume.api [None req-1c392865-8180-49a5-94a5-043b7f377e8f tempest-VolumesTestJSON-840439498 tempest-VolumesTestJSON-840439498-project] Availability Zones retrieved successfully.
Jul 30 15:27:02.654973 dv-cinder-778907-3-smb devstack@c-api.service[99863]: INFO cinder.api.openstack.wsgi [None req-e92a48c8-1579-4772-be60-d60f70f18d1c tempest-VolumeSnapshotQuotasNegativeTestJSON-250395760 tempest-VolumeSnapshotQuotasNegativeTestJSON-250395760-project-admin] http://10.222.0.10/volume/v3/88c182e539394def9e6f3441b3afbe9a/os-quota-sets/0f96f487bc9b456bb66396e3a28f6145 returned with HTTP 200
Jul 30 15:27:02.656675 dv-cinder-778907-3-smb devstack@c-api.service[99863]: [pid: 99863|app: 0|req: 52/96] 10.222.0.10 () {60 vars in 1351 bytes} [Fri Jul 30 15:27:02 2021] PUT /volume/v3/88c182e539394def9e6f3441b3afbe9a/os-quota-sets/0f96f487bc9b456bb66396e3a28f6145 => generated 709 bytes in 215 msecs (HTTP/1.1 200) 7 headers in 285 bytes (1 switches on core 0)
Jul 30 15:27:02.663667 dv-cinder-778907-3-smb devstack@c-api.service[99863]: INFO cinder.api.openstack.wsgi [None req-1dec25fa-074d-4147-83af-fe2a672d11d1 tempest-GroupSnapshotsTest-1092434356 tempest-GroupSnapshotsTest-1092434356-project] POST http://10.222.0.10/volume/v3/1d4d0f876a42442586d5ba7db6d3d401/volumes
Jul 30 15:27:02.668131 dv-cinder-778907-3-smb devstack@c-api.service[99864]: DEBUG cinder.volume.api [None req-1c392865-8180-49a5-94a5-043b7f377e8f tempest-VolumesTestJSON-840439498 tempest-VolumesTestJSON-840439498-project] Flow 'volume_create_api' (d0ab4d82-9f56-4f61-be51-1a7e55f2d938) transitioned into state 'RUNNING' from state 'PENDING' {{(pid=99864) _flow_receiver /usr/local/lib/python3.8/dist-packages/taskflow/listeners/logging.py:141}}
Jul 30 15:27:02.670211 dv-cinder-778907-3-smb devstack@c-api.service[99863]: DEBUG cinder.api.openstack.wsgi [None req-1dec25fa-074d-4147-83af-fe2a672d11d1 tempest-GroupSnapshotsTest-1092434356 tempest-GroupSnapshotsTest-1092434356-project] Action: 'create', calling method: create, body: {"volume": {"volume_type": "b7c935ef-41e5-4c0d-8a7a-8d6a9a2bc5c3", "group_id": "8c65e433-ca61-42d6-88e0-556b1d7d8b15", "size": 1, "name": "tempest-GroupSnapshotsTest-Volume-22883023"}} {{(pid=99863) _process_stack /opt/stack/cinder/cinder/api/openstack/wsgi.py:854}}
Jul 30 15:27:02.671631 dv-cinder-778907-3-smb devstack@c-api.service[99863]: DEBUG cinder.api.v3.volumes [None req-1dec25fa-074d-4147-83af-fe2a672d11d1 tempest-GroupSnapshotsTest-1092434356 tempest-GroupSnapshotsTest-1092434356-project] Create volume request body: {'volume': {'volume_type': 'b7c935ef-41e5-4c0d-8a7a-8d6a9a2bc5c3', 'group_id': '8c65e433-ca61-42d6-88e0-556b1d7d8b15', 'size': 1, 'name': 'tempest-GroupSnapshotsTest-Volume-22883023'}} {{(pid=99863) create /opt/stack/cinder/cinder/api/v3/volumes.py:290}}
Jul 30 15:27:02.682435 dv-cinder-778907-3-smb devstack@c-api.service[99864]: DEBUG cinder.volume.api [None req-1c392865-8180-49a5-94a5-043b7f377e8f tempest-VolumesTestJSON-840439498 tempest-VolumesTestJSON-840439498-project] Task 'cinder.volume.flows.api.create_volume.ExtractVolumeRequestTask;volume:create' (442035c8-296a-451b-89d1-978462bb3833) transitioned into state 'RUNNING' from state 'PENDING' {{(pid=99864) _task_receiver /usr/local/lib/python3.8/dist-packages/taskflow/listeners/logging.py:190}}
Jul 30 15:27:02.686065 dv-cinder-778907-3-smb devstack@c-api.service[99864]: DEBUG cinder.volume.flows.api.create_volume [None req-1c392865-8180-49a5-94a5-043b7f377e8f tempest-VolumesTestJSON-840439498 tempest-VolumesTestJSON-840439498-project] Validating volume size '1' using validate_int {{(pid=99864) _extract_size /opt/stack/cinder/cinder/volume/flows/api/create_volume.py:201}}
Jul 30 15:27:02.687164 dv-cinder-778907-3-smb devstack@c-api.service[99863]: /usr/local/lib/python3.8/dist-packages/oslo_context/context.py:105: DeprecationWarning: Policy enforcement is depending on the value of is_admin. This key is deprecated. Please update your policy file to use the standard policy values.
Jul 30 15:27:02.687164 dv-cinder-778907-3-smb devstack@c-api.service[99863]: warnings.warn('Policy enforcement is depending on the value of '
Jul 30 15:27:02.688400 dv-cinder-778907-3-smb devstack@c-api.service[99863]: INFO cinder.api.v3.volumes [None req-1dec25fa-074d-4147-83af-fe2a672d11d1 tempest-GroupSnapshotsTest-1092434356 tempest-GroupSnapshotsTest-1092434356-project] Create volume of 1 GB
Jul 30 15:27:02.705311 dv-cinder-778907-3-smb devstack@c-api.service[99863]: INFO cinder.volume.api [None req-1dec25fa-074d-4147-83af-fe2a672d11d1 tempest-GroupSnapshotsTest-1092434356 tempest-GroupSnapshotsTest-1092434356-project] Availability Zones retrieved successfully.
Jul 30 15:27:02.736723 dv-cinder-778907-3-smb devstack@c-api.service[99863]: DEBUG cinder.volume.api [None req-1dec25fa-074d-4147-83af-fe2a672d11d1 tempest-GroupSnapshotsTest-1092434356 tempest-GroupSnapshotsTest-1092434356-project] Flow 'volume_create_api' (35c2a164-08c6-4f70-afff-ed4e36aa2783) transitioned into state 'RUNNING' from state 'PENDING' {{(pid=99863) _flow_receiver /usr/local/lib/python3.8/dist-packages/taskflow/listeners/logging.py:141}}
Jul 30 15:27:02.748024 dv-cinder-778907-3-smb devstack@c-api.service[99864]: DEBUG cinder.volume.api [None req-1c392865-8180-49a5-94a5-043b7f377e8f tempest-VolumesTestJSON-840439498 tempest-VolumesTestJSON-840439498-project] Task 'cinder.volume.flows.api.create_volume.ExtractVolumeRequestTask;volume:create' (442035c8-296a-451b-89d1-978462bb3833) transitioned into state 'SUCCESS' from state 'RUNNING' with result '{'size': 1, 'snapshot_id': None, 'source_volid': None, 'volume_type': VolumeType(created_at=2021-07-30T15:17:32Z,deleted=False,deleted_at=None,description='Default Volume Type',extra_specs={},id=cffe29f3-50c9-48ba-9336-c185258d9b94,is_public=True,name='__DEFAULT__',projects=[],qos_specs=,qos_specs_id=None,updated_at=2021-07-30T15:17:32Z), 'volume_type_id': 'cffe29f3-50c9-48ba-9336-c185258d9b94', 'encryption_key_id': None, 'qos_specs': None, 'consistencygroup_id': None, 'cgsnapshot_id': None, 'group_id': None, 'replication_status': 'disabled', 'refresh_az': False, 'backup_id': None, 'multiattach': False, 'availability_zones': ['nova']}' {{(pid=99864) _task_receiver /usr/local/lib/python3.8/dist-packages/taskflow/listeners/logging.py:178}}
Jul 30 15:27:02.748513 dv-cinder-778907-3-smb devstack@c-api.service[99863]: DEBUG cinder.volume.api [None req-1dec25fa-074d-4147-83af-fe2a672d11d1 tempest-GroupSnapshotsTest-1092434356 tempest-GroupSnapshotsTest-1092434356-project] Task 'cinder.volume.flows.api.create_volume.ExtractVolumeRequestTask;volume:create' (684aea02-ab0c-4001-be11-894dc8a510b4) transitioned into state 'RUNNING' from state 'PENDING' {{(pid=99863) _task_receiver /usr/local/lib/python3.8/dist-packages/taskflow/listeners/logging.py:190}}
Jul 30 15:27:02.750276 dv-cinder-778907-3-smb devstack@c-api.service[99863]: /usr/local/lib/python3.8/dist-packages/oslo_context/context.py:105: DeprecationWarning: Policy enforcement is depending on the value of is_admin. This key is deprecated. Please update your policy file to use the standard policy values.
Jul 30 15:27:02.750276 dv-cinder-778907-3-smb devstack@c-api.service[99863]: warnings.warn('Policy enforcement is depending on the value of '
Jul 30 15:27:02.750819 dv-cinder-778907-3-smb devstack@c-api.service[99863]: DEBUG cinder.volume.flows.api.create_volume [None req-1dec25fa-074d-4147-83af-fe2a672d11d1 tempest-GroupSnapshotsTest-1092434356 tempest-GroupSnapshotsTest-1092434356-project] Validating volume size '1' using validate_int {{(pid=99863) _extract_size /opt/stack/cinder/cinder/volume/flows/api/create_volume.py:201}}
Jul 30 15:27:02.751211 dv-cinder-778907-3-smb devstack@c-api.service[99864]: DEBUG cinder.volume.api [None req-1c392865-8180-49a5-94a5-043b7f377e8f tempest-VolumesTestJSON-840439498 tempest-VolumesTestJSON-840439498-project] Task 'cinder.volume.flows.api.create_volume.QuotaReserveTask;volume:create' (652fa797-2f0b-4eab-ab39-a5a3a9e62728) transitioned into state 'RUNNING' from state 'PENDING' {{(pid=99864) _task_receiver /usr/local/lib/python3.8/dist-packages/taskflow/listeners/logging.py:190}}
Jul 30 15:27:02.789437 dv-cinder-778907-3-smb devstack@c-api.service[99863]: DEBUG cinder.volume.api [None req-1dec25fa-074d-4147-83af-fe2a672d11d1 tempest-GroupSnapshotsTest-1092434356 tempest-GroupSnapshotsTest-1092434356-project] Task 'cinder.volume.flows.api.create_volume.ExtractVolumeRequestTask;volume:create' (684aea02-ab0c-4001-be11-894dc8a510b4) transitioned into state 'SUCCESS' from state 'RUNNING' with result '{'size': 1, 'snapshot_id': None, 'source_volid': None, 'volume_type': VolumeType(created_at=2021-07-30T15:27:01Z,deleted=False,deleted_at=None,description=None,extra_specs={},id=b7c935ef-41e5-4c0d-8a7a-8d6a9a2bc5c3,is_public=True,name='tempest-GroupSnapshotsTest-volume-type-1198321604',projects=[],qos_specs=,qos_specs_id=None,updated_at=None), 'volume_type_id': 'b7c935ef-41e5-4c0d-8a7a-8d6a9a2bc5c3', 'encryption_key_id': None, 'qos_specs': None, 'consistencygroup_id': None, 'cgsnapshot_id': None, 'group_id': '8c65e433-ca61-42d6-88e0-556b1d7d8b15', 'replication_status': 'disabled', 'refresh_az': False, 'backup_id': None, 'multiattach': False, 'availability_zones': ['nova']}' {{(pid=99863) _task_receiver /usr/local/lib/python3.8/dist-packages/taskflow/listeners/logging.py:178}}
Jul 30 15:27:02.791972 dv-cinder-778907-3-smb devstack@c-api.service[99863]: DEBUG cinder.volume.api [None req-1dec25fa-074d-4147-83af-fe2a672d11d1 tempest-GroupSnapshotsTest-1092434356 tempest-GroupSnapshotsTest-1092434356-project] Task 'cinder.volume.flows.api.create_volume.QuotaReserveTask;volume:create' (2c693d38-cb7b-4fe9-934f-25d2b9333dd3) transitioned into state 'RUNNING' from state 'PENDING' {{(pid=99863) _task_receiver /usr/local/lib/python3.8/dist-packages/taskflow/listeners/logging.py:190}}
Jul 30 15:27:02.886463 dv-cinder-778907-3-smb devstack@c-api.service[99863]: DEBUG cinder.quota [None req-1dec25fa-074d-4147-83af-fe2a672d11d1 tempest-GroupSnapshotsTest-1092434356 tempest-GroupSnapshotsTest-1092434356-project] Created reservations ['b27a5be0-52c5-4f52-9025-18bf33645760', '3095625e-0f3a-4769-b548-6158dd17fadc', '2fb5ac84-da5e-43b0-b91c-7ce4c8af9d75', '7a1639d4-b623-4603-86eb-f4c641b14a04'] {{(pid=99863) reserve /opt/stack/cinder/cinder/quota.py:755}}
Jul 30 15:27:02.889223 dv-cinder-778907-3-smb devstack@c-api.service[99863]: DEBUG cinder.volume.api [None req-1dec25fa-074d-4147-83af-fe2a672d11d1 tempest-GroupSnapshotsTest-1092434356 tempest-GroupSnapshotsTest-1092434356-project] Task 'cinder.volume.flows.api.create_volume.QuotaReserveTask;volume:create' (2c693d38-cb7b-4fe9-934f-25d2b9333dd3) transitioned into state 'SUCCESS' from state 'RUNNING' with result '{'reservations': ['b27a5be0-52c5-4f52-9025-18bf33645760', '3095625e-0f3a-4769-b548-6158dd17fadc', '2fb5ac84-da5e-43b0-b91c-7ce4c8af9d75', '7a1639d4-b623-4603-86eb-f4c641b14a04']}' {{(pid=99863) _task_receiver /usr/local/lib/python3.8/dist-packages/taskflow/listeners/logging.py:178}}
Jul 30 15:27:02.891722 dv-cinder-778907-3-smb devstack@c-api.service[99863]: DEBUG cinder.volume.api [None req-1dec25fa-074d-4147-83af-fe2a672d11d1 tempest-GroupSnapshotsTest-1092434356 tempest-GroupSnapshotsTest-1092434356-project] Task 'cinder.volume.flows.api.create_volume.EntryCreateTask;volume:create' (2fada34e-0634-4e7f-b0b5-bc6fbf62694e) transitioned into state 'RUNNING' from state 'PENDING' {{(pid=99863) _task_receiver /usr/local/lib/python3.8/dist-packages/taskflow/listeners/logging.py:190}}
Jul 30 15:27:02.917892 dv-cinder-778907-3-smb devstack@c-api.service[99864]: DEBUG cinder.quota [None req-1c392865-8180-49a5-94a5-043b7f377e8f tempest-VolumesTestJSON-840439498 tempest-VolumesTestJSON-840439498-project] Created reservations ['cd6c599f-b3d4-414d-a832-b780583798be', '944b9ca5-8fe5-49f2-bf65-8d95c7101ffe', 'b76b9e46-9aaa-4b20-ad09-7ce1d1944938', '12c8b75d-2d63-4880-9291-f73f472c5a70'] {{(pid=99864) reserve /opt/stack/cinder/cinder/quota.py:755}}
Jul 30 15:27:02.919994 dv-cinder-778907-3-smb devstack@c-api.service[99864]: DEBUG cinder.volume.api [None req-1c392865-8180-49a5-94a5-043b7f377e8f tempest-VolumesTestJSON-840439498 tempest-VolumesTestJSON-840439498-project] Task 'cinder.volume.flows.api.create_volume.QuotaReserveTask;volume:create' (652fa797-2f0b-4eab-ab39-a5a3a9e62728) transitioned into state 'SUCCESS' from state 'RUNNING' with result '{'reservations': ['cd6c599f-b3d4-414d-a832-b780583798be', '944b9ca5-8fe5-49f2-bf65-8d95c7101ffe', 'b76b9e46-9aaa-4b20-ad09-7ce1d1944938', '12c8b75d-2d63-4880-9291-f73f472c5a70']}' {{(pid=99864) _task_receiver /usr/local/lib/python3.8/dist-packages/taskflow/listeners/logging.py:178}}
Jul 30 15:27:02.937298 dv-cinder-778907-3-smb devstack@c-api.service[99863]: DEBUG cinder.volume.api [None req-1dec25fa-074d-4147-83af-fe2a672d11d1 tempest-GroupSnapshotsTest-1092434356 tempest-GroupSnapshotsTest-1092434356-project] Task 'cinder.volume.flows.api.create_volume.EntryCreateTask;volume:create' (2fada34e-0634-4e7f-b0b5-bc6fbf62694e) transitioned into state 'SUCCESS' from state 'RUNNING' with result '{'volume_id': 'e18b909e-652a-4795-b936-bef013c26a63', 'volume_properties': VolumeProperties(attach_status='detached',availability_zone='nova',cgsnapshot_id=None,consistencygroup_id=None,display_description=None,display_name='tempest-GroupSnapshotsTest-Volume-22883023',encryption_key_id=None,group_id=8c65e433-ca61-42d6-88e0-556b1d7d8b15,group_type_id=,metadata={},multiattach=False,project_id='1d4d0f876a42442586d5ba7db6d3d401',qos_specs=None,replication_status=,reservations=['b27a5be0-52c5-4f52-9025-18bf33645760','3095625e-0f3a-4769-b548-6158dd17fadc','2fb5ac84-da5e-43b0-b91c-7ce4c8af9d75','7a1639d4-b623-4603-86eb-f4c641b14a04'],size=1,snapshot_id=None,source_replicaid=,source_volid=None,status='creating',user_id='af813035b17c41959cb705f1e60ac87f',volume_type_id=b7c935ef-41e5-4c0d-8a7a-8d6a9a2bc5c3), 'volume': Volume(_name_id=None,admin_metadata=,attach_status='detached',availability_zone='nova',bootable=False,cluster=,cluster_name=None,consistencygroup=,consistencygroup_id=None,created_at=2021-07-30T15:27:02Z,deleted=False,deleted_at=None,display_description=None,display_name='tempest-GroupSnapshotsTest-Volume-22883023',ec2_id=None,encryption_key_id=None,glance_metadata=,group=,group_id=8c65e433-ca61-42d6-88e0-556b1d7d8b15,host=None,id=e18b909e-652a-4795-b936-bef013c26a63,launched_at=None,metadata={},migration_status=None,multiattach=False,previous_status=None,project_id='1d4d0f876a42442586d5ba7db6d3d401',provider_auth=None,provider_geometry=None,provider_id=None,provider_location=None,replication_driver_data=None,replication_extended_status=None,replication_status=None,scheduled_at=None,service_uuid=None,shared_targets=True,size=1,snapshot_id=None,snapshots=,source_volid=None,status='creating',terminated_at=None,updated_at=None,user_id='af813035b17c41959cb705f1e60ac87f',volume_attachment=,volume_type=VolumeType(b7c935ef-41e5-4c0d-8a7a-8d6a9a2bc5c3),volume_type_id=b7c935ef-41e5-4c0d-8a7a-8d6a9a2bc5c3)}' {{(pid=99863) _task_receiver /usr/local/lib/python3.8/dist-packages/taskflow/listeners/logging.py:178}}
Jul 30 15:27:02.942324 dv-cinder-778907-3-smb devstack@c-api.service[99863]: DEBUG cinder.volume.api [None req-1dec25fa-074d-4147-83af-fe2a672d11d1 tempest-GroupSnapshotsTest-1092434356 tempest-GroupSnapshotsTest-1092434356-project] Task 'cinder.volume.flows.api.create_volume.QuotaCommitTask;volume:create' (a37748dc-2576-4104-985e-eacd5cf0df2e) transitioned into state 'RUNNING' from state 'PENDING' {{(pid=99863) _task_receiver /usr/local/lib/python3.8/dist-packages/taskflow/listeners/logging.py:190}}
Jul 30 15:27:02.945345 dv-cinder-778907-3-smb devstack@c-api.service[99864]: DEBUG cinder.volume.api [None req-1c392865-8180-49a5-94a5-043b7f377e8f tempest-VolumesTestJSON-840439498 tempest-VolumesTestJSON-840439498-project] Task 'cinder.volume.flows.api.create_volume.EntryCreateTask;volume:create' (b39e184f-a7a0-4e0a-b548-4e84f04c6d80) transitioned into state 'RUNNING' from state 'PENDING' {{(pid=99864) _task_receiver /usr/local/lib/python3.8/dist-packages/taskflow/listeners/logging.py:190}}
Jul 30 15:27:03.014484 dv-cinder-778907-3-smb devstack@c-api.service[99863]: DEBUG cinder.volume.api [None req-1dec25fa-074d-4147-83af-fe2a672d11d1 tempest-GroupSnapshotsTest-1092434356 tempest-GroupSnapshotsTest-1092434356-project] Task 'cinder.volume.flows.api.create_volume.QuotaCommitTask;volume:create' (a37748dc-2576-4104-985e-eacd5cf0df2e) transitioned into state 'SUCCESS' from state 'RUNNING' with result '{'volume_properties': VolumeProperties(attach_status='detached',availability_zone='nova',cgsnapshot_id=None,consistencygroup_id=None,display_description=None,display_name='tempest-GroupSnapshotsTest-Volume-22883023',encryption_key_id=None,group_id=8c65e433-ca61-42d6-88e0-556b1d7d8b15,group_type_id=,metadata={},multiattach=False,project_id='1d4d0f876a42442586d5ba7db6d3d401',qos_specs=None,replication_status=,reservations=['b27a5be0-52c5-4f52-9025-18bf33645760','3095625e-0f3a-4769-b548-6158dd17fadc','2fb5ac84-da5e-43b0-b91c-7ce4c8af9d75','7a1639d4-b623-4603-86eb-f4c641b14a04'],size=1,snapshot_id=None,source_replicaid=,source_volid=None,status='creating',user_id='af813035b17c41959cb705f1e60ac87f',volume_type_id=b7c935ef-41e5-4c0d-8a7a-8d6a9a2bc5c3)}' {{(pid=99863) _task_receiver /usr/local/lib/python3.8/dist-packages/taskflow/listeners/logging.py:178}}
Jul 30 15:27:03.017147 dv-cinder-778907-3-smb devstack@c-api.service[99864]: DEBUG cinder.volume.api [None req-1c392865-8180-49a5-94a5-043b7f377e8f tempest-VolumesTestJSON-840439498 tempest-VolumesTestJSON-840439498-project] Task 'cinder.volume.flows.api.create_volume.EntryCreateTask;volume:create' (b39e184f-a7a0-4e0a-b548-4e84f04c6d80) transitioned into state 'SUCCESS' from state 'RUNNING' with result '{'volume_id': '046c0128-b70c-4f85-94d2-2901f1777fed', 'volume_properties': VolumeProperties(attach_status='detached',availability_zone='nova',cgsnapshot_id=None,consistencygroup_id=None,display_description=None,display_name='tempest-VolumesTestJSON-volume-616926691',encryption_key_id=None,group_id=None,group_type_id=,metadata={Type='work'},multiattach=False,project_id='397b0e00f0f74d929014a2c1ce6489ba',qos_specs=None,replication_status=,reservations=['cd6c599f-b3d4-414d-a832-b780583798be','944b9ca5-8fe5-49f2-bf65-8d95c7101ffe','b76b9e46-9aaa-4b20-ad09-7ce1d1944938','12c8b75d-2d63-4880-9291-f73f472c5a70'],size=1,snapshot_id=None,source_replicaid=,source_volid=None,status='creating',user_id='becfc9aedf874e44b073d93314a88d19',volume_type_id=cffe29f3-50c9-48ba-9336-c185258d9b94), 'volume': Volume(_name_id=None,admin_metadata=,attach_status='detached',availability_zone='nova',bootable=False,cluster=,cluster_name=None,consistencygroup=,consistencygroup_id=None,created_at=2021-07-30T15:27:02Z,deleted=False,deleted_at=None,display_description=None,display_name='tempest-VolumesTestJSON-volume-616926691',ec2_id=None,encryption_key_id=None,glance_metadata=,group=,group_id=None,host=None,id=046c0128-b70c-4f85-94d2-2901f1777fed,launched_at=None,metadata={Type='work'},migration_status=None,multiattach=False,previous_status=None,project_id='397b0e00f0f74d929014a2c1ce6489ba',provider_auth=None,provider_geometry=None,provider_id=None,provider_location=None,replication_driver_data=None,replication_extended_status=None,replication_status=None,scheduled_at=None,service_uuid=None,shared_targets=True,size=1,snapshot_id=None,snapshots=,source_volid=None,status='creating',terminated_at=None,updated_at=None,user_id='becfc9aedf874e44b073d93314a88d19',volume_attachment=,volume_type=VolumeType(cffe29f3-50c9-48ba-9336-c185258d9b94),volume_type_id=cffe29f3-50c9-48ba-9336-c185258d9b94)}' {{(pid=99864) _task_receiver /usr/local/lib/python3.8/dist-packages/taskflow/listeners/logging.py:178}}
Jul 30 15:27:03.019436 dv-cinder-778907-3-smb devstack@c-api.service[99863]: DEBUG cinder.volume.api [None req-1dec25fa-074d-4147-83af-fe2a672d11d1 tempest-GroupSnapshotsTest-1092434356 tempest-GroupSnapshotsTest-1092434356-project] Task 'cinder.volume.flows.api.create_volume.VolumeCastTask;volume:create' (26974057-e7cf-4dc2-a1b5-c5f5694f26b5) transitioned into state 'RUNNING' from state 'PENDING' {{(pid=99863) _task_receiver /usr/local/lib/python3.8/dist-packages/taskflow/listeners/logging.py:190}}
Jul 30 15:27:03.024154 dv-cinder-778907-3-smb devstack@c-api.service[99864]: DEBUG cinder.volume.api [None req-1c392865-8180-49a5-94a5-043b7f377e8f tempest-VolumesTestJSON-840439498 tempest-VolumesTestJSON-840439498-project] Task 'cinder.volume.flows.api.create_volume.QuotaCommitTask;volume:create' (6b5aaad8-6675-4999-8a92-715fccf2d6db) transitioned into state 'RUNNING' from state 'PENDING' {{(pid=99864) _task_receiver /usr/local/lib/python3.8/dist-packages/taskflow/listeners/logging.py:190}}
Jul 30 15:27:03.056577 dv-cinder-778907-3-smb devstack@c-api.service[99863]: DEBUG cinder.volume.api [None req-1dec25fa-074d-4147-83af-fe2a672d11d1 tempest-GroupSnapshotsTest-1092434356 tempest-GroupSnapshotsTest-1092434356-project] Task 'cinder.volume.flows.api.create_volume.VolumeCastTask;volume:create' (26974057-e7cf-4dc2-a1b5-c5f5694f26b5) transitioned into state 'SUCCESS' from state 'RUNNING' with result 'None' {{(pid=99863) _task_receiver /usr/local/lib/python3.8/dist-packages/taskflow/listeners/logging.py:178}}
Jul 30 15:27:03.062426 dv-cinder-778907-3-smb devstack@c-api.service[99863]: DEBUG cinder.volume.api [None req-1dec25fa-074d-4147-83af-fe2a672d11d1 tempest-GroupSnapshotsTest-1092434356 tempest-GroupSnapshotsTest-1092434356-project] Flow 'volume_create_api' (35c2a164-08c6-4f70-afff-ed4e36aa2783) transitioned into state 'SUCCESS' from state 'RUNNING' {{(pid=99863) _flow_receiver /usr/local/lib/python3.8/dist-packages/taskflow/listeners/logging.py:141}}
Jul 30 15:27:03.063124 dv-cinder-778907-3-smb devstack@c-api.service[99863]: INFO cinder.volume.api [None req-1dec25fa-074d-4147-83af-fe2a672d11d1 tempest-GroupSnapshotsTest-1092434356 tempest-GroupSnapshotsTest-1092434356-project] Create volume request issued successfully.
Jul 30 15:27:03.091124 dv-cinder-778907-3-smb devstack@c-api.service[99863]: WARNING stevedore.named [None req-1dec25fa-074d-4147-83af-fe2a672d11d1 tempest-GroupSnapshotsTest-1092434356 tempest-GroupSnapshotsTest-1092434356-project] Could not load cinder.keymgr.conf_key_mgr.ConfKeyManager
Jul 30 15:27:03.091575 dv-cinder-778907-3-smb devstack@c-api.service[99863]: WARNING castellan.key_manager [None req-1dec25fa-074d-4147-83af-fe2a672d11d1 tempest-GroupSnapshotsTest-1092434356 tempest-GroupSnapshotsTest-1092434356-project] Deprecation Warning : cinder.keymgr.conf_key_mgr.ConfKeyManager is not a stevedore based driver, trying to load it as a class: stevedore.exception.NoMatches: No 'castellan.drivers' driver found, looking for 'cinder.keymgr.conf_key_mgr.ConfKeyManager'
Jul 30 15:27:03.099370 dv-cinder-778907-3-smb devstack@c-api.service[99863]: DEBUG oslo_db.sqlalchemy.engines [None req-1dec25fa-074d-4147-83af-fe2a672d11d1 tempest-GroupSnapshotsTest-1092434356 tempest-GroupSnapshotsTest-1092434356-project] MySQL server mode set to STRICT_TRANS_TABLES,STRICT_ALL_TABLES,NO_ZERO_IN_DATE,NO_ZERO_DATE,ERROR_FOR_DIVISION_BY_ZERO,TRADITIONAL,NO_ENGINE_SUBSTITUTION {{(pid=99863) _check_effective_sql_mode /usr/local/lib/python3.8/dist-packages/oslo_db/sqlalchemy/engines.py:314}}
Jul 30 15:27:03.104931 dv-cinder-778907-3-smb devstack@c-api.service[99863]: /usr/local/lib/python3.8/dist-packages/oslo_context/context.py:105: DeprecationWarning: Policy enforcement is depending on the value of is_admin. This key is deprecated. Please update your policy file to use the standard policy values.
Jul 30 15:27:03.104931 dv-cinder-778907-3-smb devstack@c-api.service[99863]: warnings.warn('Policy enforcement is depending on the value of '
Jul 30 15:27:03.115479 dv-cinder-778907-3-smb devstack@c-api.service[99863]: INFO cinder.api.openstack.wsgi [None req-1dec25fa-074d-4147-83af-fe2a672d11d1 tempest-GroupSnapshotsTest-1092434356 tempest-GroupSnapshotsTest-1092434356-project] http://10.222.0.10/volume/v3/1d4d0f876a42442586d5ba7db6d3d401/volumes returned with HTTP 202
Jul 30 15:27:03.116297 dv-cinder-778907-3-smb devstack@c-api.service[99863]: [pid: 99863|app: 0|req: 53/97] 10.222.0.10 () {62 vars in 1277 bytes} [Fri Jul 30 15:27:02 2021] POST /volume/v3/1d4d0f876a42442586d5ba7db6d3d401/volumes => generated 906 bytes in 459 msecs (HTTP/1.1 202) 7 headers in 292 bytes (1 switches on core 0)
Jul 30 15:27:03.122929 dv-cinder-778907-3-smb devstack@c-api.service[99863]: INFO cinder.api.openstack.wsgi [None req-53402fd5-d83b-435e-8073-3f2635c7fda7 tempest-VolumeSnapshotQuotasNegativeTestJSON-1840277411 tempest-VolumeSnapshotQuotasNegativeTestJSON-1840277411-project] POST http://10.222.0.10/volume/v3/0f96f487bc9b456bb66396e3a28f6145/snapshots
Jul 30 15:27:03.123322 dv-cinder-778907-3-smb devstack@c-api.service[99863]: /usr/local/lib/python3.8/dist-packages/webob/acceptparse.py:1047: DeprecationWarning: The behavior of AcceptValidHeader.best_match is currently being maintained for backward compatibility, but it will be deprecated in the future, as it does not conform to the RFC.
Jul 30 15:27:03.123322 dv-cinder-778907-3-smb devstack@c-api.service[99863]: warnings.warn(
Jul 30 15:27:03.123670 dv-cinder-778907-3-smb devstack@c-api.service[99863]: DEBUG cinder.api.openstack.wsgi [None req-53402fd5-d83b-435e-8073-3f2635c7fda7 tempest-VolumeSnapshotQuotasNegativeTestJSON-1840277411 tempest-VolumeSnapshotQuotasNegativeTestJSON-1840277411-project] Action: 'create', calling method: create, body: {"snapshot": {"volume_id": "4d8e042f-cc9d-4287-b455-f795c1e2d670"}} {{(pid=99863) _process_stack /opt/stack/cinder/cinder/api/openstack/wsgi.py:854}}
Jul 30 15:27:03.130639 dv-cinder-778907-3-smb devstack@c-api.service[99864]: DEBUG cinder.volume.api [None req-1c392865-8180-49a5-94a5-043b7f377e8f tempest-VolumesTestJSON-840439498 tempest-VolumesTestJSON-840439498-project] Task 'cinder.volume.flows.api.create_volume.QuotaCommitTask;volume:create' (6b5aaad8-6675-4999-8a92-715fccf2d6db) transitioned into state 'SUCCESS' from state 'RUNNING' with result '{'volume_properties': VolumeProperties(attach_status='detached',availability_zone='nova',cgsnapshot_id=None,consistencygroup_id=None,display_description=None,display_name='tempest-VolumesTestJSON-volume-616926691',encryption_key_id=None,group_id=None,group_type_id=,metadata={Type='work'},multiattach=False,project_id='397b0e00f0f74d929014a2c1ce6489ba',qos_specs=None,replication_status=,reservations=['cd6c599f-b3d4-414d-a832-b780583798be','944b9ca5-8fe5-49f2-bf65-8d95c7101ffe','b76b9e46-9aaa-4b20-ad09-7ce1d1944938','12c8b75d-2d63-4880-9291-f73f472c5a70'],size=1,snapshot_id=None,source_replicaid=,source_volid=None,status='creating',user_id='becfc9aedf874e44b073d93314a88d19',volume_type_id=cffe29f3-50c9-48ba-9336-c185258d9b94)}' {{(pid=99864) _task_receiver /usr/local/lib/python3.8/dist-packages/taskflow/listeners/logging.py:178}}
Jul 30 15:27:03.133075 dv-cinder-778907-3-smb devstack@c-api.service[99864]: DEBUG cinder.volume.api [None req-1c392865-8180-49a5-94a5-043b7f377e8f tempest-VolumesTestJSON-840439498 tempest-VolumesTestJSON-840439498-project] Task 'cinder.volume.flows.api.create_volume.VolumeCastTask;volume:create' (c2a3741c-a259-4159-b45e-ad58ed3ea185) transitioned into state 'RUNNING' from state 'PENDING' {{(pid=99864) _task_receiver /usr/local/lib/python3.8/dist-packages/taskflow/listeners/logging.py:190}}
Jul 30 15:27:03.152001 dv-cinder-778907-3-smb devstack@c-api.service[99863]: /usr/local/lib/python3.8/dist-packages/oslo_context/context.py:105: DeprecationWarning: Policy enforcement is depending on the value of is_admin. This key is deprecated. Please update your policy file to use the standard policy values.
Jul 30 15:27:03.152001 dv-cinder-778907-3-smb devstack@c-api.service[99863]: warnings.warn('Policy enforcement is depending on the value of '
Jul 30 15:27:03.160875 dv-cinder-778907-3-smb devstack@c-api.service[99863]: INFO cinder.volume.api [None req-53402fd5-d83b-435e-8073-3f2635c7fda7 tempest-VolumeSnapshotQuotasNegativeTestJSON-1840277411 tempest-VolumeSnapshotQuotasNegativeTestJSON-1840277411-project] Volume info retrieved successfully.
Jul 30 15:27:03.161403 dv-cinder-778907-3-smb devstack@c-api.service[99863]: INFO cinder.api.v2.snapshots [None req-53402fd5-d83b-435e-8073-3f2635c7fda7 tempest-VolumeSnapshotQuotasNegativeTestJSON-1840277411 tempest-VolumeSnapshotQuotasNegativeTestJSON-1840277411-project] Create snapshot from volume 4d8e042f-cc9d-4287-b455-f795c1e2d670
Jul 30 15:27:03.180831 dv-cinder-778907-3-smb devstack@c-api.service[99864]: DEBUG cinder.volume.api [None req-1c392865-8180-49a5-94a5-043b7f377e8f tempest-VolumesTestJSON-840439498 tempest-VolumesTestJSON-840439498-project] Task 'cinder.volume.flows.api.create_volume.VolumeCastTask;volume:create' (c2a3741c-a259-4159-b45e-ad58ed3ea185) transitioned into state 'SUCCESS' from state 'RUNNING' with result 'None' {{(pid=99864) _task_receiver /usr/local/lib/python3.8/dist-packages/taskflow/listeners/logging.py:178}}
Jul 30 15:27:03.193909 dv-cinder-778907-3-smb devstack@c-api.service[99864]: DEBUG cinder.volume.api [None req-1c392865-8180-49a5-94a5-043b7f377e8f tempest-VolumesTestJSON-840439498 tempest-VolumesTestJSON-840439498-project] Flow 'volume_create_api' (d0ab4d82-9f56-4f61-be51-1a7e55f2d938) transitioned into state 'SUCCESS' from state 'RUNNING' {{(pid=99864) _flow_receiver /usr/local/lib/python3.8/dist-packages/taskflow/listeners/logging.py:141}}
Jul 30 15:27:03.194690 dv-cinder-778907-3-smb devstack@c-api.service[99864]: INFO cinder.volume.api [None req-1c392865-8180-49a5-94a5-043b7f377e8f tempest-VolumesTestJSON-840439498 tempest-VolumesTestJSON-840439498-project] Create volume request issued successfully.
Jul 30 15:27:03.210993 dv-cinder-778907-3-smb devstack@c-api.service[99864]: INFO cinder.api.openstack.wsgi [None req-1c392865-8180-49a5-94a5-043b7f377e8f tempest-VolumesTestJSON-840439498 tempest-VolumesTestJSON-840439498-project] http://10.222.0.10/volume/v3/397b0e00f0f74d929014a2c1ce6489ba/volumes returned with HTTP 202
Jul 30 15:27:03.225396 dv-cinder-778907-3-smb devstack@c-api.service[99864]: [pid: 99864|app: 0|req: 45/98] 10.222.0.10 () {60 vars in 1236 bytes} [Fri Jul 30 15:27:02 2021] POST /volume/v3/397b0e00f0f74d929014a2c1ce6489ba/volumes => generated 828 bytes in 750 msecs (HTTP/1.1 202) 7 headers in 291 bytes (1 switches on core 0)
Jul 30 15:27:03.248702 dv-cinder-778907-3-smb devstack@c-api.service[99864]: INFO cinder.api.openstack.wsgi [None req-9cc15e3c-4613-470d-b571-b1b39aa314ec tempest-GroupSnapshotsTest-1092434356 tempest-GroupSnapshotsTest-1092434356-project] GET http://10.222.0.10/volume/v3/1d4d0f876a42442586d5ba7db6d3d401/volumes/e18b909e-652a-4795-b936-bef013c26a63
Jul 30 15:27:03.249230 dv-cinder-778907-3-smb devstack@c-api.service[99864]: DEBUG cinder.api.openstack.wsgi [None req-9cc15e3c-4613-470d-b571-b1b39aa314ec tempest-GroupSnapshotsTest-1092434356 tempest-GroupSnapshotsTest-1092434356-project] Empty body provided in request {{(pid=99864) get_body /opt/stack/cinder/cinder/api/openstack/wsgi.py:703}}
Jul 30 15:27:03.249405 dv-cinder-778907-3-smb devstack@c-api.service[99864]: /usr/local/lib/python3.8/dist-packages/webob/acceptparse.py:1047: DeprecationWarning: The behavior of AcceptValidHeader.best_match is currently being maintained for backward compatibility, but it will be deprecated in the future, as it does not conform to the RFC.
Jul 30 15:27:03.249405 dv-cinder-778907-3-smb devstack@c-api.service[99864]: warnings.warn(
Jul 30 15:27:03.249784 dv-cinder-778907-3-smb devstack@c-api.service[99864]: DEBUG cinder.api.openstack.wsgi [None req-9cc15e3c-4613-470d-b571-b1b39aa314ec tempest-GroupSnapshotsTest-1092434356 tempest-GroupSnapshotsTest-1092434356-project] Calling method 'show' {{(pid=99864) _process_stack /opt/stack/cinder/cinder/api/openstack/wsgi.py:856}}
Jul 30 15:27:03.305056 dv-cinder-778907-3-smb devstack@c-api.service[99864]: /usr/local/lib/python3.8/dist-packages/oslo_context/context.py:105: DeprecationWarning: Policy enforcement is depending on the value of is_admin. This key is deprecated. Please update your policy file to use the standard policy values.
Jul 30 15:27:03.305056 dv-cinder-778907-3-smb devstack@c-api.service[99864]: warnings.warn('Policy enforcement is depending on the value of '
Jul 30 15:27:03.349513 dv-cinder-778907-3-smb devstack@c-api.service[99864]: INFO cinder.volume.api [None req-9cc15e3c-4613-470d-b571-b1b39aa314ec tempest-GroupSnapshotsTest-1092434356 tempest-GroupSnapshotsTest-1092434356-project] Volume info retrieved successfully.
Jul 30 15:27:03.374706 dv-cinder-778907-3-smb devstack@c-api.service[99863]: WARNING cinder.quota_utils [None req-53402fd5-d83b-435e-8073-3f2635c7fda7 tempest-VolumeSnapshotQuotasNegativeTestJSON-1840277411 tempest-VolumeSnapshotQuotasNegativeTestJSON-1840277411-project] Quota exceeded for 0f96f487bc9b456bb66396e3a28f6145, tried to create snapshot (1 snapshots already consumed).: cinder.exception.OverQuota: Quota exceeded for resources: ['snapshots']
Jul 30 15:27:03.375561 dv-cinder-778907-3-smb devstack@c-api.service[99863]: INFO cinder.api.middleware.fault [None req-53402fd5-d83b-435e-8073-3f2635c7fda7 tempest-VolumeSnapshotQuotasNegativeTestJSON-1840277411 tempest-VolumeSnapshotQuotasNegativeTestJSON-1840277411-project] http://10.222.0.10/volume/v3/0f96f487bc9b456bb66396e3a28f6145/snapshots returned with HTTP 413
Jul 30 15:27:03.384600 dv-cinder-778907-3-smb devstack@c-api.service[99864]: WARNING stevedore.named [None req-9cc15e3c-4613-470d-b571-b1b39aa314ec tempest-GroupSnapshotsTest-1092434356 tempest-GroupSnapshotsTest-1092434356-project] Could not load cinder.keymgr.conf_key_mgr.ConfKeyManager
Jul 30 15:27:03.384822 dv-cinder-778907-3-smb devstack@c-api.service[99864]: WARNING castellan.key_manager [None req-9cc15e3c-4613-470d-b571-b1b39aa314ec tempest-GroupSnapshotsTest-1092434356 tempest-GroupSnapshotsTest-1092434356-project] Deprecation Warning : cinder.keymgr.conf_key_mgr.ConfKeyManager is not a stevedore based driver, trying to load it as a class: stevedore.exception.NoMatches: No 'castellan.drivers' driver found, looking for 'cinder.keymgr.conf_key_mgr.ConfKeyManager'
Jul 30 15:27:03.386809 dv-cinder-778907-3-smb devstack@c-api.service[99863]: [pid: 99863|app: 0|req: 54/99] 10.222.0.10 () {60 vars in 1241 bytes} [Fri Jul 30 15:27:03 2021] POST /volume/v3/0f96f487bc9b456bb66396e3a28f6145/snapshots => generated 133 bytes in 270 msecs (HTTP/1.1 413) 8 headers in 323 bytes (1 switches on core 0)
Jul 30 15:27:03.412604 dv-cinder-778907-3-smb devstack@c-api.service[99864]: DEBUG oslo_db.sqlalchemy.engines [None req-9cc15e3c-4613-470d-b571-b1b39aa314ec tempest-GroupSnapshotsTest-1092434356 tempest-GroupSnapshotsTest-1092434356-project] MySQL server mode set to STRICT_TRANS_TABLES,STRICT_ALL_TABLES,NO_ZERO_IN_DATE,NO_ZERO_DATE,ERROR_FOR_DIVISION_BY_ZERO,TRADITIONAL,NO_ENGINE_SUBSTITUTION {{(pid=99864) _check_effective_sql_mode /usr/local/lib/python3.8/dist-packages/oslo_db/sqlalchemy/engines.py:314}}
Jul 30 15:27:03.431812 dv-cinder-778907-3-smb devstack@c-api.service[99864]: /usr/local/lib/python3.8/dist-packages/oslo_context/context.py:105: DeprecationWarning: Policy enforcement is depending on the value of is_admin. This key is deprecated. Please update your policy file to use the standard policy values.
Jul 30 15:27:03.431812 dv-cinder-778907-3-smb devstack@c-api.service[99864]: warnings.warn('Policy enforcement is depending on the value of '
Jul 30 15:27:03.440419 dv-cinder-778907-3-smb devstack@c-api.service[99863]: INFO cinder.api.openstack.wsgi [None req-098576d3-e1d4-48ae-a9b7-5eaa6bf37ed5 tempest-VolumesTestJSON-840439498 tempest-VolumesTestJSON-840439498-project] GET http://10.222.0.10/volume/v3/397b0e00f0f74d929014a2c1ce6489ba/volumes/046c0128-b70c-4f85-94d2-2901f1777fed
Jul 30 15:27:03.445664 dv-cinder-778907-3-smb devstack@c-api.service[99863]: DEBUG cinder.api.openstack.wsgi [None req-098576d3-e1d4-48ae-a9b7-5eaa6bf37ed5 tempest-VolumesTestJSON-840439498 tempest-VolumesTestJSON-840439498-project] Empty body provided in request {{(pid=99863) get_body /opt/stack/cinder/cinder/api/openstack/wsgi.py:703}}
Jul 30 15:27:03.445968 dv-cinder-778907-3-smb devstack@c-api.service[99863]: /usr/local/lib/python3.8/dist-packages/webob/acceptparse.py:1047: DeprecationWarning: The behavior of AcceptValidHeader.best_match is currently being maintained for backward compatibility, but it will be deprecated in the future, as it does not conform to the RFC.
Jul 30 15:27:03.445968 dv-cinder-778907-3-smb devstack@c-api.service[99863]: warnings.warn(
Jul 30 15:27:03.446573 dv-cinder-778907-3-smb devstack@c-api.service[99863]: DEBUG cinder.api.openstack.wsgi [None req-098576d3-e1d4-48ae-a9b7-5eaa6bf37ed5 tempest-VolumesTestJSON-840439498 tempest-VolumesTestJSON-840439498-project] Calling method 'show' {{(pid=99863) _process_stack /opt/stack/cinder/cinder/api/openstack/wsgi.py:856}}
Jul 30 15:27:03.487624 dv-cinder-778907-3-smb devstack@c-api.service[99863]: /usr/local/lib/python3.8/dist-packages/oslo_context/context.py:105: DeprecationWarning: Policy enforcement is depending on the value of is_admin. This key is deprecated. Please update your policy file to use the standard policy values.
Jul 30 15:27:03.487624 dv-cinder-778907-3-smb devstack@c-api.service[99863]: warnings.warn('Policy enforcement is depending on the value of '
Jul 30 15:27:03.496577 dv-cinder-778907-3-smb devstack@c-api.service[99863]: INFO cinder.volume.api [None req-098576d3-e1d4-48ae-a9b7-5eaa6bf37ed5 tempest-VolumesTestJSON-840439498 tempest-VolumesTestJSON-840439498-project] Volume info retrieved successfully.
Jul 30 15:27:03.501027 dv-cinder-778907-3-smb devstack@c-api.service[99864]: INFO cinder.api.openstack.wsgi [None req-9cc15e3c-4613-470d-b571-b1b39aa314ec tempest-GroupSnapshotsTest-1092434356 tempest-GroupSnapshotsTest-1092434356-project] http://10.222.0.10/volume/v3/1d4d0f876a42442586d5ba7db6d3d401/volumes/e18b909e-652a-4795-b936-bef013c26a63 returned with HTTP 200
Jul 30 15:27:03.515251 dv-cinder-778907-3-smb devstack@c-api.service[99864]: [pid: 99864|app: 0|req: 46/100] 10.222.0.10 () {60 vars in 1366 bytes} [Fri Jul 30 15:27:03 2021] GET /volume/v3/1d4d0f876a42442586d5ba7db6d3d401/volumes/e18b909e-652a-4795-b936-bef013c26a63 => generated 974 bytes in 276 msecs (HTTP/1.1 200) 7 headers in 286 bytes (1 switches on core 0)
Jul 30 15:27:03.515786 dv-cinder-778907-3-smb devstack@c-api.service[99863]: INFO cinder.api.openstack.wsgi [None req-098576d3-e1d4-48ae-a9b7-5eaa6bf37ed5 tempest-VolumesTestJSON-840439498 tempest-VolumesTestJSON-840439498-project] http://10.222.0.10/volume/v3/397b0e00f0f74d929014a2c1ce6489ba/volumes/046c0128-b70c-4f85-94d2-2901f1777fed returned with HTTP 200
Jul 30 15:27:03.516776 dv-cinder-778907-3-smb devstack@c-api.service[99863]: [pid: 99863|app: 0|req: 55/101] 10.222.0.10 () {58 vars in 1325 bytes} [Fri Jul 30 15:27:03 2021] GET /volume/v3/397b0e00f0f74d929014a2c1ce6489ba/volumes/046c0128-b70c-4f85-94d2-2901f1777fed => generated 896 bytes in 129 msecs (HTTP/1.1 200) 7 headers in 285 bytes (1 switches on core 0)
Jul 30 15:27:03.526440 dv-cinder-778907-3-smb devstack@c-api.service[99864]: INFO cinder.api.openstack.wsgi [None req-3f67834e-04a8-4abc-87c7-1affecf7c18e tempest-VolumeSnapshotQuotasNegativeTestJSON-1840277411 tempest-VolumeSnapshotQuotasNegativeTestJSON-1840277411-project] DELETE http://10.222.0.10/volume/v3/0f96f487bc9b456bb66396e3a28f6145/snapshots/a35138b6-7620-4d1c-9588-3082ddbf109c
Jul 30 15:27:03.528312 dv-cinder-778907-3-smb devstack@c-api.service[99864]: DEBUG cinder.api.openstack.wsgi [None req-3f67834e-04a8-4abc-87c7-1affecf7c18e tempest-VolumeSnapshotQuotasNegativeTestJSON-1840277411 tempest-VolumeSnapshotQuotasNegativeTestJSON-1840277411-project] Empty body provided in request {{(pid=99864) get_body /opt/stack/cinder/cinder/api/openstack/wsgi.py:703}}
Jul 30 15:27:03.528699 dv-cinder-778907-3-smb devstack@c-api.service[99864]: /usr/local/lib/python3.8/dist-packages/webob/acceptparse.py:1047: DeprecationWarning: The behavior of AcceptValidHeader.best_match is currently being maintained for backward compatibility, but it will be deprecated in the future, as it does not conform to the RFC.
Jul 30 15:27:03.528699 dv-cinder-778907-3-smb devstack@c-api.service[99864]: warnings.warn(
Jul 30 15:27:03.530374 dv-cinder-778907-3-smb devstack@c-api.service[99864]: DEBUG cinder.api.openstack.wsgi [None req-3f67834e-04a8-4abc-87c7-1affecf7c18e tempest-VolumeSnapshotQuotasNegativeTestJSON-1840277411 tempest-VolumeSnapshotQuotasNegativeTestJSON-1840277411-project] Calling method 'delete' {{(pid=99864) _process_stack /opt/stack/cinder/cinder/api/openstack/wsgi.py:856}}
Jul 30 15:27:03.530987 dv-cinder-778907-3-smb devstack@c-api.service[99864]: INFO cinder.api.v2.snapshots [None req-3f67834e-04a8-4abc-87c7-1affecf7c18e tempest-VolumeSnapshotQuotasNegativeTestJSON-1840277411 tempest-VolumeSnapshotQuotasNegativeTestJSON-1840277411-project] Delete snapshot with id: a35138b6-7620-4d1c-9588-3082ddbf109c
Jul 30 15:27:03.550605 dv-cinder-778907-3-smb devstack@c-api.service[99864]: /usr/local/lib/python3.8/dist-packages/oslo_context/context.py:105: DeprecationWarning: Policy enforcement is depending on the value of is_admin. This key is deprecated. Please update your policy file to use the standard policy values.
Jul 30 15:27:03.550605 dv-cinder-778907-3-smb devstack@c-api.service[99864]: warnings.warn('Policy enforcement is depending on the value of '
Jul 30 15:27:03.554933 dv-cinder-778907-3-smb devstack@c-api.service[99864]: INFO cinder.volume.api [None req-3f67834e-04a8-4abc-87c7-1affecf7c18e tempest-VolumeSnapshotQuotasNegativeTestJSON-1840277411 tempest-VolumeSnapshotQuotasNegativeTestJSON-1840277411-project] Snapshot retrieved successfully.
Jul 30 15:27:03.634662 dv-cinder-778907-3-smb devstack@c-api.service[99864]: INFO cinder.volume.api [None req-3f67834e-04a8-4abc-87c7-1affecf7c18e tempest-VolumeSnapshotQuotasNegativeTestJSON-1840277411 tempest-VolumeSnapshotQuotasNegativeTestJSON-1840277411-project] Snapshot delete request issued successfully.
Jul 30 15:27:03.647066 dv-cinder-778907-3-smb devstack@c-api.service[99864]: INFO cinder.api.openstack.wsgi [None req-3f67834e-04a8-4abc-87c7-1affecf7c18e tempest-VolumeSnapshotQuotasNegativeTestJSON-1840277411 tempest-VolumeSnapshotQuotasNegativeTestJSON-1840277411-project] http://10.222.0.10/volume/v3/0f96f487bc9b456bb66396e3a28f6145/snapshots/a35138b6-7620-4d1c-9588-3082ddbf109c returned with HTTP 202
Jul 30 15:27:03.655204 dv-cinder-778907-3-smb devstack@c-api.service[99864]: [pid: 99864|app: 0|req: 47/102] 10.222.0.10 () {58 vars in 1334 bytes} [Fri Jul 30 15:27:03 2021] DELETE /volume/v3/0f96f487bc9b456bb66396e3a28f6145/snapshots/a35138b6-7620-4d1c-9588-3082ddbf109c => generated 0 bytes in 153 msecs (HTTP/1.1 202) 6 headers in 233 bytes (1 switches on core 0)
Jul 30 15:27:03.657651 dv-cinder-778907-3-smb devstack@c-api.service[99863]: INFO cinder.api.openstack.wsgi [None req-cc5e7995-cb2b-4919-a867-b870665612d6 tempest-VolumeSnapshotQuotasNegativeTestJSON-1840277411 tempest-VolumeSnapshotQuotasNegativeTestJSON-1840277411-project] GET http://10.222.0.10/volume/v3/0f96f487bc9b456bb66396e3a28f6145/snapshots/a35138b6-7620-4d1c-9588-3082ddbf109c
Jul 30 15:27:03.658414 dv-cinder-778907-3-smb devstack@c-api.service[99863]: DEBUG cinder.api.openstack.wsgi [None req-cc5e7995-cb2b-4919-a867-b870665612d6 tempest-VolumeSnapshotQuotasNegativeTestJSON-1840277411 tempest-VolumeSnapshotQuotasNegativeTestJSON-1840277411-project] Empty body provided in request {{(pid=99863) get_body /opt/stack/cinder/cinder/api/openstack/wsgi.py:703}}
Jul 30 15:27:03.658691 dv-cinder-778907-3-smb devstack@c-api.service[99863]: /usr/local/lib/python3.8/dist-packages/webob/acceptparse.py:1047: DeprecationWarning: The behavior of AcceptValidHeader.best_match is currently being maintained for backward compatibility, but it will be deprecated in the future, as it does not conform to the RFC.
Jul 30 15:27:03.658691 dv-cinder-778907-3-smb devstack@c-api.service[99863]: warnings.warn(
Jul 30 15:27:03.659341 dv-cinder-778907-3-smb devstack@c-api.service[99863]: DEBUG cinder.api.openstack.wsgi [None req-cc5e7995-cb2b-4919-a867-b870665612d6 tempest-VolumeSnapshotQuotasNegativeTestJSON-1840277411 tempest-VolumeSnapshotQuotasNegativeTestJSON-1840277411-project] Calling method 'show' {{(pid=99863) _process_stack /opt/stack/cinder/cinder/api/openstack/wsgi.py:856}}
Jul 30 15:27:03.682381 dv-cinder-778907-3-smb devstack@c-api.service[99863]: /usr/local/lib/python3.8/dist-packages/oslo_context/context.py:105: DeprecationWarning: Policy enforcement is depending on the value of is_admin. This key is deprecated. Please update your policy file to use the standard policy values.
Jul 30 15:27:03.682381 dv-cinder-778907-3-smb devstack@c-api.service[99863]: warnings.warn('Policy enforcement is depending on the value of '
Jul 30 15:27:03.686966 dv-cinder-778907-3-smb devstack@c-api.service[99863]: INFO cinder.volume.api [None req-cc5e7995-cb2b-4919-a867-b870665612d6 tempest-VolumeSnapshotQuotasNegativeTestJSON-1840277411 tempest-VolumeSnapshotQuotasNegativeTestJSON-1840277411-project] Snapshot retrieved successfully.
Jul 30 15:27:03.700254 dv-cinder-778907-3-smb devstack@c-api.service[99863]: INFO cinder.api.openstack.wsgi [None req-cc5e7995-cb2b-4919-a867-b870665612d6 tempest-VolumeSnapshotQuotasNegativeTestJSON-1840277411 tempest-VolumeSnapshotQuotasNegativeTestJSON-1840277411-project] http://10.222.0.10/volume/v3/0f96f487bc9b456bb66396e3a28f6145/snapshots/a35138b6-7620-4d1c-9588-3082ddbf109c returned with HTTP 200
Jul 30 15:27:03.702685 dv-cinder-778907-3-smb devstack@c-api.service[99863]: [pid: 99863|app: 0|req: 56/103] 10.222.0.10 () {58 vars in 1331 bytes} [Fri Jul 30 15:27:03 2021] GET /volume/v3/0f96f487bc9b456bb66396e3a28f6145/snapshots/a35138b6-7620-4d1c-9588-3082ddbf109c => generated 546 bytes in 50 msecs (HTTP/1.1 200) 7 headers in 285 bytes (2 switches on core 0)
Jul 30 15:27:04.529733 dv-cinder-778907-3-smb devstack@c-api.service[99864]: INFO cinder.api.openstack.wsgi [None req-d64dbe86-a91f-4f2b-b5b1-ebc998599b49 tempest-GroupSnapshotsTest-1092434356 tempest-GroupSnapshotsTest-1092434356-project] GET http://10.222.0.10/volume/v3/1d4d0f876a42442586d5ba7db6d3d401/volumes/e18b909e-652a-4795-b936-bef013c26a63
Jul 30 15:27:04.530820 dv-cinder-778907-3-smb devstack@c-api.service[99864]: DEBUG cinder.api.openstack.wsgi [None req-d64dbe86-a91f-4f2b-b5b1-ebc998599b49 tempest-GroupSnapshotsTest-1092434356 tempest-GroupSnapshotsTest-1092434356-project] Empty body provided in request {{(pid=99864) get_body /opt/stack/cinder/cinder/api/openstack/wsgi.py:703}}
Jul 30 15:27:04.531134 dv-cinder-778907-3-smb devstack@c-api.service[99864]: /usr/local/lib/python3.8/dist-packages/webob/acceptparse.py:1047: DeprecationWarning: The behavior of AcceptValidHeader.best_match is currently being maintained for backward compatibility, but it will be deprecated in the future, as it does not conform to the RFC.
Jul 30 15:27:04.531134 dv-cinder-778907-3-smb devstack@c-api.service[99864]: warnings.warn(
Jul 30 15:27:04.531283 dv-cinder-778907-3-smb devstack@c-api.service[99863]: INFO cinder.api.openstack.wsgi [None req-49a04f8c-9504-44cf-8da1-8583d5dd87d2 tempest-VolumesTestJSON-840439498 tempest-VolumesTestJSON-840439498-project] GET http://10.222.0.10/volume/v3/397b0e00f0f74d929014a2c1ce6489ba/volumes/046c0128-b70c-4f85-94d2-2901f1777fed
