Jul 30 15:26:57.292755 dv-cinder-778907-3-smb devstack@c-api.service[99863]: DEBUG cinder.api.openstack.wsgi [None req-6bf01ef4-3d4a-441d-9d73-fa98b9bc04d4 tempest-GroupsV320Test-1100413286 tempest-GroupsV320Test-1100413286-project] Action: 'create', calling method: version_select, body: {"group": {"group_type": "667c70bf-7cec-4916-80c8-4563094513c7", "volume_types": ["837dde5a-6f22-4dcb-872e-ba4553f48d03"], "name": "tempest-GroupsV320Test-Group-29055019"}} {{(pid=99863) _process_stack /opt/stack/cinder/cinder/api/openstack/wsgi.py:854}}
Jul 30 15:26:57.293991 dv-cinder-778907-3-smb devstack@c-api.service[99863]: DEBUG cinder.api.v3.groups [None req-6bf01ef4-3d4a-441d-9d73-fa98b9bc04d4 tempest-GroupsV320Test-1100413286 tempest-GroupsV320Test-1100413286-project] Creating new group {'group': {'group_type': '667c70bf-7cec-4916-80c8-4563094513c7', 'volume_types': ['837dde5a-6f22-4dcb-872e-ba4553f48d03'], 'name': 'tempest-GroupsV320Test-Group-29055019'}} {{(pid=99863) create /opt/stack/cinder/cinder/api/v3/groups.py:190}}
Jul 30 15:26:57.305311 dv-cinder-778907-3-smb devstack@c-api.service[99863]: INFO cinder.api.v3.groups [None req-6bf01ef4-3d4a-441d-9d73-fa98b9bc04d4 tempest-GroupsV320Test-1100413286 tempest-GroupsV320Test-1100413286-project] Creating group tempest-GroupsV320Test-Group-29055019.
Jul 30 15:26:57.306434 dv-cinder-778907-3-smb devstack@c-api.service[99863]: /usr/local/lib/python3.8/dist-packages/oslo_context/context.py:105: DeprecationWarning: Policy enforcement is depending on the value of is_admin. This key is deprecated. Please update your policy file to use the standard policy values.
Jul 30 15:26:57.306434 dv-cinder-778907-3-smb devstack@c-api.service[99863]: warnings.warn('Policy enforcement is depending on the value of '
Jul 30 15:26:57.352420 dv-cinder-778907-3-smb devstack@c-api.service[99863]: INFO cinder.volume.api [None req-6bf01ef4-3d4a-441d-9d73-fa98b9bc04d4 tempest-GroupsV320Test-1100413286 tempest-GroupsV320Test-1100413286-project] Availability Zones retrieved successfully.
Jul 30 15:26:57.397263 dv-cinder-778907-3-smb devstack@c-api.service[99863]: DEBUG cinder.quota [None req-6bf01ef4-3d4a-441d-9d73-fa98b9bc04d4 tempest-GroupsV320Test-1100413286 tempest-GroupsV320Test-1100413286-project] Created reservations ['46cbbf35-ea38-4e88-814f-3a90c4bc8a47'] {{(pid=99863) reserve /opt/stack/cinder/cinder/quota.py:755}}
Jul 30 15:26:57.414329 dv-cinder-778907-3-smb devstack@c-api.service[99864]: INFO cinder.api.openstack.wsgi [None req-45db641f-a24e-4310-8524-9f98f69fb95a tempest-VolumeSnapshotQuotasNegativeTestJSON-1840277411 tempest-VolumeSnapshotQuotasNegativeTestJSON-1840277411-project] POST http://10.222.0.10/volume/v3/0f96f487bc9b456bb66396e3a28f6145/volumes
Jul 30 15:26:57.415140 dv-cinder-778907-3-smb devstack@c-api.service[99864]: /usr/local/lib/python3.8/dist-packages/webob/acceptparse.py:1047: DeprecationWarning: The behavior of AcceptValidHeader.best_match is currently being maintained for backward compatibility, but it will be deprecated in the future, as it does not conform to the RFC.
Jul 30 15:26:57.415140 dv-cinder-778907-3-smb devstack@c-api.service[99864]: warnings.warn(
Jul 30 15:26:57.415711 dv-cinder-778907-3-smb devstack@c-api.service[99864]: DEBUG cinder.api.openstack.wsgi [None req-45db641f-a24e-4310-8524-9f98f69fb95a tempest-VolumeSnapshotQuotasNegativeTestJSON-1840277411 tempest-VolumeSnapshotQuotasNegativeTestJSON-1840277411-project] Action: 'create', calling method: create, body: {"volume": {"size": 1, "name": "tempest-VolumeSnapshotQuotasNegativeTestJSON-Volume-521707277"}} {{(pid=99864) _process_stack /opt/stack/cinder/cinder/api/openstack/wsgi.py:854}}
Jul 30 15:26:57.417294 dv-cinder-778907-3-smb devstack@c-api.service[99864]: DEBUG cinder.api.v3.volumes [None req-45db641f-a24e-4310-8524-9f98f69fb95a tempest-VolumeSnapshotQuotasNegativeTestJSON-1840277411 tempest-VolumeSnapshotQuotasNegativeTestJSON-1840277411-project] Create volume request body: {'volume': {'size': 1, 'name': 'tempest-VolumeSnapshotQuotasNegativeTestJSON-Volume-521707277'}} {{(pid=99864) create /opt/stack/cinder/cinder/api/v3/volumes.py:290}}
Jul 30 15:26:57.421384 dv-cinder-778907-3-smb devstack@c-api.service[99864]: INFO cinder.api.v3.volumes [None req-45db641f-a24e-4310-8524-9f98f69fb95a tempest-VolumeSnapshotQuotasNegativeTestJSON-1840277411 tempest-VolumeSnapshotQuotasNegativeTestJSON-1840277411-project] Create volume of 1 GB
Jul 30 15:26:57.479982 dv-cinder-778907-3-smb devstack@c-api.service[99864]: DEBUG cinder.volume.api [None req-45db641f-a24e-4310-8524-9f98f69fb95a tempest-VolumeSnapshotQuotasNegativeTestJSON-1840277411 tempest-VolumeSnapshotQuotasNegativeTestJSON-1840277411-project] Availability zone cache updated, next update will occur around 2021-07-30 16:26:57.478655. {{(pid=99864) list_availability_zones /opt/stack/cinder/cinder/volume/api.py:148}}
Jul 30 15:26:57.480348 dv-cinder-778907-3-smb devstack@c-api.service[99864]: INFO cinder.volume.api [None req-45db641f-a24e-4310-8524-9f98f69fb95a tempest-VolumeSnapshotQuotasNegativeTestJSON-1840277411 tempest-VolumeSnapshotQuotasNegativeTestJSON-1840277411-project] Availability Zones retrieved successfully.
Jul 30 15:26:57.593911 dv-cinder-778907-3-smb devstack@c-api.service[99863]: INFO cinder.api.openstack.wsgi [None req-6bf01ef4-3d4a-441d-9d73-fa98b9bc04d4 tempest-GroupsV320Test-1100413286 tempest-GroupsV320Test-1100413286-project] http://10.222.0.10/volume/v3/40f302ae467d40188d76203d5b1d4e7a/groups returned with HTTP 202
Jul 30 15:26:57.595979 dv-cinder-778907-3-smb devstack@c-api.service[99863]: [pid: 99863|app: 0|req: 25/54] 10.222.0.10 () {62 vars in 1274 bytes} [Fri Jul 30 15:26:57 2021] POST /volume/v3/40f302ae467d40188d76203d5b1d4e7a/groups => generated 106 bytes in 570 msecs (HTTP/1.1 202) 7 headers in 292 bytes (1 switches on core 0)
Jul 30 15:26:57.624935 dv-cinder-778907-3-smb devstack@c-api.service[99863]: INFO cinder.api.openstack.wsgi [None req-e6ed5ae6-47f1-470e-b820-9c012d3de17d tempest-GroupSnapshotsTest-1092434356 tempest-GroupSnapshotsTest-1092434356-project] GET http://10.222.0.10/volume/v3/1d4d0f876a42442586d5ba7db6d3d401/snapshots/detail
Jul 30 15:26:57.626628 dv-cinder-778907-3-smb devstack@c-api.service[99863]: DEBUG cinder.api.openstack.wsgi [None req-e6ed5ae6-47f1-470e-b820-9c012d3de17d tempest-GroupSnapshotsTest-1092434356 tempest-GroupSnapshotsTest-1092434356-project] Empty body provided in request {{(pid=99863) get_body /opt/stack/cinder/cinder/api/openstack/wsgi.py:703}}
Jul 30 15:26:57.626910 dv-cinder-778907-3-smb devstack@c-api.service[99863]: /usr/local/lib/python3.8/dist-packages/webob/acceptparse.py:1047: DeprecationWarning: The behavior of AcceptValidHeader.best_match is currently being maintained for backward compatibility, but it will be deprecated in the future, as it does not conform to the RFC.
Jul 30 15:26:57.626910 dv-cinder-778907-3-smb devstack@c-api.service[99863]: warnings.warn(
Jul 30 15:26:57.627665 dv-cinder-778907-3-smb devstack@c-api.service[99863]: DEBUG cinder.api.openstack.wsgi [None req-e6ed5ae6-47f1-470e-b820-9c012d3de17d tempest-GroupSnapshotsTest-1092434356 tempest-GroupSnapshotsTest-1092434356-project] Calling method 'detail' {{(pid=99863) _process_stack /opt/stack/cinder/cinder/api/openstack/wsgi.py:856}}
Jul 30 15:26:57.630446 dv-cinder-778907-3-smb devstack@c-api.service[99863]: DEBUG cinder.api.api_utils [None req-e6ed5ae6-47f1-470e-b820-9c012d3de17d tempest-GroupSnapshotsTest-1092434356 tempest-GroupSnapshotsTest-1092434356-project] Removing options '' from query. {{(pid=99863) remove_invalid_filter_options /opt/stack/cinder/cinder/api/api_utils.py:73}}
Jul 30 15:26:57.631195 dv-cinder-778907-3-smb devstack@c-api.service[99863]: /usr/local/lib/python3.8/dist-packages/oslo_context/context.py:105: DeprecationWarning: Policy enforcement is depending on the value of is_admin. This key is deprecated. Please update your policy file to use the standard policy values.
Jul 30 15:26:57.631195 dv-cinder-778907-3-smb devstack@c-api.service[99863]: warnings.warn('Policy enforcement is depending on the value of '
Jul 30 15:26:57.638266 dv-cinder-778907-3-smb devstack@c-api.service[99863]: DEBUG cinder.db.sqlalchemy.api [None req-e6ed5ae6-47f1-470e-b820-9c012d3de17d tempest-GroupSnapshotsTest-1092434356 tempest-GroupSnapshotsTest-1092434356-project] Building query based on filter {{(pid=99863) _process_snaps_filters /opt/stack/cinder/cinder/db/sqlalchemy/api.py:3138}}
Jul 30 15:26:57.643646 dv-cinder-778907-3-smb devstack@c-api.service[99864]: DEBUG cinder.volume.api [None req-45db641f-a24e-4310-8524-9f98f69fb95a tempest-VolumeSnapshotQuotasNegativeTestJSON-1840277411 tempest-VolumeSnapshotQuotasNegativeTestJSON-1840277411-project] Flow 'volume_create_api' (e9ca4374-f579-443c-8bee-6c50e4c681cd) transitioned into state 'RUNNING' from state 'PENDING' {{(pid=99864) _flow_receiver /usr/local/lib/python3.8/dist-packages/taskflow/listeners/logging.py:141}}
Jul 30 15:26:57.646607 dv-cinder-778907-3-smb devstack@c-api.service[99864]: DEBUG cinder.volume.api [None req-45db641f-a24e-4310-8524-9f98f69fb95a tempest-VolumeSnapshotQuotasNegativeTestJSON-1840277411 tempest-VolumeSnapshotQuotasNegativeTestJSON-1840277411-project] Task 'cinder.volume.flows.api.create_volume.ExtractVolumeRequestTask;volume:create' (a6069d16-7212-4f9b-9036-f5dbf6bbcd56) transitioned into state 'RUNNING' from state 'PENDING' {{(pid=99864) _task_receiver /usr/local/lib/python3.8/dist-packages/taskflow/listeners/logging.py:190}}
Jul 30 15:26:57.649854 dv-cinder-778907-3-smb devstack@c-api.service[99864]: DEBUG cinder.volume.flows.api.create_volume [None req-45db641f-a24e-4310-8524-9f98f69fb95a tempest-VolumeSnapshotQuotasNegativeTestJSON-1840277411 tempest-VolumeSnapshotQuotasNegativeTestJSON-1840277411-project] Validating volume size '1' using validate_int {{(pid=99864) _extract_size /opt/stack/cinder/cinder/volume/flows/api/create_volume.py:201}}
Jul 30 15:26:57.653664 dv-cinder-778907-3-smb devstack@c-api.service[99863]: INFO cinder.volume.api [None req-e6ed5ae6-47f1-470e-b820-9c012d3de17d tempest-GroupSnapshotsTest-1092434356 tempest-GroupSnapshotsTest-1092434356-project] Get all snapshots completed successfully.
Jul 30 15:26:57.662874 dv-cinder-778907-3-smb devstack@c-api.service[99863]: INFO cinder.api.openstack.wsgi [None req-e6ed5ae6-47f1-470e-b820-9c012d3de17d tempest-GroupSnapshotsTest-1092434356 tempest-GroupSnapshotsTest-1092434356-project] http://10.222.0.10/volume/v3/1d4d0f876a42442586d5ba7db6d3d401/snapshots/detail returned with HTTP 200
Jul 30 15:26:57.664307 dv-cinder-778907-3-smb devstack@c-api.service[99863]: [pid: 99863|app: 0|req: 26/55] 10.222.0.10 () {58 vars in 1241 bytes} [Fri Jul 30 15:26:57 2021] GET /volume/v3/1d4d0f876a42442586d5ba7db6d3d401/snapshots/detail => generated 17 bytes in 68 msecs (HTTP/1.1 200) 7 headers in 284 bytes (1 switches on core 0)
Jul 30 15:26:57.683798 dv-cinder-778907-3-smb devstack@c-api.service[99863]: INFO cinder.api.openstack.wsgi [None req-668c2941-a893-412b-ad30-6a977be026fe tempest-GroupsV320Test-1100413286 tempest-GroupsV320Test-1100413286-project] GET http://10.222.0.10/volume/v3/40f302ae467d40188d76203d5b1d4e7a/groups/e7522a89-abac-4d0d-adc0-7d8d304506a9
Jul 30 15:26:57.684362 dv-cinder-778907-3-smb devstack@c-api.service[99863]: DEBUG cinder.api.openstack.wsgi [None req-668c2941-a893-412b-ad30-6a977be026fe tempest-GroupsV320Test-1100413286 tempest-GroupsV320Test-1100413286-project] Empty body provided in request {{(pid=99863) get_body /opt/stack/cinder/cinder/api/openstack/wsgi.py:703}}
Jul 30 15:26:57.685988 dv-cinder-778907-3-smb devstack@c-api.service[99863]: DEBUG cinder.api.openstack.wsgi [None req-668c2941-a893-412b-ad30-6a977be026fe tempest-GroupsV320Test-1100413286 tempest-GroupsV320Test-1100413286-project] Calling method 'version_select' {{(pid=99863) _process_stack /opt/stack/cinder/cinder/api/openstack/wsgi.py:856}}
Jul 30 15:26:57.686543 dv-cinder-778907-3-smb devstack@c-api.service[99863]: DEBUG cinder.api.v3.groups [None req-668c2941-a893-412b-ad30-6a977be026fe tempest-GroupsV320Test-1100413286 tempest-GroupsV320Test-1100413286-project] show called for member e7522a89-abac-4d0d-adc0-7d8d304506a9 {{(pid=99863) show /opt/stack/cinder/cinder/api/v3/groups.py:58}}
Jul 30 15:26:57.703893 dv-cinder-778907-3-smb devstack@c-api.service[99863]: /usr/local/lib/python3.8/dist-packages/oslo_context/context.py:105: DeprecationWarning: Policy enforcement is depending on the value of is_admin. This key is deprecated. Please update your policy file to use the standard policy values.
Jul 30 15:26:57.703893 dv-cinder-778907-3-smb devstack@c-api.service[99863]: warnings.warn('Policy enforcement is depending on the value of '
Jul 30 15:26:57.832052 dv-cinder-778907-3-smb devstack@c-api.service[99864]: DEBUG cinder.volume.api [None req-45db641f-a24e-4310-8524-9f98f69fb95a tempest-VolumeSnapshotQuotasNegativeTestJSON-1840277411 tempest-VolumeSnapshotQuotasNegativeTestJSON-1840277411-project] Task 'cinder.volume.flows.api.create_volume.ExtractVolumeRequestTask;volume:create' (a6069d16-7212-4f9b-9036-f5dbf6bbcd56) transitioned into state 'SUCCESS' from state 'RUNNING' with result '{'size': 1, 'snapshot_id': None, 'source_volid': None, 'volume_type': VolumeType(created_at=2021-07-30T15:17:32Z,deleted=False,deleted_at=None,description='Default Volume Type',extra_specs={},id=cffe29f3-50c9-48ba-9336-c185258d9b94,is_public=True,name='__DEFAULT__',projects=[],qos_specs=,qos_specs_id=None,updated_at=2021-07-30T15:17:32Z), 'volume_type_id': 'cffe29f3-50c9-48ba-9336-c185258d9b94', 'encryption_key_id': None, 'qos_specs': None, 'consistencygroup_id': None, 'cgsnapshot_id': None, 'group_id': None, 'replication_status': 'disabled', 'refresh_az': False, 'backup_id': None, 'multiattach': False, 'availability_zones': ['nova']}' {{(pid=99864) _task_receiver /usr/local/lib/python3.8/dist-packages/taskflow/listeners/logging.py:178}}
Jul 30 15:26:57.836098 dv-cinder-778907-3-smb devstack@c-api.service[99864]: DEBUG cinder.volume.api [None req-45db641f-a24e-4310-8524-9f98f69fb95a tempest-VolumeSnapshotQuotasNegativeTestJSON-1840277411 tempest-VolumeSnapshotQuotasNegativeTestJSON-1840277411-project] Task 'cinder.volume.flows.api.create_volume.QuotaReserveTask;volume:create' (68baf2f2-2391-4694-8f21-2ef838bc7945) transitioned into state 'RUNNING' from state 'PENDING' {{(pid=99864) _task_receiver /usr/local/lib/python3.8/dist-packages/taskflow/listeners/logging.py:190}}
Jul 30 15:26:57.984677 dv-cinder-778907-3-smb devstack@c-api.service[99863]: INFO cinder.api.openstack.wsgi [None req-668c2941-a893-412b-ad30-6a977be026fe tempest-GroupsV320Test-1100413286 tempest-GroupsV320Test-1100413286-project] http://10.222.0.10/volume/v3/40f302ae467d40188d76203d5b1d4e7a/groups/e7522a89-abac-4d0d-adc0-7d8d304506a9 returned with HTTP 200
Jul 30 15:26:57.987680 dv-cinder-778907-3-smb devstack@c-api.service[99863]: [pid: 99863|app: 0|req: 27/56] 10.222.0.10 () {60 vars in 1363 bytes} [Fri Jul 30 15:26:57 2021] GET /volume/v3/40f302ae467d40188d76203d5b1d4e7a/groups/e7522a89-abac-4d0d-adc0-7d8d304506a9 => generated 386 bytes in 322 msecs (HTTP/1.1 200) 7 headers in 286 bytes (1 switches on core 0)
Jul 30 15:26:57.994165 dv-cinder-778907-3-smb devstack@c-api.service[99863]: INFO cinder.api.openstack.wsgi [None req-8ffc8e91-d764-427b-82d6-3df3b8616aa5 tempest-GroupSnapshotsTest-1092434356 tempest-GroupSnapshotsTest-1092434356-project] GET http://10.222.0.10/volume/v3/1d4d0f876a42442586d5ba7db6d3d401/group_snapshots/8d092124-cbf2-466c-b5b9-dae921073cfe
Jul 30 15:26:57.995739 dv-cinder-778907-3-smb devstack@c-api.service[99863]: DEBUG cinder.api.openstack.wsgi [None req-8ffc8e91-d764-427b-82d6-3df3b8616aa5 tempest-GroupSnapshotsTest-1092434356 tempest-GroupSnapshotsTest-1092434356-project] Empty body provided in request {{(pid=99863) get_body /opt/stack/cinder/cinder/api/openstack/wsgi.py:703}}
Jul 30 15:26:57.996102 dv-cinder-778907-3-smb devstack@c-api.service[99863]: /usr/local/lib/python3.8/dist-packages/webob/acceptparse.py:1047: DeprecationWarning: The behavior of AcceptValidHeader.best_match is currently being maintained for backward compatibility, but it will be deprecated in the future, as it does not conform to the RFC.
Jul 30 15:26:57.996102 dv-cinder-778907-3-smb devstack@c-api.service[99863]: warnings.warn(
Jul 30 15:26:57.996699 dv-cinder-778907-3-smb devstack@c-api.service[99863]: DEBUG cinder.api.openstack.wsgi [None req-8ffc8e91-d764-427b-82d6-3df3b8616aa5 tempest-GroupSnapshotsTest-1092434356 tempest-GroupSnapshotsTest-1092434356-project] Calling method 'version_select' {{(pid=99863) _process_stack /opt/stack/cinder/cinder/api/openstack/wsgi.py:856}}
Jul 30 15:26:57.997287 dv-cinder-778907-3-smb devstack@c-api.service[99863]: DEBUG cinder.api.v3.group_snapshots [None req-8ffc8e91-d764-427b-82d6-3df3b8616aa5 tempest-GroupSnapshotsTest-1092434356 tempest-GroupSnapshotsTest-1092434356-project] show called for member 8d092124-cbf2-466c-b5b9-dae921073cfe {{(pid=99863) show /opt/stack/cinder/cinder/api/v3/group_snapshots.py:58}}
Jul 30 15:26:58.028038 dv-cinder-778907-3-smb devstack@c-api.service[99863]: INFO cinder.api.openstack.wsgi [None req-8ffc8e91-d764-427b-82d6-3df3b8616aa5 tempest-GroupSnapshotsTest-1092434356 tempest-GroupSnapshotsTest-1092434356-project] http://10.222.0.10/volume/v3/1d4d0f876a42442586d5ba7db6d3d401/group_snapshots/8d092124-cbf2-466c-b5b9-dae921073cfe returned with HTTP 404
Jul 30 15:26:58.031447 dv-cinder-778907-3-smb devstack@c-api.service[99863]: [pid: 99863|app: 0|req: 28/57] 10.222.0.10 () {60 vars in 1390 bytes} [Fri Jul 30 15:26:57 2021] GET /volume/v3/1d4d0f876a42442586d5ba7db6d3d401/group_snapshots/8d092124-cbf2-466c-b5b9-dae921073cfe => generated 116 bytes in 43 msecs (HTTP/1.1 404) 7 headers in 293 bytes (1 switches on core 0)
Jul 30 15:26:58.043280 dv-cinder-778907-3-smb devstack@c-api.service[99863]: INFO cinder.api.openstack.wsgi [None req-b9542999-f3a2-45fd-8e93-82dad877f833 tempest-GroupSnapshotsTest-1092434356 tempest-GroupSnapshotsTest-1092434356-project] GET http://10.222.0.10/volume/v3/1d4d0f876a42442586d5ba7db6d3d401/volumes/detail
Jul 30 15:26:58.045380 dv-cinder-778907-3-smb devstack@c-api.service[99863]: DEBUG cinder.api.openstack.wsgi [None req-b9542999-f3a2-45fd-8e93-82dad877f833 tempest-GroupSnapshotsTest-1092434356 tempest-GroupSnapshotsTest-1092434356-project] Empty body provided in request {{(pid=99863) get_body /opt/stack/cinder/cinder/api/openstack/wsgi.py:703}}
Jul 30 15:26:58.046098 dv-cinder-778907-3-smb devstack@c-api.service[99863]: DEBUG cinder.api.openstack.wsgi [None req-b9542999-f3a2-45fd-8e93-82dad877f833 tempest-GroupSnapshotsTest-1092434356 tempest-GroupSnapshotsTest-1092434356-project] Calling method 'detail' {{(pid=99863) _process_stack /opt/stack/cinder/cinder/api/openstack/wsgi.py:856}}
Jul 30 15:26:58.047466 dv-cinder-778907-3-smb devstack@c-api.service[99863]: DEBUG cinder.api.api_utils [None req-b9542999-f3a2-45fd-8e93-82dad877f833 tempest-GroupSnapshotsTest-1092434356 tempest-GroupSnapshotsTest-1092434356-project] Removing options '' from query. {{(pid=99863) remove_invalid_filter_options /opt/stack/cinder/cinder/api/api_utils.py:73}}
Jul 30 15:26:58.048940 dv-cinder-778907-3-smb devstack@c-api.service[99863]: /usr/local/lib/python3.8/dist-packages/oslo_context/context.py:105: DeprecationWarning: Policy enforcement is depending on the value of is_admin. This key is deprecated. Please update your policy file to use the standard policy values.
Jul 30 15:26:58.048940 dv-cinder-778907-3-smb devstack@c-api.service[99863]: warnings.warn('Policy enforcement is depending on the value of '
Jul 30 15:26:58.051486 dv-cinder-778907-3-smb devstack@c-api.service[99864]: DEBUG cinder.quota [None req-45db641f-a24e-4310-8524-9f98f69fb95a tempest-VolumeSnapshotQuotasNegativeTestJSON-1840277411 tempest-VolumeSnapshotQuotasNegativeTestJSON-1840277411-project] Created reservations ['86d61f41-a7d4-45cd-a09d-fe42a8a5515f', '5c609f7c-73bd-444a-b1f0-cf00670da8a3', '151b056f-da73-4554-a731-c115d1be4d4d', 'b2daec4e-d9dc-4974-b1a7-4ead1abda282'] {{(pid=99864) reserve /opt/stack/cinder/cinder/quota.py:755}}
Jul 30 15:26:58.053529 dv-cinder-778907-3-smb devstack@c-api.service[99864]: DEBUG cinder.volume.api [None req-45db641f-a24e-4310-8524-9f98f69fb95a tempest-VolumeSnapshotQuotasNegativeTestJSON-1840277411 tempest-VolumeSnapshotQuotasNegativeTestJSON-1840277411-project] Task 'cinder.volume.flows.api.create_volume.QuotaReserveTask;volume:create' (68baf2f2-2391-4694-8f21-2ef838bc7945) transitioned into state 'SUCCESS' from state 'RUNNING' with result '{'reservations': ['86d61f41-a7d4-45cd-a09d-fe42a8a5515f', '5c609f7c-73bd-444a-b1f0-cf00670da8a3', '151b056f-da73-4554-a731-c115d1be4d4d', 'b2daec4e-d9dc-4974-b1a7-4ead1abda282']}' {{(pid=99864) _task_receiver /usr/local/lib/python3.8/dist-packages/taskflow/listeners/logging.py:178}}
Jul 30 15:26:58.054063 dv-cinder-778907-3-smb devstack@c-api.service[99863]: DEBUG cinder.volume.api [None req-b9542999-f3a2-45fd-8e93-82dad877f833 tempest-GroupSnapshotsTest-1092434356 tempest-GroupSnapshotsTest-1092434356-project] Searching by: MultiDict([('no_migration_targets', True)]). {{(pid=99863) get_all /opt/stack/cinder/cinder/volume/api.py:617}}
Jul 30 15:26:58.058427 dv-cinder-778907-3-smb devstack@c-api.service[99864]: DEBUG cinder.volume.api [None req-45db641f-a24e-4310-8524-9f98f69fb95a tempest-VolumeSnapshotQuotasNegativeTestJSON-1840277411 tempest-VolumeSnapshotQuotasNegativeTestJSON-1840277411-project] Task 'cinder.volume.flows.api.create_volume.EntryCreateTask;volume:create' (fbc15607-f8cd-4389-b67c-ba335d0253f4) transitioned into state 'RUNNING' from state 'PENDING' {{(pid=99864) _task_receiver /usr/local/lib/python3.8/dist-packages/taskflow/listeners/logging.py:190}}
Jul 30 15:26:58.100539 dv-cinder-778907-3-smb devstack@c-api.service[99864]: DEBUG cinder.volume.api [None req-45db641f-a24e-4310-8524-9f98f69fb95a tempest-VolumeSnapshotQuotasNegativeTestJSON-1840277411 tempest-VolumeSnapshotQuotasNegativeTestJSON-1840277411-project] Task 'cinder.volume.flows.api.create_volume.EntryCreateTask;volume:create' (fbc15607-f8cd-4389-b67c-ba335d0253f4) transitioned into state 'SUCCESS' from state 'RUNNING' with result '{'volume_id': '4d8e042f-cc9d-4287-b455-f795c1e2d670', 'volume_properties': VolumeProperties(attach_status='detached',availability_zone='nova',cgsnapshot_id=None,consistencygroup_id=None,display_description=None,display_name='tempest-VolumeSnapshotQuotasNegativeTestJSON-Volume-521707277',encryption_key_id=None,group_id=None,group_type_id=,metadata={},multiattach=False,project_id='0f96f487bc9b456bb66396e3a28f6145',qos_specs=None,replication_status=,reservations=['86d61f41-a7d4-45cd-a09d-fe42a8a5515f','5c609f7c-73bd-444a-b1f0-cf00670da8a3','151b056f-da73-4554-a731-c115d1be4d4d','b2daec4e-d9dc-4974-b1a7-4ead1abda282'],size=1,snapshot_id=None,source_replicaid=,source_volid=None,status='creating',user_id='90803a3763b44b7d9053d04076a61176',volume_type_id=cffe29f3-50c9-48ba-9336-c185258d9b94), 'volume': Volume(_name_id=None,admin_metadata=,attach_status='detached',availability_zone='nova',bootable=False,cluster=,cluster_name=None,consistencygroup=,consistencygroup_id=None,created_at=2021-07-30T15:26:58Z,deleted=False,deleted_at=None,display_description=None,display_name='tempest-VolumeSnapshotQuotasNegativeTestJSON-Volume-521707277',ec2_id=None,encryption_key_id=None,glance_metadata=,group=,group_id=None,host=None,id=4d8e042f-cc9d-4287-b455-f795c1e2d670,launched_at=None,metadata={},migration_status=None,multiattach=False,previous_status=None,project_id='0f96f487bc9b456bb66396e3a28f6145',provider_auth=None,provider_geometry=None,provider_id=None,provider_location=None,replication_driver_data=None,replication_extended_status=None,replication_status=None,scheduled_at=None,service_uuid=None,shared_targets=True,size=1,snapshot_id=None,snapshots=,source_volid=None,status='creating',terminated_at=None,updated_at=None,user_id='90803a3763b44b7d9053d04076a61176',volume_attachment=,volume_type=VolumeType(cffe29f3-50c9-48ba-9336-c185258d9b94),volume_type_id=cffe29f3-50c9-48ba-9336-c185258d9b94)}' {{(pid=99864) _task_receiver /usr/local/lib/python3.8/dist-packages/taskflow/listeners/logging.py:178}}
Jul 30 15:26:58.108680 dv-cinder-778907-3-smb devstack@c-api.service[99864]: DEBUG cinder.volume.api [None req-45db641f-a24e-4310-8524-9f98f69fb95a tempest-VolumeSnapshotQuotasNegativeTestJSON-1840277411 tempest-VolumeSnapshotQuotasNegativeTestJSON-1840277411-project] Task 'cinder.volume.flows.api.create_volume.QuotaCommitTask;volume:create' (0626d505-b416-41b6-b574-ec5aeef08b32) transitioned into state 'RUNNING' from state 'PENDING' {{(pid=99864) _task_receiver /usr/local/lib/python3.8/dist-packages/taskflow/listeners/logging.py:190}}
Jul 30 15:26:58.179386 dv-cinder-778907-3-smb devstack@c-api.service[99863]: INFO cinder.volume.api [None req-b9542999-f3a2-45fd-8e93-82dad877f833 tempest-GroupSnapshotsTest-1092434356 tempest-GroupSnapshotsTest-1092434356-project] Get all volumes completed successfully.
Jul 30 15:26:58.181000 dv-cinder-778907-3-smb devstack@c-api.service[99863]: WARNING stevedore.named [None req-b9542999-f3a2-45fd-8e93-82dad877f833 tempest-GroupSnapshotsTest-1092434356 tempest-GroupSnapshotsTest-1092434356-project] Could not load cinder.keymgr.conf_key_mgr.ConfKeyManager
Jul 30 15:26:58.181326 dv-cinder-778907-3-smb devstack@c-api.service[99863]: WARNING castellan.key_manager [None req-b9542999-f3a2-45fd-8e93-82dad877f833 tempest-GroupSnapshotsTest-1092434356 tempest-GroupSnapshotsTest-1092434356-project] Deprecation Warning : cinder.keymgr.conf_key_mgr.ConfKeyManager is not a stevedore based driver, trying to load it as a class: stevedore.exception.NoMatches: No 'castellan.drivers' driver found, looking for 'cinder.keymgr.conf_key_mgr.ConfKeyManager'
Jul 30 15:26:58.219304 dv-cinder-778907-3-smb devstack@c-api.service[99863]: DEBUG oslo_db.sqlalchemy.engines [None req-b9542999-f3a2-45fd-8e93-82dad877f833 tempest-GroupSnapshotsTest-1092434356 tempest-GroupSnapshotsTest-1092434356-project] MySQL server mode set to STRICT_TRANS_TABLES,STRICT_ALL_TABLES,NO_ZERO_IN_DATE,NO_ZERO_DATE,ERROR_FOR_DIVISION_BY_ZERO,TRADITIONAL,NO_ENGINE_SUBSTITUTION {{(pid=99863) _check_effective_sql_mode /usr/local/lib/python3.8/dist-packages/oslo_db/sqlalchemy/engines.py:314}}
Jul 30 15:26:58.222243 dv-cinder-778907-3-smb devstack@c-api.service[99864]: DEBUG cinder.volume.api [None req-45db641f-a24e-4310-8524-9f98f69fb95a tempest-VolumeSnapshotQuotasNegativeTestJSON-1840277411 tempest-VolumeSnapshotQuotasNegativeTestJSON-1840277411-project] Task 'cinder.volume.flows.api.create_volume.QuotaCommitTask;volume:create' (0626d505-b416-41b6-b574-ec5aeef08b32) transitioned into state 'SUCCESS' from state 'RUNNING' with result '{'volume_properties': VolumeProperties(attach_status='detached',availability_zone='nova',cgsnapshot_id=None,consistencygroup_id=None,display_description=None,display_name='tempest-VolumeSnapshotQuotasNegativeTestJSON-Volume-521707277',encryption_key_id=None,group_id=None,group_type_id=,metadata={},multiattach=False,project_id='0f96f487bc9b456bb66396e3a28f6145',qos_specs=None,replication_status=,reservations=['86d61f41-a7d4-45cd-a09d-fe42a8a5515f','5c609f7c-73bd-444a-b1f0-cf00670da8a3','151b056f-da73-4554-a731-c115d1be4d4d','b2daec4e-d9dc-4974-b1a7-4ead1abda282'],size=1,snapshot_id=None,source_replicaid=,source_volid=None,status='creating',user_id='90803a3763b44b7d9053d04076a61176',volume_type_id=cffe29f3-50c9-48ba-9336-c185258d9b94)}' {{(pid=99864) _task_receiver /usr/local/lib/python3.8/dist-packages/taskflow/listeners/logging.py:178}}
Jul 30 15:26:58.226629 dv-cinder-778907-3-smb devstack@c-api.service[99863]: /usr/local/lib/python3.8/dist-packages/oslo_context/context.py:105: DeprecationWarning: Policy enforcement is depending on the value of is_admin. This key is deprecated. Please update your policy file to use the standard policy values.
Jul 30 15:26:58.226629 dv-cinder-778907-3-smb devstack@c-api.service[99863]: warnings.warn('Policy enforcement is depending on the value of '
Jul 30 15:26:58.229272 dv-cinder-778907-3-smb devstack@c-api.service[99864]: DEBUG cinder.volume.api [None req-45db641f-a24e-4310-8524-9f98f69fb95a tempest-VolumeSnapshotQuotasNegativeTestJSON-1840277411 tempest-VolumeSnapshotQuotasNegativeTestJSON-1840277411-project] Task 'cinder.volume.flows.api.create_volume.VolumeCastTask;volume:create' (2c16d835-73f9-43da-8398-0a92b0851b94) transitioned into state 'RUNNING' from state 'PENDING' {{(pid=99864) _task_receiver /usr/local/lib/python3.8/dist-packages/taskflow/listeners/logging.py:190}}
Jul 30 15:26:58.277099 dv-cinder-778907-3-smb devstack@c-api.service[99863]: INFO cinder.api.openstack.wsgi [None req-b9542999-f3a2-45fd-8e93-82dad877f833 tempest-GroupSnapshotsTest-1092434356 tempest-GroupSnapshotsTest-1092434356-project] http://10.222.0.10/volume/v3/1d4d0f876a42442586d5ba7db6d3d401/volumes/detail returned with HTTP 200
Jul 30 15:26:58.288193 dv-cinder-778907-3-smb devstack@c-api.service[99863]: [pid: 99863|app: 0|req: 29/58] 10.222.0.10 () {60 vars in 1276 bytes} [Fri Jul 30 15:26:58 2021] GET /volume/v3/1d4d0f876a42442586d5ba7db6d3d401/volumes/detail => generated 1002 bytes in 243 msecs (HTTP/1.1 200) 7 headers in 287 bytes (1 switches on core 0)
Jul 30 15:26:58.288418 dv-cinder-778907-3-smb devstack@c-api.service[99864]: DEBUG cinder.volume.api [None req-45db641f-a24e-4310-8524-9f98f69fb95a tempest-VolumeSnapshotQuotasNegativeTestJSON-1840277411 tempest-VolumeSnapshotQuotasNegativeTestJSON-1840277411-project] Task 'cinder.volume.flows.api.create_volume.VolumeCastTask;volume:create' (2c16d835-73f9-43da-8398-0a92b0851b94) transitioned into state 'SUCCESS' from state 'RUNNING' with result 'None' {{(pid=99864) _task_receiver /usr/local/lib/python3.8/dist-packages/taskflow/listeners/logging.py:178}}
Jul 30 15:26:58.296581 dv-cinder-778907-3-smb devstack@c-api.service[99863]: INFO cinder.api.openstack.wsgi [None req-2c4f4e5b-86df-42a8-8a3f-5006527f1853 tempest-GroupSnapshotsTest-1092434356 tempest-GroupSnapshotsTest-1092434356-project] POST http://10.222.0.10/volume/v3/1d4d0f876a42442586d5ba7db6d3d401/groups/f14be07c-8dc0-41c9-b51d-9ee130b63388/action
Jul 30 15:26:58.297025 dv-cinder-778907-3-smb devstack@c-api.service[99863]: /usr/local/lib/python3.8/dist-packages/webob/acceptparse.py:1047: DeprecationWarning: The behavior of AcceptValidHeader.best_match is currently being maintained for backward compatibility, but it will be deprecated in the future, as it does not conform to the RFC.
Jul 30 15:26:58.297025 dv-cinder-778907-3-smb devstack@c-api.service[99863]: warnings.warn(
Jul 30 15:26:58.297398 dv-cinder-778907-3-smb devstack@c-api.service[99863]: DEBUG cinder.api.openstack.wsgi [None req-2c4f4e5b-86df-42a8-8a3f-5006527f1853 tempest-GroupSnapshotsTest-1092434356 tempest-GroupSnapshotsTest-1092434356-project] Action body: b'{"delete": {"delete-volumes": true}}' {{(pid=99863) get_method /opt/stack/cinder/cinder/api/openstack/wsgi.py:971}}
Jul 30 15:26:58.297749 dv-cinder-778907-3-smb devstack@c-api.service[99863]: DEBUG cinder.api.openstack.wsgi [None req-2c4f4e5b-86df-42a8-8a3f-5006527f1853 tempest-GroupSnapshotsTest-1092434356 tempest-GroupSnapshotsTest-1092434356-project] Action: 'action', calling method: version_select, body: {"delete": {"delete-volumes": true}} {{(pid=99863) _process_stack /opt/stack/cinder/cinder/api/openstack/wsgi.py:854}}
Jul 30 15:26:58.298598 dv-cinder-778907-3-smb devstack@c-api.service[99863]: DEBUG cinder.api.v3.groups [None req-2c4f4e5b-86df-42a8-8a3f-5006527f1853 tempest-GroupSnapshotsTest-1092434356 tempest-GroupSnapshotsTest-1092434356-project] delete called for group f14be07c-8dc0-41c9-b51d-9ee130b63388 {{(pid=99863) _delete /opt/stack/cinder/cinder/api/v3/groups.py:117}}
Jul 30 15:26:58.298836 dv-cinder-778907-3-smb devstack@c-api.service[99863]: INFO cinder.api.v3.groups [None req-2c4f4e5b-86df-42a8-8a3f-5006527f1853 tempest-GroupSnapshotsTest-1092434356 tempest-GroupSnapshotsTest-1092434356-project] Delete group with id: f14be07c-8dc0-41c9-b51d-9ee130b63388
Jul 30 15:26:58.300898 dv-cinder-778907-3-smb devstack@c-api.service[99864]: DEBUG cinder.volume.api [None req-45db641f-a24e-4310-8524-9f98f69fb95a tempest-VolumeSnapshotQuotasNegativeTestJSON-1840277411 tempest-VolumeSnapshotQuotasNegativeTestJSON-1840277411-project] Flow 'volume_create_api' (e9ca4374-f579-443c-8bee-6c50e4c681cd) transitioned into state 'SUCCESS' from state 'RUNNING' {{(pid=99864) _flow_receiver /usr/local/lib/python3.8/dist-packages/taskflow/listeners/logging.py:141}}
Jul 30 15:26:58.307109 dv-cinder-778907-3-smb devstack@c-api.service[99864]: INFO cinder.volume.api [None req-45db641f-a24e-4310-8524-9f98f69fb95a tempest-VolumeSnapshotQuotasNegativeTestJSON-1840277411 tempest-VolumeSnapshotQuotasNegativeTestJSON-1840277411-project] Create volume request issued successfully.
Jul 30 15:26:58.314130 dv-cinder-778907-3-smb devstack@c-api.service[99863]: /usr/local/lib/python3.8/dist-packages/oslo_context/context.py:105: DeprecationWarning: Policy enforcement is depending on the value of is_admin. This key is deprecated. Please update your policy file to use the standard policy values.
Jul 30 15:26:58.314130 dv-cinder-778907-3-smb devstack@c-api.service[99863]: warnings.warn('Policy enforcement is depending on the value of '
Jul 30 15:26:58.353751 dv-cinder-778907-3-smb devstack@c-api.service[99864]: INFO cinder.api.openstack.wsgi [None req-45db641f-a24e-4310-8524-9f98f69fb95a tempest-VolumeSnapshotQuotasNegativeTestJSON-1840277411 tempest-VolumeSnapshotQuotasNegativeTestJSON-1840277411-project] http://10.222.0.10/volume/v3/0f96f487bc9b456bb66396e3a28f6145/volumes returned with HTTP 202
Jul 30 15:26:58.360840 dv-cinder-778907-3-smb devstack@c-api.service[99864]: [pid: 99864|app: 0|req: 30/59] 10.222.0.10 () {60 vars in 1235 bytes} [Fri Jul 30 15:26:57 2021] POST /volume/v3/0f96f487bc9b456bb66396e3a28f6145/volumes => generated 835 bytes in 1156 msecs (HTTP/1.1 202) 7 headers in 291 bytes (1 switches on core 0)
Jul 30 15:26:58.378726 dv-cinder-778907-3-smb devstack@c-api.service[99864]: INFO cinder.api.openstack.wsgi [None req-ef97b089-6fe0-4640-a4b7-a1c056c6299d tempest-VolumeSnapshotQuotasNegativeTestJSON-1840277411 tempest-VolumeSnapshotQuotasNegativeTestJSON-1840277411-project] GET http://10.222.0.10/volume/v3/0f96f487bc9b456bb66396e3a28f6145/volumes/4d8e042f-cc9d-4287-b455-f795c1e2d670
Jul 30 15:26:58.379247 dv-cinder-778907-3-smb devstack@c-api.service[99864]: DEBUG cinder.api.openstack.wsgi [None req-ef97b089-6fe0-4640-a4b7-a1c056c6299d tempest-VolumeSnapshotQuotasNegativeTestJSON-1840277411 tempest-VolumeSnapshotQuotasNegativeTestJSON-1840277411-project] Empty body provided in request {{(pid=99864) get_body /opt/stack/cinder/cinder/api/openstack/wsgi.py:703}}
Jul 30 15:26:58.380220 dv-cinder-778907-3-smb devstack@c-api.service[99864]: /usr/local/lib/python3.8/dist-packages/webob/acceptparse.py:1047: DeprecationWarning: The behavior of AcceptValidHeader.best_match is currently being maintained for backward compatibility, but it will be deprecated in the future, as it does not conform to the RFC.
Jul 30 15:26:58.380220 dv-cinder-778907-3-smb devstack@c-api.service[99864]: warnings.warn(
Jul 30 15:26:58.380220 dv-cinder-778907-3-smb devstack@c-api.service[99864]: DEBUG cinder.api.openstack.wsgi [None req-ef97b089-6fe0-4640-a4b7-a1c056c6299d tempest-VolumeSnapshotQuotasNegativeTestJSON-1840277411 tempest-VolumeSnapshotQuotasNegativeTestJSON-1840277411-project] Calling method 'show' {{(pid=99864) _process_stack /opt/stack/cinder/cinder/api/openstack/wsgi.py:856}}
Jul 30 15:26:58.434325 dv-cinder-778907-3-smb devstack@c-api.service[99864]: /usr/local/lib/python3.8/dist-packages/oslo_context/context.py:105: DeprecationWarning: Policy enforcement is depending on the value of is_admin. This key is deprecated. Please update your policy file to use the standard policy values.
Jul 30 15:26:58.434325 dv-cinder-778907-3-smb devstack@c-api.service[99864]: warnings.warn('Policy enforcement is depending on the value of '
Jul 30 15:26:58.463585 dv-cinder-778907-3-smb devstack@c-api.service[99864]: INFO cinder.volume.api [None req-ef97b089-6fe0-4640-a4b7-a1c056c6299d tempest-VolumeSnapshotQuotasNegativeTestJSON-1840277411 tempest-VolumeSnapshotQuotasNegativeTestJSON-1840277411-project] Volume info retrieved successfully.
Jul 30 15:26:58.494010 dv-cinder-778907-3-smb devstack@c-api.service[99864]: INFO cinder.api.openstack.wsgi [None req-ef97b089-6fe0-4640-a4b7-a1c056c6299d tempest-VolumeSnapshotQuotasNegativeTestJSON-1840277411 tempest-VolumeSnapshotQuotasNegativeTestJSON-1840277411-project] http://10.222.0.10/volume/v3/0f96f487bc9b456bb66396e3a28f6145/volumes/4d8e042f-cc9d-4287-b455-f795c1e2d670 returned with HTTP 200
Jul 30 15:26:58.495141 dv-cinder-778907-3-smb devstack@c-api.service[99864]: [pid: 99864|app: 0|req: 31/60] 10.222.0.10 () {58 vars in 1325 bytes} [Fri Jul 30 15:26:58 2021] GET /volume/v3/0f96f487bc9b456bb66396e3a28f6145/volumes/4d8e042f-cc9d-4287-b455-f795c1e2d670 => generated 903 bytes in 121 msecs (HTTP/1.1 200) 7 headers in 285 bytes (1 switches on core 0)
Jul 30 15:26:58.588273 dv-cinder-778907-3-smb devstack@c-api.service[99863]: INFO cinder.api.openstack.wsgi [None req-2c4f4e5b-86df-42a8-8a3f-5006527f1853 tempest-GroupSnapshotsTest-1092434356 tempest-GroupSnapshotsTest-1092434356-project] http://10.222.0.10/volume/v3/1d4d0f876a42442586d5ba7db6d3d401/groups/f14be07c-8dc0-41c9-b51d-9ee130b63388/action returned with HTTP 202
Jul 30 15:26:58.590254 dv-cinder-778907-3-smb devstack@c-api.service[99863]: [pid: 99863|app: 0|req: 30/61] 10.222.0.10 () {62 vars in 1405 bytes} [Fri Jul 30 15:26:58 2021] POST /volume/v3/1d4d0f876a42442586d5ba7db6d3d401/groups/f14be07c-8dc0-41c9-b51d-9ee130b63388/action => generated 0 bytes in 298 msecs (HTTP/1.1 202) 6 headers in 234 bytes (1 switches on core 0)
Jul 30 15:26:58.597682 dv-cinder-778907-3-smb devstack@c-api.service[99864]: INFO cinder.api.openstack.wsgi [None req-a65359c4-7d46-4968-983d-8cb9748496c6 tempest-GroupSnapshotsTest-1092434356 tempest-GroupSnapshotsTest-1092434356-project] GET http://10.222.0.10/volume/v3/1d4d0f876a42442586d5ba7db6d3d401/volumes/155c4a75-b121-4c56-83e5-46c743e7916c
Jul 30 15:26:58.598379 dv-cinder-778907-3-smb devstack@c-api.service[99864]: DEBUG cinder.api.openstack.wsgi [None req-a65359c4-7d46-4968-983d-8cb9748496c6 tempest-GroupSnapshotsTest-1092434356 tempest-GroupSnapshotsTest-1092434356-project] Empty body provided in request {{(pid=99864) get_body /opt/stack/cinder/cinder/api/openstack/wsgi.py:703}}
Jul 30 15:26:58.598818 dv-cinder-778907-3-smb devstack@c-api.service[99864]: /usr/local/lib/python3.8/dist-packages/webob/acceptparse.py:1047: DeprecationWarning: The behavior of AcceptValidHeader.best_match is currently being maintained for backward compatibility, but it will be deprecated in the future, as it does not conform to the RFC.
Jul 30 15:26:58.598818 dv-cinder-778907-3-smb devstack@c-api.service[99864]: warnings.warn(
Jul 30 15:26:58.599414 dv-cinder-778907-3-smb devstack@c-api.service[99864]: DEBUG cinder.api.openstack.wsgi [None req-a65359c4-7d46-4968-983d-8cb9748496c6 tempest-GroupSnapshotsTest-1092434356 tempest-GroupSnapshotsTest-1092434356-project] Calling method 'show' {{(pid=99864) _process_stack /opt/stack/cinder/cinder/api/openstack/wsgi.py:856}}
Jul 30 15:26:58.628866 dv-cinder-778907-3-smb devstack@c-api.service[99864]: /usr/local/lib/python3.8/dist-packages/oslo_context/context.py:105: DeprecationWarning: Policy enforcement is depending on the value of is_admin. This key is deprecated. Please update your policy file to use the standard policy values.
Jul 30 15:26:58.628866 dv-cinder-778907-3-smb devstack@c-api.service[99864]: warnings.warn('Policy enforcement is depending on the value of '
Jul 30 15:26:58.656373 dv-cinder-778907-3-smb devstack@c-api.service[99864]: INFO cinder.volume.api [None req-a65359c4-7d46-4968-983d-8cb9748496c6 tempest-GroupSnapshotsTest-1092434356 tempest-GroupSnapshotsTest-1092434356-project] Volume info retrieved successfully.
Jul 30 15:26:58.678106 dv-cinder-778907-3-smb devstack@c-api.service[99864]: WARNING stevedore.named [None req-a65359c4-7d46-4968-983d-8cb9748496c6 tempest-GroupSnapshotsTest-1092434356 tempest-GroupSnapshotsTest-1092434356-project] Could not load cinder.keymgr.conf_key_mgr.ConfKeyManager
Jul 30 15:26:58.684448 dv-cinder-778907-3-smb devstack@c-api.service[99864]: WARNING castellan.key_manager [None req-a65359c4-7d46-4968-983d-8cb9748496c6 tempest-GroupSnapshotsTest-1092434356 tempest-GroupSnapshotsTest-1092434356-project] Deprecation Warning : cinder.keymgr.conf_key_mgr.ConfKeyManager is not a stevedore based driver, trying to load it as a class: stevedore.exception.NoMatches: No 'castellan.drivers' driver found, looking for 'cinder.keymgr.conf_key_mgr.ConfKeyManager'
Jul 30 15:26:58.705110 dv-cinder-778907-3-smb devstack@c-api.service[99864]: DEBUG oslo_db.sqlalchemy.engines [None req-a65359c4-7d46-4968-983d-8cb9748496c6 tempest-GroupSnapshotsTest-1092434356 tempest-GroupSnapshotsTest-1092434356-project] MySQL server mode set to STRICT_TRANS_TABLES,STRICT_ALL_TABLES,NO_ZERO_IN_DATE,NO_ZERO_DATE,ERROR_FOR_DIVISION_BY_ZERO,TRADITIONAL,NO_ENGINE_SUBSTITUTION {{(pid=99864) _check_effective_sql_mode /usr/local/lib/python3.8/dist-packages/oslo_db/sqlalchemy/engines.py:314}}
Jul 30 15:26:58.716657 dv-cinder-778907-3-smb devstack@c-api.service[99864]: /usr/local/lib/python3.8/dist-packages/oslo_context/context.py:105: DeprecationWarning: Policy enforcement is depending on the value of is_admin. This key is deprecated. Please update your policy file to use the standard policy values.
Jul 30 15:26:58.716657 dv-cinder-778907-3-smb devstack@c-api.service[99864]: warnings.warn('Policy enforcement is depending on the value of '
Jul 30 15:26:58.738882 dv-cinder-778907-3-smb devstack@c-api.service[99864]: INFO cinder.api.openstack.wsgi [None req-a65359c4-7d46-4968-983d-8cb9748496c6 tempest-GroupSnapshotsTest-1092434356 tempest-GroupSnapshotsTest-1092434356-project] http://10.222.0.10/volume/v3/1d4d0f876a42442586d5ba7db6d3d401/volumes/155c4a75-b121-4c56-83e5-46c743e7916c returned with HTTP 200
Jul 30 15:26:58.777440 dv-cinder-778907-3-smb devstack@c-api.service[99864]: [pid: 99864|app: 0|req: 32/62] 10.222.0.10 () {60 vars in 1366 bytes} [Fri Jul 30 15:26:58 2021] GET /volume/v3/1d4d0f876a42442586d5ba7db6d3d401/volumes/155c4a75-b121-4c56-83e5-46c743e7916c => generated 998 bytes in 183 msecs (HTTP/1.1 200) 7 headers in 286 bytes (1 switches on core 0)
Jul 30 15:26:58.999380 dv-cinder-778907-3-smb devstack@c-api.service[99863]: INFO cinder.api.openstack.wsgi [None req-6df68e80-d7e6-4134-8711-1bb62de05c6f tempest-GroupsV320Test-1100413286 tempest-GroupsV320Test-1100413286-project] GET http://10.222.0.10/volume/v3/40f302ae467d40188d76203d5b1d4e7a/groups/e7522a89-abac-4d0d-adc0-7d8d304506a9
Jul 30 15:26:58.999985 dv-cinder-778907-3-smb devstack@c-api.service[99863]: DEBUG cinder.api.openstack.wsgi [None req-6df68e80-d7e6-4134-8711-1bb62de05c6f tempest-GroupsV320Test-1100413286 tempest-GroupsV320Test-1100413286-project] Empty body provided in request {{(pid=99863) get_body /opt/stack/cinder/cinder/api/openstack/wsgi.py:703}}
Jul 30 15:26:59.000262 dv-cinder-778907-3-smb devstack@c-api.service[99863]: /usr/local/lib/python3.8/dist-packages/webob/acceptparse.py:1047: DeprecationWarning: The behavior of AcceptValidHeader.best_match is currently being maintained for backward compatibility, but it will be deprecated in the future, as it does not conform to the RFC.
Jul 30 15:26:59.000262 dv-cinder-778907-3-smb devstack@c-api.service[99863]: warnings.warn(
Jul 30 15:26:59.000947 dv-cinder-778907-3-smb devstack@c-api.service[99863]: DEBUG cinder.api.openstack.wsgi [None req-6df68e80-d7e6-4134-8711-1bb62de05c6f tempest-GroupsV320Test-1100413286 tempest-GroupsV320Test-1100413286-project] Calling method 'version_select' {{(pid=99863) _process_stack /opt/stack/cinder/cinder/api/openstack/wsgi.py:856}}
Jul 30 15:26:59.001661 dv-cinder-778907-3-smb devstack@c-api.service[99863]: DEBUG cinder.api.v3.groups [None req-6df68e80-d7e6-4134-8711-1bb62de05c6f tempest-GroupsV320Test-1100413286 tempest-GroupsV320Test-1100413286-project] show called for member e7522a89-abac-4d0d-adc0-7d8d304506a9 {{(pid=99863) show /opt/stack/cinder/cinder/api/v3/groups.py:58}}
Jul 30 15:26:59.015520 dv-cinder-778907-3-smb devstack@c-api.service[99863]: /usr/local/lib/python3.8/dist-packages/oslo_context/context.py:105: DeprecationWarning: Policy enforcement is depending on the value of is_admin. This key is deprecated. Please update your policy file to use the standard policy values.
Jul 30 15:26:59.015520 dv-cinder-778907-3-smb devstack@c-api.service[99863]: warnings.warn('Policy enforcement is depending on the value of '
Jul 30 15:26:59.071796 dv-cinder-778907-3-smb devstack@c-api.service[99863]: INFO cinder.api.openstack.wsgi [None req-6df68e80-d7e6-4134-8711-1bb62de05c6f tempest-GroupsV320Test-1100413286 tempest-GroupsV320Test-1100413286-project] http://10.222.0.10/volume/v3/40f302ae467d40188d76203d5b1d4e7a/groups/e7522a89-abac-4d0d-adc0-7d8d304506a9 returned with HTTP 200
Jul 30 15:26:59.075643 dv-cinder-778907-3-smb devstack@c-api.service[99863]: [pid: 99863|app: 0|req: 31/63] 10.222.0.10 () {60 vars in 1363 bytes} [Fri Jul 30 15:26:58 2021] GET /volume/v3/40f302ae467d40188d76203d5b1d4e7a/groups/e7522a89-abac-4d0d-adc0-7d8d304506a9 => generated 387 bytes in 81 msecs (HTTP/1.1 200) 7 headers in 286 bytes (1 switches on core 0)
Jul 30 15:26:59.087405 dv-cinder-778907-3-smb devstack@c-api.service[99864]: INFO cinder.api.openstack.wsgi [None req-535a4502-13b0-4e19-876b-d16580ceaf4b tempest-GroupsV320Test-1643423293 tempest-GroupsV320Test-1643423293-project-admin] POST http://10.222.0.10/volume/v3/9659538aa31944e191cfb45b5102cbc7/groups/e7522a89-abac-4d0d-adc0-7d8d304506a9/action
Jul 30 15:26:59.087920 dv-cinder-778907-3-smb devstack@c-api.service[99864]: /usr/local/lib/python3.8/dist-packages/webob/acceptparse.py:1047: DeprecationWarning: The behavior of AcceptValidHeader.best_match is currently being maintained for backward compatibility, but it will be deprecated in the future, as it does not conform to the RFC.
Jul 30 15:26:59.087920 dv-cinder-778907-3-smb devstack@c-api.service[99864]: warnings.warn(
Jul 30 15:26:59.088305 dv-cinder-778907-3-smb devstack@c-api.service[99864]: DEBUG cinder.api.openstack.wsgi [None req-535a4502-13b0-4e19-876b-d16580ceaf4b tempest-GroupsV320Test-1643423293 tempest-GroupsV320Test-1643423293-project-admin] Action body: b'{"reset_status": {"status": "creating"}}' {{(pid=99864) get_method /opt/stack/cinder/cinder/api/openstack/wsgi.py:971}}
Jul 30 15:26:59.088633 dv-cinder-778907-3-smb devstack@c-api.service[99864]: DEBUG cinder.api.openstack.wsgi [None req-535a4502-13b0-4e19-876b-d16580ceaf4b tempest-GroupsV320Test-1643423293 tempest-GroupsV320Test-1643423293-project-admin] Action: 'action', calling method: version_select, body: {"reset_status": {"status": "creating"}} {{(pid=99864) _process_stack /opt/stack/cinder/cinder/api/openstack/wsgi.py:854}}
Jul 30 15:26:59.089557 dv-cinder-778907-3-smb devstack@c-api.service[99864]: DEBUG cinder.api.v3.groups [None req-535a4502-13b0-4e19-876b-d16580ceaf4b tempest-GroupsV320Test-1643423293 tempest-GroupsV320Test-1643423293-project-admin] Updating group 'e7522a89-abac-4d0d-adc0-7d8d304506a9' with 'creating' {{(pid=99864) _reset_status /opt/stack/cinder/cinder/api/v3/groups.py:82}}
Jul 30 15:26:59.106199 dv-cinder-778907-3-smb devstack@c-api.service[99864]: /usr/local/lib/python3.8/dist-packages/oslo_context/context.py:105: DeprecationWarning: Policy enforcement is depending on the value of is_admin. This key is deprecated. Please update your policy file to use the standard policy values.
Jul 30 15:26:59.106199 dv-cinder-778907-3-smb devstack@c-api.service[99864]: warnings.warn('Policy enforcement is depending on the value of '
Jul 30 15:26:59.134457 dv-cinder-778907-3-smb devstack@c-api.service[99864]: INFO cinder.api.openstack.wsgi [None req-535a4502-13b0-4e19-876b-d16580ceaf4b tempest-GroupsV320Test-1643423293 tempest-GroupsV320Test-1643423293-project-admin] http://10.222.0.10/volume/v3/9659538aa31944e191cfb45b5102cbc7/groups/e7522a89-abac-4d0d-adc0-7d8d304506a9/action returned with HTTP 202
Jul 30 15:26:59.135778 dv-cinder-778907-3-smb devstack@c-api.service[99864]: [pid: 99864|app: 0|req: 33/64] 10.222.0.10 () {62 vars in 1405 bytes} [Fri Jul 30 15:26:59 2021] POST /volume/v3/9659538aa31944e191cfb45b5102cbc7/groups/e7522a89-abac-4d0d-adc0-7d8d304506a9/action => generated 0 bytes in 53 msecs (HTTP/1.1 202) 6 headers in 234 bytes (2 switches on core 0)
Jul 30 15:26:59.144080 dv-cinder-778907-3-smb devstack@c-api.service[99863]: INFO cinder.api.openstack.wsgi [None req-65679140-2250-49b5-8269-a5270aaf5d63 tempest-GroupsV320Test-1100413286 tempest-GroupsV320Test-1100413286-project] GET http://10.222.0.10/volume/v3/40f302ae467d40188d76203d5b1d4e7a/groups/e7522a89-abac-4d0d-adc0-7d8d304506a9
Jul 30 15:26:59.144577 dv-cinder-778907-3-smb devstack@c-api.service[99863]: DEBUG cinder.api.openstack.wsgi [None req-65679140-2250-49b5-8269-a5270aaf5d63 tempest-GroupsV320Test-1100413286 tempest-GroupsV320Test-1100413286-project] Empty body provided in request {{(pid=99863) get_body /opt/stack/cinder/cinder/api/openstack/wsgi.py:703}}
Jul 30 15:26:59.144748 dv-cinder-778907-3-smb devstack@c-api.service[99863]: /usr/local/lib/python3.8/dist-packages/webob/acceptparse.py:1047: DeprecationWarning: The behavior of AcceptValidHeader.best_match is currently being maintained for backward compatibility, but it will be deprecated in the future, as it does not conform to the RFC.
Jul 30 15:26:59.144748 dv-cinder-778907-3-smb devstack@c-api.service[99863]: warnings.warn(
