Jul 22 22:11:42.825908 dv-cinder-778534-6-iscsi devstack@n-api.service[107438]: DEBUG nova.api.openstack.wsgi_app [-] profiler.connection_string = messaging:// {{(pid=107438) log_opt_values /usr/local/lib/python3.8/dist-packages/oslo_config/cfg.py:2609}}
Jul 22 22:11:42.826229 dv-cinder-778534-6-iscsi devstack@n-api.service[107438]: DEBUG nova.api.openstack.wsgi_app [-] profiler.enabled = False {{(pid=107438) log_opt_values /usr/local/lib/python3.8/dist-packages/oslo_config/cfg.py:2609}}
Jul 22 22:11:42.826735 dv-cinder-778534-6-iscsi devstack@n-api.service[107438]: DEBUG nova.api.openstack.wsgi_app [-] profiler.es_doc_type = notification {{(pid=107438) log_opt_values /usr/local/lib/python3.8/dist-packages/oslo_config/cfg.py:2609}}
Jul 22 22:11:42.826853 dv-cinder-778534-6-iscsi devstack@n-api.service[107438]: DEBUG nova.api.openstack.wsgi_app [-] profiler.es_scroll_size = 10000 {{(pid=107438) log_opt_values /usr/local/lib/python3.8/dist-packages/oslo_config/cfg.py:2609}}
Jul 22 22:11:42.827183 dv-cinder-778534-6-iscsi devstack@n-api.service[107438]: DEBUG nova.api.openstack.wsgi_app [-] profiler.es_scroll_time = 2m {{(pid=107438) log_opt_values /usr/local/lib/python3.8/dist-packages/oslo_config/cfg.py:2609}}
Jul 22 22:11:42.827543 dv-cinder-778534-6-iscsi devstack@n-api.service[107438]: DEBUG nova.api.openstack.wsgi_app [-] profiler.filter_error_trace = False {{(pid=107438) log_opt_values /usr/local/lib/python3.8/dist-packages/oslo_config/cfg.py:2609}}
Jul 22 22:11:42.828363 dv-cinder-778534-6-iscsi devstack@n-api.service[107438]: DEBUG nova.api.openstack.wsgi_app [-] profiler.hmac_keys = SECRET_KEY {{(pid=107438) log_opt_values /usr/local/lib/python3.8/dist-packages/oslo_config/cfg.py:2609}}
Jul 22 22:11:42.828681 dv-cinder-778534-6-iscsi devstack@n-api.service[107438]: DEBUG nova.api.openstack.wsgi_app [-] profiler.sentinel_service_name = mymaster {{(pid=107438) log_opt_values /usr/local/lib/python3.8/dist-packages/oslo_config/cfg.py:2609}}
Jul 22 22:11:42.829057 dv-cinder-778534-6-iscsi devstack@n-api.service[107438]: DEBUG nova.api.openstack.wsgi_app [-] profiler.socket_timeout = 0.1 {{(pid=107438) log_opt_values /usr/local/lib/python3.8/dist-packages/oslo_config/cfg.py:2609}}
Jul 22 22:11:42.829306 dv-cinder-778534-6-iscsi devstack@n-api.service[107438]: DEBUG nova.api.openstack.wsgi_app [-] profiler.trace_sqlalchemy = False {{(pid=107438) log_opt_values /usr/local/lib/python3.8/dist-packages/oslo_config/cfg.py:2609}}
Jul 22 22:11:42.829640 dv-cinder-778534-6-iscsi devstack@n-api.service[107438]: DEBUG nova.api.openstack.wsgi_app [-] oslo_messaging_rabbit.amqp_auto_delete = False {{(pid=107438) log_opt_values /usr/local/lib/python3.8/dist-packages/oslo_config/cfg.py:2609}}
Jul 22 22:11:42.829974 dv-cinder-778534-6-iscsi devstack@n-api.service[107438]: DEBUG nova.api.openstack.wsgi_app [-] oslo_messaging_rabbit.amqp_durable_queues = False {{(pid=107438) log_opt_values /usr/local/lib/python3.8/dist-packages/oslo_config/cfg.py:2609}}
Jul 22 22:11:42.830296 dv-cinder-778534-6-iscsi devstack@n-api.service[107438]: DEBUG nova.api.openstack.wsgi_app [-] oslo_messaging_rabbit.conn_pool_min_size = 2 {{(pid=107438) log_opt_values /usr/local/lib/python3.8/dist-packages/oslo_config/cfg.py:2609}}
Jul 22 22:11:42.830612 dv-cinder-778534-6-iscsi devstack@n-api.service[107438]: DEBUG nova.api.openstack.wsgi_app [-] oslo_messaging_rabbit.conn_pool_ttl = 1200 {{(pid=107438) log_opt_values /usr/local/lib/python3.8/dist-packages/oslo_config/cfg.py:2609}}
Jul 22 22:11:42.830918 dv-cinder-778534-6-iscsi devstack@n-api.service[107438]: DEBUG nova.api.openstack.wsgi_app [-] oslo_messaging_rabbit.direct_mandatory_flag = True {{(pid=107438) log_opt_values /usr/local/lib/python3.8/dist-packages/oslo_config/cfg.py:2609}}
Jul 22 22:11:42.831232 dv-cinder-778534-6-iscsi devstack@n-api.service[107438]: DEBUG nova.api.openstack.wsgi_app [-] oslo_messaging_rabbit.enable_cancel_on_failover = False {{(pid=107438) log_opt_values /usr/local/lib/python3.8/dist-packages/oslo_config/cfg.py:2609}}
Jul 22 22:11:42.831541 dv-cinder-778534-6-iscsi devstack@n-api.service[107438]: DEBUG nova.api.openstack.wsgi_app [-] oslo_messaging_rabbit.heartbeat_in_pthread = True {{(pid=107438) log_opt_values /usr/local/lib/python3.8/dist-packages/oslo_config/cfg.py:2609}}
Jul 22 22:11:42.831868 dv-cinder-778534-6-iscsi devstack@n-api.service[107438]: DEBUG nova.api.openstack.wsgi_app [-] oslo_messaging_rabbit.heartbeat_rate = 3 {{(pid=107438) log_opt_values /usr/local/lib/python3.8/dist-packages/oslo_config/cfg.py:2609}}
Jul 22 22:11:42.832194 dv-cinder-778534-6-iscsi devstack@n-api.service[107438]: DEBUG nova.api.openstack.wsgi_app [-] oslo_messaging_rabbit.heartbeat_timeout_threshold = 600 {{(pid=107438) log_opt_values /usr/local/lib/python3.8/dist-packages/oslo_config/cfg.py:2609}}
Jul 22 22:11:42.832306 dv-cinder-778534-6-iscsi devstack@n-api.service[107439]: DEBUG oslo_db.sqlalchemy.engines [None req-66f69221-a393-4bb2-9cad-676e621a9177 None None] MySQL server mode set to STRICT_TRANS_TABLES,STRICT_ALL_TABLES,NO_ZERO_IN_DATE,NO_ZERO_DATE,ERROR_FOR_DIVISION_BY_ZERO,TRADITIONAL,NO_ENGINE_SUBSTITUTION {{(pid=107439) _check_effective_sql_mode /usr/local/lib/python3.8/dist-packages/oslo_db/sqlalchemy/engines.py:314}}
Jul 22 22:11:42.832496 dv-cinder-778534-6-iscsi devstack@n-api.service[107438]: DEBUG nova.api.openstack.wsgi_app [-] oslo_messaging_rabbit.kombu_compression = None {{(pid=107438) log_opt_values /usr/local/lib/python3.8/dist-packages/oslo_config/cfg.py:2609}}
Jul 22 22:11:42.832821 dv-cinder-778534-6-iscsi devstack@n-api.service[107438]: DEBUG nova.api.openstack.wsgi_app [-] oslo_messaging_rabbit.kombu_failover_strategy = round-robin {{(pid=107438) log_opt_values /usr/local/lib/python3.8/dist-packages/oslo_config/cfg.py:2609}}
Jul 22 22:11:42.833138 dv-cinder-778534-6-iscsi devstack@n-api.service[107438]: DEBUG nova.api.openstack.wsgi_app [-] oslo_messaging_rabbit.kombu_missing_consumer_retry_timeout = 60 {{(pid=107438) log_opt_values /usr/local/lib/python3.8/dist-packages/oslo_config/cfg.py:2609}}
Jul 22 22:11:42.833461 dv-cinder-778534-6-iscsi devstack@n-api.service[107438]: DEBUG nova.api.openstack.wsgi_app [-] oslo_messaging_rabbit.kombu_reconnect_delay = 1.0 {{(pid=107438) log_opt_values /usr/local/lib/python3.8/dist-packages/oslo_config/cfg.py:2609}}
Jul 22 22:11:42.833780 dv-cinder-778534-6-iscsi devstack@n-api.service[107438]: DEBUG nova.api.openstack.wsgi_app [-] oslo_messaging_rabbit.rabbit_ha_queues = False {{(pid=107438) log_opt_values /usr/local/lib/python3.8/dist-packages/oslo_config/cfg.py:2609}}
Jul 22 22:11:42.834114 dv-cinder-778534-6-iscsi devstack@n-api.service[107438]: DEBUG nova.api.openstack.wsgi_app [-] oslo_messaging_rabbit.rabbit_interval_max = 30 {{(pid=107438) log_opt_values /usr/local/lib/python3.8/dist-packages/oslo_config/cfg.py:2609}}
Jul 22 22:11:42.834450 dv-cinder-778534-6-iscsi devstack@n-api.service[107438]: DEBUG nova.api.openstack.wsgi_app [-] oslo_messaging_rabbit.rabbit_login_method = AMQPLAIN {{(pid=107438) log_opt_values /usr/local/lib/python3.8/dist-packages/oslo_config/cfg.py:2609}}
Jul 22 22:11:42.834764 dv-cinder-778534-6-iscsi devstack@n-api.service[107438]: DEBUG nova.api.openstack.wsgi_app [-] oslo_messaging_rabbit.rabbit_qos_prefetch_count = 0 {{(pid=107438) log_opt_values /usr/local/lib/python3.8/dist-packages/oslo_config/cfg.py:2609}}
Jul 22 22:11:42.835081 dv-cinder-778534-6-iscsi devstack@n-api.service[107438]: DEBUG nova.api.openstack.wsgi_app [-] oslo_messaging_rabbit.rabbit_retry_backoff = 2 {{(pid=107438) log_opt_values /usr/local/lib/python3.8/dist-packages/oslo_config/cfg.py:2609}}
Jul 22 22:11:42.835396 dv-cinder-778534-6-iscsi devstack@n-api.service[107438]: DEBUG nova.api.openstack.wsgi_app [-] oslo_messaging_rabbit.rabbit_retry_interval = 1 {{(pid=107438) log_opt_values /usr/local/lib/python3.8/dist-packages/oslo_config/cfg.py:2609}}
Jul 22 22:11:42.835709 dv-cinder-778534-6-iscsi devstack@n-api.service[107438]: DEBUG nova.api.openstack.wsgi_app [-] oslo_messaging_rabbit.rabbit_transient_queues_ttl = 1800 {{(pid=107438) log_opt_values /usr/local/lib/python3.8/dist-packages/oslo_config/cfg.py:2609}}
Jul 22 22:11:42.836029 dv-cinder-778534-6-iscsi devstack@n-api.service[107438]: DEBUG nova.api.openstack.wsgi_app [-] oslo_messaging_rabbit.rpc_conn_pool_size = 30 {{(pid=107438) log_opt_values /usr/local/lib/python3.8/dist-packages/oslo_config/cfg.py:2609}}
Jul 22 22:11:42.836346 dv-cinder-778534-6-iscsi devstack@n-api.service[107438]: DEBUG nova.api.openstack.wsgi_app [-] oslo_messaging_rabbit.ssl = False {{(pid=107438) log_opt_values /usr/local/lib/python3.8/dist-packages/oslo_config/cfg.py:2609}}
Jul 22 22:11:42.836674 dv-cinder-778534-6-iscsi devstack@n-api.service[107438]: DEBUG nova.api.openstack.wsgi_app [-] oslo_messaging_rabbit.ssl_ca_file = {{(pid=107438) log_opt_values /usr/local/lib/python3.8/dist-packages/oslo_config/cfg.py:2609}}
Jul 22 22:11:42.837003 dv-cinder-778534-6-iscsi devstack@n-api.service[107438]: DEBUG nova.api.openstack.wsgi_app [-] oslo_messaging_rabbit.ssl_cert_file = {{(pid=107438) log_opt_values /usr/local/lib/python3.8/dist-packages/oslo_config/cfg.py:2609}}
Jul 22 22:11:42.837334 dv-cinder-778534-6-iscsi devstack@n-api.service[107438]: DEBUG nova.api.openstack.wsgi_app [-] oslo_messaging_rabbit.ssl_key_file = {{(pid=107438) log_opt_values /usr/local/lib/python3.8/dist-packages/oslo_config/cfg.py:2609}}
Jul 22 22:11:42.837673 dv-cinder-778534-6-iscsi devstack@n-api.service[107438]: DEBUG nova.api.openstack.wsgi_app [-] oslo_messaging_rabbit.ssl_version = {{(pid=107438) log_opt_values /usr/local/lib/python3.8/dist-packages/oslo_config/cfg.py:2609}}
Jul 22 22:11:42.838070 dv-cinder-778534-6-iscsi devstack@n-api.service[107438]: DEBUG nova.api.openstack.wsgi_app [-] oslo_messaging_notifications.driver = ['messagingv2'] {{(pid=107438) log_opt_values /usr/local/lib/python3.8/dist-packages/oslo_config/cfg.py:2609}}
Jul 22 22:11:42.838394 dv-cinder-778534-6-iscsi devstack@n-api.service[107438]: DEBUG nova.api.openstack.wsgi_app [-] oslo_messaging_notifications.retry = -1 {{(pid=107438) log_opt_values /usr/local/lib/python3.8/dist-packages/oslo_config/cfg.py:2609}}
Jul 22 22:11:42.838743 dv-cinder-778534-6-iscsi devstack@n-api.service[107438]: DEBUG nova.api.openstack.wsgi_app [-] oslo_messaging_notifications.topics = ['notifications'] {{(pid=107438) log_opt_values /usr/local/lib/python3.8/dist-packages/oslo_config/cfg.py:2609}}
Jul 22 22:11:42.839074 dv-cinder-778534-6-iscsi devstack@n-api.service[107438]: DEBUG nova.api.openstack.wsgi_app [-] oslo_messaging_notifications.transport_url = **** {{(pid=107438) log_opt_values /usr/local/lib/python3.8/dist-packages/oslo_config/cfg.py:2609}}
Jul 22 22:11:42.839320 dv-cinder-778534-6-iscsi devstack@n-api.service[107438]: DEBUG nova.api.openstack.wsgi_app [-] ******************************************************************************** {{(pid=107438) log_opt_values /usr/local/lib/python3.8/dist-packages/oslo_config/cfg.py:2613}}
Jul 22 22:11:42.862730 dv-cinder-778534-6-iscsi devstack@n-api.service[107438]: DEBUG oslo_db.sqlalchemy.engines [None req-9253b478-c6c3-41f1-88e8-9f4e6f555124 None None] MySQL server mode set to STRICT_TRANS_TABLES,STRICT_ALL_TABLES,NO_ZERO_IN_DATE,NO_ZERO_DATE,ERROR_FOR_DIVISION_BY_ZERO,TRADITIONAL,NO_ENGINE_SUBSTITUTION {{(pid=107438) _check_effective_sql_mode /usr/local/lib/python3.8/dist-packages/oslo_db/sqlalchemy/engines.py:314}}
Jul 22 22:11:43.003416 dv-cinder-778534-6-iscsi devstack@n-api.service[107439]: DEBUG nova.context [None req-66f69221-a393-4bb2-9cad-676e621a9177 None None] Found 2 cells: 00000000-0000-0000-0000-000000000000(cell0),4356514d-0a18-4196-9459-558710295f6a(cell1) {{(pid=107439) load_cells /opt/stack/nova/nova/context.py:464}}
Jul 22 22:11:43.008113 dv-cinder-778534-6-iscsi devstack@n-api.service[107439]: DEBUG oslo_concurrency.lockutils [None req-66f69221-a393-4bb2-9cad-676e621a9177 None None] Lock "00000000-0000-0000-0000-000000000000" acquired by "nova.context.set_target_cell..get_or_set_cached_cell_and_set_connections" :: waited 0.000s {{(pid=107439) inner /usr/local/lib/python3.8/dist-packages/oslo_concurrency/lockutils.py:355}}
Jul 22 22:11:43.009730 dv-cinder-778534-6-iscsi devstack@n-api.service[107439]: DEBUG oslo_concurrency.lockutils [None req-66f69221-a393-4bb2-9cad-676e621a9177 None None] Lock "00000000-0000-0000-0000-000000000000" released by "nova.context.set_target_cell..get_or_set_cached_cell_and_set_connections" :: held 0.002s {{(pid=107439) inner /usr/local/lib/python3.8/dist-packages/oslo_concurrency/lockutils.py:367}}
Jul 22 22:11:43.010582 dv-cinder-778534-6-iscsi devstack@n-api.service[107439]: DEBUG oslo_concurrency.lockutils [None req-66f69221-a393-4bb2-9cad-676e621a9177 None None] Lock "4356514d-0a18-4196-9459-558710295f6a" acquired by "nova.context.set_target_cell..get_or_set_cached_cell_and_set_connections" :: waited 0.000s {{(pid=107439) inner /usr/local/lib/python3.8/dist-packages/oslo_concurrency/lockutils.py:355}}
Jul 22 22:11:43.012556 dv-cinder-778534-6-iscsi devstack@n-api.service[107439]: DEBUG oslo_concurrency.lockutils [None req-66f69221-a393-4bb2-9cad-676e621a9177 None None] Lock "4356514d-0a18-4196-9459-558710295f6a" released by "nova.context.set_target_cell..get_or_set_cached_cell_and_set_connections" :: held 0.002s {{(pid=107439) inner /usr/local/lib/python3.8/dist-packages/oslo_concurrency/lockutils.py:367}}
Jul 22 22:11:43.024083 dv-cinder-778534-6-iscsi devstack@n-api.service[107439]: DEBUG oslo_db.sqlalchemy.engines [None req-66f69221-a393-4bb2-9cad-676e621a9177 None None] MySQL server mode set to STRICT_TRANS_TABLES,STRICT_ALL_TABLES,NO_ZERO_IN_DATE,NO_ZERO_DATE,ERROR_FOR_DIVISION_BY_ZERO,TRADITIONAL,NO_ENGINE_SUBSTITUTION {{(pid=107439) _check_effective_sql_mode /usr/local/lib/python3.8/dist-packages/oslo_db/sqlalchemy/engines.py:314}}
Jul 22 22:11:43.024944 dv-cinder-778534-6-iscsi devstack@n-api.service[107439]: DEBUG oslo_db.sqlalchemy.engines [None req-66f69221-a393-4bb2-9cad-676e621a9177 None None] MySQL server mode set to STRICT_TRANS_TABLES,STRICT_ALL_TABLES,NO_ZERO_IN_DATE,NO_ZERO_DATE,ERROR_FOR_DIVISION_BY_ZERO,TRADITIONAL,NO_ENGINE_SUBSTITUTION {{(pid=107439) _check_effective_sql_mode /usr/local/lib/python3.8/dist-packages/oslo_db/sqlalchemy/engines.py:314}}
Jul 22 22:11:43.032475 dv-cinder-778534-6-iscsi devstack@n-api.service[107438]: DEBUG nova.context [None req-9253b478-c6c3-41f1-88e8-9f4e6f555124 None None] Found 2 cells: 00000000-0000-0000-0000-000000000000(cell0),4356514d-0a18-4196-9459-558710295f6a(cell1) {{(pid=107438) load_cells /opt/stack/nova/nova/context.py:464}}
Jul 22 22:11:43.036993 dv-cinder-778534-6-iscsi devstack@n-api.service[107438]: DEBUG oslo_concurrency.lockutils [None req-9253b478-c6c3-41f1-88e8-9f4e6f555124 None None] Lock "00000000-0000-0000-0000-000000000000" acquired by "nova.context.set_target_cell..get_or_set_cached_cell_and_set_connections" :: waited 0.000s {{(pid=107438) inner /usr/local/lib/python3.8/dist-packages/oslo_concurrency/lockutils.py:355}}
Jul 22 22:11:43.038661 dv-cinder-778534-6-iscsi devstack@n-api.service[107438]: DEBUG oslo_concurrency.lockutils [None req-9253b478-c6c3-41f1-88e8-9f4e6f555124 None None] Lock "00000000-0000-0000-0000-000000000000" released by "nova.context.set_target_cell..get_or_set_cached_cell_and_set_connections" :: held 0.002s {{(pid=107438) inner /usr/local/lib/python3.8/dist-packages/oslo_concurrency/lockutils.py:367}}
Jul 22 22:11:43.039493 dv-cinder-778534-6-iscsi devstack@n-api.service[107438]: DEBUG oslo_concurrency.lockutils [None req-9253b478-c6c3-41f1-88e8-9f4e6f555124 None None] Lock "4356514d-0a18-4196-9459-558710295f6a" acquired by "nova.context.set_target_cell..get_or_set_cached_cell_and_set_connections" :: waited 0.000s {{(pid=107438) inner /usr/local/lib/python3.8/dist-packages/oslo_concurrency/lockutils.py:355}}
Jul 22 22:11:43.041515 dv-cinder-778534-6-iscsi devstack@n-api.service[107438]: DEBUG oslo_concurrency.lockutils [None req-9253b478-c6c3-41f1-88e8-9f4e6f555124 None None] Lock "4356514d-0a18-4196-9459-558710295f6a" released by "nova.context.set_target_cell..get_or_set_cached_cell_and_set_connections" :: held 0.002s {{(pid=107438) inner /usr/local/lib/python3.8/dist-packages/oslo_concurrency/lockutils.py:367}}
Jul 22 22:11:43.052618 dv-cinder-778534-6-iscsi devstack@n-api.service[107438]: DEBUG oslo_db.sqlalchemy.engines [None req-9253b478-c6c3-41f1-88e8-9f4e6f555124 None None] MySQL server mode set to STRICT_TRANS_TABLES,STRICT_ALL_TABLES,NO_ZERO_IN_DATE,NO_ZERO_DATE,ERROR_FOR_DIVISION_BY_ZERO,TRADITIONAL,NO_ENGINE_SUBSTITUTION {{(pid=107438) _check_effective_sql_mode /usr/local/lib/python3.8/dist-packages/oslo_db/sqlalchemy/engines.py:314}}
Jul 22 22:11:43.054035 dv-cinder-778534-6-iscsi devstack@n-api.service[107438]: DEBUG oslo_db.sqlalchemy.engines [None req-9253b478-c6c3-41f1-88e8-9f4e6f555124 None None] MySQL server mode set to STRICT_TRANS_TABLES,STRICT_ALL_TABLES,NO_ZERO_IN_DATE,NO_ZERO_DATE,ERROR_FOR_DIVISION_BY_ZERO,TRADITIONAL,NO_ENGINE_SUBSTITUTION {{(pid=107438) _check_effective_sql_mode /usr/local/lib/python3.8/dist-packages/oslo_db/sqlalchemy/engines.py:314}}
Jul 22 22:11:43.288263 dv-cinder-778534-6-iscsi devstack@n-api.service[107439]: DEBUG oslo_db.sqlalchemy.engines [None req-66f69221-a393-4bb2-9cad-676e621a9177 None None] MySQL server mode set to STRICT_TRANS_TABLES,STRICT_ALL_TABLES,NO_ZERO_IN_DATE,NO_ZERO_DATE,ERROR_FOR_DIVISION_BY_ZERO,TRADITIONAL,NO_ENGINE_SUBSTITUTION {{(pid=107439) _check_effective_sql_mode /usr/local/lib/python3.8/dist-packages/oslo_db/sqlalchemy/engines.py:314}}
Jul 22 22:11:43.316960 dv-cinder-778534-6-iscsi devstack@n-api.service[107438]: DEBUG oslo_db.sqlalchemy.engines [None req-9253b478-c6c3-41f1-88e8-9f4e6f555124 None None] MySQL server mode set to STRICT_TRANS_TABLES,STRICT_ALL_TABLES,NO_ZERO_IN_DATE,NO_ZERO_DATE,ERROR_FOR_DIVISION_BY_ZERO,TRADITIONAL,NO_ENGINE_SUBSTITUTION {{(pid=107438) _check_effective_sql_mode /usr/local/lib/python3.8/dist-packages/oslo_db/sqlalchemy/engines.py:314}}
Jul 22 22:11:43.618153 dv-cinder-778534-6-iscsi devstack@n-api.service[107439]: WARNING keystonemiddleware.auth_token [None req-66f69221-a393-4bb2-9cad-676e621a9177 None None] AuthToken middleware is set with keystone_authtoken.service_token_roles_required set to False. This is backwards compatible but deprecated behaviour. Please set this to True.
Jul 22 22:11:43.625308 dv-cinder-778534-6-iscsi devstack@n-api.service[107439]: WARNING keystonemiddleware.auth_token [None req-66f69221-a393-4bb2-9cad-676e621a9177 None None] Configuring www_authenticate_uri to point to the public identity endpoint is required; clients may not be able to authenticate against an admin endpoint
Jul 22 22:11:43.644766 dv-cinder-778534-6-iscsi devstack@n-api.service[107438]: WARNING keystonemiddleware.auth_token [None req-9253b478-c6c3-41f1-88e8-9f4e6f555124 None None] AuthToken middleware is set with keystone_authtoken.service_token_roles_required set to False. This is backwards compatible but deprecated behaviour. Please set this to True.
Jul 22 22:11:43.651957 dv-cinder-778534-6-iscsi devstack@n-api.service[107438]: WARNING keystonemiddleware.auth_token [None req-9253b478-c6c3-41f1-88e8-9f4e6f555124 None None] Configuring www_authenticate_uri to point to the public identity endpoint is required; clients may not be able to authenticate against an admin endpoint
Jul 22 22:11:43.981145 dv-cinder-778534-6-iscsi devstack@n-api.service[107439]: WARNING keystonemiddleware.auth_token [None req-66f69221-a393-4bb2-9cad-676e621a9177 None None] AuthToken middleware is set with keystone_authtoken.service_token_roles_required set to False. This is backwards compatible but deprecated behaviour. Please set this to True.
Jul 22 22:11:43.986672 dv-cinder-778534-6-iscsi devstack@n-api.service[107439]: WARNING keystonemiddleware.auth_token [None req-66f69221-a393-4bb2-9cad-676e621a9177 None None] Configuring www_authenticate_uri to point to the public identity endpoint is required; clients may not be able to authenticate against an admin endpoint
Jul 22 22:11:43.991943 dv-cinder-778534-6-iscsi devstack@n-api.service[107439]: WSGI app 0 (mountpoint='') ready in 5 seconds on interpreter 0x55e8660299c0 pid: 107439 (default app)
Jul 22 22:11:44.002231 dv-cinder-778534-6-iscsi devstack@n-api.service[107438]: WARNING keystonemiddleware.auth_token [None req-9253b478-c6c3-41f1-88e8-9f4e6f555124 None None] AuthToken middleware is set with keystone_authtoken.service_token_roles_required set to False. This is backwards compatible but deprecated behaviour. Please set this to True.
Jul 22 22:11:44.007807 dv-cinder-778534-6-iscsi devstack@n-api.service[107438]: WARNING keystonemiddleware.auth_token [None req-9253b478-c6c3-41f1-88e8-9f4e6f555124 None None] Configuring www_authenticate_uri to point to the public identity endpoint is required; clients may not be able to authenticate against an admin endpoint
Jul 22 22:11:44.013537 dv-cinder-778534-6-iscsi devstack@n-api.service[107438]: WSGI app 0 (mountpoint='') ready in 6 seconds on interpreter 0x55e8660299c0 pid: 107438 (default app)
Jul 22 22:12:16.740761 dv-cinder-778534-6-iscsi devstack@n-api.service[107439]: DEBUG nova.api.openstack.wsgi [None req-e3a86fcd-c607-4fb3-86a9-365991f10638 tempest-DeleteServersTestJSON-1300090448 tempest-DeleteServersTestJSON-1300090448-project] Action: 'create', calling method: >, body: {"server": {"name": "tempest-DeleteServersTestJSON-server-838387829", "imageRef": "50fcdfad-2d1d-47da-b5fa-2e1017991645", "flavorRef": "452", "networks": [{"uuid": "3bfdd55a-3e8a-443d-b799-4bae915e85df"}]}} {{(pid=107439) _process_stack /opt/stack/nova/nova/api/openstack/wsgi.py:511}}
Jul 22 22:12:17.495798 dv-cinder-778534-6-iscsi devstack@n-api.service[107439]: DEBUG nova.network.neutron [None req-e3a86fcd-c607-4fb3-86a9-365991f10638 tempest-DeleteServersTestJSON-1300090448 tempest-DeleteServersTestJSON-1300090448-project] validate_networks() for [('3bfdd55a-3e8a-443d-b799-4bae915e85df', None, None, None)] {{(pid=107439) validate_networks /opt/stack/nova/nova/network/neutron.py:2255}}
Jul 22 22:12:19.587850 dv-cinder-778534-6-iscsi devstack@n-api.service[107439]: DEBUG nova.virt.hardware [None req-e3a86fcd-c607-4fb3-86a9-365991f10638 tempest-DeleteServersTestJSON-1300090448 tempest-DeleteServersTestJSON-1300090448-project] Flavor limits 0:0:0 {{(pid=107439) get_cpu_topology_constraints /opt/stack/nova/nova/virt/hardware.py:343}}
Jul 22 22:12:19.588939 dv-cinder-778534-6-iscsi devstack@n-api.service[107439]: DEBUG nova.virt.hardware [None req-e3a86fcd-c607-4fb3-86a9-365991f10638 tempest-DeleteServersTestJSON-1300090448 tempest-DeleteServersTestJSON-1300090448-project] Image limits 0:0:0 {{(pid=107439) get_cpu_topology_constraints /opt/stack/nova/nova/virt/hardware.py:347}}
Jul 22 22:12:19.590592 dv-cinder-778534-6-iscsi devstack@n-api.service[107439]: DEBUG nova.virt.hardware [None req-e3a86fcd-c607-4fb3-86a9-365991f10638 tempest-DeleteServersTestJSON-1300090448 tempest-DeleteServersTestJSON-1300090448-project] Flavor pref 0:0:0 {{(pid=107439) get_cpu_topology_constraints /opt/stack/nova/nova/virt/hardware.py:383}}
Jul 22 22:12:19.591084 dv-cinder-778534-6-iscsi devstack@n-api.service[107439]: DEBUG nova.virt.hardware [None req-e3a86fcd-c607-4fb3-86a9-365991f10638 tempest-DeleteServersTestJSON-1300090448 tempest-DeleteServersTestJSON-1300090448-project] Image pref 0:0:0 {{(pid=107439) get_cpu_topology_constraints /opt/stack/nova/nova/virt/hardware.py:387}}
Jul 22 22:12:19.592702 dv-cinder-778534-6-iscsi devstack@n-api.service[107439]: DEBUG nova.virt.hardware [None req-e3a86fcd-c607-4fb3-86a9-365991f10638 tempest-DeleteServersTestJSON-1300090448 tempest-DeleteServersTestJSON-1300090448-project] Chose sockets=0, cores=0, threads=0; limits were sockets=65536, cores=65536, threads=65536 {{(pid=107439) get_cpu_topology_constraints /opt/stack/nova/nova/virt/hardware.py:425}}
Jul 22 22:12:19.631399 dv-cinder-778534-6-iscsi devstack@n-api.service[107439]: DEBUG oslo_concurrency.lockutils [None req-e3a86fcd-c607-4fb3-86a9-365991f10638 tempest-DeleteServersTestJSON-1300090448 tempest-DeleteServersTestJSON-1300090448-project] Lock "00000000-0000-0000-0000-000000000000" acquired by "nova.context.set_target_cell..get_or_set_cached_cell_and_set_connections" :: waited 0.000s {{(pid=107439) inner /usr/local/lib/python3.8/dist-packages/oslo_concurrency/lockutils.py:355}}
Jul 22 22:12:19.631851 dv-cinder-778534-6-iscsi devstack@n-api.service[107439]: DEBUG oslo_concurrency.lockutils [None req-e3a86fcd-c607-4fb3-86a9-365991f10638 tempest-DeleteServersTestJSON-1300090448 tempest-DeleteServersTestJSON-1300090448-project] Lock "00000000-0000-0000-0000-000000000000" released by "nova.context.set_target_cell..get_or_set_cached_cell_and_set_connections" :: held 0.002s {{(pid=107439) inner /usr/local/lib/python3.8/dist-packages/oslo_concurrency/lockutils.py:367}}
Jul 22 22:12:19.632645 dv-cinder-778534-6-iscsi devstack@n-api.service[107439]: DEBUG oslo_concurrency.lockutils [None req-e3a86fcd-c607-4fb3-86a9-365991f10638 tempest-DeleteServersTestJSON-1300090448 tempest-DeleteServersTestJSON-1300090448-project] Lock "4356514d-0a18-4196-9459-558710295f6a" acquired by "nova.context.set_target_cell..get_or_set_cached_cell_and_set_connections" :: waited 0.000s {{(pid=107439) inner /usr/local/lib/python3.8/dist-packages/oslo_concurrency/lockutils.py:355}}
Jul 22 22:12:19.633074 dv-cinder-778534-6-iscsi devstack@n-api.service[107439]: DEBUG oslo_concurrency.lockutils [None req-e3a86fcd-c607-4fb3-86a9-365991f10638 tempest-DeleteServersTestJSON-1300090448 tempest-DeleteServersTestJSON-1300090448-project] Lock "4356514d-0a18-4196-9459-558710295f6a" released by "nova.context.set_target_cell..get_or_set_cached_cell_and_set_connections" :: held 0.000s {{(pid=107439) inner /usr/local/lib/python3.8/dist-packages/oslo_concurrency/lockutils.py:367}}
Jul 22 22:12:19.708557 dv-cinder-778534-6-iscsi devstack@n-api.service[107439]: DEBUG nova.quota [None req-e3a86fcd-c607-4fb3-86a9-365991f10638 tempest-DeleteServersTestJSON-1300090448 tempest-DeleteServersTestJSON-1300090448-project] Getting quotas for project 8289819803e04a74b7f732c48374d1c8. Resources: {'cores', 'ram', 'instances'} {{(pid=107439) _get_quotas /opt/stack/nova/nova/quota.py:387}}
Jul 22 22:12:19.718431 dv-cinder-778534-6-iscsi devstack@n-api.service[107439]: DEBUG nova.quota [None req-e3a86fcd-c607-4fb3-86a9-365991f10638 tempest-DeleteServersTestJSON-1300090448 tempest-DeleteServersTestJSON-1300090448-project] Getting quotas for user 18552527a64542998f8b344cab9818a3 and project 8289819803e04a74b7f732c48374d1c8. Resources: {'cores', 'ram', 'instances'} {{(pid=107439) _get_quotas /opt/stack/nova/nova/quota.py:377}}
Jul 22 22:12:19.763050 dv-cinder-778534-6-iscsi devstack@n-api.service[107439]: DEBUG nova.compute.api [None req-e3a86fcd-c607-4fb3-86a9-365991f10638 tempest-DeleteServersTestJSON-1300090448 tempest-DeleteServersTestJSON-1300090448-project] Going to run 1 instances... {{(pid=107439) _provision_instances /opt/stack/nova/nova/compute/api.py:1280}}
Jul 22 22:12:19.767822 dv-cinder-778534-6-iscsi devstack@n-api.service[107439]: DEBUG nova.compute.api [None req-e3a86fcd-c607-4fb3-86a9-365991f10638 tempest-DeleteServersTestJSON-1300090448 tempest-DeleteServersTestJSON-1300090448-project] [instance: 25ddb676-384b-4a16-979a-be92a7728285] block_device_mapping [BlockDeviceMapping(attachment_id=,boot_index=0,connection_info=None,created_at=,delete_on_termination=True,deleted=,deleted_at=,destination_type='local',device_name=None,device_type='disk',disk_bus=None,guest_format=None,id=,image_id='50fcdfad-2d1d-47da-b5fa-2e1017991645',instance=,instance_uuid=,no_device=False,snapshot_id=None,source_type='image',tag=None,updated_at=,uuid=,volume_id=None,volume_size=None,volume_type=None)] {{(pid=107439) _bdm_validate_set_size_and_instance /opt/stack/nova/nova/compute/api.py:1685}}
Jul 22 22:12:19.932263 dv-cinder-778534-6-iscsi devstack@n-api.service[107439]: INFO nova.api.openstack.requestlog [None req-e3a86fcd-c607-4fb3-86a9-365991f10638 tempest-DeleteServersTestJSON-1300090448 tempest-DeleteServersTestJSON-1300090448-project] 10.222.0.63 "POST /compute/v2.1/servers" status: 202 len: 380 microversion: 2.1 time: 4.201608
Jul 22 22:12:19.935223 dv-cinder-778534-6-iscsi devstack@n-api.service[107439]: [pid: 107439|app: 0|req: 1/1] 10.222.0.63 () {60 vars in 1147 bytes} [Thu Jul 22 22:12:15 2021] POST /compute/v2.1/servers => generated 380 bytes in 4209 msecs (HTTP/1.1 202) 10 headers in 451 bytes (1 switches on core 0)
Jul 22 22:12:19.948050 dv-cinder-778534-6-iscsi devstack@n-api.service[107439]: DEBUG nova.api.openstack.wsgi [None req-50b58a05-ab5d-4414-8400-665e627450c6 tempest-DeleteServersTestJSON-1300090448 tempest-DeleteServersTestJSON-1300090448-project] Calling method '>' {{(pid=107439) _process_stack /opt/stack/nova/nova/api/openstack/wsgi.py:513}}
Jul 22 22:12:19.950235 dv-cinder-778534-6-iscsi devstack@n-api.service[107439]: DEBUG nova.compute.api [None req-50b58a05-ab5d-4414-8400-665e627450c6 tempest-DeleteServersTestJSON-1300090448 tempest-DeleteServersTestJSON-1300090448-project] [instance: 25ddb676-384b-4a16-979a-be92a7728285] Fetching instance by UUID {{(pid=107439) get /opt/stack/nova/nova/compute/api.py:2793}}
Jul 22 22:12:20.197878 dv-cinder-778534-6-iscsi devstack@n-api.service[107438]: DEBUG nova.api.openstack.wsgi [None req-6a4fd6fe-1e27-4e3d-9ce8-8e525dfe551c tempest-AttachVolumeNegativeTest-1034513433 tempest-AttachVolumeNegativeTest-1034513433-project] Action: 'create', calling method: >, body: {"server": {"name": "tempest-AttachVolumeNegativeTest-server-1478240775", "imageRef": "50fcdfad-2d1d-47da-b5fa-2e1017991645", "flavorRef": "452", "networks": [{"uuid": "0bdbf4a8-117a-4a03-ba2a-05c84a34fc23"}]}} {{(pid=107438) _process_stack /opt/stack/nova/nova/api/openstack/wsgi.py:511}}
Jul 22 22:12:20.225332 dv-cinder-778534-6-iscsi devstack@n-api.service[107439]: DEBUG nova.policy [None req-50b58a05-ab5d-4414-8400-665e627450c6 tempest-DeleteServersTestJSON-1300090448 tempest-DeleteServersTestJSON-1300090448-project] Policy check for os_compute_api:os-extended-server-attributes failed with credentials {'is_admin': False, 'user_id': '18552527a64542998f8b344cab9818a3', 'user_domain_id': 'default', 'system_scope': None, 'domain_id': None, 'project_id': '8289819803e04a74b7f732c48374d1c8', 'project_domain_id': 'default', 'roles': ['member', 'reader'], 'is_admin_project': True, 'service_user_id': None, 'service_user_domain_id': None, 'service_project_id': None, 'service_project_domain_id': None, 'service_roles': []} {{(pid=107439) authorize /opt/stack/nova/nova/policy.py:199}}
Jul 22 22:12:20.256697 dv-cinder-778534-6-iscsi devstack@n-api.service[107439]: INFO nova.api.openstack.requestlog [None req-50b58a05-ab5d-4414-8400-665e627450c6 tempest-DeleteServersTestJSON-1300090448 tempest-DeleteServersTestJSON-1300090448-project] 10.222.0.63 "GET /compute/v2.1/servers/25ddb676-384b-4a16-979a-be92a7728285" status: 200 len: 1214 microversion: 2.1 time: 0.313644
Jul 22 22:12:20.257282 dv-cinder-778534-6-iscsi devstack@n-api.service[107439]: [pid: 107439|app: 0|req: 2/2] 10.222.0.63 () {58 vars in 1236 bytes} [Thu Jul 22 22:12:19 2021] GET /compute/v2.1/servers/25ddb676-384b-4a16-979a-be92a7728285 => generated 1214 bytes in 316 msecs (HTTP/1.1 200) 9 headers in 358 bytes (1 switches on core 0)
Jul 22 22:12:20.687628 dv-cinder-778534-6-iscsi devstack@n-api.service[107438]: DEBUG nova.network.neutron [None req-6a4fd6fe-1e27-4e3d-9ce8-8e525dfe551c tempest-AttachVolumeNegativeTest-1034513433 tempest-AttachVolumeNegativeTest-1034513433-project] validate_networks() for [('0bdbf4a8-117a-4a03-ba2a-05c84a34fc23', None, None, None)] {{(pid=107438) validate_networks /opt/stack/nova/nova/network/neutron.py:2255}}
Jul 22 22:12:21.278095 dv-cinder-778534-6-iscsi devstack@n-api.service[107439]: DEBUG nova.api.openstack.wsgi [None req-f882fa67-00a4-4f97-a625-6596fdc5d927 tempest-DeleteServersTestJSON-1300090448 tempest-DeleteServersTestJSON-1300090448-project] Calling method '>' {{(pid=107439) _process_stack /opt/stack/nova/nova/api/openstack/wsgi.py:513}}
Jul 22 22:12:21.279512 dv-cinder-778534-6-iscsi devstack@n-api.service[107439]: DEBUG nova.compute.api [None req-f882fa67-00a4-4f97-a625-6596fdc5d927 tempest-DeleteServersTestJSON-1300090448 tempest-DeleteServersTestJSON-1300090448-project] [instance: 25ddb676-384b-4a16-979a-be92a7728285] Fetching instance by UUID {{(pid=107439) get /opt/stack/nova/nova/compute/api.py:2793}}
Jul 22 22:12:21.721658 dv-cinder-778534-6-iscsi devstack@n-api.service[107439]: DEBUG nova.policy [None req-f882fa67-00a4-4f97-a625-6596fdc5d927 tempest-DeleteServersTestJSON-1300090448 tempest-DeleteServersTestJSON-1300090448-project] Policy check for os_compute_api:os-extended-server-attributes failed with credentials {'is_admin': False, 'user_id': '18552527a64542998f8b344cab9818a3', 'user_domain_id': 'default', 'system_scope': None, 'domain_id': None, 'project_id': '8289819803e04a74b7f732c48374d1c8', 'project_domain_id': 'default', 'roles': ['member', 'reader'], 'is_admin_project': True, 'service_user_id': None, 'service_user_domain_id': None, 'service_project_id': None, 'service_project_domain_id': None, 'service_roles': []} {{(pid=107439) authorize /opt/stack/nova/nova/policy.py:199}}
Jul 22 22:12:21.728938 dv-cinder-778534-6-iscsi devstack@n-api.service[107439]: INFO nova.api.openstack.requestlog [None req-f882fa67-00a4-4f97-a625-6596fdc5d927 tempest-DeleteServersTestJSON-1300090448 tempest-DeleteServersTestJSON-1300090448-project] 10.222.0.63 "GET /compute/v2.1/servers/25ddb676-384b-4a16-979a-be92a7728285" status: 200 len: 1214 microversion: 2.1 time: 0.457582
Jul 22 22:12:21.733330 dv-cinder-778534-6-iscsi devstack@n-api.service[107439]: [pid: 107439|app: 0|req: 3/3] 10.222.0.63 () {58 vars in 1236 bytes} [Thu Jul 22 22:12:21 2021] GET /compute/v2.1/servers/25ddb676-384b-4a16-979a-be92a7728285 => generated 1214 bytes in 463 msecs (HTTP/1.1 200) 9 headers in 358 bytes (1 switches on core 0)
Jul 22 22:12:22.745676 dv-cinder-778534-6-iscsi devstack@n-api.service[107439]: DEBUG nova.api.openstack.wsgi [None req-e77af030-5568-42a1-9c64-9077a7b4b513 tempest-DeleteServersTestJSON-1300090448 tempest-DeleteServersTestJSON-1300090448-project] Calling method '>' {{(pid=107439) _process_stack /opt/stack/nova/nova/api/openstack/wsgi.py:513}}
Jul 22 22:12:22.747138 dv-cinder-778534-6-iscsi devstack@n-api.service[107439]: DEBUG nova.compute.api [None req-e77af030-5568-42a1-9c64-9077a7b4b513 tempest-DeleteServersTestJSON-1300090448 tempest-DeleteServersTestJSON-1300090448-project] [instance: 25ddb676-384b-4a16-979a-be92a7728285] Fetching instance by UUID {{(pid=107439) get /opt/stack/nova/nova/compute/api.py:2793}}
Jul 22 22:12:22.755001 dv-cinder-778534-6-iscsi devstack@n-api.service[107439]: DEBUG oslo_concurrency.lockutils [None req-e77af030-5568-42a1-9c64-9077a7b4b513 tempest-DeleteServersTestJSON-1300090448 tempest-DeleteServersTestJSON-1300090448-project] Lock "4356514d-0a18-4196-9459-558710295f6a" acquired by "nova.context.set_target_cell..get_or_set_cached_cell_and_set_connections" :: waited 0.000s {{(pid=107439) inner /usr/local/lib/python3.8/dist-packages/oslo_concurrency/lockutils.py:355}}
Jul 22 22:12:22.767199 dv-cinder-778534-6-iscsi devstack@n-api.service[107439]: DEBUG oslo_concurrency.lockutils [None req-e77af030-5568-42a1-9c64-9077a7b4b513 tempest-DeleteServersTestJSON-1300090448 tempest-DeleteServersTestJSON-1300090448-project] Lock "4356514d-0a18-4196-9459-558710295f6a" released by "nova.context.set_target_cell..get_or_set_cached_cell_and_set_connections" :: held 0.012s {{(pid=107439) inner /usr/local/lib/python3.8/dist-packages/oslo_concurrency/lockutils.py:367}}
Jul 22 22:12:22.768260 dv-cinder-778534-6-iscsi devstack@n-api.service[107439]: DEBUG oslo_concurrency.lockutils [None req-e77af030-5568-42a1-9c64-9077a7b4b513 tempest-DeleteServersTestJSON-1300090448 tempest-DeleteServersTestJSON-1300090448-project] Lock "4356514d-0a18-4196-9459-558710295f6a" acquired by "nova.context.set_target_cell..get_or_set_cached_cell_and_set_connections" :: waited 0.000s {{(pid=107439) inner /usr/local/lib/python3.8/dist-packages/oslo_concurrency/lockutils.py:355}}
Jul 22 22:12:22.769103 dv-cinder-778534-6-iscsi devstack@n-api.service[107439]: DEBUG oslo_concurrency.lockutils [None req-e77af030-5568-42a1-9c64-9077a7b4b513 tempest-DeleteServersTestJSON-1300090448 tempest-DeleteServersTestJSON-1300090448-project] Lock "4356514d-0a18-4196-9459-558710295f6a" released by "nova.context.set_target_cell..get_or_set_cached_cell_and_set_connections" :: held 0.001s {{(pid=107439) inner /usr/local/lib/python3.8/dist-packages/oslo_concurrency/lockutils.py:367}}
Jul 22 22:12:22.810299 dv-cinder-778534-6-iscsi devstack@n-api.service[107438]: DEBUG nova.virt.hardware [None req-6a4fd6fe-1e27-4e3d-9ce8-8e525dfe551c tempest-AttachVolumeNegativeTest-1034513433 tempest-AttachVolumeNegativeTest-1034513433-project] Flavor limits 0:0:0 {{(pid=107438) get_cpu_topology_constraints /opt/stack/nova/nova/virt/hardware.py:343}}
Jul 22 22:12:22.814345 dv-cinder-778534-6-iscsi devstack@n-api.service[107438]: DEBUG nova.virt.hardware [None req-6a4fd6fe-1e27-4e3d-9ce8-8e525dfe551c tempest-AttachVolumeNegativeTest-1034513433 tempest-AttachVolumeNegativeTest-1034513433-project] Image limits 0:0:0 {{(pid=107438) get_cpu_topology_constraints /opt/stack/nova/nova/virt/hardware.py:347}}
Jul 22 22:12:22.815159 dv-cinder-778534-6-iscsi devstack@n-api.service[107438]: DEBUG nova.virt.hardware [None req-6a4fd6fe-1e27-4e3d-9ce8-8e525dfe551c tempest-AttachVolumeNegativeTest-1034513433 tempest-AttachVolumeNegativeTest-1034513433-project] Flavor pref 0:0:0 {{(pid=107438) get_cpu_topology_constraints /opt/stack/nova/nova/virt/hardware.py:383}}
Jul 22 22:12:22.830975 dv-cinder-778534-6-iscsi devstack@n-api.service[107438]: DEBUG nova.virt.hardware [None req-6a4fd6fe-1e27-4e3d-9ce8-8e525dfe551c tempest-AttachVolumeNegativeTest-1034513433 tempest-AttachVolumeNegativeTest-1034513433-project] Image pref 0:0:0 {{(pid=107438) get_cpu_topology_constraints /opt/stack/nova/nova/virt/hardware.py:387}}
Jul 22 22:12:22.835131 dv-cinder-778534-6-iscsi devstack@n-api.service[107438]: DEBUG nova.virt.hardware [None req-6a4fd6fe-1e27-4e3d-9ce8-8e525dfe551c tempest-AttachVolumeNegativeTest-1034513433 tempest-AttachVolumeNegativeTest-1034513433-project] Chose sockets=0, cores=0, threads=0; limits were sockets=65536, cores=65536, threads=65536 {{(pid=107438) get_cpu_topology_constraints /opt/stack/nova/nova/virt/hardware.py:425}}
Jul 22 22:12:22.915682 dv-cinder-778534-6-iscsi devstack@n-api.service[107438]: DEBUG oslo_concurrency.lockutils [None req-6a4fd6fe-1e27-4e3d-9ce8-8e525dfe551c tempest-AttachVolumeNegativeTest-1034513433 tempest-AttachVolumeNegativeTest-1034513433-project] Lock "00000000-0000-0000-0000-000000000000" acquired by "nova.context.set_target_cell..get_or_set_cached_cell_and_set_connections" :: waited 0.000s {{(pid=107438) inner /usr/local/lib/python3.8/dist-packages/oslo_concurrency/lockutils.py:355}}
Jul 22 22:12:22.916278 dv-cinder-778534-6-iscsi devstack@n-api.service[107438]: DEBUG oslo_concurrency.lockutils [None req-6a4fd6fe-1e27-4e3d-9ce8-8e525dfe551c tempest-AttachVolumeNegativeTest-1034513433 tempest-AttachVolumeNegativeTest-1034513433-project] Lock "00000000-0000-0000-0000-000000000000" released by "nova.context.set_target_cell..get_or_set_cached_cell_and_set_connections" :: held 0.003s {{(pid=107438) inner /usr/local/lib/python3.8/dist-packages/oslo_concurrency/lockutils.py:367}}
Jul 22 22:12:22.918729 dv-cinder-778534-6-iscsi devstack@n-api.service[107438]: DEBUG oslo_concurrency.lockutils [None req-6a4fd6fe-1e27-4e3d-9ce8-8e525dfe551c tempest-AttachVolumeNegativeTest-1034513433 tempest-AttachVolumeNegativeTest-1034513433-project] Lock "4356514d-0a18-4196-9459-558710295f6a" acquired by "nova.context.set_target_cell..get_or_set_cached_cell_and_set_connections" :: waited 0.000s {{(pid=107438) inner /usr/local/lib/python3.8/dist-packages/oslo_concurrency/lockutils.py:355}}
Jul 22 22:12:22.920171 dv-cinder-778534-6-iscsi devstack@n-api.service[107438]: DEBUG oslo_concurrency.lockutils [None req-6a4fd6fe-1e27-4e3d-9ce8-8e525dfe551c tempest-AttachVolumeNegativeTest-1034513433 tempest-AttachVolumeNegativeTest-1034513433-project] Lock "4356514d-0a18-4196-9459-558710295f6a" released by "nova.context.set_target_cell..get_or_set_cached_cell_and_set_connections" :: held 0.002s {{(pid=107438) inner /usr/local/lib/python3.8/dist-packages/oslo_concurrency/lockutils.py:367}}
Jul 22 22:12:23.020305 dv-cinder-778534-6-iscsi devstack@n-api.service[107438]: DEBUG nova.quota [None req-6a4fd6fe-1e27-4e3d-9ce8-8e525dfe551c tempest-AttachVolumeNegativeTest-1034513433 tempest-AttachVolumeNegativeTest-1034513433-project] Getting quotas for project 8a395a513f51461fa5212c00c00cef20. Resources: {'cores', 'ram', 'instances'} {{(pid=107438) _get_quotas /opt/stack/nova/nova/quota.py:387}}
Jul 22 22:12:23.033882 dv-cinder-778534-6-iscsi devstack@n-api.service[107438]: DEBUG nova.quota [None req-6a4fd6fe-1e27-4e3d-9ce8-8e525dfe551c tempest-AttachVolumeNegativeTest-1034513433 tempest-AttachVolumeNegativeTest-1034513433-project] Getting quotas for user b3383e0ecaea4afeb54d02e740e384c4 and project 8a395a513f51461fa5212c00c00cef20. Resources: {'cores', 'ram', 'instances'} {{(pid=107438) _get_quotas /opt/stack/nova/nova/quota.py:377}}
Jul 22 22:12:23.048680 dv-cinder-778534-6-iscsi devstack@n-api.service[107438]: DEBUG nova.compute.api [None req-6a4fd6fe-1e27-4e3d-9ce8-8e525dfe551c tempest-AttachVolumeNegativeTest-1034513433 tempest-AttachVolumeNegativeTest-1034513433-project] Going to run 1 instances... {{(pid=107438) _provision_instances /opt/stack/nova/nova/compute/api.py:1280}}
Jul 22 22:12:23.051775 dv-cinder-778534-6-iscsi devstack@n-api.service[107438]: DEBUG nova.compute.api [None req-6a4fd6fe-1e27-4e3d-9ce8-8e525dfe551c tempest-AttachVolumeNegativeTest-1034513433 tempest-AttachVolumeNegativeTest-1034513433-project] [instance: 59765d4e-08c7-44d0-bfb6-e186cf6bbef2] block_device_mapping [BlockDeviceMapping(attachment_id=,boot_index=0,connection_info=None,created_at=,delete_on_termination=True,deleted=,deleted_at=,destination_type='local',device_name=None,device_type='disk',disk_bus=None,guest_format=None,id=,image_id='50fcdfad-2d1d-47da-b5fa-2e1017991645',instance=,instance_uuid=,no_device=False,snapshot_id=None,source_type='image',tag=None,updated_at=,uuid=,volume_id=None,volume_size=None,volume_type=None)] {{(pid=107438) _bdm_validate_set_size_and_instance /opt/stack/nova/nova/compute/api.py:1685}}
Jul 22 22:12:23.234909 dv-cinder-778534-6-iscsi devstack@n-api.service[107438]: INFO nova.api.openstack.requestlog [None req-6a4fd6fe-1e27-4e3d-9ce8-8e525dfe551c tempest-AttachVolumeNegativeTest-1034513433 tempest-AttachVolumeNegativeTest-1034513433-project] 10.222.0.63 "POST /compute/v2.1/servers" status: 202 len: 380 microversion: 2.1 time: 3.550987
Jul 22 22:12:23.237228 dv-cinder-778534-6-iscsi devstack@n-api.service[107438]: [pid: 107438|app: 0|req: 1/4] 10.222.0.63 () {60 vars in 1147 bytes} [Thu Jul 22 22:12:19 2021] POST /compute/v2.1/servers => generated 380 bytes in 3556 msecs (HTTP/1.1 202) 10 headers in 451 bytes (2 switches on core 0)
Jul 22 22:12:23.249020 dv-cinder-778534-6-iscsi devstack@n-api.service[107438]: DEBUG nova.api.openstack.wsgi [None req-6fa89ab5-8a2c-4c08-9069-c6e1cb03e9a0 tempest-AttachVolumeNegativeTest-1034513433 tempest-AttachVolumeNegativeTest-1034513433-project] Calling method '>' {{(pid=107438) _process_stack /opt/stack/nova/nova/api/openstack/wsgi.py:513}}
Jul 22 22:12:23.250265 dv-cinder-778534-6-iscsi devstack@n-api.service[107438]: DEBUG nova.compute.api [None req-6fa89ab5-8a2c-4c08-9069-c6e1cb03e9a0 tempest-AttachVolumeNegativeTest-1034513433 tempest-AttachVolumeNegativeTest-1034513433-project] [instance: 59765d4e-08c7-44d0-bfb6-e186cf6bbef2] Fetching instance by UUID {{(pid=107438) get /opt/stack/nova/nova/compute/api.py:2793}}
Jul 22 22:12:23.406142 dv-cinder-778534-6-iscsi devstack@n-api.service[107438]: DEBUG nova.policy [None req-6fa89ab5-8a2c-4c08-9069-c6e1cb03e9a0 tempest-AttachVolumeNegativeTest-1034513433 tempest-AttachVolumeNegativeTest-1034513433-project] Policy check for os_compute_api:os-extended-server-attributes failed with credentials {'is_admin': False, 'user_id': 'b3383e0ecaea4afeb54d02e740e384c4', 'user_domain_id': 'default', 'system_scope': None, 'domain_id': None, 'project_id': '8a395a513f51461fa5212c00c00cef20', 'project_domain_id': 'default', 'roles': ['member', 'reader'], 'is_admin_project': True, 'service_user_id': None, 'service_user_domain_id': None, 'service_project_id': None, 'service_project_domain_id': None, 'service_roles': []} {{(pid=107438) authorize /opt/stack/nova/nova/policy.py:199}}
Jul 22 22:12:23.450058 dv-cinder-778534-6-iscsi devstack@n-api.service[107439]: DEBUG nova.policy [None req-e77af030-5568-42a1-9c64-9077a7b4b513 tempest-DeleteServersTestJSON-1300090448 tempest-DeleteServersTestJSON-1300090448-project] Policy check for os_compute_api:os-extended-server-attributes failed with credentials {'is_admin': False, 'user_id': '18552527a64542998f8b344cab9818a3', 'user_domain_id': 'default', 'system_scope': None, 'domain_id': None, 'project_id': '8289819803e04a74b7f732c48374d1c8', 'project_domain_id': 'default', 'roles': ['member', 'reader'], 'is_admin_project': True, 'service_user_id': None, 'service_user_domain_id': None, 'service_project_id': None, 'service_project_domain_id': None, 'service_roles': []} {{(pid=107439) authorize /opt/stack/nova/nova/policy.py:199}}
Jul 22 22:12:23.453063 dv-cinder-778534-6-iscsi devstack@n-api.service[107438]: INFO nova.api.openstack.requestlog [None req-6fa89ab5-8a2c-4c08-9069-c6e1cb03e9a0 tempest-AttachVolumeNegativeTest-1034513433 tempest-AttachVolumeNegativeTest-1034513433-project] 10.222.0.63 "GET /compute/v2.1/servers/59765d4e-08c7-44d0-bfb6-e186cf6bbef2" status: 200 len: 1218 microversion: 2.1 time: 0.209342
Jul 22 22:12:23.458694 dv-cinder-778534-6-iscsi devstack@n-api.service[107438]: [pid: 107438|app: 0|req: 2/5] 10.222.0.63 () {58 vars in 1236 bytes} [Thu Jul 22 22:12:23 2021] GET /compute/v2.1/servers/59765d4e-08c7-44d0-bfb6-e186cf6bbef2 => generated 1218 bytes in 216 msecs (HTTP/1.1 200) 9 headers in 358 bytes (2 switches on core 0)
Jul 22 22:12:23.521313 dv-cinder-778534-6-iscsi devstack@n-api.service[107439]: INFO nova.api.openstack.requestlog [None req-e77af030-5568-42a1-9c64-9077a7b4b513 tempest-DeleteServersTestJSON-1300090448 tempest-DeleteServersTestJSON-1300090448-project] 10.222.0.63 "GET /compute/v2.1/servers/25ddb676-384b-4a16-979a-be92a7728285" status: 200 len: 1266 microversion: 2.1 time: 0.770836
Jul 22 22:12:23.522010 dv-cinder-778534-6-iscsi devstack@n-api.service[107439]: [pid: 107439|app: 0|req: 4/6] 10.222.0.63 () {58 vars in 1236 bytes} [Thu Jul 22 22:12:22 2021] GET /compute/v2.1/servers/25ddb676-384b-4a16-979a-be92a7728285 => generated 1266 bytes in 781 msecs (HTTP/1.1 200) 9 headers in 358 bytes (1 switches on core 0)
Jul 22 22:12:24.480327 dv-cinder-778534-6-iscsi devstack@n-api.service[107438]: DEBUG nova.api.openstack.wsgi [None req-324395bb-2b4a-4ace-832f-ceb2aea94ddd tempest-AttachVolumeNegativeTest-1034513433 tempest-AttachVolumeNegativeTest-1034513433-project] Calling method '>' {{(pid=107438) _process_stack /opt/stack/nova/nova/api/openstack/wsgi.py:513}}
Jul 22 22:12:24.481556 dv-cinder-778534-6-iscsi devstack@n-api.service[107438]: DEBUG nova.compute.api [None req-324395bb-2b4a-4ace-832f-ceb2aea94ddd tempest-AttachVolumeNegativeTest-1034513433 tempest-AttachVolumeNegativeTest-1034513433-project] [instance: 59765d4e-08c7-44d0-bfb6-e186cf6bbef2] Fetching instance by UUID {{(pid=107438) get /opt/stack/nova/nova/compute/api.py:2793}}
Jul 22 22:12:24.540314 dv-cinder-778534-6-iscsi devstack@n-api.service[107439]: DEBUG nova.api.openstack.wsgi [None req-73e7f457-e5f0-43df-a18d-09e2d80aa23c tempest-DeleteServersTestJSON-1300090448 tempest-DeleteServersTestJSON-1300090448-project] Calling method '>' {{(pid=107439) _process_stack /opt/stack/nova/nova/api/openstack/wsgi.py:513}}
Jul 22 22:12:24.541052 dv-cinder-778534-6-iscsi devstack@n-api.service[107439]: DEBUG nova.compute.api [None req-73e7f457-e5f0-43df-a18d-09e2d80aa23c tempest-DeleteServersTestJSON-1300090448 tempest-DeleteServersTestJSON-1300090448-project] [instance: 25ddb676-384b-4a16-979a-be92a7728285] Fetching instance by UUID {{(pid=107439) get /opt/stack/nova/nova/compute/api.py:2793}}
Jul 22 22:12:24.551423 dv-cinder-778534-6-iscsi devstack@n-api.service[107439]: DEBUG oslo_concurrency.lockutils [None req-73e7f457-e5f0-43df-a18d-09e2d80aa23c tempest-DeleteServersTestJSON-1300090448 tempest-DeleteServersTestJSON-1300090448-project] Lock "4356514d-0a18-4196-9459-558710295f6a" acquired by "nova.context.set_target_cell..get_or_set_cached_cell_and_set_connections" :: waited 0.000s {{(pid=107439) inner /usr/local/lib/python3.8/dist-packages/oslo_concurrency/lockutils.py:355}}
Jul 22 22:12:24.554277 dv-cinder-778534-6-iscsi devstack@n-api.service[107439]: DEBUG oslo_concurrency.lockutils [None req-73e7f457-e5f0-43df-a18d-09e2d80aa23c tempest-DeleteServersTestJSON-1300090448 tempest-DeleteServersTestJSON-1300090448-project] Lock "4356514d-0a18-4196-9459-558710295f6a" released by "nova.context.set_target_cell..get_or_set_cached_cell_and_set_connections" :: held 0.002s {{(pid=107439) inner /usr/local/lib/python3.8/dist-packages/oslo_concurrency/lockutils.py:367}}
