Sep 07 04:16:12.335881 dv-cinder-778193-8-iscsi devstack@c-api.service[100903]: WARNING castellan.key_manager [None req-69ef177b-3df3-40a3-a961-bd1333b3c49d tempest-GroupSnapshotsTest-1525843037 tempest-GroupSnapshotsTest-1525843037-project] Deprecation Warning : cinder.keymgr.conf_key_mgr.ConfKeyManager is not a stevedore based driver, trying to load it as a class: stevedore.exception.NoMatches: No 'castellan.drivers' driver found, looking for 'cinder.keymgr.conf_key_mgr.ConfKeyManager'
Sep 07 04:16:12.348747 dv-cinder-778193-8-iscsi devstack@c-api.service[100903]: DEBUG oslo_db.sqlalchemy.engines [None req-69ef177b-3df3-40a3-a961-bd1333b3c49d tempest-GroupSnapshotsTest-1525843037 tempest-GroupSnapshotsTest-1525843037-project] MySQL server mode set to STRICT_TRANS_TABLES,STRICT_ALL_TABLES,NO_ZERO_IN_DATE,NO_ZERO_DATE,ERROR_FOR_DIVISION_BY_ZERO,TRADITIONAL,NO_ENGINE_SUBSTITUTION {{(pid=100903) _check_effective_sql_mode /usr/local/lib/python3.8/dist-packages/oslo_db/sqlalchemy/engines.py:314}}
Sep 07 04:16:12.355623 dv-cinder-778193-8-iscsi devstack@c-api.service[100903]: /usr/local/lib/python3.8/dist-packages/oslo_context/context.py:105: DeprecationWarning: Policy enforcement is depending on the value of is_admin. This key is deprecated. Please update your policy file to use the standard policy values.
Sep 07 04:16:12.355623 dv-cinder-778193-8-iscsi devstack@c-api.service[100903]: warnings.warn('Policy enforcement is depending on the value of '
Sep 07 04:16:12.375026 dv-cinder-778193-8-iscsi devstack@c-api.service[100903]: INFO cinder.api.openstack.wsgi [None req-69ef177b-3df3-40a3-a961-bd1333b3c49d tempest-GroupSnapshotsTest-1525843037 tempest-GroupSnapshotsTest-1525843037-project] http://10.222.0.41/volume/v3/4279a9b5504a41fc870abaa830c3e93e/volumes/e90b392d-8a10-4db6-810f-829689064457 returned with HTTP 200
Sep 07 04:16:12.376441 dv-cinder-778193-8-iscsi devstack@c-api.service[100903]: [pid: 100903|app: 0|req: 221/436] 10.222.0.41 () {60 vars in 1366 bytes} [Tue Sep 7 04:16:12 2021] GET /volume/v3/4279a9b5504a41fc870abaa830c3e93e/volumes/e90b392d-8a10-4db6-810f-829689064457 => generated 1000 bytes in 125 msecs (HTTP/1.1 200) 7 headers in 287 bytes (2 switches on core 0)
Sep 07 04:16:12.390701 dv-cinder-778193-8-iscsi devstack@c-api.service[100904]: INFO cinder.api.openstack.wsgi [None req-31daacfa-a6d7-4e55-8ff2-5b1d2ea43c34 tempest-GroupSnapshotsTest-1525843037 tempest-GroupSnapshotsTest-1525843037-project] POST http://10.222.0.41/volume/v3/4279a9b5504a41fc870abaa830c3e93e/group_snapshots
Sep 07 04:16:12.391508 dv-cinder-778193-8-iscsi devstack@c-api.service[100904]: /usr/local/lib/python3.8/dist-packages/webob/acceptparse.py:1047: DeprecationWarning: The behavior of AcceptValidHeader.best_match is currently being maintained for backward compatibility, but it will be deprecated in the future, as it does not conform to the RFC.
Sep 07 04:16:12.391508 dv-cinder-778193-8-iscsi devstack@c-api.service[100904]: warnings.warn(
Sep 07 04:16:12.392235 dv-cinder-778193-8-iscsi devstack@c-api.service[100904]: DEBUG cinder.api.openstack.wsgi [None req-31daacfa-a6d7-4e55-8ff2-5b1d2ea43c34 tempest-GroupSnapshotsTest-1525843037 tempest-GroupSnapshotsTest-1525843037-project] Action: 'create', calling method: version_select, body: {"group_snapshot": {"group_id": "f3beb13d-cdf1-4909-b31b-2d4d718eec49", "name": "tempest-group_snapshot-1716302529"}} {{(pid=100904) _process_stack /opt/stack/cinder/cinder/api/openstack/wsgi.py:854}}
Sep 07 04:16:12.393371 dv-cinder-778193-8-iscsi devstack@c-api.service[100904]: DEBUG cinder.api.v3.group_snapshots [None req-31daacfa-a6d7-4e55-8ff2-5b1d2ea43c34 tempest-GroupSnapshotsTest-1525843037 tempest-GroupSnapshotsTest-1525843037-project] Creating new group_snapshot {'group_snapshot': {'group_id': 'f3beb13d-cdf1-4909-b31b-2d4d718eec49', 'name': 'tempest-group_snapshot-1716302529'}} {{(pid=100904) create /opt/stack/cinder/cinder/api/v3/group_snapshots.py:154}}
Sep 07 04:16:12.401183 dv-cinder-778193-8-iscsi devstack@c-api.service[100904]: /usr/local/lib/python3.8/dist-packages/oslo_context/context.py:105: DeprecationWarning: Policy enforcement is depending on the value of is_admin. This key is deprecated. Please update your policy file to use the standard policy values.
Sep 07 04:16:12.401183 dv-cinder-778193-8-iscsi devstack@c-api.service[100904]: warnings.warn('Policy enforcement is depending on the value of '
Sep 07 04:16:12.408562 dv-cinder-778193-8-iscsi devstack@c-api.service[100904]: INFO cinder.api.v3.group_snapshots [None req-31daacfa-a6d7-4e55-8ff2-5b1d2ea43c34 tempest-GroupSnapshotsTest-1525843037 tempest-GroupSnapshotsTest-1525843037-project] Creating group_snapshot tempest-group_snapshot-1716302529.
Sep 07 04:16:12.447587 dv-cinder-778193-8-iscsi devstack@c-api.service[100904]: /usr/local/lib/python3.8/dist-packages/oslo_context/context.py:105: DeprecationWarning: Policy enforcement is depending on the value of is_admin. This key is deprecated. Please update your policy file to use the standard policy values.
Sep 07 04:16:12.447587 dv-cinder-778193-8-iscsi devstack@c-api.service[100904]: warnings.warn('Policy enforcement is depending on the value of '
Sep 07 04:16:12.480627 dv-cinder-778193-8-iscsi devstack@c-api.service[100904]: WARNING cinder.quota [None req-31daacfa-a6d7-4e55-8ff2-5b1d2ea43c34 tempest-GroupSnapshotsTest-1525843037 tempest-GroupSnapshotsTest-1525843037-project] Deprecated: Default quota for resource: gigabytes_tempest-GroupSnapshotsTest-volume-type-1764259413 is set by the default quota flag: quota_gigabytes_tempest-GroupSnapshotsTest-volume-type-1764259413, it is now deprecated. Please use the default quota class for default quota.
Sep 07 04:16:12.481547 dv-cinder-778193-8-iscsi devstack@c-api.service[100904]: WARNING cinder.quota [None req-31daacfa-a6d7-4e55-8ff2-5b1d2ea43c34 tempest-GroupSnapshotsTest-1525843037 tempest-GroupSnapshotsTest-1525843037-project] Deprecated: Default quota for resource: snapshots_tempest-GroupSnapshotsTest-volume-type-1764259413 is set by the default quota flag: quota_snapshots_tempest-GroupSnapshotsTest-volume-type-1764259413, it is now deprecated. Please use the default quota class for default quota.
Sep 07 04:16:12.533277 dv-cinder-778193-8-iscsi devstack@c-api.service[100904]: DEBUG cinder.quota [None req-31daacfa-a6d7-4e55-8ff2-5b1d2ea43c34 tempest-GroupSnapshotsTest-1525843037 tempest-GroupSnapshotsTest-1525843037-project] Created reservations ['8a5a7ede-21e5-4b24-83d5-51d3148cae8f', '57f172b8-c0f2-4d54-a5d1-3389a7422e1a', 'ce87c294-744d-4204-8c1b-6be1238326ff', '7f1d9cfd-e9c8-4119-8a21-82652aa6e57d'] {{(pid=100904) reserve /opt/stack/cinder/cinder/quota.py:755}}
Sep 07 04:16:12.599181 dv-cinder-778193-8-iscsi devstack@c-api.service[100904]: INFO cinder.api.openstack.wsgi [None req-31daacfa-a6d7-4e55-8ff2-5b1d2ea43c34 tempest-GroupSnapshotsTest-1525843037 tempest-GroupSnapshotsTest-1525843037-project] http://10.222.0.41/volume/v3/4279a9b5504a41fc870abaa830c3e93e/group_snapshots returned with HTTP 202
Sep 07 04:16:12.600585 dv-cinder-778193-8-iscsi devstack@c-api.service[100904]: [pid: 100904|app: 0|req: 216/437] 10.222.0.41 () {62 vars in 1301 bytes} [Tue Sep 7 04:16:12 2021] POST /volume/v3/4279a9b5504a41fc870abaa830c3e93e/group_snapshots => generated 168 bytes in 214 msecs (HTTP/1.1 202) 7 headers in 292 bytes (1 switches on core 0)
Sep 07 04:16:12.610742 dv-cinder-778193-8-iscsi devstack@c-api.service[100903]: INFO cinder.api.openstack.wsgi [None req-34d8702f-2325-4b2b-8b94-80e3fee6265c tempest-GroupSnapshotsTest-1525843037 tempest-GroupSnapshotsTest-1525843037-project] GET http://10.222.0.41/volume/v3/4279a9b5504a41fc870abaa830c3e93e/group_snapshots/bac72179-319d-426f-bdfe-ba517bffb0f3
Sep 07 04:16:12.612293 dv-cinder-778193-8-iscsi devstack@c-api.service[100903]: DEBUG cinder.api.openstack.wsgi [None req-34d8702f-2325-4b2b-8b94-80e3fee6265c tempest-GroupSnapshotsTest-1525843037 tempest-GroupSnapshotsTest-1525843037-project] Empty body provided in request {{(pid=100903) get_body /opt/stack/cinder/cinder/api/openstack/wsgi.py:703}}
Sep 07 04:16:12.612293 dv-cinder-778193-8-iscsi devstack@c-api.service[100903]: /usr/local/lib/python3.8/dist-packages/webob/acceptparse.py:1047: DeprecationWarning: The behavior of AcceptValidHeader.best_match is currently being maintained for backward compatibility, but it will be deprecated in the future, as it does not conform to the RFC.
Sep 07 04:16:12.612293 dv-cinder-778193-8-iscsi devstack@c-api.service[100903]: warnings.warn(
Sep 07 04:16:12.612586 dv-cinder-778193-8-iscsi devstack@c-api.service[100903]: DEBUG cinder.api.openstack.wsgi [None req-34d8702f-2325-4b2b-8b94-80e3fee6265c tempest-GroupSnapshotsTest-1525843037 tempest-GroupSnapshotsTest-1525843037-project] Calling method 'version_select' {{(pid=100903) _process_stack /opt/stack/cinder/cinder/api/openstack/wsgi.py:856}}
Sep 07 04:16:12.613491 dv-cinder-778193-8-iscsi devstack@c-api.service[100903]: DEBUG cinder.api.v3.group_snapshots [None req-34d8702f-2325-4b2b-8b94-80e3fee6265c tempest-GroupSnapshotsTest-1525843037 tempest-GroupSnapshotsTest-1525843037-project] show called for member bac72179-319d-426f-bdfe-ba517bffb0f3 {{(pid=100903) show /opt/stack/cinder/cinder/api/v3/group_snapshots.py:58}}
Sep 07 04:16:12.621413 dv-cinder-778193-8-iscsi devstack@c-api.service[100903]: /usr/local/lib/python3.8/dist-packages/oslo_context/context.py:105: DeprecationWarning: Policy enforcement is depending on the value of is_admin. This key is deprecated. Please update your policy file to use the standard policy values.
Sep 07 04:16:12.621413 dv-cinder-778193-8-iscsi devstack@c-api.service[100903]: warnings.warn('Policy enforcement is depending on the value of '
Sep 07 04:16:12.633331 dv-cinder-778193-8-iscsi devstack@c-api.service[100903]: INFO cinder.api.openstack.wsgi [None req-34d8702f-2325-4b2b-8b94-80e3fee6265c tempest-GroupSnapshotsTest-1525843037 tempest-GroupSnapshotsTest-1525843037-project] http://10.222.0.41/volume/v3/4279a9b5504a41fc870abaa830c3e93e/group_snapshots/bac72179-319d-426f-bdfe-ba517bffb0f3 returned with HTTP 200
Sep 07 04:16:12.638305 dv-cinder-778193-8-iscsi devstack@c-api.service[100903]: [pid: 100903|app: 0|req: 222/438] 10.222.0.41 () {60 vars in 1390 bytes} [Tue Sep 7 04:16:12 2021] GET /volume/v3/4279a9b5504a41fc870abaa830c3e93e/group_snapshots/bac72179-319d-426f-bdfe-ba517bffb0f3 => generated 307 bytes in 28 msecs (HTTP/1.1 200) 7 headers in 286 bytes (1 switches on core 0)
Sep 07 04:16:12.653683 dv-cinder-778193-8-iscsi devstack@c-api.service[100904]: INFO cinder.api.openstack.wsgi [None req-604ca6a6-f40e-4c25-8d26-f16c79d4c1e5 tempest-DeleteServersTestJSON-1501532259 tempest-DeleteServersTestJSON-1501532259-project] GET http://10.222.0.41/volume/v3/7e1bdb62dbf04d93ad2ccca3b6790ab3/volumes/b89a3b61-6035-47bf-beda-51fcfed0ab01
Sep 07 04:16:12.653683 dv-cinder-778193-8-iscsi devstack@c-api.service[100904]: DEBUG cinder.api.openstack.wsgi [None req-604ca6a6-f40e-4c25-8d26-f16c79d4c1e5 tempest-DeleteServersTestJSON-1501532259 tempest-DeleteServersTestJSON-1501532259-project] Empty body provided in request {{(pid=100904) get_body /opt/stack/cinder/cinder/api/openstack/wsgi.py:703}}
Sep 07 04:16:12.653984 dv-cinder-778193-8-iscsi devstack@c-api.service[100904]: /usr/local/lib/python3.8/dist-packages/webob/acceptparse.py:1047: DeprecationWarning: The behavior of AcceptValidHeader.best_match is currently being maintained for backward compatibility, but it will be deprecated in the future, as it does not conform to the RFC.
Sep 07 04:16:12.653984 dv-cinder-778193-8-iscsi devstack@c-api.service[100904]: warnings.warn(
Sep 07 04:16:12.654318 dv-cinder-778193-8-iscsi devstack@c-api.service[100904]: DEBUG cinder.api.openstack.wsgi [None req-604ca6a6-f40e-4c25-8d26-f16c79d4c1e5 tempest-DeleteServersTestJSON-1501532259 tempest-DeleteServersTestJSON-1501532259-project] Calling method 'show' {{(pid=100904) _process_stack /opt/stack/cinder/cinder/api/openstack/wsgi.py:856}}
Sep 07 04:16:12.681358 dv-cinder-778193-8-iscsi devstack@c-api.service[100904]: /usr/local/lib/python3.8/dist-packages/oslo_context/context.py:105: DeprecationWarning: Policy enforcement is depending on the value of is_admin. This key is deprecated. Please update your policy file to use the standard policy values.
Sep 07 04:16:12.681358 dv-cinder-778193-8-iscsi devstack@c-api.service[100904]: warnings.warn('Policy enforcement is depending on the value of '
Sep 07 04:16:12.703661 dv-cinder-778193-8-iscsi devstack@c-api.service[100904]: INFO cinder.volume.api [None req-604ca6a6-f40e-4c25-8d26-f16c79d4c1e5 tempest-DeleteServersTestJSON-1501532259 tempest-DeleteServersTestJSON-1501532259-project] Volume info retrieved successfully.
Sep 07 04:16:12.721733 dv-cinder-778193-8-iscsi devstack@c-api.service[100903]: INFO cinder.api.openstack.wsgi [None req-0285ed97-09ac-4873-aa6e-6dcfd35d9f06 tempest-VolumesActionsTest-1886235469 tempest-VolumesActionsTest-1886235469-project] GET http://10.222.0.41/volume/v3/b417a59fe1b14a0cb351227a2ab87ad1/volumes/233fc8c1-3750-466e-9ff6-15a18771eb73
Sep 07 04:16:12.722449 dv-cinder-778193-8-iscsi devstack@c-api.service[100903]: DEBUG cinder.api.openstack.wsgi [None req-0285ed97-09ac-4873-aa6e-6dcfd35d9f06 tempest-VolumesActionsTest-1886235469 tempest-VolumesActionsTest-1886235469-project] Empty body provided in request {{(pid=100903) get_body /opt/stack/cinder/cinder/api/openstack/wsgi.py:703}}
Sep 07 04:16:12.722910 dv-cinder-778193-8-iscsi devstack@c-api.service[100903]: /usr/local/lib/python3.8/dist-packages/webob/acceptparse.py:1047: DeprecationWarning: The behavior of AcceptValidHeader.best_match is currently being maintained for backward compatibility, but it will be deprecated in the future, as it does not conform to the RFC.
Sep 07 04:16:12.722910 dv-cinder-778193-8-iscsi devstack@c-api.service[100903]: warnings.warn(
Sep 07 04:16:12.723442 dv-cinder-778193-8-iscsi devstack@c-api.service[100903]: DEBUG cinder.api.openstack.wsgi [None req-0285ed97-09ac-4873-aa6e-6dcfd35d9f06 tempest-VolumesActionsTest-1886235469 tempest-VolumesActionsTest-1886235469-project] Calling method 'show' {{(pid=100903) _process_stack /opt/stack/cinder/cinder/api/openstack/wsgi.py:856}}
Sep 07 04:16:12.743951 dv-cinder-778193-8-iscsi devstack@c-api.service[100904]: /usr/local/lib/python3.8/dist-packages/oslo_context/context.py:105: DeprecationWarning: Policy enforcement is depending on the value of is_admin. This key is deprecated. Please update your policy file to use the standard policy values.
Sep 07 04:16:12.743951 dv-cinder-778193-8-iscsi devstack@c-api.service[100904]: warnings.warn('Policy enforcement is depending on the value of '
Sep 07 04:16:12.747633 dv-cinder-778193-8-iscsi devstack@c-api.service[100903]: /usr/local/lib/python3.8/dist-packages/oslo_context/context.py:105: DeprecationWarning: Policy enforcement is depending on the value of is_admin. This key is deprecated. Please update your policy file to use the standard policy values.
Sep 07 04:16:12.747633 dv-cinder-778193-8-iscsi devstack@c-api.service[100903]: warnings.warn('Policy enforcement is depending on the value of '
Sep 07 04:16:12.758541 dv-cinder-778193-8-iscsi devstack@c-api.service[100904]: INFO cinder.api.openstack.wsgi [None req-604ca6a6-f40e-4c25-8d26-f16c79d4c1e5 tempest-DeleteServersTestJSON-1501532259 tempest-DeleteServersTestJSON-1501532259-project] http://10.222.0.41/volume/v3/7e1bdb62dbf04d93ad2ccca3b6790ab3/volumes/b89a3b61-6035-47bf-beda-51fcfed0ab01 returned with HTTP 200
Sep 07 04:16:12.771495 dv-cinder-778193-8-iscsi devstack@c-api.service[100903]: INFO cinder.volume.api [None req-0285ed97-09ac-4873-aa6e-6dcfd35d9f06 tempest-VolumesActionsTest-1886235469 tempest-VolumesActionsTest-1886235469-project] Volume info retrieved successfully.
Sep 07 04:16:12.772148 dv-cinder-778193-8-iscsi devstack@c-api.service[100904]: [pid: 100904|app: 0|req: 217/439] 10.222.0.41 () {58 vars in 1325 bytes} [Tue Sep 7 04:16:12 2021] GET /volume/v3/7e1bdb62dbf04d93ad2ccca3b6790ab3/volumes/b89a3b61-6035-47bf-beda-51fcfed0ab01 => generated 914 bytes in 123 msecs (HTTP/1.1 200) 7 headers in 285 bytes (1 switches on core 0)
Sep 07 04:16:12.794250 dv-cinder-778193-8-iscsi devstack@c-api.service[100903]: INFO cinder.api.openstack.wsgi [None req-0285ed97-09ac-4873-aa6e-6dcfd35d9f06 tempest-VolumesActionsTest-1886235469 tempest-VolumesActionsTest-1886235469-project] http://10.222.0.41/volume/v3/b417a59fe1b14a0cb351227a2ab87ad1/volumes/233fc8c1-3750-466e-9ff6-15a18771eb73 returned with HTTP 200
Sep 07 04:16:12.795156 dv-cinder-778193-8-iscsi devstack@c-api.service[100903]: [pid: 100903|app: 0|req: 223/440] 10.222.0.41 () {58 vars in 1325 bytes} [Tue Sep 7 04:16:12 2021] GET /volume/v3/b417a59fe1b14a0cb351227a2ab87ad1/volumes/233fc8c1-3750-466e-9ff6-15a18771eb73 => generated 910 bytes in 77 msecs (HTTP/1.1 200) 7 headers in 285 bytes (1 switches on core 0)
Sep 07 04:16:13.267405 dv-cinder-778193-8-iscsi devstack@c-api.service[100904]: INFO cinder.api.openstack.wsgi [None req-f55238cd-df1e-4f95-b9a6-a8d1ede5b40f tempest-UserMessagesTest-1026711999 tempest-UserMessagesTest-1026711999-project] GET http://10.222.0.41/volume/v3/cb11f9ac93c7478ab501c6a982349ee3/volumes/6bbec331-0562-475c-b7f1-95f4504327c4
Sep 07 04:16:13.268149 dv-cinder-778193-8-iscsi devstack@c-api.service[100904]: DEBUG cinder.api.openstack.wsgi [None req-f55238cd-df1e-4f95-b9a6-a8d1ede5b40f tempest-UserMessagesTest-1026711999 tempest-UserMessagesTest-1026711999-project] Empty body provided in request {{(pid=100904) get_body /opt/stack/cinder/cinder/api/openstack/wsgi.py:703}}
Sep 07 04:16:13.268494 dv-cinder-778193-8-iscsi devstack@c-api.service[100904]: /usr/local/lib/python3.8/dist-packages/webob/acceptparse.py:1047: DeprecationWarning: The behavior of AcceptValidHeader.best_match is currently being maintained for backward compatibility, but it will be deprecated in the future, as it does not conform to the RFC.
Sep 07 04:16:13.268494 dv-cinder-778193-8-iscsi devstack@c-api.service[100904]: warnings.warn(
Sep 07 04:16:13.269022 dv-cinder-778193-8-iscsi devstack@c-api.service[100904]: DEBUG cinder.api.openstack.wsgi [None req-f55238cd-df1e-4f95-b9a6-a8d1ede5b40f tempest-UserMessagesTest-1026711999 tempest-UserMessagesTest-1026711999-project] Calling method 'show' {{(pid=100904) _process_stack /opt/stack/cinder/cinder/api/openstack/wsgi.py:856}}
Sep 07 04:16:13.283285 dv-cinder-778193-8-iscsi devstack@c-api.service[100904]: /usr/local/lib/python3.8/dist-packages/oslo_context/context.py:105: DeprecationWarning: Policy enforcement is depending on the value of is_admin. This key is deprecated. Please update your policy file to use the standard policy values.
Sep 07 04:16:13.283285 dv-cinder-778193-8-iscsi devstack@c-api.service[100904]: warnings.warn('Policy enforcement is depending on the value of '
Sep 07 04:16:13.291686 dv-cinder-778193-8-iscsi devstack@c-api.service[100904]: INFO cinder.volume.api [None req-f55238cd-df1e-4f95-b9a6-a8d1ede5b40f tempest-UserMessagesTest-1026711999 tempest-UserMessagesTest-1026711999-project] Volume info retrieved successfully.
Sep 07 04:16:13.306445 dv-cinder-778193-8-iscsi devstack@c-api.service[100904]: INFO cinder.api.openstack.wsgi [None req-f55238cd-df1e-4f95-b9a6-a8d1ede5b40f tempest-UserMessagesTest-1026711999 tempest-UserMessagesTest-1026711999-project] http://10.222.0.41/volume/v3/cb11f9ac93c7478ab501c6a982349ee3/volumes/6bbec331-0562-475c-b7f1-95f4504327c4 returned with HTTP 200
Sep 07 04:16:13.307448 dv-cinder-778193-8-iscsi devstack@c-api.service[100904]: [pid: 100904|app: 0|req: 218/441] 10.222.0.41 () {60 vars in 1365 bytes} [Tue Sep 7 04:16:13 2021] GET /volume/v3/cb11f9ac93c7478ab501c6a982349ee3/volumes/6bbec331-0562-475c-b7f1-95f4504327c4 => generated 940 bytes in 43 msecs (HTTP/1.1 200) 7 headers in 285 bytes (1 switches on core 0)
Sep 07 04:16:13.322032 dv-cinder-778193-8-iscsi devstack@c-api.service[100903]: INFO cinder.api.openstack.wsgi [None req-96805a75-3e2a-46bb-ae6d-bd94b0ca7cce tempest-UserMessagesTest-1026711999 tempest-UserMessagesTest-1026711999-project] GET http://10.222.0.41/volume/v3/cb11f9ac93c7478ab501c6a982349ee3/messages
Sep 07 04:16:13.323126 dv-cinder-778193-8-iscsi devstack@c-api.service[100903]: DEBUG cinder.api.openstack.wsgi [None req-96805a75-3e2a-46bb-ae6d-bd94b0ca7cce tempest-UserMessagesTest-1026711999 tempest-UserMessagesTest-1026711999-project] Empty body provided in request {{(pid=100903) get_body /opt/stack/cinder/cinder/api/openstack/wsgi.py:703}}
Sep 07 04:16:13.323448 dv-cinder-778193-8-iscsi devstack@c-api.service[100903]: /usr/local/lib/python3.8/dist-packages/webob/acceptparse.py:1047: DeprecationWarning: The behavior of AcceptValidHeader.best_match is currently being maintained for backward compatibility, but it will be deprecated in the future, as it does not conform to the RFC.
Sep 07 04:16:13.323448 dv-cinder-778193-8-iscsi devstack@c-api.service[100903]: warnings.warn(
Sep 07 04:16:13.323965 dv-cinder-778193-8-iscsi devstack@c-api.service[100903]: DEBUG cinder.api.openstack.wsgi [None req-96805a75-3e2a-46bb-ae6d-bd94b0ca7cce tempest-UserMessagesTest-1026711999 tempest-UserMessagesTest-1026711999-project] Calling method 'version_select' {{(pid=100903) _process_stack /opt/stack/cinder/cinder/api/openstack/wsgi.py:856}}
Sep 07 04:16:13.344754 dv-cinder-778193-8-iscsi devstack@c-api.service[100903]: INFO cinder.api.openstack.wsgi [None req-96805a75-3e2a-46bb-ae6d-bd94b0ca7cce tempest-UserMessagesTest-1026711999 tempest-UserMessagesTest-1026711999-project] http://10.222.0.41/volume/v3/cb11f9ac93c7478ab501c6a982349ee3/messages returned with HTTP 200
Sep 07 04:16:13.346131 dv-cinder-778193-8-iscsi devstack@c-api.service[100903]: [pid: 100903|app: 0|req: 224/442] 10.222.0.41 () {60 vars in 1257 bytes} [Tue Sep 7 04:16:13 2021] GET /volume/v3/cb11f9ac93c7478ab501c6a982349ee3/messages => generated 736 bytes in 27 msecs (HTTP/1.1 200) 7 headers in 285 bytes (1 switches on core 0)
Sep 07 04:16:13.357137 dv-cinder-778193-8-iscsi devstack@c-api.service[100904]: INFO cinder.api.openstack.wsgi [None req-d56b1b5e-6b9e-48c8-8bfa-ad55d51e2b25 tempest-UserMessagesTest-1026711999 tempest-UserMessagesTest-1026711999-project] DELETE http://10.222.0.41/volume/v3/cb11f9ac93c7478ab501c6a982349ee3/messages/b01e2d9a-7866-4c9f-93b6-94e38d8724da
Sep 07 04:16:13.357875 dv-cinder-778193-8-iscsi devstack@c-api.service[100904]: DEBUG cinder.api.openstack.wsgi [None req-d56b1b5e-6b9e-48c8-8bfa-ad55d51e2b25 tempest-UserMessagesTest-1026711999 tempest-UserMessagesTest-1026711999-project] Empty body provided in request {{(pid=100904) get_body /opt/stack/cinder/cinder/api/openstack/wsgi.py:703}}
Sep 07 04:16:13.358197 dv-cinder-778193-8-iscsi devstack@c-api.service[100904]: /usr/local/lib/python3.8/dist-packages/webob/acceptparse.py:1047: DeprecationWarning: The behavior of AcceptValidHeader.best_match is currently being maintained for backward compatibility, but it will be deprecated in the future, as it does not conform to the RFC.
Sep 07 04:16:13.358197 dv-cinder-778193-8-iscsi devstack@c-api.service[100904]: warnings.warn(
Sep 07 04:16:13.358729 dv-cinder-778193-8-iscsi devstack@c-api.service[100904]: DEBUG cinder.api.openstack.wsgi [None req-d56b1b5e-6b9e-48c8-8bfa-ad55d51e2b25 tempest-UserMessagesTest-1026711999 tempest-UserMessagesTest-1026711999-project] Calling method 'version_select' {{(pid=100904) _process_stack /opt/stack/cinder/cinder/api/openstack/wsgi.py:856}}
Sep 07 04:16:13.383611 dv-cinder-778193-8-iscsi devstack@c-api.service[100904]: INFO cinder.api.openstack.wsgi [None req-d56b1b5e-6b9e-48c8-8bfa-ad55d51e2b25 tempest-UserMessagesTest-1026711999 tempest-UserMessagesTest-1026711999-project] http://10.222.0.41/volume/v3/cb11f9ac93c7478ab501c6a982349ee3/messages/b01e2d9a-7866-4c9f-93b6-94e38d8724da returned with HTTP 204
Sep 07 04:16:13.391128 dv-cinder-778193-8-iscsi devstack@c-api.service[100904]: [pid: 100904|app: 0|req: 219/443] 10.222.0.41 () {60 vars in 1371 bytes} [Tue Sep 7 04:16:13 2021] DELETE /volume/v3/cb11f9ac93c7478ab501c6a982349ee3/messages/b01e2d9a-7866-4c9f-93b6-94e38d8724da => generated 0 bytes in 33 msecs (HTTP/1.1 204) 6 headers in 235 bytes (1 switches on core 0)
Sep 07 04:16:13.395306 dv-cinder-778193-8-iscsi devstack@c-api.service[100903]: INFO cinder.api.openstack.wsgi [None req-664b4484-107b-4d02-bc25-e76a9be6c830 tempest-UserMessagesTest-1026711999 tempest-UserMessagesTest-1026711999-project] GET http://10.222.0.41/volume/v3/cb11f9ac93c7478ab501c6a982349ee3/messages/b01e2d9a-7866-4c9f-93b6-94e38d8724da
Sep 07 04:16:13.395306 dv-cinder-778193-8-iscsi devstack@c-api.service[100903]: DEBUG cinder.api.openstack.wsgi [None req-664b4484-107b-4d02-bc25-e76a9be6c830 tempest-UserMessagesTest-1026711999 tempest-UserMessagesTest-1026711999-project] Empty body provided in request {{(pid=100903) get_body /opt/stack/cinder/cinder/api/openstack/wsgi.py:703}}
Sep 07 04:16:13.395730 dv-cinder-778193-8-iscsi devstack@c-api.service[100903]: DEBUG cinder.api.openstack.wsgi [None req-664b4484-107b-4d02-bc25-e76a9be6c830 tempest-UserMessagesTest-1026711999 tempest-UserMessagesTest-1026711999-project] Calling method 'version_select' {{(pid=100903) _process_stack /opt/stack/cinder/cinder/api/openstack/wsgi.py:856}}
Sep 07 04:16:13.407222 dv-cinder-778193-8-iscsi devstack@c-api.service[100903]: INFO cinder.api.openstack.wsgi [None req-664b4484-107b-4d02-bc25-e76a9be6c830 tempest-UserMessagesTest-1026711999 tempest-UserMessagesTest-1026711999-project] http://10.222.0.41/volume/v3/cb11f9ac93c7478ab501c6a982349ee3/messages/b01e2d9a-7866-4c9f-93b6-94e38d8724da returned with HTTP 404
Sep 07 04:16:13.412314 dv-cinder-778193-8-iscsi devstack@c-api.service[100903]: [pid: 100903|app: 0|req: 225/444] 10.222.0.41 () {60 vars in 1368 bytes} [Tue Sep 7 04:16:13 2021] GET /volume/v3/cb11f9ac93c7478ab501c6a982349ee3/messages/b01e2d9a-7866-4c9f-93b6-94e38d8724da => generated 110 bytes in 18 msecs (HTTP/1.1 404) 7 headers in 292 bytes (1 switches on core 0)
Sep 07 04:16:13.420640 dv-cinder-778193-8-iscsi devstack@c-api.service[100904]: INFO cinder.api.openstack.wsgi [None req-ec98d13c-e4b0-4240-abe0-90cf172d0090 tempest-UserMessagesTest-1436231782 tempest-UserMessagesTest-1436231782-project-admin] POST http://10.222.0.41/volume/v3/a740ee46b11845f7b7da0f47703635e8/types
Sep 07 04:16:13.423232 dv-cinder-778193-8-iscsi devstack@c-api.service[100904]: DEBUG cinder.api.openstack.wsgi [None req-ec98d13c-e4b0-4240-abe0-90cf172d0090 tempest-UserMessagesTest-1436231782 tempest-UserMessagesTest-1436231782-project-admin] Action: 'create', calling method: _create, body: {"volume_type": {"name": "tempest-UserMessagesTest-volume-type-1072470151", "extra_specs": {"storage_protocol": "tempest-storage_protocol-1266495025", "vendor_name": "tempest-vendor_name-213619897"}}} {{(pid=100904) _process_stack /opt/stack/cinder/cinder/api/openstack/wsgi.py:854}}
Sep 07 04:16:13.491154 dv-cinder-778193-8-iscsi devstack@c-api.service[100904]: INFO cinder.api.openstack.wsgi [None req-ec98d13c-e4b0-4240-abe0-90cf172d0090 tempest-UserMessagesTest-1436231782 tempest-UserMessagesTest-1436231782-project-admin] http://10.222.0.41/volume/v3/a740ee46b11845f7b7da0f47703635e8/types returned with HTTP 200
Sep 07 04:16:13.496719 dv-cinder-778193-8-iscsi devstack@c-api.service[100904]: [pid: 100904|app: 0|req: 220/445] 10.222.0.41 () {60 vars in 1230 bytes} [Tue Sep 7 04:16:13 2021] POST /volume/v3/a740ee46b11845f7b7da0f47703635e8/types => generated 327 bytes in 78 msecs (HTTP/1.1 200) 7 headers in 285 bytes (1 switches on core 0)
Sep 07 04:16:13.505240 dv-cinder-778193-8-iscsi devstack@c-api.service[100903]: INFO cinder.api.openstack.wsgi [None req-2d58fb07-3c3c-4091-bcd3-cd826188af27 tempest-UserMessagesTest-1026711999 tempest-UserMessagesTest-1026711999-project] POST http://10.222.0.41/volume/v3/cb11f9ac93c7478ab501c6a982349ee3/volumes
Sep 07 04:16:13.506761 dv-cinder-778193-8-iscsi devstack@c-api.service[100903]: DEBUG cinder.api.openstack.wsgi [None req-2d58fb07-3c3c-4091-bcd3-cd826188af27 tempest-UserMessagesTest-1026711999 tempest-UserMessagesTest-1026711999-project] Action: 'create', calling method: create, body: {"volume": {"volume_type": "461e195e-3a33-47b1-b73e-02418d278b04", "size": 1, "name": "tempest-UserMessagesTest-Volume-555848393"}} {{(pid=100903) _process_stack /opt/stack/cinder/cinder/api/openstack/wsgi.py:854}}
Sep 07 04:16:13.507913 dv-cinder-778193-8-iscsi devstack@c-api.service[100903]: DEBUG cinder.api.v3.volumes [None req-2d58fb07-3c3c-4091-bcd3-cd826188af27 tempest-UserMessagesTest-1026711999 tempest-UserMessagesTest-1026711999-project] Create volume request body: {'volume': {'volume_type': '461e195e-3a33-47b1-b73e-02418d278b04', 'size': 1, 'name': 'tempest-UserMessagesTest-Volume-555848393'}} {{(pid=100903) create /opt/stack/cinder/cinder/api/v3/volumes.py:298}}
Sep 07 04:16:13.544196 dv-cinder-778193-8-iscsi devstack@c-api.service[100903]: INFO cinder.api.v3.volumes [None req-2d58fb07-3c3c-4091-bcd3-cd826188af27 tempest-UserMessagesTest-1026711999 tempest-UserMessagesTest-1026711999-project] Create volume of 1 GB
Sep 07 04:16:13.545240 dv-cinder-778193-8-iscsi devstack@c-api.service[100903]: /usr/local/lib/python3.8/dist-packages/oslo_context/context.py:105: DeprecationWarning: Policy enforcement is depending on the value of is_admin. This key is deprecated. Please update your policy file to use the standard policy values.
Sep 07 04:16:13.545240 dv-cinder-778193-8-iscsi devstack@c-api.service[100903]: warnings.warn('Policy enforcement is depending on the value of '
Sep 07 04:16:13.548201 dv-cinder-778193-8-iscsi devstack@c-api.service[100903]: INFO cinder.volume.api [None req-2d58fb07-3c3c-4091-bcd3-cd826188af27 tempest-UserMessagesTest-1026711999 tempest-UserMessagesTest-1026711999-project] Availability Zones retrieved successfully.
Sep 07 04:16:13.604463 dv-cinder-778193-8-iscsi devstack@c-api.service[100903]: DEBUG cinder.volume.api [None req-2d58fb07-3c3c-4091-bcd3-cd826188af27 tempest-UserMessagesTest-1026711999 tempest-UserMessagesTest-1026711999-project] Flow 'volume_create_api' (429b1e06-0e35-47b4-b84f-518d0663aa82) transitioned into state 'RUNNING' from state 'PENDING' {{(pid=100903) _flow_receiver /usr/local/lib/python3.8/dist-packages/taskflow/listeners/logging.py:141}}
Sep 07 04:16:13.611332 dv-cinder-778193-8-iscsi devstack@c-api.service[100903]: DEBUG cinder.volume.api [None req-2d58fb07-3c3c-4091-bcd3-cd826188af27 tempest-UserMessagesTest-1026711999 tempest-UserMessagesTest-1026711999-project] Task 'cinder.volume.flows.api.create_volume.ExtractVolumeRequestTask;volume:create' (2cff8e2e-c315-4190-95e2-2cc9245e5dec) transitioned into state 'RUNNING' from state 'PENDING' {{(pid=100903) _task_receiver /usr/local/lib/python3.8/dist-packages/taskflow/listeners/logging.py:190}}
Sep 07 04:16:13.616586 dv-cinder-778193-8-iscsi devstack@c-api.service[100903]: DEBUG cinder.volume.flows.api.create_volume [None req-2d58fb07-3c3c-4091-bcd3-cd826188af27 tempest-UserMessagesTest-1026711999 tempest-UserMessagesTest-1026711999-project] Validating volume size '1' using validate_int {{(pid=100903) _extract_size /opt/stack/cinder/cinder/volume/flows/api/create_volume.py:225}}
Sep 07 04:16:13.645755 dv-cinder-778193-8-iscsi devstack@c-api.service[100904]: INFO cinder.api.openstack.wsgi [None req-0e3d2ba4-d5af-4499-9ccf-e6a8b816a575 tempest-GroupSnapshotsTest-1525843037 tempest-GroupSnapshotsTest-1525843037-project] GET http://10.222.0.41/volume/v3/4279a9b5504a41fc870abaa830c3e93e/group_snapshots/bac72179-319d-426f-bdfe-ba517bffb0f3
Sep 07 04:16:13.646364 dv-cinder-778193-8-iscsi devstack@c-api.service[100904]: DEBUG cinder.api.openstack.wsgi [None req-0e3d2ba4-d5af-4499-9ccf-e6a8b816a575 tempest-GroupSnapshotsTest-1525843037 tempest-GroupSnapshotsTest-1525843037-project] Empty body provided in request {{(pid=100904) get_body /opt/stack/cinder/cinder/api/openstack/wsgi.py:703}}
Sep 07 04:16:13.646884 dv-cinder-778193-8-iscsi devstack@c-api.service[100904]: DEBUG cinder.api.openstack.wsgi [None req-0e3d2ba4-d5af-4499-9ccf-e6a8b816a575 tempest-GroupSnapshotsTest-1525843037 tempest-GroupSnapshotsTest-1525843037-project] Calling method 'version_select' {{(pid=100904) _process_stack /opt/stack/cinder/cinder/api/openstack/wsgi.py:856}}
Sep 07 04:16:13.647344 dv-cinder-778193-8-iscsi devstack@c-api.service[100904]: DEBUG cinder.api.v3.group_snapshots [None req-0e3d2ba4-d5af-4499-9ccf-e6a8b816a575 tempest-GroupSnapshotsTest-1525843037 tempest-GroupSnapshotsTest-1525843037-project] show called for member bac72179-319d-426f-bdfe-ba517bffb0f3 {{(pid=100904) show /opt/stack/cinder/cinder/api/v3/group_snapshots.py:58}}
Sep 07 04:16:13.658949 dv-cinder-778193-8-iscsi devstack@c-api.service[100904]: /usr/local/lib/python3.8/dist-packages/oslo_context/context.py:105: DeprecationWarning: Policy enforcement is depending on the value of is_admin. This key is deprecated. Please update your policy file to use the standard policy values.
Sep 07 04:16:13.658949 dv-cinder-778193-8-iscsi devstack@c-api.service[100904]: warnings.warn('Policy enforcement is depending on the value of '
Sep 07 04:16:13.668286 dv-cinder-778193-8-iscsi devstack@c-api.service[100904]: INFO cinder.api.openstack.wsgi [None req-0e3d2ba4-d5af-4499-9ccf-e6a8b816a575 tempest-GroupSnapshotsTest-1525843037 tempest-GroupSnapshotsTest-1525843037-project] http://10.222.0.41/volume/v3/4279a9b5504a41fc870abaa830c3e93e/group_snapshots/bac72179-319d-426f-bdfe-ba517bffb0f3 returned with HTTP 200
Sep 07 04:16:13.669663 dv-cinder-778193-8-iscsi devstack@c-api.service[100904]: [pid: 100904|app: 0|req: 221/446] 10.222.0.41 () {60 vars in 1390 bytes} [Tue Sep 7 04:16:13 2021] GET /volume/v3/4279a9b5504a41fc870abaa830c3e93e/group_snapshots/bac72179-319d-426f-bdfe-ba517bffb0f3 => generated 307 bytes in 28 msecs (HTTP/1.1 200) 7 headers in 286 bytes (1 switches on core 0)
Sep 07 04:16:13.674625 dv-cinder-778193-8-iscsi devstack@c-api.service[100903]: DEBUG cinder.volume.api [None req-2d58fb07-3c3c-4091-bcd3-cd826188af27 tempest-UserMessagesTest-1026711999 tempest-UserMessagesTest-1026711999-project] Task 'cinder.volume.flows.api.create_volume.ExtractVolumeRequestTask;volume:create' (2cff8e2e-c315-4190-95e2-2cc9245e5dec) transitioned into state 'SUCCESS' from state 'RUNNING' with result '{'size': 1, 'snapshot_id': None, 'source_volid': None, 'volume_type': VolumeType(created_at=2021-09-07T04:16:13Z,deleted=False,deleted_at=None,description=None,extra_specs={storage_protocol='tempest-storage_protocol-1266495025',vendor_name='tempest-vendor_name-213619897'},id=461e195e-3a33-47b1-b73e-02418d278b04,is_public=True,name='tempest-UserMessagesTest-volume-type-1072470151',projects=[],qos_specs=,qos_specs_id=None,updated_at=None), 'volume_type_id': '461e195e-3a33-47b1-b73e-02418d278b04', 'encryption_key_id': None, 'qos_specs': None, 'consistencygroup_id': None, 'cgsnapshot_id': None, 'group_id': None, 'replication_status': 'disabled', 'refresh_az': False, 'backup_id': None, 'multiattach': False, 'availability_zones': ['nova']}' {{(pid=100903) _task_receiver /usr/local/lib/python3.8/dist-packages/taskflow/listeners/logging.py:178}}
Sep 07 04:16:13.682243 dv-cinder-778193-8-iscsi devstack@c-api.service[100903]: DEBUG cinder.volume.api [None req-2d58fb07-3c3c-4091-bcd3-cd826188af27 tempest-UserMessagesTest-1026711999 tempest-UserMessagesTest-1026711999-project] Task 'cinder.volume.flows.api.create_volume.QuotaReserveTask;volume:create' (cc9c6c92-558f-4a4b-b1cc-7841839e4f8f) transitioned into state 'RUNNING' from state 'PENDING' {{(pid=100903) _task_receiver /usr/local/lib/python3.8/dist-packages/taskflow/listeners/logging.py:190}}
Sep 07 04:16:13.778731 dv-cinder-778193-8-iscsi devstack@c-api.service[100904]: INFO cinder.api.openstack.wsgi [None req-66a07663-3e53-4493-b2de-876d02af6578 tempest-DeleteServersTestJSON-1501532259 tempest-DeleteServersTestJSON-1501532259-project] GET http://10.222.0.41/volume/v3/7e1bdb62dbf04d93ad2ccca3b6790ab3/volumes/b89a3b61-6035-47bf-beda-51fcfed0ab01
Sep 07 04:16:13.779313 dv-cinder-778193-8-iscsi devstack@c-api.service[100904]: DEBUG cinder.api.openstack.wsgi [None req-66a07663-3e53-4493-b2de-876d02af6578 tempest-DeleteServersTestJSON-1501532259 tempest-DeleteServersTestJSON-1501532259-project] Empty body provided in request {{(pid=100904) get_body /opt/stack/cinder/cinder/api/openstack/wsgi.py:703}}
Sep 07 04:16:13.779313 dv-cinder-778193-8-iscsi devstack@c-api.service[100904]: /usr/local/lib/python3.8/dist-packages/webob/acceptparse.py:1047: DeprecationWarning: The behavior of AcceptValidHeader.best_match is currently being maintained for backward compatibility, but it will be deprecated in the future, as it does not conform to the RFC.
Sep 07 04:16:13.779313 dv-cinder-778193-8-iscsi devstack@c-api.service[100904]: warnings.warn(
Sep 07 04:16:13.779805 dv-cinder-778193-8-iscsi devstack@c-api.service[100904]: DEBUG cinder.api.openstack.wsgi [None req-66a07663-3e53-4493-b2de-876d02af6578 tempest-DeleteServersTestJSON-1501532259 tempest-DeleteServersTestJSON-1501532259-project] Calling method 'show' {{(pid=100904) _process_stack /opt/stack/cinder/cinder/api/openstack/wsgi.py:856}}
Sep 07 04:16:13.780899 dv-cinder-778193-8-iscsi devstack@c-api.service[100903]: WARNING cinder.quota [None req-2d58fb07-3c3c-4091-bcd3-cd826188af27 tempest-UserMessagesTest-1026711999 tempest-UserMessagesTest-1026711999-project] Deprecated: Default quota for resource: volumes_tempest-UserMessagesTest-volume-type-1072470151 is set by the default quota flag: quota_volumes_tempest-UserMessagesTest-volume-type-1072470151, it is now deprecated. Please use the default quota class for default quota.
Sep 07 04:16:13.781751 dv-cinder-778193-8-iscsi devstack@c-api.service[100903]: WARNING cinder.quota [None req-2d58fb07-3c3c-4091-bcd3-cd826188af27 tempest-UserMessagesTest-1026711999 tempest-UserMessagesTest-1026711999-project] Deprecated: Default quota for resource: gigabytes_tempest-UserMessagesTest-volume-type-1072470151 is set by the default quota flag: quota_gigabytes_tempest-UserMessagesTest-volume-type-1072470151, it is now deprecated. Please use the default quota class for default quota.
Sep 07 04:16:13.809459 dv-cinder-778193-8-iscsi devstack@c-api.service[100904]: /usr/local/lib/python3.8/dist-packages/oslo_context/context.py:105: DeprecationWarning: Policy enforcement is depending on the value of is_admin. This key is deprecated. Please update your policy file to use the standard policy values.
Sep 07 04:16:13.809459 dv-cinder-778193-8-iscsi devstack@c-api.service[100904]: warnings.warn('Policy enforcement is depending on the value of '
Sep 07 04:16:13.831136 dv-cinder-778193-8-iscsi devstack@c-api.service[100904]: INFO cinder.volume.api [None req-66a07663-3e53-4493-b2de-876d02af6578 tempest-DeleteServersTestJSON-1501532259 tempest-DeleteServersTestJSON-1501532259-project] Volume info retrieved successfully.
Sep 07 04:16:13.864528 dv-cinder-778193-8-iscsi devstack@c-api.service[100904]: /usr/local/lib/python3.8/dist-packages/oslo_context/context.py:105: DeprecationWarning: Policy enforcement is depending on the value of is_admin. This key is deprecated. Please update your policy file to use the standard policy values.
Sep 07 04:16:13.864528 dv-cinder-778193-8-iscsi devstack@c-api.service[100904]: warnings.warn('Policy enforcement is depending on the value of '
Sep 07 04:16:13.870665 dv-cinder-778193-8-iscsi devstack@c-api.service[100903]: DEBUG cinder.quota [None req-2d58fb07-3c3c-4091-bcd3-cd826188af27 tempest-UserMessagesTest-1026711999 tempest-UserMessagesTest-1026711999-project] Created reservations ['03bc9a56-8468-4403-a311-96bd679d8cb8', 'b8d5d65a-9fc4-40cd-893d-dc329e7da6b3', 'a9334ffa-98ff-4943-a070-57ce543e4633', 'b570ef02-b32c-4d15-919f-d5d4a33e757d'] {{(pid=100903) reserve /opt/stack/cinder/cinder/quota.py:755}}
Sep 07 04:16:13.875443 dv-cinder-778193-8-iscsi devstack@c-api.service[100903]: DEBUG cinder.volume.api [None req-2d58fb07-3c3c-4091-bcd3-cd826188af27 tempest-UserMessagesTest-1026711999 tempest-UserMessagesTest-1026711999-project] Task 'cinder.volume.flows.api.create_volume.QuotaReserveTask;volume:create' (cc9c6c92-558f-4a4b-b1cc-7841839e4f8f) transitioned into state 'SUCCESS' from state 'RUNNING' with result '{'reservations': ['03bc9a56-8468-4403-a311-96bd679d8cb8', 'b8d5d65a-9fc4-40cd-893d-dc329e7da6b3', 'a9334ffa-98ff-4943-a070-57ce543e4633', 'b570ef02-b32c-4d15-919f-d5d4a33e757d']}' {{(pid=100903) _task_receiver /usr/local/lib/python3.8/dist-packages/taskflow/listeners/logging.py:178}}
Sep 07 04:16:13.875887 dv-cinder-778193-8-iscsi devstack@c-api.service[100904]: INFO cinder.api.openstack.wsgi [None req-66a07663-3e53-4493-b2de-876d02af6578 tempest-DeleteServersTestJSON-1501532259 tempest-DeleteServersTestJSON-1501532259-project] http://10.222.0.41/volume/v3/7e1bdb62dbf04d93ad2ccca3b6790ab3/volumes/b89a3b61-6035-47bf-beda-51fcfed0ab01 returned with HTTP 200
Sep 07 04:16:13.885904 dv-cinder-778193-8-iscsi devstack@c-api.service[100903]: DEBUG cinder.volume.api [None req-2d58fb07-3c3c-4091-bcd3-cd826188af27 tempest-UserMessagesTest-1026711999 tempest-UserMessagesTest-1026711999-project] Task 'cinder.volume.flows.api.create_volume.EntryCreateTask;volume:create' (be381b9b-335f-4482-a07b-19a2d8821c77) transitioned into state 'RUNNING' from state 'PENDING' {{(pid=100903) _task_receiver /usr/local/lib/python3.8/dist-packages/taskflow/listeners/logging.py:190}}
Sep 07 04:16:13.887182 dv-cinder-778193-8-iscsi devstack@c-api.service[100904]: [pid: 100904|app: 0|req: 222/447] 10.222.0.41 () {58 vars in 1325 bytes} [Tue Sep 7 04:16:13 2021] GET /volume/v3/7e1bdb62dbf04d93ad2ccca3b6790ab3/volumes/b89a3b61-6035-47bf-beda-51fcfed0ab01 => generated 914 bytes in 112 msecs (HTTP/1.1 200) 7 headers in 285 bytes (1 switches on core 0)
Sep 07 04:16:13.892140 dv-cinder-778193-8-iscsi devstack@c-api.service[100904]: INFO cinder.api.openstack.wsgi [None req-c7b0f9e2-8bb7-48e0-b72e-69b9323a94c4 tempest-VolumesActionsTest-1886235469 tempest-VolumesActionsTest-1886235469-project] GET http://10.222.0.41/volume/v3/b417a59fe1b14a0cb351227a2ab87ad1/volumes/233fc8c1-3750-466e-9ff6-15a18771eb73
Sep 07 04:16:13.892841 dv-cinder-778193-8-iscsi devstack@c-api.service[100904]: DEBUG cinder.api.openstack.wsgi [None req-c7b0f9e2-8bb7-48e0-b72e-69b9323a94c4 tempest-VolumesActionsTest-1886235469 tempest-VolumesActionsTest-1886235469-project] Empty body provided in request {{(pid=100904) get_body /opt/stack/cinder/cinder/api/openstack/wsgi.py:703}}
Sep 07 04:16:13.896441 dv-cinder-778193-8-iscsi devstack@c-api.service[100904]: /usr/local/lib/python3.8/dist-packages/webob/acceptparse.py:1047: DeprecationWarning: The behavior of AcceptValidHeader.best_match is currently being maintained for backward compatibility, but it will be deprecated in the future, as it does not conform to the RFC.
Sep 07 04:16:13.896441 dv-cinder-778193-8-iscsi devstack@c-api.service[100904]: warnings.warn(
Sep 07 04:16:13.896978 dv-cinder-778193-8-iscsi devstack@c-api.service[100904]: DEBUG cinder.api.openstack.wsgi [None req-c7b0f9e2-8bb7-48e0-b72e-69b9323a94c4 tempest-VolumesActionsTest-1886235469 tempest-VolumesActionsTest-1886235469-project] Calling method 'show' {{(pid=100904) _process_stack /opt/stack/cinder/cinder/api/openstack/wsgi.py:856}}
Sep 07 04:16:13.916247 dv-cinder-778193-8-iscsi devstack@c-api.service[100904]: /usr/local/lib/python3.8/dist-packages/oslo_context/context.py:105: DeprecationWarning: Policy enforcement is depending on the value of is_admin. This key is deprecated. Please update your policy file to use the standard policy values.
Sep 07 04:16:13.916247 dv-cinder-778193-8-iscsi devstack@c-api.service[100904]: warnings.warn('Policy enforcement is depending on the value of '
Sep 07 04:16:13.934281 dv-cinder-778193-8-iscsi devstack@c-api.service[100904]: INFO cinder.volume.api [None req-c7b0f9e2-8bb7-48e0-b72e-69b9323a94c4 tempest-VolumesActionsTest-1886235469 tempest-VolumesActionsTest-1886235469-project] Volume info retrieved successfully.
Sep 07 04:16:13.943142 dv-cinder-778193-8-iscsi devstack@c-api.service[100903]: DEBUG cinder.volume.api [None req-2d58fb07-3c3c-4091-bcd3-cd826188af27 tempest-UserMessagesTest-1026711999 tempest-UserMessagesTest-1026711999-project] Task 'cinder.volume.flows.api.create_volume.EntryCreateTask;volume:create' (be381b9b-335f-4482-a07b-19a2d8821c77) transitioned into state 'SUCCESS' from state 'RUNNING' with result '{'volume_id': '17baa87a-978c-4552-8ff3-06bfc71c9371', 'volume_properties': VolumeProperties(attach_status='detached',availability_zone='nova',cgsnapshot_id=None,consistencygroup_id=None,display_description=None,display_name='tempest-UserMessagesTest-Volume-555848393',encryption_key_id=None,group_id=None,group_type_id=,metadata={},multiattach=False,project_id='cb11f9ac93c7478ab501c6a982349ee3',qos_specs=None,replication_status=,reservations=['03bc9a56-8468-4403-a311-96bd679d8cb8','b8d5d65a-9fc4-40cd-893d-dc329e7da6b3','a9334ffa-98ff-4943-a070-57ce543e4633','b570ef02-b32c-4d15-919f-d5d4a33e757d'],size=1,snapshot_id=None,source_replicaid=,source_volid=None,status='creating',user_id='a45649ba27a041468a0d9fe47ba28846',volume_type_id=461e195e-3a33-47b1-b73e-02418d278b04), 'volume': Volume(_name_id=None,admin_metadata=,attach_status='detached',availability_zone='nova',bootable=False,cluster=,cluster_name=None,consistencygroup=,consistencygroup_id=None,created_at=2021-09-07T04:16:13Z,deleted=False,deleted_at=None,display_description=None,display_name='tempest-UserMessagesTest-Volume-555848393',ec2_id=None,encryption_key_id=None,glance_metadata=,group=,group_id=None,host=None,id=17baa87a-978c-4552-8ff3-06bfc71c9371,launched_at=None,metadata={},migration_status=None,multiattach=False,previous_status=None,project_id='cb11f9ac93c7478ab501c6a982349ee3',provider_auth=None,provider_geometry=None,provider_id=None,provider_location=None,replication_driver_data=None,replication_extended_status=None,replication_status=None,scheduled_at=None,service_uuid=None,shared_targets=True,size=1,snapshot_id=None,snapshots=,source_volid=None,status='creating',terminated_at=None,updated_at=None,use_quota=True,user_id='a45649ba27a041468a0d9fe47ba28846',volume_attachment=,volume_type=VolumeType(461e195e-3a33-47b1-b73e-02418d278b04),volume_type_id=461e195e-3a33-47b1-b73e-02418d278b04)}' {{(pid=100903) _task_receiver /usr/local/lib/python3.8/dist-packages/taskflow/listeners/logging.py:178}}
Sep 07 04:16:13.947085 dv-cinder-778193-8-iscsi devstack@c-api.service[100903]: DEBUG cinder.volume.api [None req-2d58fb07-3c3c-4091-bcd3-cd826188af27 tempest-UserMessagesTest-1026711999 tempest-UserMessagesTest-1026711999-project] Task 'cinder.volume.flows.api.create_volume.QuotaCommitTask;volume:create' (056beed8-6af7-4037-b383-ddaa2418cfe8) transitioned into state 'RUNNING' from state 'PENDING' {{(pid=100903) _task_receiver /usr/local/lib/python3.8/dist-packages/taskflow/listeners/logging.py:190}}
Sep 07 04:16:13.984652 dv-cinder-778193-8-iscsi devstack@c-api.service[100904]: INFO cinder.api.openstack.wsgi [None req-c7b0f9e2-8bb7-48e0-b72e-69b9323a94c4 tempest-VolumesActionsTest-1886235469 tempest-VolumesActionsTest-1886235469-project] http://10.222.0.41/volume/v3/b417a59fe1b14a0cb351227a2ab87ad1/volumes/233fc8c1-3750-466e-9ff6-15a18771eb73 returned with HTTP 200
Sep 07 04:16:13.986174 dv-cinder-778193-8-iscsi devstack@c-api.service[100904]: [pid: 100904|app: 0|req: 223/448] 10.222.0.41 () {58 vars in 1325 bytes} [Tue Sep 7 04:16:13 2021] GET /volume/v3/b417a59fe1b14a0cb351227a2ab87ad1/volumes/233fc8c1-3750-466e-9ff6-15a18771eb73 => generated 911 bytes in 98 msecs (HTTP/1.1 200) 7 headers in 285 bytes (1 switches on core 0)
Sep 07 04:16:14.009483 dv-cinder-778193-8-iscsi devstack@c-api.service[100903]: DEBUG cinder.volume.api [None req-2d58fb07-3c3c-4091-bcd3-cd826188af27 tempest-UserMessagesTest-1026711999 tempest-UserMessagesTest-1026711999-project] Task 'cinder.volume.flows.api.create_volume.QuotaCommitTask;volume:create' (056beed8-6af7-4037-b383-ddaa2418cfe8) transitioned into state 'SUCCESS' from state 'RUNNING' with result '{'volume_properties': VolumeProperties(attach_status='detached',availability_zone='nova',cgsnapshot_id=None,consistencygroup_id=None,display_description=None,display_name='tempest-UserMessagesTest-Volume-555848393',encryption_key_id=None,group_id=None,group_type_id=,metadata={},multiattach=False,project_id='cb11f9ac93c7478ab501c6a982349ee3',qos_specs=None,replication_status=,reservations=['03bc9a56-8468-4403-a311-96bd679d8cb8','b8d5d65a-9fc4-40cd-893d-dc329e7da6b3','a9334ffa-98ff-4943-a070-57ce543e4633','b570ef02-b32c-4d15-919f-d5d4a33e757d'],size=1,snapshot_id=None,source_replicaid=,source_volid=None,status='creating',user_id='a45649ba27a041468a0d9fe47ba28846',volume_type_id=461e195e-3a33-47b1-b73e-02418d278b04)}' {{(pid=100903) _task_receiver /usr/local/lib/python3.8/dist-packages/taskflow/listeners/logging.py:178}}
Sep 07 04:16:14.011885 dv-cinder-778193-8-iscsi devstack@c-api.service[100903]: DEBUG cinder.volume.api [None req-2d58fb07-3c3c-4091-bcd3-cd826188af27 tempest-UserMessagesTest-1026711999 tempest-UserMessagesTest-1026711999-project] Task 'cinder.volume.flows.api.create_volume.VolumeCastTask;volume:create' (d369bce7-f38a-41e6-94e8-6bb4cd4e6b4a) transitioned into state 'RUNNING' from state 'PENDING' {{(pid=100903) _task_receiver /usr/local/lib/python3.8/dist-packages/taskflow/listeners/logging.py:190}}
Sep 07 04:16:14.019768 dv-cinder-778193-8-iscsi devstack@c-api.service[100904]: INFO cinder.api.openstack.wsgi [None req-5225061c-7f9b-42f0-9927-4daeb9eecbea tempest-VolumesActionsTest-270594918 tempest-VolumesActionsTest-270594918-project-admin] POST http://10.222.0.41/volume/v3/30e9c27ffab6413995a3a9dfb5db07cb/volumes/233fc8c1-3750-466e-9ff6-15a18771eb73/action
