Aug 29 14:27:25.815005 dv-cinder-778193-6-iscsi devstack@n-api.service[93850]: WARNING keystonemiddleware.auth_token [None req-51e8f581-5775-4113-a9b4-4307a2c7feaf None None] AuthToken middleware is set with keystone_authtoken.service_token_roles_required set to False. This is backwards compatible but deprecated behaviour. Please set this to True.
Aug 29 14:27:25.820199 dv-cinder-778193-6-iscsi devstack@n-api.service[93850]: WARNING keystonemiddleware.auth_token [None req-51e8f581-5775-4113-a9b4-4307a2c7feaf None None] Configuring www_authenticate_uri to point to the public identity endpoint is required; clients may not be able to authenticate against an admin endpoint
Aug 29 14:27:25.824390 dv-cinder-778193-6-iscsi devstack@n-api.service[93849]: WARNING keystonemiddleware.auth_token [None req-bc949b53-c696-4e65-9139-0865c33de8b2 None None] AuthToken middleware is set with keystone_authtoken.service_token_roles_required set to False. This is backwards compatible but deprecated behaviour. Please set this to True.
Aug 29 14:27:25.826216 dv-cinder-778193-6-iscsi devstack@n-api.service[93850]: WSGI app 0 (mountpoint='') ready in 6 seconds on interpreter 0x5587aa5289c0 pid: 93850 (default app)
Aug 29 14:27:25.828255 dv-cinder-778193-6-iscsi devstack@n-api.service[93850]: DEBUG nova.api.openstack.wsgi [None req-51e8f581-5775-4113-a9b4-4307a2c7feaf None None] Calling method '>' {{(pid=93850) _process_stack /opt/stack/nova/nova/api/openstack/wsgi.py:513}}
Aug 29 14:27:25.829439 dv-cinder-778193-6-iscsi devstack@n-api.service[93850]: INFO nova.api.openstack.requestlog [None req-51e8f581-5775-4113-a9b4-4307a2c7feaf None None] 10.222.0.16 "GET /compute/v2.1/" status: 200 len: 388 microversion: 2.1 time: 0.001718
Aug 29 14:27:25.829548 dv-cinder-778193-6-iscsi devstack@n-api.service[93849]: WARNING keystonemiddleware.auth_token [None req-bc949b53-c696-4e65-9139-0865c33de8b2 None None] Configuring www_authenticate_uri to point to the public identity endpoint is required; clients may not be able to authenticate against an admin endpoint
Aug 29 14:27:25.829847 dv-cinder-778193-6-iscsi devstack@n-api.service[93850]: [pid: 93850|app: 0|req: 1/1] 10.222.0.16 () {50 vars in 789 bytes} [Sun Aug 29 14:27:25 2021] GET /compute/v2.1/ => generated 388 bytes in 3 msecs (HTTP/1.1 200) 9 headers in 357 bytes (1 switches on core 0)
Aug 29 14:27:25.834788 dv-cinder-778193-6-iscsi devstack@n-api.service[93849]: WSGI app 0 (mountpoint='') ready in 6 seconds on interpreter 0x5587aa5289c0 pid: 93849 (default app)
Aug 29 14:28:49.032181 dv-cinder-778193-6-iscsi devstack@n-api.service[93850]: DEBUG nova.api.openstack.wsgi [None req-51e8f581-5775-4113-a9b4-4307a2c7feaf None None] Calling method '>' {{(pid=93850) _process_stack /opt/stack/nova/nova/api/openstack/wsgi.py:513}}
Aug 29 14:28:49.033165 dv-cinder-778193-6-iscsi devstack@n-api.service[93850]: INFO nova.api.openstack.requestlog [None req-51e8f581-5775-4113-a9b4-4307a2c7feaf None None] 10.222.0.16 "GET /compute/v2.1" status: 200 len: 388 microversion: 2.1 time: 0.001420
Aug 29 14:28:49.033554 dv-cinder-778193-6-iscsi devstack@n-api.service[93850]: [pid: 93850|app: 0|req: 2/2] 10.222.0.16 () {54 vars in 931 bytes} [Sun Aug 29 14:28:49 2021] GET /compute/v2.1 => generated 388 bytes in 2 msecs (HTTP/1.1 200) 9 headers in 357 bytes (1 switches on core 0)
Aug 29 14:28:49.458315 dv-cinder-778193-6-iscsi devstack@n-api.service[93849]: DEBUG nova.api.openstack.wsgi [None req-1b57e5b5-bb2a-4b0c-b336-b72e0ba4f09d admin admin] Calling method '>' {{(pid=93849) _process_stack /opt/stack/nova/nova/api/openstack/wsgi.py:513}}
Aug 29 14:28:49.489252 dv-cinder-778193-6-iscsi devstack@n-api.service[93849]: INFO nova.api.openstack.requestlog [None req-1b57e5b5-bb2a-4b0c-b336-b72e0ba4f09d admin admin] 10.222.0.16 "GET /compute/v2.1/flavors/detail?is_public=True" status: 200 len: 15 microversion: 2.61 time: 0.447783
Aug 29 14:28:49.489999 dv-cinder-778193-6-iscsi devstack@n-api.service[93849]: [pid: 93849|app: 0|req: 1/3] 10.222.0.16 () {60 vars in 1292 bytes} [Sun Aug 29 14:28:49 2021] GET /compute/v2.1/flavors/detail?is_public=True => generated 15 bytes in 450 msecs (HTTP/1.1 200) 9 headers in 358 bytes (1 switches on core 0)
Aug 29 14:28:51.719872 dv-cinder-778193-6-iscsi devstack@n-api.service[93850]: DEBUG nova.api.openstack.wsgi [None req-51e8f581-5775-4113-a9b4-4307a2c7feaf None None] Calling method '>' {{(pid=93850) _process_stack /opt/stack/nova/nova/api/openstack/wsgi.py:513}}
Aug 29 14:28:51.721462 dv-cinder-778193-6-iscsi devstack@n-api.service[93850]: INFO nova.api.openstack.requestlog [None req-51e8f581-5775-4113-a9b4-4307a2c7feaf None None] 10.222.0.16 "GET /compute/v2.1" status: 200 len: 388 microversion: 2.1 time: 0.001996
Aug 29 14:28:51.721893 dv-cinder-778193-6-iscsi devstack@n-api.service[93850]: [pid: 93850|app: 0|req: 3/4] 10.222.0.16 () {54 vars in 931 bytes} [Sun Aug 29 14:28:51 2021] GET /compute/v2.1 => generated 388 bytes in 3 msecs (HTTP/1.1 200) 9 headers in 357 bytes (1 switches on core 0)
Aug 29 14:28:51.781987 dv-cinder-778193-6-iscsi devstack@n-api.service[93849]: DEBUG nova.api.openstack.wsgi [None req-152251ba-b8fa-48fd-abcb-b78b7b971bd8 admin admin] Action: 'create', calling method: >, body: {"flavor": {"os-flavor-access:is_public": true, "ram": 256, "rxtx_factor": 1.0, "swap": 0, "vcpus": 1, "name": "cirros256", "OS-FLV-EXT-DATA:ephemeral": 0, "id": "c1", "disk": 1}} {{(pid=93849) _process_stack /opt/stack/nova/nova/api/openstack/wsgi.py:511}}
Aug 29 14:28:51.799776 dv-cinder-778193-6-iscsi devstack@n-api.service[93849]: /usr/local/lib/python3.8/dist-packages/oslo_policy/policy.py:1064: UserWarning: Policy os_compute_api:os-flavor-manage:create failed scope check. The token used to make the request was project scoped but the policy requires ['system'] scope. This behavior may change in the future where using the intended scope is required
Aug 29 14:28:51.799776 dv-cinder-778193-6-iscsi devstack@n-api.service[93849]: warnings.warn(msg)
Aug 29 14:28:51.887656 dv-cinder-778193-6-iscsi devstack@n-api.service[93849]: INFO nova.api.openstack.requestlog [None req-152251ba-b8fa-48fd-abcb-b78b7b971bd8 admin admin] 10.222.0.16 "POST /compute/v2.1/flavors" status: 200 len: 407 microversion: 2.61 time: 0.158615
Aug 29 14:28:51.888406 dv-cinder-778193-6-iscsi devstack@n-api.service[93849]: [pid: 93849|app: 0|req: 2/5] 10.222.0.16 () {64 vars in 1283 bytes} [Sun Aug 29 14:28:51 2021] POST /compute/v2.1/flavors => generated 407 bytes in 160 msecs (HTTP/1.1 200) 9 headers in 359 bytes (2 switches on core 0)
Aug 29 14:28:52.117612 dv-cinder-778193-6-iscsi devstack@n-api.service[93850]: DEBUG nova.api.openstack.wsgi [None req-c502e053-0b59-495a-be40-5847fd6ae4a7 admin admin] Action: 'create', calling method: >, body: {"extra_specs": {"hw_rng:allowed": "True"}} {{(pid=93850) _process_stack /opt/stack/nova/nova/api/openstack/wsgi.py:511}}
Aug 29 14:28:52.119972 dv-cinder-778193-6-iscsi devstack@n-api.service[93850]: /usr/local/lib/python3.8/dist-packages/oslo_policy/policy.py:1064: UserWarning: Policy os_compute_api:os-flavor-extra-specs:create failed scope check. The token used to make the request was project scoped but the policy requires ['system'] scope. This behavior may change in the future where using the intended scope is required
Aug 29 14:28:52.119972 dv-cinder-778193-6-iscsi devstack@n-api.service[93850]: warnings.warn(msg)
Aug 29 14:28:52.233271 dv-cinder-778193-6-iscsi devstack@n-api.service[93850]: INFO nova.api.openstack.requestlog [None req-c502e053-0b59-495a-be40-5847fd6ae4a7 admin admin] 10.222.0.16 "POST /compute/v2.1/flavors/c1/os-extra_specs" status: 200 len: 43 microversion: 2.61 time: 0.336431
Aug 29 14:28:52.234125 dv-cinder-778193-6-iscsi devstack@n-api.service[93850]: [pid: 93850|app: 0|req: 4/6] 10.222.0.16 () {64 vars in 1336 bytes} [Sun Aug 29 14:28:51 2021] POST /compute/v2.1/flavors/c1/os-extra_specs => generated 43 bytes in 338 msecs (HTTP/1.1 200) 9 headers in 358 bytes (2 switches on core 0)
Aug 29 14:28:54.419077 dv-cinder-778193-6-iscsi devstack@n-api.service[93849]: DEBUG nova.api.openstack.wsgi [None req-152251ba-b8fa-48fd-abcb-b78b7b971bd8 admin admin] Calling method '>' {{(pid=93849) _process_stack /opt/stack/nova/nova/api/openstack/wsgi.py:513}}
Aug 29 14:28:54.420075 dv-cinder-778193-6-iscsi devstack@n-api.service[93849]: INFO nova.api.openstack.requestlog [None req-152251ba-b8fa-48fd-abcb-b78b7b971bd8 admin admin] 10.222.0.16 "GET /compute/v2.1" status: 200 len: 388 microversion: 2.1 time: 0.001441
Aug 29 14:28:54.420636 dv-cinder-778193-6-iscsi devstack@n-api.service[93849]: [pid: 93849|app: 0|req: 3/7] 10.222.0.16 () {54 vars in 931 bytes} [Sun Aug 29 14:28:54 2021] GET /compute/v2.1 => generated 388 bytes in 2 msecs (HTTP/1.1 200) 9 headers in 357 bytes (1 switches on core 0)
Aug 29 14:28:54.531688 dv-cinder-778193-6-iscsi devstack@n-api.service[93850]: DEBUG nova.api.openstack.wsgi [None req-0ace173c-a2a5-489f-bcc9-ff22daf72abf admin admin] Action: 'create', calling method: >, body: {"flavor": {"id": "d1", "swap": 0, "rxtx_factor": 1.0, "disk": 5, "OS-FLV-EXT-DATA:ephemeral": 0, "ram": 512, "name": "ds512M", "vcpus": 1, "os-flavor-access:is_public": true}} {{(pid=93850) _process_stack /opt/stack/nova/nova/api/openstack/wsgi.py:511}}
Aug 29 14:28:54.550088 dv-cinder-778193-6-iscsi devstack@n-api.service[93850]: /usr/local/lib/python3.8/dist-packages/oslo_policy/policy.py:1064: UserWarning: Policy os_compute_api:os-flavor-manage:create failed scope check. The token used to make the request was project scoped but the policy requires ['system'] scope. This behavior may change in the future where using the intended scope is required
Aug 29 14:28:54.550088 dv-cinder-778193-6-iscsi devstack@n-api.service[93850]: warnings.warn(msg)
Aug 29 14:28:54.656390 dv-cinder-778193-6-iscsi devstack@n-api.service[93850]: INFO nova.api.openstack.requestlog [None req-0ace173c-a2a5-489f-bcc9-ff22daf72abf admin admin] 10.222.0.16 "POST /compute/v2.1/flavors" status: 200 len: 404 microversion: 2.61 time: 0.229426
Aug 29 14:28:54.656872 dv-cinder-778193-6-iscsi devstack@n-api.service[93850]: [pid: 93850|app: 0|req: 5/8] 10.222.0.16 () {64 vars in 1283 bytes} [Sun Aug 29 14:28:54 2021] POST /compute/v2.1/flavors => generated 404 bytes in 231 msecs (HTTP/1.1 200) 9 headers in 359 bytes (2 switches on core 0)
Aug 29 14:28:54.670542 dv-cinder-778193-6-iscsi devstack@n-api.service[93849]: DEBUG nova.api.openstack.wsgi [None req-ef40b58c-5efb-4245-8bd7-792fc3e05645 admin admin] Action: 'create', calling method: >, body: {"extra_specs": {"hw_rng:allowed": "True"}} {{(pid=93849) _process_stack /opt/stack/nova/nova/api/openstack/wsgi.py:511}}
Aug 29 14:28:54.672222 dv-cinder-778193-6-iscsi devstack@n-api.service[93849]: /usr/local/lib/python3.8/dist-packages/oslo_policy/policy.py:1064: UserWarning: Policy os_compute_api:os-flavor-extra-specs:create failed scope check. The token used to make the request was project scoped but the policy requires ['system'] scope. This behavior may change in the future where using the intended scope is required
Aug 29 14:28:54.672222 dv-cinder-778193-6-iscsi devstack@n-api.service[93849]: warnings.warn(msg)
Aug 29 14:28:54.790220 dv-cinder-778193-6-iscsi devstack@n-api.service[93849]: INFO nova.api.openstack.requestlog [None req-ef40b58c-5efb-4245-8bd7-792fc3e05645 admin admin] 10.222.0.16 "POST /compute/v2.1/flavors/d1/os-extra_specs" status: 200 len: 43 microversion: 2.61 time: 0.123333
Aug 29 14:28:54.790994 dv-cinder-778193-6-iscsi devstack@n-api.service[93849]: [pid: 93849|app: 0|req: 4/9] 10.222.0.16 () {64 vars in 1336 bytes} [Sun Aug 29 14:28:54 2021] POST /compute/v2.1/flavors/d1/os-extra_specs => generated 43 bytes in 125 msecs (HTTP/1.1 200) 9 headers in 358 bytes (1 switches on core 0)
Aug 29 14:28:57.055421 dv-cinder-778193-6-iscsi devstack@n-api.service[93850]: DEBUG nova.api.openstack.wsgi [None req-0ace173c-a2a5-489f-bcc9-ff22daf72abf admin admin] Calling method '>' {{(pid=93850) _process_stack /opt/stack/nova/nova/api/openstack/wsgi.py:513}}
Aug 29 14:28:57.056454 dv-cinder-778193-6-iscsi devstack@n-api.service[93850]: INFO nova.api.openstack.requestlog [None req-0ace173c-a2a5-489f-bcc9-ff22daf72abf admin admin] 10.222.0.16 "GET /compute/v2.1" status: 200 len: 388 microversion: 2.1 time: 0.001666
Aug 29 14:28:57.057011 dv-cinder-778193-6-iscsi devstack@n-api.service[93850]: [pid: 93850|app: 0|req: 6/10] 10.222.0.16 () {54 vars in 931 bytes} [Sun Aug 29 14:28:57 2021] GET /compute/v2.1 => generated 388 bytes in 3 msecs (HTTP/1.1 200) 9 headers in 357 bytes (2 switches on core 0)
Aug 29 14:28:57.123126 dv-cinder-778193-6-iscsi devstack@n-api.service[93849]: DEBUG nova.api.openstack.wsgi [None req-fa3db5a9-b7b5-4ec1-9e2f-249e15bbe81b admin admin] Action: 'create', calling method: >, body: {"flavor": {"OS-FLV-EXT-DATA:ephemeral": 0, "disk": 10, "id": "d2", "rxtx_factor": 1.0, "vcpus": 1, "ram": 1024, "swap": 0, "name": "ds1G", "os-flavor-access:is_public": true}} {{(pid=93849) _process_stack /opt/stack/nova/nova/api/openstack/wsgi.py:511}}
Aug 29 14:28:57.196794 dv-cinder-778193-6-iscsi devstack@n-api.service[93849]: INFO nova.api.openstack.requestlog [None req-fa3db5a9-b7b5-4ec1-9e2f-249e15bbe81b admin admin] 10.222.0.16 "POST /compute/v2.1/flavors" status: 200 len: 404 microversion: 2.61 time: 0.132644
Aug 29 14:28:57.197568 dv-cinder-778193-6-iscsi devstack@n-api.service[93849]: [pid: 93849|app: 0|req: 5/11] 10.222.0.16 () {64 vars in 1283 bytes} [Sun Aug 29 14:28:57 2021] POST /compute/v2.1/flavors => generated 404 bytes in 134 msecs (HTTP/1.1 200) 9 headers in 359 bytes (2 switches on core 0)
Aug 29 14:28:57.209899 dv-cinder-778193-6-iscsi devstack@n-api.service[93850]: DEBUG nova.api.openstack.wsgi [None req-ce80d650-f309-4fa7-8dfb-853e0e5438c2 admin admin] Action: 'create', calling method: >, body: {"extra_specs": {"hw_rng:allowed": "True"}} {{(pid=93850) _process_stack /opt/stack/nova/nova/api/openstack/wsgi.py:511}}
Aug 29 14:28:57.270550 dv-cinder-778193-6-iscsi devstack@n-api.service[93850]: INFO nova.api.openstack.requestlog [None req-ce80d650-f309-4fa7-8dfb-853e0e5438c2 admin admin] 10.222.0.16 "POST /compute/v2.1/flavors/d2/os-extra_specs" status: 200 len: 43 microversion: 2.61 time: 0.064444
Aug 29 14:28:57.271657 dv-cinder-778193-6-iscsi devstack@n-api.service[93850]: [pid: 93850|app: 0|req: 7/12] 10.222.0.16 () {64 vars in 1336 bytes} [Sun Aug 29 14:28:57 2021] POST /compute/v2.1/flavors/d2/os-extra_specs => generated 43 bytes in 66 msecs (HTTP/1.1 200) 9 headers in 358 bytes (1 switches on core 0)
Aug 29 14:28:59.585179 dv-cinder-778193-6-iscsi devstack@n-api.service[93849]: DEBUG nova.api.openstack.wsgi [None req-fa3db5a9-b7b5-4ec1-9e2f-249e15bbe81b admin admin] Calling method '>' {{(pid=93849) _process_stack /opt/stack/nova/nova/api/openstack/wsgi.py:513}}
Aug 29 14:28:59.586204 dv-cinder-778193-6-iscsi devstack@n-api.service[93849]: INFO nova.api.openstack.requestlog [None req-fa3db5a9-b7b5-4ec1-9e2f-249e15bbe81b admin admin] 10.222.0.16 "GET /compute/v2.1" status: 200 len: 388 microversion: 2.1 time: 0.002148
Aug 29 14:28:59.586847 dv-cinder-778193-6-iscsi devstack@n-api.service[93849]: [pid: 93849|app: 0|req: 6/13] 10.222.0.16 () {54 vars in 931 bytes} [Sun Aug 29 14:28:59 2021] GET /compute/v2.1 => generated 388 bytes in 3 msecs (HTTP/1.1 200) 9 headers in 357 bytes (1 switches on core 0)
Aug 29 14:28:59.669823 dv-cinder-778193-6-iscsi devstack@n-api.service[93850]: DEBUG nova.api.openstack.wsgi [None req-e558e15a-5f1f-45a0-ab3c-debfe201f9c2 admin admin] Action: 'create', calling method: >, body: {"flavor": {"id": "d3", "swap": 0, "vcpus": 2, "rxtx_factor": 1.0, "OS-FLV-EXT-DATA:ephemeral": 0, "os-flavor-access:is_public": true, "disk": 10, "ram": 2048, "name": "ds2G"}} {{(pid=93850) _process_stack /opt/stack/nova/nova/api/openstack/wsgi.py:511}}
Aug 29 14:28:59.756453 dv-cinder-778193-6-iscsi devstack@n-api.service[93850]: INFO nova.api.openstack.requestlog [None req-e558e15a-5f1f-45a0-ab3c-debfe201f9c2 admin admin] 10.222.0.16 "POST /compute/v2.1/flavors" status: 200 len: 404 microversion: 2.61 time: 0.154942
Aug 29 14:28:59.756951 dv-cinder-778193-6-iscsi devstack@n-api.service[93850]: [pid: 93850|app: 0|req: 8/14] 10.222.0.16 () {64 vars in 1283 bytes} [Sun Aug 29 14:28:59 2021] POST /compute/v2.1/flavors => generated 404 bytes in 156 msecs (HTTP/1.1 200) 9 headers in 359 bytes (1 switches on core 0)
Aug 29 14:28:59.769324 dv-cinder-778193-6-iscsi devstack@n-api.service[93849]: DEBUG nova.api.openstack.wsgi [None req-46a63591-aa91-45da-904b-c9921712899f admin admin] Action: 'create', calling method: >, body: {"extra_specs": {"hw_rng:allowed": "True"}} {{(pid=93849) _process_stack /opt/stack/nova/nova/api/openstack/wsgi.py:511}}
Aug 29 14:28:59.851411 dv-cinder-778193-6-iscsi devstack@n-api.service[93849]: INFO nova.api.openstack.requestlog [None req-46a63591-aa91-45da-904b-c9921712899f admin admin] 10.222.0.16 "POST /compute/v2.1/flavors/d3/os-extra_specs" status: 200 len: 43 microversion: 2.61 time: 0.085672
Aug 29 14:28:59.852053 dv-cinder-778193-6-iscsi devstack@n-api.service[93849]: [pid: 93849|app: 0|req: 7/15] 10.222.0.16 () {64 vars in 1336 bytes} [Sun Aug 29 14:28:59 2021] POST /compute/v2.1/flavors/d3/os-extra_specs => generated 43 bytes in 87 msecs (HTTP/1.1 200) 9 headers in 358 bytes (2 switches on core 0)
Aug 29 14:29:02.096293 dv-cinder-778193-6-iscsi devstack@n-api.service[93850]: DEBUG nova.api.openstack.wsgi [None req-e558e15a-5f1f-45a0-ab3c-debfe201f9c2 admin admin] Calling method '>' {{(pid=93850) _process_stack /opt/stack/nova/nova/api/openstack/wsgi.py:513}}
Aug 29 14:29:02.097288 dv-cinder-778193-6-iscsi devstack@n-api.service[93850]: INFO nova.api.openstack.requestlog [None req-e558e15a-5f1f-45a0-ab3c-debfe201f9c2 admin admin] 10.222.0.16 "GET /compute/v2.1" status: 200 len: 388 microversion: 2.1 time: 0.001445
Aug 29 14:29:02.097897 dv-cinder-778193-6-iscsi devstack@n-api.service[93850]: [pid: 93850|app: 0|req: 9/16] 10.222.0.16 () {54 vars in 931 bytes} [Sun Aug 29 14:29:02 2021] GET /compute/v2.1 => generated 388 bytes in 2 msecs (HTTP/1.1 200) 9 headers in 357 bytes (1 switches on core 0)
Aug 29 14:29:02.165150 dv-cinder-778193-6-iscsi devstack@n-api.service[93849]: DEBUG nova.api.openstack.wsgi [None req-9ba57099-0151-4518-83fd-2bd2002099ab admin admin] Action: 'create', calling method: >, body: {"flavor": {"ram": 4096, "id": "d4", "rxtx_factor": 1.0, "name": "ds4G", "disk": 20, "os-flavor-access:is_public": true, "OS-FLV-EXT-DATA:ephemeral": 0, "vcpus": 4, "swap": 0}} {{(pid=93849) _process_stack /opt/stack/nova/nova/api/openstack/wsgi.py:511}}
Aug 29 14:29:02.254803 dv-cinder-778193-6-iscsi devstack@n-api.service[93849]: INFO nova.api.openstack.requestlog [None req-9ba57099-0151-4518-83fd-2bd2002099ab admin admin] 10.222.0.16 "POST /compute/v2.1/flavors" status: 200 len: 404 microversion: 2.61 time: 0.150178
Aug 29 14:29:02.255450 dv-cinder-778193-6-iscsi devstack@n-api.service[93849]: [pid: 93849|app: 0|req: 8/17] 10.222.0.16 () {64 vars in 1283 bytes} [Sun Aug 29 14:29:02 2021] POST /compute/v2.1/flavors => generated 404 bytes in 151 msecs (HTTP/1.1 200) 9 headers in 359 bytes (1 switches on core 0)
Aug 29 14:29:02.268633 dv-cinder-778193-6-iscsi devstack@n-api.service[93850]: DEBUG nova.api.openstack.wsgi [None req-18a0a291-917a-4ae5-8535-cc1719c63c5f admin admin] Action: 'create', calling method: >, body: {"extra_specs": {"hw_rng:allowed": "True"}} {{(pid=93850) _process_stack /opt/stack/nova/nova/api/openstack/wsgi.py:511}}
Aug 29 14:29:02.344002 dv-cinder-778193-6-iscsi devstack@n-api.service[93850]: INFO nova.api.openstack.requestlog [None req-18a0a291-917a-4ae5-8535-cc1719c63c5f admin admin] 10.222.0.16 "POST /compute/v2.1/flavors/d4/os-extra_specs" status: 200 len: 43 microversion: 2.61 time: 0.078891
Aug 29 14:29:02.344733 dv-cinder-778193-6-iscsi devstack@n-api.service[93850]: [pid: 93850|app: 0|req: 10/18] 10.222.0.16 () {64 vars in 1336 bytes} [Sun Aug 29 14:29:02 2021] POST /compute/v2.1/flavors/d4/os-extra_specs => generated 43 bytes in 80 msecs (HTTP/1.1 200) 9 headers in 358 bytes (1 switches on core 0)
Aug 29 14:29:04.571588 dv-cinder-778193-6-iscsi devstack@n-api.service[93849]: DEBUG nova.api.openstack.wsgi [None req-9ba57099-0151-4518-83fd-2bd2002099ab admin admin] Calling method '>' {{(pid=93849) _process_stack /opt/stack/nova/nova/api/openstack/wsgi.py:513}}
Aug 29 14:29:04.572623 dv-cinder-778193-6-iscsi devstack@n-api.service[93849]: INFO nova.api.openstack.requestlog [None req-9ba57099-0151-4518-83fd-2bd2002099ab admin admin] 10.222.0.16 "GET /compute/v2.1" status: 200 len: 388 microversion: 2.1 time: 0.001453
Aug 29 14:29:04.573041 dv-cinder-778193-6-iscsi devstack@n-api.service[93849]: [pid: 93849|app: 0|req: 9/19] 10.222.0.16 () {54 vars in 931 bytes} [Sun Aug 29 14:29:04 2021] GET /compute/v2.1 => generated 388 bytes in 2 msecs (HTTP/1.1 200) 9 headers in 357 bytes (1 switches on core 0)
Aug 29 14:29:04.636047 dv-cinder-778193-6-iscsi devstack@n-api.service[93850]: DEBUG nova.api.openstack.wsgi [None req-25dad9bc-56ec-4a16-8c3f-3237836162a0 admin admin] Calling method '>' {{(pid=93850) _process_stack /opt/stack/nova/nova/api/openstack/wsgi.py:513}}
Aug 29 14:29:04.659701 dv-cinder-778193-6-iscsi devstack@n-api.service[93850]: INFO nova.api.openstack.requestlog [None req-25dad9bc-56ec-4a16-8c3f-3237836162a0 admin admin] 10.222.0.16 "GET /compute/v2.1/flavors/detail?is_public=True" status: 200 len: 2106 microversion: 2.61 time: 0.080079
Aug 29 14:29:04.660378 dv-cinder-778193-6-iscsi devstack@n-api.service[93850]: [pid: 93850|app: 0|req: 11/20] 10.222.0.16 () {60 vars in 1292 bytes} [Sun Aug 29 14:29:04 2021] GET /compute/v2.1/flavors/detail?is_public=True => generated 2106 bytes in 81 msecs (HTTP/1.1 200) 9 headers in 360 bytes (1 switches on core 0)
Aug 29 14:29:06.906846 dv-cinder-778193-6-iscsi devstack@n-api.service[93849]: DEBUG nova.api.openstack.wsgi [None req-9ba57099-0151-4518-83fd-2bd2002099ab admin admin] Calling method '>' {{(pid=93849) _process_stack /opt/stack/nova/nova/api/openstack/wsgi.py:513}}
Aug 29 14:29:06.908052 dv-cinder-778193-6-iscsi devstack@n-api.service[93849]: INFO nova.api.openstack.requestlog [None req-9ba57099-0151-4518-83fd-2bd2002099ab admin admin] 10.222.0.16 "GET /compute/v2.1" status: 200 len: 388 microversion: 2.1 time: 0.001669
Aug 29 14:29:06.908470 dv-cinder-778193-6-iscsi devstack@n-api.service[93849]: [pid: 93849|app: 0|req: 10/21] 10.222.0.16 () {54 vars in 931 bytes} [Sun Aug 29 14:29:06 2021] GET /compute/v2.1 => generated 388 bytes in 3 msecs (HTTP/1.1 200) 9 headers in 357 bytes (1 switches on core 0)
Aug 29 14:29:06.980527 dv-cinder-778193-6-iscsi devstack@n-api.service[93850]: DEBUG nova.api.openstack.wsgi [None req-1ab6d775-95c4-4068-8f5e-21036dc00485 admin admin] Action: 'create', calling method: >, body: {"flavor": {"ram": 512, "OS-FLV-EXT-DATA:ephemeral": 0, "swap": 0, "rxtx_factor": 1.0, "os-flavor-access:is_public": true, "vcpus": 1, "id": "1", "name": "m1.tiny", "disk": 1}} {{(pid=93850) _process_stack /opt/stack/nova/nova/api/openstack/wsgi.py:511}}
Aug 29 14:29:07.065324 dv-cinder-778193-6-iscsi devstack@n-api.service[93850]: INFO nova.api.openstack.requestlog [None req-1ab6d775-95c4-4068-8f5e-21036dc00485 admin admin] 10.222.0.16 "POST /compute/v2.1/flavors" status: 200 len: 402 microversion: 2.61 time: 0.149475
Aug 29 14:29:07.065914 dv-cinder-778193-6-iscsi devstack@n-api.service[93850]: [pid: 93850|app: 0|req: 12/22] 10.222.0.16 () {64 vars in 1283 bytes} [Sun Aug 29 14:29:06 2021] POST /compute/v2.1/flavors => generated 402 bytes in 151 msecs (HTTP/1.1 200) 9 headers in 359 bytes (1 switches on core 0)
Aug 29 14:29:07.080279 dv-cinder-778193-6-iscsi devstack@n-api.service[93849]: DEBUG nova.api.openstack.wsgi [None req-d7da439e-92d3-48b2-a601-92f750a49089 admin admin] Action: 'create', calling method: >, body: {"extra_specs": {"hw_rng:allowed": "True"}} {{(pid=93849) _process_stack /opt/stack/nova/nova/api/openstack/wsgi.py:511}}
Aug 29 14:29:07.179839 dv-cinder-778193-6-iscsi devstack@n-api.service[93849]: INFO nova.api.openstack.requestlog [None req-d7da439e-92d3-48b2-a601-92f750a49089 admin admin] 10.222.0.16 "POST /compute/v2.1/flavors/1/os-extra_specs" status: 200 len: 43 microversion: 2.61 time: 0.104352
Aug 29 14:29:07.180566 dv-cinder-778193-6-iscsi devstack@n-api.service[93849]: [pid: 93849|app: 0|req: 11/23] 10.222.0.16 () {64 vars in 1333 bytes} [Sun Aug 29 14:29:07 2021] POST /compute/v2.1/flavors/1/os-extra_specs => generated 43 bytes in 106 msecs (HTTP/1.1 200) 9 headers in 358 bytes (1 switches on core 0)
Aug 29 14:29:09.466041 dv-cinder-778193-6-iscsi devstack@n-api.service[93850]: DEBUG nova.api.openstack.wsgi [None req-1ab6d775-95c4-4068-8f5e-21036dc00485 admin admin] Calling method '>' {{(pid=93850) _process_stack /opt/stack/nova/nova/api/openstack/wsgi.py:513}}
Aug 29 14:29:09.467099 dv-cinder-778193-6-iscsi devstack@n-api.service[93850]: INFO nova.api.openstack.requestlog [None req-1ab6d775-95c4-4068-8f5e-21036dc00485 admin admin] 10.222.0.16 "GET /compute/v2.1" status: 200 len: 388 microversion: 2.1 time: 0.001568
Aug 29 14:29:09.467520 dv-cinder-778193-6-iscsi devstack@n-api.service[93850]: [pid: 93850|app: 0|req: 13/24] 10.222.0.16 () {54 vars in 931 bytes} [Sun Aug 29 14:29:09 2021] GET /compute/v2.1 => generated 388 bytes in 3 msecs (HTTP/1.1 200) 9 headers in 357 bytes (1 switches on core 0)
Aug 29 14:29:09.537374 dv-cinder-778193-6-iscsi devstack@n-api.service[93849]: DEBUG nova.api.openstack.wsgi [None req-8324d835-570c-4acc-9c76-0fac0b425ca9 admin admin] Action: 'create', calling method: >, body: {"flavor": {"os-flavor-access:is_public": true, "rxtx_factor": 1.0, "swap": 0, "name": "m1.small", "vcpus": 1, "id": "2", "OS-FLV-EXT-DATA:ephemeral": 0, "disk": 20, "ram": 2048}} {{(pid=93849) _process_stack /opt/stack/nova/nova/api/openstack/wsgi.py:511}}
Aug 29 14:29:09.609641 dv-cinder-778193-6-iscsi devstack@n-api.service[93849]: INFO nova.api.openstack.requestlog [None req-8324d835-570c-4acc-9c76-0fac0b425ca9 admin admin] 10.222.0.16 "POST /compute/v2.1/flavors" status: 200 len: 405 microversion: 2.61 time: 0.135584
Aug 29 14:29:09.610258 dv-cinder-778193-6-iscsi devstack@n-api.service[93849]: [pid: 93849|app: 0|req: 12/25] 10.222.0.16 () {64 vars in 1283 bytes} [Sun Aug 29 14:29:09 2021] POST /compute/v2.1/flavors => generated 405 bytes in 137 msecs (HTTP/1.1 200) 9 headers in 359 bytes (1 switches on core 0)
Aug 29 14:29:09.623859 dv-cinder-778193-6-iscsi devstack@n-api.service[93850]: DEBUG nova.api.openstack.wsgi [None req-5546614f-fe6c-4e16-ac4b-3fb5cddda710 admin admin] Action: 'create', calling method: >, body: {"extra_specs": {"hw_rng:allowed": "True"}} {{(pid=93850) _process_stack /opt/stack/nova/nova/api/openstack/wsgi.py:511}}
Aug 29 14:29:09.691706 dv-cinder-778193-6-iscsi devstack@n-api.service[93850]: INFO nova.api.openstack.requestlog [None req-5546614f-fe6c-4e16-ac4b-3fb5cddda710 admin admin] 10.222.0.16 "POST /compute/v2.1/flavors/2/os-extra_specs" status: 200 len: 43 microversion: 2.61 time: 0.071737
Aug 29 14:29:09.692393 dv-cinder-778193-6-iscsi devstack@n-api.service[93850]: [pid: 93850|app: 0|req: 14/26] 10.222.0.16 () {64 vars in 1333 bytes} [Sun Aug 29 14:29:09 2021] POST /compute/v2.1/flavors/2/os-extra_specs => generated 43 bytes in 73 msecs (HTTP/1.1 200) 9 headers in 358 bytes (1 switches on core 0)
Aug 29 14:29:11.998653 dv-cinder-778193-6-iscsi devstack@n-api.service[93849]: DEBUG nova.api.openstack.wsgi [None req-8324d835-570c-4acc-9c76-0fac0b425ca9 admin admin] Calling method '>' {{(pid=93849) _process_stack /opt/stack/nova/nova/api/openstack/wsgi.py:513}}
Aug 29 14:29:11.999700 dv-cinder-778193-6-iscsi devstack@n-api.service[93849]: INFO nova.api.openstack.requestlog [None req-8324d835-570c-4acc-9c76-0fac0b425ca9 admin admin] 10.222.0.16 "GET /compute/v2.1" status: 200 len: 388 microversion: 2.1 time: 0.001529
Aug 29 14:29:12.000111 dv-cinder-778193-6-iscsi devstack@n-api.service[93849]: [pid: 93849|app: 0|req: 13/27] 10.222.0.16 () {54 vars in 931 bytes} [Sun Aug 29 14:29:11 2021] GET /compute/v2.1 => generated 388 bytes in 2 msecs (HTTP/1.1 200) 9 headers in 357 bytes (1 switches on core 0)
Aug 29 14:29:12.058650 dv-cinder-778193-6-iscsi devstack@n-api.service[93850]: DEBUG nova.api.openstack.wsgi [None req-dac004ce-83ed-4c96-8b7d-b243f7ffb043 admin admin] Action: 'create', calling method: >, body: {"flavor": {"swap": 0, "OS-FLV-EXT-DATA:ephemeral": 0, "vcpus": 2, "rxtx_factor": 1.0, "name": "m1.medium", "ram": 4096, "id": "3", "os-flavor-access:is_public": true, "disk": 40}} {{(pid=93850) _process_stack /opt/stack/nova/nova/api/openstack/wsgi.py:511}}
Aug 29 14:29:12.115725 dv-cinder-778193-6-iscsi devstack@n-api.service[93850]: INFO nova.api.openstack.requestlog [None req-dac004ce-83ed-4c96-8b7d-b243f7ffb043 admin admin] 10.222.0.16 "POST /compute/v2.1/flavors" status: 200 len: 406 microversion: 2.61 time: 0.108534
Aug 29 14:29:12.116276 dv-cinder-778193-6-iscsi devstack@n-api.service[93850]: [pid: 93850|app: 0|req: 15/28] 10.222.0.16 () {64 vars in 1283 bytes} [Sun Aug 29 14:29:12 2021] POST /compute/v2.1/flavors => generated 406 bytes in 110 msecs (HTTP/1.1 200) 9 headers in 359 bytes (2 switches on core 0)
Aug 29 14:29:12.128987 dv-cinder-778193-6-iscsi devstack@n-api.service[93849]: DEBUG nova.api.openstack.wsgi [None req-1b943767-e5d5-4dbb-8df4-8b86a9a53263 admin admin] Action: 'create', calling method: >, body: {"extra_specs": {"hw_rng:allowed": "True"}} {{(pid=93849) _process_stack /opt/stack/nova/nova/api/openstack/wsgi.py:511}}
Aug 29 14:29:12.204896 dv-cinder-778193-6-iscsi devstack@n-api.service[93849]: INFO nova.api.openstack.requestlog [None req-1b943767-e5d5-4dbb-8df4-8b86a9a53263 admin admin] 10.222.0.16 "POST /compute/v2.1/flavors/3/os-extra_specs" status: 200 len: 43 microversion: 2.61 time: 0.079648
Aug 29 14:29:12.205732 dv-cinder-778193-6-iscsi devstack@n-api.service[93849]: [pid: 93849|app: 0|req: 14/29] 10.222.0.16 () {64 vars in 1333 bytes} [Sun Aug 29 14:29:12 2021] POST /compute/v2.1/flavors/3/os-extra_specs => generated 43 bytes in 81 msecs (HTTP/1.1 200) 9 headers in 358 bytes (2 switches on core 0)
Aug 29 14:29:14.437718 dv-cinder-778193-6-iscsi devstack@n-api.service[93850]: DEBUG nova.api.openstack.wsgi [None req-dac004ce-83ed-4c96-8b7d-b243f7ffb043 admin admin] Calling method '>' {{(pid=93850) _process_stack /opt/stack/nova/nova/api/openstack/wsgi.py:513}}
Aug 29 14:29:14.438754 dv-cinder-778193-6-iscsi devstack@n-api.service[93850]: INFO nova.api.openstack.requestlog [None req-dac004ce-83ed-4c96-8b7d-b243f7ffb043 admin admin] 10.222.0.16 "GET /compute/v2.1" status: 200 len: 388 microversion: 2.1 time: 0.001479
Aug 29 14:29:14.439154 dv-cinder-778193-6-iscsi devstack@n-api.service[93850]: [pid: 93850|app: 0|req: 16/30] 10.222.0.16 () {54 vars in 931 bytes} [Sun Aug 29 14:29:14 2021] GET /compute/v2.1 => generated 388 bytes in 2 msecs (HTTP/1.1 200) 9 headers in 357 bytes (1 switches on core 0)
Aug 29 14:29:14.501665 dv-cinder-778193-6-iscsi devstack@n-api.service[93849]: DEBUG nova.api.openstack.wsgi [None req-8268b23a-89fb-41d2-8e9f-a0fb50a109ba admin admin] Action: 'create', calling method: >, body: {"flavor": {"OS-FLV-EXT-DATA:ephemeral": 0, "vcpus": 4, "swap": 0, "rxtx_factor": 1.0, "os-flavor-access:is_public": true, "disk": 80, "name": "m1.large", "ram": 8192, "id": "4"}} {{(pid=93849) _process_stack /opt/stack/nova/nova/api/openstack/wsgi.py:511}}
Aug 29 14:29:14.583154 dv-cinder-778193-6-iscsi devstack@n-api.service[93849]: INFO nova.api.openstack.requestlog [None req-8268b23a-89fb-41d2-8e9f-a0fb50a109ba admin admin] 10.222.0.16 "POST /compute/v2.1/flavors" status: 200 len: 405 microversion: 2.61 time: 0.136829
Aug 29 14:29:14.585025 dv-cinder-778193-6-iscsi devstack@n-api.service[93849]: [pid: 93849|app: 0|req: 15/31] 10.222.0.16 () {64 vars in 1283 bytes} [Sun Aug 29 14:29:14 2021] POST /compute/v2.1/flavors => generated 405 bytes in 139 msecs (HTTP/1.1 200) 9 headers in 359 bytes (2 switches on core 0)
Aug 29 14:29:14.597057 dv-cinder-778193-6-iscsi devstack@n-api.service[93850]: DEBUG nova.api.openstack.wsgi [None req-86ed2390-3ee5-47a4-a261-95602de682db admin admin] Action: 'create', calling method: >, body: {"extra_specs": {"hw_rng:allowed": "True"}} {{(pid=93850) _process_stack /opt/stack/nova/nova/api/openstack/wsgi.py:511}}
Aug 29 14:29:14.673717 dv-cinder-778193-6-iscsi devstack@n-api.service[93850]: INFO nova.api.openstack.requestlog [None req-86ed2390-3ee5-47a4-a261-95602de682db admin admin] 10.222.0.16 "POST /compute/v2.1/flavors/4/os-extra_specs" status: 200 len: 43 microversion: 2.61 time: 0.080160
Aug 29 14:29:14.674575 dv-cinder-778193-6-iscsi devstack@n-api.service[93850]: [pid: 93850|app: 0|req: 17/32] 10.222.0.16 () {64 vars in 1333 bytes} [Sun Aug 29 14:29:14 2021] POST /compute/v2.1/flavors/4/os-extra_specs => generated 43 bytes in 82 msecs (HTTP/1.1 200) 9 headers in 358 bytes (1 switches on core 0)
Aug 29 14:29:16.984161 dv-cinder-778193-6-iscsi devstack@n-api.service[93849]: DEBUG nova.api.openstack.wsgi [None req-8268b23a-89fb-41d2-8e9f-a0fb50a109ba admin admin] Calling method '>' {{(pid=93849) _process_stack /opt/stack/nova/nova/api/openstack/wsgi.py:513}}
Aug 29 14:29:16.985418 dv-cinder-778193-6-iscsi devstack@n-api.service[93849]: INFO nova.api.openstack.requestlog [None req-8268b23a-89fb-41d2-8e9f-a0fb50a109ba admin admin] 10.222.0.16 "GET /compute/v2.1" status: 200 len: 388 microversion: 2.1 time: 0.001680
Aug 29 14:29:16.985967 dv-cinder-778193-6-iscsi devstack@n-api.service[93849]: [pid: 93849|app: 0|req: 16/33] 10.222.0.16 () {54 vars in 931 bytes} [Sun Aug 29 14:29:16 2021] GET /compute/v2.1 => generated 388 bytes in 3 msecs (HTTP/1.1 200) 9 headers in 357 bytes (2 switches on core 0)
Aug 29 14:29:17.054207 dv-cinder-778193-6-iscsi devstack@n-api.service[93850]: DEBUG nova.api.openstack.wsgi [None req-7b1c3232-e4db-4e11-ae07-81e231a495d2 admin admin] Action: 'create', calling method: >, body: {"flavor": {"ram": 16384, "id": "5", "disk": 160, "name": "m1.xlarge", "vcpus": 8, "swap": 0, "OS-FLV-EXT-DATA:ephemeral": 0, "os-flavor-access:is_public": true, "rxtx_factor": 1.0}} {{(pid=93850) _process_stack /opt/stack/nova/nova/api/openstack/wsgi.py:511}}
Aug 29 14:29:17.122627 dv-cinder-778193-6-iscsi devstack@n-api.service[93850]: INFO nova.api.openstack.requestlog [None req-7b1c3232-e4db-4e11-ae07-81e231a495d2 admin admin] 10.222.0.16 "POST /compute/v2.1/flavors" status: 200 len: 408 microversion: 2.61 time: 0.129441
Aug 29 14:29:17.123298 dv-cinder-778193-6-iscsi devstack@n-api.service[93850]: [pid: 93850|app: 0|req: 18/34] 10.222.0.16 () {64 vars in 1283 bytes} [Sun Aug 29 14:29:16 2021] POST /compute/v2.1/flavors => generated 408 bytes in 131 msecs (HTTP/1.1 200) 9 headers in 359 bytes (1 switches on core 0)
Aug 29 14:29:17.135910 dv-cinder-778193-6-iscsi devstack@n-api.service[93849]: DEBUG nova.api.openstack.wsgi [None req-4d0030d4-dc8f-4ccd-82c3-6c75c4d90390 admin admin] Action: 'create', calling method: >, body: {"extra_specs": {"hw_rng:allowed": "True"}} {{(pid=93849) _process_stack /opt/stack/nova/nova/api/openstack/wsgi.py:511}}
Aug 29 14:29:17.234386 dv-cinder-778193-6-iscsi devstack@n-api.service[93849]: INFO nova.api.openstack.requestlog [None req-4d0030d4-dc8f-4ccd-82c3-6c75c4d90390 admin admin] 10.222.0.16 "POST /compute/v2.1/flavors/5/os-extra_specs" status: 200 len: 43 microversion: 2.61 time: 0.102076
Aug 29 14:29:17.234893 dv-cinder-778193-6-iscsi devstack@n-api.service[93849]: [pid: 93849|app: 0|req: 17/35] 10.222.0.16 () {64 vars in 1333 bytes} [Sun Aug 29 14:29:17 2021] POST /compute/v2.1/flavors/5/os-extra_specs => generated 43 bytes in 103 msecs (HTTP/1.1 200) 9 headers in 358 bytes (1 switches on core 0)
Aug 29 14:29:56.953938 dv-cinder-778193-6-iscsi devstack@n-api.service[93850]: DEBUG nova.api.openstack.wsgi [None req-7b1c3232-e4db-4e11-ae07-81e231a495d2 admin admin] Calling method '>' {{(pid=93850) _process_stack /opt/stack/nova/nova/api/openstack/wsgi.py:513}}
Aug 29 14:29:56.954940 dv-cinder-778193-6-iscsi devstack@n-api.service[93850]: INFO nova.api.openstack.requestlog [None req-7b1c3232-e4db-4e11-ae07-81e231a495d2 admin admin] 10.222.0.16 "GET /compute/v2.1" status: 200 len: 388 microversion: 2.1 time: 0.001464
Aug 29 14:29:56.955336 dv-cinder-778193-6-iscsi devstack@n-api.service[93850]: [pid: 93850|app: 0|req: 19/36] 10.222.0.16 () {54 vars in 931 bytes} [Sun Aug 29 14:29:56 2021] GET /compute/v2.1 => generated 388 bytes in 2 msecs (HTTP/1.1 200) 9 headers in 357 bytes (1 switches on core 0)
Aug 29 14:29:57.012623 dv-cinder-778193-6-iscsi devstack@n-api.service[93849]: DEBUG nova.api.openstack.wsgi [None req-8a72fe21-de4e-4d4d-98c7-03ec4f41db0b admin admin] Calling method '>' {{(pid=93849) _process_stack /opt/stack/nova/nova/api/openstack/wsgi.py:513}}
Aug 29 14:29:57.031235 dv-cinder-778193-6-iscsi devstack@n-api.service[93849]: INFO nova.api.openstack.requestlog [None req-8a72fe21-de4e-4d4d-98c7-03ec4f41db0b admin admin] 10.222.0.16 "GET /compute/v2.1/flavors/detail?is_public=True" status: 200 len: 4202 microversion: 2.61 time: 0.068564
Aug 29 14:29:57.031766 dv-cinder-778193-6-iscsi devstack@n-api.service[93849]: [pid: 93849|app: 0|req: 18/37] 10.222.0.16 () {60 vars in 1292 bytes} [Sun Aug 29 14:29:56 2021] GET /compute/v2.1/flavors/detail?is_public=True => generated 4202 bytes in 70 msecs (HTTP/1.1 200) 9 headers in 360 bytes (1 switches on core 0)
Aug 29 14:29:58.461004 dv-cinder-778193-6-iscsi devstack@n-api.service[93850]: DEBUG nova.api.openstack.wsgi [None req-7b1c3232-e4db-4e11-ae07-81e231a495d2 admin admin] Calling method '>' {{(pid=93850) _process_stack /opt/stack/nova/nova/api/openstack/wsgi.py:513}}
Aug 29 14:29:58.462033 dv-cinder-778193-6-iscsi devstack@n-api.service[93850]: INFO nova.api.openstack.requestlog [None req-7b1c3232-e4db-4e11-ae07-81e231a495d2 admin admin] 10.222.0.16 "GET /compute/v2.1" status: 200 len: 388 microversion: 2.1 time: 0.001406
Aug 29 14:29:58.462429 dv-cinder-778193-6-iscsi devstack@n-api.service[93850]: [pid: 93850|app: 0|req: 20/38] 10.222.0.16 () {56 vars in 1075 bytes} [Sun Aug 29 14:29:58 2021] GET /compute/v2.1 => generated 388 bytes in 2 msecs (HTTP/1.1 200) 9 headers in 357 bytes (1 switches on core 0)
Aug 29 14:29:58.655209 dv-cinder-778193-6-iscsi devstack@n-api.service[93849]: DEBUG nova.api.openstack.wsgi [None req-6ce111c5-8b8b-4b7d-8f0f-b05961e38564 admin admin] Calling method '>' {{(pid=93849) _process_stack /opt/stack/nova/nova/api/openstack/wsgi.py:513}}
Aug 29 14:29:58.661575 dv-cinder-778193-6-iscsi devstack@n-api.service[93849]: INFO nova.api.openstack.wsgi [None req-6ce111c5-8b8b-4b7d-8f0f-b05961e38564 admin admin] HTTP exception thrown: Flavor 42 could not be found.
Aug 29 14:29:58.662200 dv-cinder-778193-6-iscsi devstack@n-api.service[93849]: DEBUG nova.api.openstack.wsgi [None req-6ce111c5-8b8b-4b7d-8f0f-b05961e38564 admin admin] Returning 404 to user: Flavor 42 could not be found. {{(pid=93849) __call__ /opt/stack/nova/nova/api/openstack/wsgi.py:927}}
Aug 29 14:29:58.663000 dv-cinder-778193-6-iscsi devstack@n-api.service[93849]: INFO nova.api.openstack.requestlog [None req-6ce111c5-8b8b-4b7d-8f0f-b05961e38564 admin admin] 10.222.0.16 "GET /compute/v2.1/flavors/42" status: 404 len: 75 microversion: 2.88 time: 0.061429
Aug 29 14:29:58.663721 dv-cinder-778193-6-iscsi devstack@n-api.service[93849]: [pid: 93849|app: 0|req: 19/39] 10.222.0.16 () {60 vars in 1191 bytes} [Sun Aug 29 14:29:58 2021] GET /compute/v2.1/flavors/42 => generated 75 bytes in 62 msecs (HTTP/1.1 404) 9 headers in 380 bytes (1 switches on core 0)
Aug 29 14:29:58.673157 dv-cinder-778193-6-iscsi devstack@n-api.service[93850]: DEBUG nova.api.openstack.wsgi [None req-e08bb816-f4ef-415b-bf4f-c40ad0762e49 admin admin] Calling method '>' {{(pid=93850) _process_stack /opt/stack/nova/nova/api/openstack/wsgi.py:513}}
Aug 29 14:29:58.695080 dv-cinder-778193-6-iscsi devstack@n-api.service[93850]: INFO nova.api.openstack.requestlog [None req-e08bb816-f4ef-415b-bf4f-c40ad0762e49 admin admin] 10.222.0.16 "GET /compute/v2.1/flavors?is_public=None" status: 200 len: 2056 microversion: 2.88 time: 0.025373
Aug 29 14:29:58.701334 dv-cinder-778193-6-iscsi devstack@n-api.service[93850]: [pid: 93850|app: 0|req: 21/40] 10.222.0.16 () {60 vars in 1211 bytes} [Sun Aug 29 14:29:58 2021] GET /compute/v2.1/flavors?is_public=None => generated 2056 bytes in 32 msecs (HTTP/1.1 200) 9 headers in 360 bytes (1 switches on core 0)
Aug 29 14:29:58.706188 dv-cinder-778193-6-iscsi devstack@n-api.service[93849]: DEBUG nova.api.openstack.wsgi [None req-9b69a69d-e94d-4798-87c0-b4739289cf28 admin admin] Calling method '>' {{(pid=93849) _process_stack /opt/stack/nova/nova/api/openstack/wsgi.py:513}}
Aug 29 14:29:58.728106 dv-cinder-778193-6-iscsi devstack@n-api.service[93849]: INFO nova.api.openstack.requestlog [None req-9b69a69d-e94d-4798-87c0-b4739289cf28 admin admin] 10.222.0.16 "GET /compute/v2.1/flavors?is_public=None" status: 200 len: 2056 microversion: 2.88 time: 0.025545
Aug 29 14:29:58.728672 dv-cinder-778193-6-iscsi devstack@n-api.service[93849]: [pid: 93849|app: 0|req: 20/41] 10.222.0.16 () {60 vars in 1211 bytes} [Sun Aug 29 14:29:58 2021] GET /compute/v2.1/flavors?is_public=None => generated 2056 bytes in 27 msecs (HTTP/1.1 200) 9 headers in 360 bytes (2 switches on core 0)
Aug 29 14:29:58.738881 dv-cinder-778193-6-iscsi devstack@n-api.service[93850]: DEBUG nova.api.openstack.wsgi [None req-3ef008c6-aeb2-4476-bdf6-0d59a9f71bd3 admin admin] Calling method '>' {{(pid=93850) _process_stack /opt/stack/nova/nova/api/openstack/wsgi.py:513}}
Aug 29 14:29:58.745140 dv-cinder-778193-6-iscsi devstack@n-api.service[93850]: INFO nova.api.openstack.wsgi [None req-3ef008c6-aeb2-4476-bdf6-0d59a9f71bd3 admin admin] HTTP exception thrown: Flavor 42 could not be found.
Aug 29 14:29:58.745824 dv-cinder-778193-6-iscsi devstack@n-api.service[93850]: DEBUG nova.api.openstack.wsgi [None req-3ef008c6-aeb2-4476-bdf6-0d59a9f71bd3 admin admin] Returning 404 to user: Flavor 42 could not be found. {{(pid=93850) __call__ /opt/stack/nova/nova/api/openstack/wsgi.py:927}}
Aug 29 14:29:58.746643 dv-cinder-778193-6-iscsi devstack@n-api.service[93850]: INFO nova.api.openstack.requestlog [None req-3ef008c6-aeb2-4476-bdf6-0d59a9f71bd3 admin admin] 10.222.0.16 "GET /compute/v2.1/flavors/42" status: 404 len: 75 microversion: 2.88 time: 0.011561
Aug 29 14:29:58.747150 dv-cinder-778193-6-iscsi devstack@n-api.service[93850]: [pid: 93850|app: 0|req: 22/42] 10.222.0.16 () {60 vars in 1191 bytes} [Sun Aug 29 14:29:58 2021] GET /compute/v2.1/flavors/42 => generated 75 bytes in 13 msecs (HTTP/1.1 404) 9 headers in 380 bytes (1 switches on core 0)
Aug 29 14:30:00.101218 dv-cinder-778193-6-iscsi devstack@n-api.service[93849]: DEBUG nova.api.openstack.wsgi [None req-9b69a69d-e94d-4798-87c0-b4739289cf28 admin admin] Calling method '>' {{(pid=93849) _process_stack /opt/stack/nova/nova/api/openstack/wsgi.py:513}}
Aug 29 14:30:00.102251 dv-cinder-778193-6-iscsi devstack@n-api.service[93849]: INFO nova.api.openstack.requestlog [None req-9b69a69d-e94d-4798-87c0-b4739289cf28 admin admin] 10.222.0.16 "GET /compute/v2.1" status: 200 len: 388 microversion: 2.1 time: 0.001413
Aug 29 14:30:00.102641 dv-cinder-778193-6-iscsi devstack@n-api.service[93849]: [pid: 93849|app: 0|req: 21/43] 10.222.0.16 () {56 vars in 1075 bytes} [Sun Aug 29 14:30:00 2021] GET /compute/v2.1 => generated 388 bytes in 2 msecs (HTTP/1.1 200) 9 headers in 357 bytes (1 switches on core 0)
Aug 29 14:30:00.292837 dv-cinder-778193-6-iscsi devstack@n-api.service[93850]: DEBUG nova.api.openstack.wsgi [None req-6d2f888c-4325-4fa8-8ced-363c44f422de admin admin] Calling method '>' {{(pid=93850) _process_stack /opt/stack/nova/nova/api/openstack/wsgi.py:513}}
Aug 29 14:30:00.298538 dv-cinder-778193-6-iscsi devstack@n-api.service[93850]: INFO nova.api.openstack.wsgi [None req-6d2f888c-4325-4fa8-8ced-363c44f422de admin admin] HTTP exception thrown: Flavor 84 could not be found.
Aug 29 14:30:00.299104 dv-cinder-778193-6-iscsi devstack@n-api.service[93850]: DEBUG nova.api.openstack.wsgi [None req-6d2f888c-4325-4fa8-8ced-363c44f422de admin admin] Returning 404 to user: Flavor 84 could not be found. {{(pid=93850) __call__ /opt/stack/nova/nova/api/openstack/wsgi.py:927}}
Aug 29 14:30:00.299893 dv-cinder-778193-6-iscsi devstack@n-api.service[93850]: INFO nova.api.openstack.requestlog [None req-6d2f888c-4325-4fa8-8ced-363c44f422de admin admin] 10.222.0.16 "GET /compute/v2.1/flavors/84" status: 404 len: 75 microversion: 2.88 time: 0.057553
Aug 29 14:30:00.301077 dv-cinder-778193-6-iscsi devstack@n-api.service[93850]: [pid: 93850|app: 0|req: 23/44] 10.222.0.16 () {60 vars in 1191 bytes} [Sun Aug 29 14:30:00 2021] GET /compute/v2.1/flavors/84 => generated 75 bytes in 59 msecs (HTTP/1.1 404) 9 headers in 380 bytes (1 switches on core 0)
Aug 29 14:30:00.310734 dv-cinder-778193-6-iscsi devstack@n-api.service[93849]: DEBUG nova.api.openstack.wsgi [None req-8f6ce3d1-2412-4da1-a8ff-a894897c8b86 admin admin] Calling method '>' {{(pid=93849) _process_stack /opt/stack/nova/nova/api/openstack/wsgi.py:513}}
Aug 29 14:30:00.324447 dv-cinder-778193-6-iscsi devstack@n-api.service[93849]: INFO nova.api.openstack.requestlog [None req-8f6ce3d1-2412-4da1-a8ff-a894897c8b86 admin admin] 10.222.0.16 "GET /compute/v2.1/flavors?is_public=None" status: 200 len: 2056 microversion: 2.88 time: 0.017236
Aug 29 14:30:00.324966 dv-cinder-778193-6-iscsi devstack@n-api.service[93849]: [pid: 93849|app: 0|req: 22/45] 10.222.0.16 () {60 vars in 1211 bytes} [Sun Aug 29 14:30:00 2021] GET /compute/v2.1/flavors?is_public=None => generated 2056 bytes in 18 msecs (HTTP/1.1 200) 9 headers in 360 bytes (1 switches on core 0)
Aug 29 14:30:00.334905 dv-cinder-778193-6-iscsi devstack@n-api.service[93850]: DEBUG nova.api.openstack.wsgi [None req-41ea0e07-71f4-490e-b111-46c3db66c23c admin admin] Calling method '>' {{(pid=93850) _process_stack /opt/stack/nova/nova/api/openstack/wsgi.py:513}}
Aug 29 14:30:00.348881 dv-cinder-778193-6-iscsi devstack@n-api.service[93850]: INFO nova.api.openstack.requestlog [None req-41ea0e07-71f4-490e-b111-46c3db66c23c admin admin] 10.222.0.16 "GET /compute/v2.1/flavors?is_public=None" status: 200 len: 2056 microversion: 2.88 time: 0.017780
Aug 29 14:30:00.349398 dv-cinder-778193-6-iscsi devstack@n-api.service[93850]: [pid: 93850|app: 0|req: 24/46] 10.222.0.16 () {60 vars in 1211 bytes} [Sun Aug 29 14:30:00 2021] GET /compute/v2.1/flavors?is_public=None => generated 2056 bytes in 19 msecs (HTTP/1.1 200) 9 headers in 360 bytes (2 switches on core 0)
Aug 29 14:30:00.358787 dv-cinder-778193-6-iscsi devstack@n-api.service[93849]: DEBUG nova.api.openstack.wsgi [None req-46152d17-0c34-4b5b-8d7a-51bf919b32ad admin admin] Calling method '>' {{(pid=93849) _process_stack /opt/stack/nova/nova/api/openstack/wsgi.py:513}}
Aug 29 14:30:00.363869 dv-cinder-778193-6-iscsi devstack@n-api.service[93849]: INFO nova.api.openstack.wsgi [None req-46152d17-0c34-4b5b-8d7a-51bf919b32ad admin admin] HTTP exception thrown: Flavor 84 could not be found.
Aug 29 14:30:00.364415 dv-cinder-778193-6-iscsi devstack@n-api.service[93849]: DEBUG nova.api.openstack.wsgi [None req-46152d17-0c34-4b5b-8d7a-51bf919b32ad admin admin] Returning 404 to user: Flavor 84 could not be found. {{(pid=93849) __call__ /opt/stack/nova/nova/api/openstack/wsgi.py:927}}
Aug 29 14:30:00.365181 dv-cinder-778193-6-iscsi devstack@n-api.service[93849]: INFO nova.api.openstack.requestlog [None req-46152d17-0c34-4b5b-8d7a-51bf919b32ad admin admin] 10.222.0.16 "GET /compute/v2.1/flavors/84" status: 404 len: 75 microversion: 2.88 time: 0.009801
Aug 29 14:30:00.365659 dv-cinder-778193-6-iscsi devstack@n-api.service[93849]: [pid: 93849|app: 0|req: 23/47] 10.222.0.16 () {60 vars in 1191 bytes} [Sun Aug 29 14:30:00 2021] GET /compute/v2.1/flavors/84 => generated 75 bytes in 11 msecs (HTTP/1.1 404) 9 headers in 380 bytes (2 switches on core 0)
Aug 29 14:30:01.729556 dv-cinder-778193-6-iscsi devstack@n-api.service[93850]: DEBUG nova.api.openstack.wsgi [None req-41ea0e07-71f4-490e-b111-46c3db66c23c admin admin] Calling method '>' {{(pid=93850) _process_stack /opt/stack/nova/nova/api/openstack/wsgi.py:513}}
Aug 29 14:30:01.730593 dv-cinder-778193-6-iscsi devstack@n-api.service[93850]: INFO nova.api.openstack.requestlog [None req-41ea0e07-71f4-490e-b111-46c3db66c23c admin admin] 10.222.0.16 "GET /compute/v2.1" status: 200 len: 388 microversion: 2.1 time: 0.001454
Aug 29 14:30:01.731020 dv-cinder-778193-6-iscsi devstack@n-api.service[93850]: [pid: 93850|app: 0|req: 25/48] 10.222.0.16 () {56 vars in 1075 bytes} [Sun Aug 29 14:30:01 2021] GET /compute/v2.1 => generated 388 bytes in 2 msecs (HTTP/1.1 200) 9 headers in 357 bytes (1 switches on core 0)
Aug 29 14:30:01.934777 dv-cinder-778193-6-iscsi devstack@n-api.service[93849]: DEBUG nova.api.openstack.wsgi [None req-6b0f4f15-a6d1-4ae3-a01f-741248d75093 admin admin] Calling method '>' {{(pid=93849) _process_stack /opt/stack/nova/nova/api/openstack/wsgi.py:513}}
Aug 29 14:30:01.940375 dv-cinder-778193-6-iscsi devstack@n-api.service[93849]: INFO nova.api.openstack.wsgi [None req-6b0f4f15-a6d1-4ae3-a01f-741248d75093 admin admin] HTTP exception thrown: Flavor 451 could not be found.
Aug 29 14:30:01.942015 dv-cinder-778193-6-iscsi devstack@n-api.service[93849]: DEBUG nova.api.openstack.wsgi [None req-6b0f4f15-a6d1-4ae3-a01f-741248d75093 admin admin] Returning 404 to user: Flavor 451 could not be found. {{(pid=93849) __call__ /opt/stack/nova/nova/api/openstack/wsgi.py:927}}
Aug 29 14:30:01.942816 dv-cinder-778193-6-iscsi devstack@n-api.service[93849]: INFO nova.api.openstack.requestlog [None req-6b0f4f15-a6d1-4ae3-a01f-741248d75093 admin admin] 10.222.0.16 "GET /compute/v2.1/flavors/451" status: 404 len: 76 microversion: 2.88 time: 0.060102
