Aug 27 10:27:05.003947 dv-cinder-778193-5-smb devstack@n-api.service[108049]: DEBUG nova.compute.api [None req-6f38a0a2-1932-46e3-a788-55c895121285 tempest-VolumesActionsTest-197309600 tempest-VolumesActionsTest-197309600-project] [instance: 13a25ff2-9237-4f13-a184-cf88d8944951] Fetching instance by UUID {{(pid=108049) get /opt/stack/nova/nova/compute/api.py:2826}}
Aug 27 10:27:05.010186 dv-cinder-778193-5-smb devstack@n-api.service[108049]: DEBUG oslo_concurrency.lockutils [None req-6f38a0a2-1932-46e3-a788-55c895121285 tempest-VolumesActionsTest-197309600 tempest-VolumesActionsTest-197309600-project] Lock "ad21bf95-d51a-43fc-9e76-da1741add963" acquired by "nova.context.set_target_cell..get_or_set_cached_cell_and_set_connections" :: waited 0.000s {{(pid=108049) inner /usr/local/lib/python3.8/dist-packages/oslo_concurrency/lockutils.py:355}}
Aug 27 10:27:05.011005 dv-cinder-778193-5-smb devstack@n-api.service[108049]: DEBUG oslo_concurrency.lockutils [None req-6f38a0a2-1932-46e3-a788-55c895121285 tempest-VolumesActionsTest-197309600 tempest-VolumesActionsTest-197309600-project] Lock "ad21bf95-d51a-43fc-9e76-da1741add963" released by "nova.context.set_target_cell..get_or_set_cached_cell_and_set_connections" :: held 0.001s {{(pid=108049) inner /usr/local/lib/python3.8/dist-packages/oslo_concurrency/lockutils.py:367}}
Aug 27 10:27:05.012086 dv-cinder-778193-5-smb devstack@n-api.service[108049]: DEBUG oslo_concurrency.lockutils [None req-6f38a0a2-1932-46e3-a788-55c895121285 tempest-VolumesActionsTest-197309600 tempest-VolumesActionsTest-197309600-project] Lock "ad21bf95-d51a-43fc-9e76-da1741add963" acquired by "nova.context.set_target_cell..get_or_set_cached_cell_and_set_connections" :: waited 0.000s {{(pid=108049) inner /usr/local/lib/python3.8/dist-packages/oslo_concurrency/lockutils.py:355}}
Aug 27 10:27:05.012817 dv-cinder-778193-5-smb devstack@n-api.service[108049]: DEBUG oslo_concurrency.lockutils [None req-6f38a0a2-1932-46e3-a788-55c895121285 tempest-VolumesActionsTest-197309600 tempest-VolumesActionsTest-197309600-project] Lock "ad21bf95-d51a-43fc-9e76-da1741add963" released by "nova.context.set_target_cell..get_or_set_cached_cell_and_set_connections" :: held 0.001s {{(pid=108049) inner /usr/local/lib/python3.8/dist-packages/oslo_concurrency/lockutils.py:367}}
Aug 27 10:27:05.066818 dv-cinder-778193-5-smb devstack@n-api.service[108048]: INFO nova.api.openstack.requestlog [None req-5ff989eb-b327-4da7-aa14-26aa75b232f7 tempest-AttachVolumeTestJSON-9594286 tempest-AttachVolumeTestJSON-9594286-project] 10.222.0.11 "POST /compute/v2.1/servers/34067422-ac15-4980-876a-7e10b1cc0346/action" status: 200 len: 38207 microversion: 2.1 time: 0.096470
Aug 27 10:27:05.067744 dv-cinder-778193-5-smb devstack@n-api.service[108048]: [pid: 108048|app: 0|req: 116/219] 10.222.0.11 () {60 vars in 1278 bytes} [Fri Aug 27 10:27:04 2021] POST /compute/v2.1/servers/34067422-ac15-4980-876a-7e10b1cc0346/action => generated 38207 bytes in 99 msecs (HTTP/1.1 200) 9 headers in 359 bytes (2 switches on core 0)
Aug 27 10:27:05.266256 dv-cinder-778193-5-smb devstack@n-api.service[108049]: DEBUG nova.policy [None req-6f38a0a2-1932-46e3-a788-55c895121285 tempest-VolumesActionsTest-197309600 tempest-VolumesActionsTest-197309600-project] Policy check for os_compute_api:os-extended-server-attributes failed with credentials {'is_admin': False, 'user_id': '950d6a7c57d6457292b4a5f3748defec', 'user_domain_id': 'default', 'system_scope': None, 'domain_id': None, 'project_id': 'ed031d8289b841a0a3d44b641cca9dda', 'project_domain_id': 'default', 'roles': ['reader', 'member'], 'is_admin_project': True, 'service_user_id': None, 'service_user_domain_id': None, 'service_project_id': None, 'service_project_domain_id': None, 'service_roles': []} {{(pid=108049) authorize /opt/stack/nova/nova/policy.py:199}}
Aug 27 10:27:05.277639 dv-cinder-778193-5-smb devstack@n-api.service[108049]: INFO nova.api.openstack.requestlog [None req-6f38a0a2-1932-46e3-a788-55c895121285 tempest-VolumesActionsTest-197309600 tempest-VolumesActionsTest-197309600-project] 10.222.0.11 "GET /compute/v2.1/servers/13a25ff2-9237-4f13-a184-cf88d8944951" status: 200 len: 1314 microversion: 2.1 time: 0.279365
Aug 27 10:27:05.278626 dv-cinder-778193-5-smb devstack@n-api.service[108049]: [pid: 108049|app: 0|req: 104/220] 10.222.0.11 () {58 vars in 1236 bytes} [Fri Aug 27 10:27:04 2021] GET /compute/v2.1/servers/13a25ff2-9237-4f13-a184-cf88d8944951 => generated 1314 bytes in 281 msecs (HTTP/1.1 200) 9 headers in 358 bytes (2 switches on core 0)
Aug 27 10:27:05.658805 dv-cinder-778193-5-smb devstack@n-api.service[108048]: DEBUG nova.api.openstack.wsgi [None req-9f063c12-d96f-43af-9084-e1eec35935e6 tempest-VolumesNegativeTest-237266165 tempest-VolumesNegativeTest-237266165-project] Action: 'create', calling method: >, body: {"server": {"name": "tempest-VolumesNegativeTest-instance-1189358067", "imageRef": "bf10fac3-f5ab-4c83-88d7-5d28b1c41473", "flavorRef": "452"}} {{(pid=108048) _process_stack /opt/stack/nova/nova/api/openstack/wsgi.py:511}}
Aug 27 10:27:05.712131 dv-cinder-778193-5-smb devstack@n-api.service[108048]: DEBUG nova.network.neutron [None req-9f063c12-d96f-43af-9084-e1eec35935e6 tempest-VolumesNegativeTest-237266165 tempest-VolumesNegativeTest-237266165-project] validate_networks() for None {{(pid=108048) validate_networks /opt/stack/nova/nova/network/neutron.py:2309}}
Aug 27 10:27:05.757960 dv-cinder-778193-5-smb devstack@n-api.service[108049]: DEBUG nova.api.openstack.wsgi [None req-b8b279a7-567a-4cea-b6f9-5a03d3f96600 tempest-ServerRescueNegativeTestJSON-1654620616 tempest-ServerRescueNegativeTestJSON-1654620616-project] Calling method '>' {{(pid=108049) _process_stack /opt/stack/nova/nova/api/openstack/wsgi.py:513}}
Aug 27 10:27:05.758585 dv-cinder-778193-5-smb devstack@n-api.service[108049]: DEBUG nova.compute.api [None req-b8b279a7-567a-4cea-b6f9-5a03d3f96600 tempest-ServerRescueNegativeTestJSON-1654620616 tempest-ServerRescueNegativeTestJSON-1654620616-project] [instance: f1b38a52-7bc1-45c2-8848-fc9c14595ba1] Fetching instance by UUID {{(pid=108049) get /opt/stack/nova/nova/compute/api.py:2826}}
Aug 27 10:27:05.765771 dv-cinder-778193-5-smb devstack@n-api.service[108049]: DEBUG oslo_concurrency.lockutils [None req-b8b279a7-567a-4cea-b6f9-5a03d3f96600 tempest-ServerRescueNegativeTestJSON-1654620616 tempest-ServerRescueNegativeTestJSON-1654620616-project] Lock "ad21bf95-d51a-43fc-9e76-da1741add963" acquired by "nova.context.set_target_cell..get_or_set_cached_cell_and_set_connections" :: waited 0.000s {{(pid=108049) inner /usr/local/lib/python3.8/dist-packages/oslo_concurrency/lockutils.py:355}}
Aug 27 10:27:05.766211 dv-cinder-778193-5-smb devstack@n-api.service[108049]: DEBUG oslo_concurrency.lockutils [None req-b8b279a7-567a-4cea-b6f9-5a03d3f96600 tempest-ServerRescueNegativeTestJSON-1654620616 tempest-ServerRescueNegativeTestJSON-1654620616-project] Lock "ad21bf95-d51a-43fc-9e76-da1741add963" released by "nova.context.set_target_cell..get_or_set_cached_cell_and_set_connections" :: held 0.001s {{(pid=108049) inner /usr/local/lib/python3.8/dist-packages/oslo_concurrency/lockutils.py:367}}
Aug 27 10:27:05.766980 dv-cinder-778193-5-smb devstack@n-api.service[108049]: DEBUG oslo_concurrency.lockutils [None req-b8b279a7-567a-4cea-b6f9-5a03d3f96600 tempest-ServerRescueNegativeTestJSON-1654620616 tempest-ServerRescueNegativeTestJSON-1654620616-project] Lock "ad21bf95-d51a-43fc-9e76-da1741add963" acquired by "nova.context.set_target_cell..get_or_set_cached_cell_and_set_connections" :: waited 0.000s {{(pid=108049) inner /usr/local/lib/python3.8/dist-packages/oslo_concurrency/lockutils.py:355}}
Aug 27 10:27:05.767409 dv-cinder-778193-5-smb devstack@n-api.service[108049]: DEBUG oslo_concurrency.lockutils [None req-b8b279a7-567a-4cea-b6f9-5a03d3f96600 tempest-ServerRescueNegativeTestJSON-1654620616 tempest-ServerRescueNegativeTestJSON-1654620616-project] Lock "ad21bf95-d51a-43fc-9e76-da1741add963" released by "nova.context.set_target_cell..get_or_set_cached_cell_and_set_connections" :: held 0.000s {{(pid=108049) inner /usr/local/lib/python3.8/dist-packages/oslo_concurrency/lockutils.py:367}}
Aug 27 10:27:06.027890 dv-cinder-778193-5-smb devstack@n-api.service[108049]: DEBUG nova.policy [None req-b8b279a7-567a-4cea-b6f9-5a03d3f96600 tempest-ServerRescueNegativeTestJSON-1654620616 tempest-ServerRescueNegativeTestJSON-1654620616-project] Policy check for os_compute_api:os-extended-server-attributes failed with credentials {'is_admin': False, 'user_id': 'a2516aeccbca4a31834cdd5891ade738', 'user_domain_id': 'default', 'system_scope': None, 'domain_id': None, 'project_id': '32f29ead51d14d59baaab6a3894059ee', 'project_domain_id': 'default', 'roles': ['reader', 'member'], 'is_admin_project': True, 'service_user_id': None, 'service_user_domain_id': None, 'service_project_id': None, 'service_project_domain_id': None, 'service_roles': []} {{(pid=108049) authorize /opt/stack/nova/nova/policy.py:199}}
Aug 27 10:27:06.037094 dv-cinder-778193-5-smb devstack@n-api.service[108049]: INFO nova.api.openstack.requestlog [None req-b8b279a7-567a-4cea-b6f9-5a03d3f96600 tempest-ServerRescueNegativeTestJSON-1654620616 tempest-ServerRescueNegativeTestJSON-1654620616-project] 10.222.0.11 "GET /compute/v2.1/servers/f1b38a52-7bc1-45c2-8848-fc9c14595ba1" status: 200 len: 1522 microversion: 2.1 time: 0.283031
Aug 27 10:27:06.047108 dv-cinder-778193-5-smb devstack@n-api.service[108049]: [pid: 108049|app: 0|req: 105/221] 10.222.0.11 () {58 vars in 1236 bytes} [Fri Aug 27 10:27:05 2021] GET /compute/v2.1/servers/f1b38a52-7bc1-45c2-8848-fc9c14595ba1 => generated 1522 bytes in 285 msecs (HTTP/1.1 200) 9 headers in 358 bytes (2 switches on core 0)
Aug 27 10:27:06.047597 dv-cinder-778193-5-smb devstack@n-api.service[108048]: DEBUG nova.virt.hardware [None req-9f063c12-d96f-43af-9084-e1eec35935e6 tempest-VolumesNegativeTest-237266165 tempest-VolumesNegativeTest-237266165-project] Flavor limits 0:0:0 {{(pid=108048) get_cpu_topology_constraints /opt/stack/nova/nova/virt/hardware.py:343}}
Aug 27 10:27:06.047597 dv-cinder-778193-5-smb devstack@n-api.service[108048]: DEBUG nova.virt.hardware [None req-9f063c12-d96f-43af-9084-e1eec35935e6 tempest-VolumesNegativeTest-237266165 tempest-VolumesNegativeTest-237266165-project] Image limits 0:0:0 {{(pid=108048) get_cpu_topology_constraints /opt/stack/nova/nova/virt/hardware.py:347}}
Aug 27 10:27:06.047597 dv-cinder-778193-5-smb devstack@n-api.service[108048]: DEBUG nova.virt.hardware [None req-9f063c12-d96f-43af-9084-e1eec35935e6 tempest-VolumesNegativeTest-237266165 tempest-VolumesNegativeTest-237266165-project] Flavor pref 0:0:0 {{(pid=108048) get_cpu_topology_constraints /opt/stack/nova/nova/virt/hardware.py:383}}
Aug 27 10:27:06.047597 dv-cinder-778193-5-smb devstack@n-api.service[108048]: DEBUG nova.virt.hardware [None req-9f063c12-d96f-43af-9084-e1eec35935e6 tempest-VolumesNegativeTest-237266165 tempest-VolumesNegativeTest-237266165-project] Image pref 0:0:0 {{(pid=108048) get_cpu_topology_constraints /opt/stack/nova/nova/virt/hardware.py:387}}
Aug 27 10:27:06.047597 dv-cinder-778193-5-smb devstack@n-api.service[108048]: DEBUG nova.virt.hardware [None req-9f063c12-d96f-43af-9084-e1eec35935e6 tempest-VolumesNegativeTest-237266165 tempest-VolumesNegativeTest-237266165-project] Chose sockets=0, cores=0, threads=0; limits were sockets=65536, cores=65536, threads=65536 {{(pid=108048) get_cpu_topology_constraints /opt/stack/nova/nova/virt/hardware.py:425}}
Aug 27 10:27:06.055196 dv-cinder-778193-5-smb devstack@n-api.service[108048]: DEBUG oslo_concurrency.lockutils [None req-9f063c12-d96f-43af-9084-e1eec35935e6 tempest-VolumesNegativeTest-237266165 tempest-VolumesNegativeTest-237266165-project] Lock "00000000-0000-0000-0000-000000000000" acquired by "nova.context.set_target_cell..get_or_set_cached_cell_and_set_connections" :: waited 0.000s {{(pid=108048) inner /usr/local/lib/python3.8/dist-packages/oslo_concurrency/lockutils.py:355}}
Aug 27 10:27:06.055748 dv-cinder-778193-5-smb devstack@n-api.service[108048]: DEBUG oslo_concurrency.lockutils [None req-9f063c12-d96f-43af-9084-e1eec35935e6 tempest-VolumesNegativeTest-237266165 tempest-VolumesNegativeTest-237266165-project] Lock "00000000-0000-0000-0000-000000000000" released by "nova.context.set_target_cell..get_or_set_cached_cell_and_set_connections" :: held 0.001s {{(pid=108048) inner /usr/local/lib/python3.8/dist-packages/oslo_concurrency/lockutils.py:367}}
Aug 27 10:27:06.056608 dv-cinder-778193-5-smb devstack@n-api.service[108048]: DEBUG oslo_concurrency.lockutils [None req-9f063c12-d96f-43af-9084-e1eec35935e6 tempest-VolumesNegativeTest-237266165 tempest-VolumesNegativeTest-237266165-project] Lock "ad21bf95-d51a-43fc-9e76-da1741add963" acquired by "nova.context.set_target_cell..get_or_set_cached_cell_and_set_connections" :: waited 0.000s {{(pid=108048) inner /usr/local/lib/python3.8/dist-packages/oslo_concurrency/lockutils.py:355}}
Aug 27 10:27:06.057147 dv-cinder-778193-5-smb devstack@n-api.service[108048]: DEBUG oslo_concurrency.lockutils [None req-9f063c12-d96f-43af-9084-e1eec35935e6 tempest-VolumesNegativeTest-237266165 tempest-VolumesNegativeTest-237266165-project] Lock "ad21bf95-d51a-43fc-9e76-da1741add963" released by "nova.context.set_target_cell..get_or_set_cached_cell_and_set_connections" :: held 0.000s {{(pid=108048) inner /usr/local/lib/python3.8/dist-packages/oslo_concurrency/lockutils.py:367}}
Aug 27 10:27:06.076010 dv-cinder-778193-5-smb devstack@n-api.service[108048]: DEBUG nova.quota [None req-9f063c12-d96f-43af-9084-e1eec35935e6 tempest-VolumesNegativeTest-237266165 tempest-VolumesNegativeTest-237266165-project] Getting quotas for project 6bf9974dd5bb4797bbcbe8c735912851. Resources: {'ram', 'cores', 'instances'} {{(pid=108048) _get_quotas /opt/stack/nova/nova/quota.py:387}}
Aug 27 10:27:06.078689 dv-cinder-778193-5-smb devstack@n-api.service[108049]: DEBUG nova.api.openstack.wsgi [None req-073f9a0f-c520-40fd-997b-683dd7c999e1 tempest-AttachVolumeTestJSON-9594286 tempest-AttachVolumeTestJSON-9594286-project] Action: 'action', calling method: >, body: {"os-getConsoleOutput": {}} {{(pid=108049) _process_stack /opt/stack/nova/nova/api/openstack/wsgi.py:511}}
Aug 27 10:27:06.079913 dv-cinder-778193-5-smb devstack@n-api.service[108049]: DEBUG nova.compute.api [None req-073f9a0f-c520-40fd-997b-683dd7c999e1 tempest-AttachVolumeTestJSON-9594286 tempest-AttachVolumeTestJSON-9594286-project] [instance: 34067422-ac15-4980-876a-7e10b1cc0346] Fetching instance by UUID {{(pid=108049) get /opt/stack/nova/nova/compute/api.py:2826}}
Aug 27 10:27:06.082693 dv-cinder-778193-5-smb devstack@n-api.service[108048]: DEBUG nova.quota [None req-9f063c12-d96f-43af-9084-e1eec35935e6 tempest-VolumesNegativeTest-237266165 tempest-VolumesNegativeTest-237266165-project] Getting quotas for user 46283475dde54b0b91cee29b5cee76e7 and project 6bf9974dd5bb4797bbcbe8c735912851. Resources: {'ram', 'cores', 'instances'} {{(pid=108048) _get_quotas /opt/stack/nova/nova/quota.py:377}}
Aug 27 10:27:06.086139 dv-cinder-778193-5-smb devstack@n-api.service[108049]: DEBUG oslo_concurrency.lockutils [None req-073f9a0f-c520-40fd-997b-683dd7c999e1 tempest-AttachVolumeTestJSON-9594286 tempest-AttachVolumeTestJSON-9594286-project] Lock "ad21bf95-d51a-43fc-9e76-da1741add963" acquired by "nova.context.set_target_cell..get_or_set_cached_cell_and_set_connections" :: waited 0.000s {{(pid=108049) inner /usr/local/lib/python3.8/dist-packages/oslo_concurrency/lockutils.py:355}}
Aug 27 10:27:06.086656 dv-cinder-778193-5-smb devstack@n-api.service[108049]: DEBUG oslo_concurrency.lockutils [None req-073f9a0f-c520-40fd-997b-683dd7c999e1 tempest-AttachVolumeTestJSON-9594286 tempest-AttachVolumeTestJSON-9594286-project] Lock "ad21bf95-d51a-43fc-9e76-da1741add963" released by "nova.context.set_target_cell..get_or_set_cached_cell_and_set_connections" :: held 0.001s {{(pid=108049) inner /usr/local/lib/python3.8/dist-packages/oslo_concurrency/lockutils.py:367}}
Aug 27 10:27:06.087499 dv-cinder-778193-5-smb devstack@n-api.service[108049]: DEBUG oslo_concurrency.lockutils [None req-073f9a0f-c520-40fd-997b-683dd7c999e1 tempest-AttachVolumeTestJSON-9594286 tempest-AttachVolumeTestJSON-9594286-project] Lock "ad21bf95-d51a-43fc-9e76-da1741add963" acquired by "nova.context.set_target_cell..get_or_set_cached_cell_and_set_connections" :: waited 0.000s {{(pid=108049) inner /usr/local/lib/python3.8/dist-packages/oslo_concurrency/lockutils.py:355}}
Aug 27 10:27:06.088002 dv-cinder-778193-5-smb devstack@n-api.service[108049]: DEBUG oslo_concurrency.lockutils [None req-073f9a0f-c520-40fd-997b-683dd7c999e1 tempest-AttachVolumeTestJSON-9594286 tempest-AttachVolumeTestJSON-9594286-project] Lock "ad21bf95-d51a-43fc-9e76-da1741add963" released by "nova.context.set_target_cell..get_or_set_cached_cell_and_set_connections" :: held 0.000s {{(pid=108049) inner /usr/local/lib/python3.8/dist-packages/oslo_concurrency/lockutils.py:367}}
Aug 27 10:27:06.097587 dv-cinder-778193-5-smb devstack@n-api.service[108048]: DEBUG nova.compute.api [None req-9f063c12-d96f-43af-9084-e1eec35935e6 tempest-VolumesNegativeTest-237266165 tempest-VolumesNegativeTest-237266165-project] Going to run 1 instances... {{(pid=108048) _provision_instances /opt/stack/nova/nova/compute/api.py:1315}}
Aug 27 10:27:06.100164 dv-cinder-778193-5-smb devstack@n-api.service[108048]: DEBUG nova.compute.api [None req-9f063c12-d96f-43af-9084-e1eec35935e6 tempest-VolumesNegativeTest-237266165 tempest-VolumesNegativeTest-237266165-project] [instance: 453d114b-10f2-4d14-9a41-2ed24e7e8a5b] block_device_mapping [BlockDeviceMapping(attachment_id=,boot_index=0,connection_info=None,created_at=,delete_on_termination=True,deleted=,deleted_at=,destination_type='local',device_name=None,device_type='disk',disk_bus=None,guest_format=None,id=,image_id='bf10fac3-f5ab-4c83-88d7-5d28b1c41473',instance=,instance_uuid=,no_device=False,snapshot_id=None,source_type='image',tag=None,updated_at=,uuid=,volume_id=None,volume_size=None,volume_type=None)] {{(pid=108048) _bdm_validate_set_size_and_instance /opt/stack/nova/nova/compute/api.py:1720}}
Aug 27 10:27:06.155041 dv-cinder-778193-5-smb devstack@n-api.service[108048]: INFO nova.api.openstack.requestlog [None req-9f063c12-d96f-43af-9084-e1eec35935e6 tempest-VolumesNegativeTest-237266165 tempest-VolumesNegativeTest-237266165-project] 10.222.0.11 "POST /compute/v2.1/servers" status: 202 len: 380 microversion: 2.1 time: 0.500179
Aug 27 10:27:06.156314 dv-cinder-778193-5-smb devstack@n-api.service[108048]: [pid: 108048|app: 0|req: 117/222] 10.222.0.11 () {60 vars in 1147 bytes} [Fri Aug 27 10:27:05 2021] POST /compute/v2.1/servers => generated 380 bytes in 502 msecs (HTTP/1.1 202) 10 headers in 451 bytes (1 switches on core 0)
Aug 27 10:27:06.166174 dv-cinder-778193-5-smb devstack@n-api.service[108048]: DEBUG nova.api.openstack.wsgi [None req-5cc90794-9a3c-464c-b029-e7108980f06a tempest-VolumesNegativeTest-237266165 tempest-VolumesNegativeTest-237266165-project] Calling method '>' {{(pid=108048) _process_stack /opt/stack/nova/nova/api/openstack/wsgi.py:513}}
Aug 27 10:27:06.166793 dv-cinder-778193-5-smb devstack@n-api.service[108048]: DEBUG nova.compute.api [None req-5cc90794-9a3c-464c-b029-e7108980f06a tempest-VolumesNegativeTest-237266165 tempest-VolumesNegativeTest-237266165-project] [instance: 453d114b-10f2-4d14-9a41-2ed24e7e8a5b] Fetching instance by UUID {{(pid=108048) get /opt/stack/nova/nova/compute/api.py:2826}}
Aug 27 10:27:06.204608 dv-cinder-778193-5-smb devstack@n-api.service[108049]: INFO nova.api.openstack.requestlog [None req-073f9a0f-c520-40fd-997b-683dd7c999e1 tempest-AttachVolumeTestJSON-9594286 tempest-AttachVolumeTestJSON-9594286-project] 10.222.0.11 "POST /compute/v2.1/servers/34067422-ac15-4980-876a-7e10b1cc0346/action" status: 200 len: 38338 microversion: 2.1 time: 0.129530
Aug 27 10:27:06.206446 dv-cinder-778193-5-smb devstack@n-api.service[108049]: [pid: 108049|app: 0|req: 106/223] 10.222.0.11 () {60 vars in 1278 bytes} [Fri Aug 27 10:27:06 2021] POST /compute/v2.1/servers/34067422-ac15-4980-876a-7e10b1cc0346/action => generated 38338 bytes in 132 msecs (HTTP/1.1 200) 9 headers in 359 bytes (1 switches on core 0)
Aug 27 10:27:06.222490 dv-cinder-778193-5-smb devstack@n-api.service[108049]: DEBUG nova.api.openstack.wsgi [None req-263fd762-1c7d-45f1-826a-28776f5c1f85 tempest-AttachVolumeTestJSON-9594286 tempest-AttachVolumeTestJSON-9594286-project] Calling method '>' {{(pid=108049) _process_stack /opt/stack/nova/nova/api/openstack/wsgi.py:513}}
Aug 27 10:27:06.223363 dv-cinder-778193-5-smb devstack@n-api.service[108049]: DEBUG nova.compute.api [None req-263fd762-1c7d-45f1-826a-28776f5c1f85 tempest-AttachVolumeTestJSON-9594286 tempest-AttachVolumeTestJSON-9594286-project] [instance: 34067422-ac15-4980-876a-7e10b1cc0346] Fetching instance by UUID {{(pid=108049) get /opt/stack/nova/nova/compute/api.py:2826}}
Aug 27 10:27:06.243735 dv-cinder-778193-5-smb devstack@n-api.service[108049]: DEBUG oslo_concurrency.lockutils [None req-263fd762-1c7d-45f1-826a-28776f5c1f85 tempest-AttachVolumeTestJSON-9594286 tempest-AttachVolumeTestJSON-9594286-project] Lock "ad21bf95-d51a-43fc-9e76-da1741add963" acquired by "nova.context.set_target_cell..get_or_set_cached_cell_and_set_connections" :: waited 0.000s {{(pid=108049) inner /usr/local/lib/python3.8/dist-packages/oslo_concurrency/lockutils.py:355}}
Aug 27 10:27:06.244467 dv-cinder-778193-5-smb devstack@n-api.service[108049]: DEBUG oslo_concurrency.lockutils [None req-263fd762-1c7d-45f1-826a-28776f5c1f85 tempest-AttachVolumeTestJSON-9594286 tempest-AttachVolumeTestJSON-9594286-project] Lock "ad21bf95-d51a-43fc-9e76-da1741add963" released by "nova.context.set_target_cell..get_or_set_cached_cell_and_set_connections" :: held 0.001s {{(pid=108049) inner /usr/local/lib/python3.8/dist-packages/oslo_concurrency/lockutils.py:367}}
Aug 27 10:27:06.245457 dv-cinder-778193-5-smb devstack@n-api.service[108049]: DEBUG oslo_concurrency.lockutils [None req-263fd762-1c7d-45f1-826a-28776f5c1f85 tempest-AttachVolumeTestJSON-9594286 tempest-AttachVolumeTestJSON-9594286-project] Lock "ad21bf95-d51a-43fc-9e76-da1741add963" acquired by "nova.context.set_target_cell..get_or_set_cached_cell_and_set_connections" :: waited 0.000s {{(pid=108049) inner /usr/local/lib/python3.8/dist-packages/oslo_concurrency/lockutils.py:355}}
Aug 27 10:27:06.247707 dv-cinder-778193-5-smb devstack@n-api.service[108049]: DEBUG oslo_concurrency.lockutils [None req-263fd762-1c7d-45f1-826a-28776f5c1f85 tempest-AttachVolumeTestJSON-9594286 tempest-AttachVolumeTestJSON-9594286-project] Lock "ad21bf95-d51a-43fc-9e76-da1741add963" released by "nova.context.set_target_cell..get_or_set_cached_cell_and_set_connections" :: held 0.002s {{(pid=108049) inner /usr/local/lib/python3.8/dist-packages/oslo_concurrency/lockutils.py:367}}
Aug 27 10:27:06.255386 dv-cinder-778193-5-smb devstack@n-api.service[108048]: DEBUG nova.policy [None req-5cc90794-9a3c-464c-b029-e7108980f06a tempest-VolumesNegativeTest-237266165 tempest-VolumesNegativeTest-237266165-project] Policy check for os_compute_api:os-extended-server-attributes failed with credentials {'is_admin': False, 'user_id': '46283475dde54b0b91cee29b5cee76e7', 'user_domain_id': 'default', 'system_scope': None, 'domain_id': None, 'project_id': '6bf9974dd5bb4797bbcbe8c735912851', 'project_domain_id': 'default', 'roles': ['reader', 'member'], 'is_admin_project': True, 'service_user_id': None, 'service_user_domain_id': None, 'service_project_id': None, 'service_project_domain_id': None, 'service_roles': []} {{(pid=108048) authorize /opt/stack/nova/nova/policy.py:199}}
Aug 27 10:27:06.264440 dv-cinder-778193-5-smb devstack@n-api.service[108048]: INFO nova.api.openstack.requestlog [None req-5cc90794-9a3c-464c-b029-e7108980f06a tempest-VolumesNegativeTest-237266165 tempest-VolumesNegativeTest-237266165-project] 10.222.0.11 "GET /compute/v2.1/servers/453d114b-10f2-4d14-9a41-2ed24e7e8a5b" status: 200 len: 1215 microversion: 2.1 time: 0.100194
Aug 27 10:27:06.265481 dv-cinder-778193-5-smb devstack@n-api.service[108048]: [pid: 108048|app: 0|req: 118/224] 10.222.0.11 () {58 vars in 1236 bytes} [Fri Aug 27 10:27:06 2021] GET /compute/v2.1/servers/453d114b-10f2-4d14-9a41-2ed24e7e8a5b => generated 1215 bytes in 103 msecs (HTTP/1.1 200) 9 headers in 358 bytes (2 switches on core 0)
Aug 27 10:27:06.299167 dv-cinder-778193-5-smb devstack@n-api.service[108049]: INFO nova.api.openstack.requestlog [None req-263fd762-1c7d-45f1-826a-28776f5c1f85 tempest-AttachVolumeTestJSON-9594286 tempest-AttachVolumeTestJSON-9594286-project] 10.222.0.11 "GET /compute/v2.1/servers/34067422-ac15-4980-876a-7e10b1cc0346/ips" status: 200 len: 145 microversion: 2.1 time: 0.085814
Aug 27 10:27:06.300065 dv-cinder-778193-5-smb devstack@n-api.service[108049]: [pid: 108049|app: 0|req: 107/225] 10.222.0.11 () {58 vars in 1248 bytes} [Fri Aug 27 10:27:06 2021] GET /compute/v2.1/servers/34067422-ac15-4980-876a-7e10b1cc0346/ips => generated 145 bytes in 88 msecs (HTTP/1.1 200) 9 headers in 357 bytes (1 switches on core 0)
Aug 27 10:27:06.306728 dv-cinder-778193-5-smb devstack@n-api.service[108048]: DEBUG nova.api.openstack.wsgi [None req-946f80ad-d4be-4d00-ace9-022ca3454c4c tempest-VolumesActionsTest-197309600 tempest-VolumesActionsTest-197309600-project] Calling method '>' {{(pid=108048) _process_stack /opt/stack/nova/nova/api/openstack/wsgi.py:513}}
Aug 27 10:27:06.310465 dv-cinder-778193-5-smb devstack@n-api.service[108048]: DEBUG nova.compute.api [None req-946f80ad-d4be-4d00-ace9-022ca3454c4c tempest-VolumesActionsTest-197309600 tempest-VolumesActionsTest-197309600-project] [instance: 13a25ff2-9237-4f13-a184-cf88d8944951] Fetching instance by UUID {{(pid=108048) get /opt/stack/nova/nova/compute/api.py:2826}}
Aug 27 10:27:06.324771 dv-cinder-778193-5-smb devstack@n-api.service[108048]: DEBUG oslo_concurrency.lockutils [None req-946f80ad-d4be-4d00-ace9-022ca3454c4c tempest-VolumesActionsTest-197309600 tempest-VolumesActionsTest-197309600-project] Lock "ad21bf95-d51a-43fc-9e76-da1741add963" acquired by "nova.context.set_target_cell..get_or_set_cached_cell_and_set_connections" :: waited 0.000s {{(pid=108048) inner /usr/local/lib/python3.8/dist-packages/oslo_concurrency/lockutils.py:355}}
Aug 27 10:27:06.327177 dv-cinder-778193-5-smb devstack@n-api.service[108048]: DEBUG oslo_concurrency.lockutils [None req-946f80ad-d4be-4d00-ace9-022ca3454c4c tempest-VolumesActionsTest-197309600 tempest-VolumesActionsTest-197309600-project] Lock "ad21bf95-d51a-43fc-9e76-da1741add963" released by "nova.context.set_target_cell..get_or_set_cached_cell_and_set_connections" :: held 0.001s {{(pid=108048) inner /usr/local/lib/python3.8/dist-packages/oslo_concurrency/lockutils.py:367}}
Aug 27 10:27:06.328600 dv-cinder-778193-5-smb devstack@n-api.service[108048]: DEBUG oslo_concurrency.lockutils [None req-946f80ad-d4be-4d00-ace9-022ca3454c4c tempest-VolumesActionsTest-197309600 tempest-VolumesActionsTest-197309600-project] Lock "ad21bf95-d51a-43fc-9e76-da1741add963" acquired by "nova.context.set_target_cell..get_or_set_cached_cell_and_set_connections" :: waited 0.000s {{(pid=108048) inner /usr/local/lib/python3.8/dist-packages/oslo_concurrency/lockutils.py:355}}
Aug 27 10:27:06.329085 dv-cinder-778193-5-smb devstack@n-api.service[108048]: DEBUG oslo_concurrency.lockutils [None req-946f80ad-d4be-4d00-ace9-022ca3454c4c tempest-VolumesActionsTest-197309600 tempest-VolumesActionsTest-197309600-project] Lock "ad21bf95-d51a-43fc-9e76-da1741add963" released by "nova.context.set_target_cell..get_or_set_cached_cell_and_set_connections" :: held 0.001s {{(pid=108048) inner /usr/local/lib/python3.8/dist-packages/oslo_concurrency/lockutils.py:367}}
Aug 27 10:27:06.545248 dv-cinder-778193-5-smb devstack@n-api.service[108048]: DEBUG nova.policy [None req-946f80ad-d4be-4d00-ace9-022ca3454c4c tempest-VolumesActionsTest-197309600 tempest-VolumesActionsTest-197309600-project] Policy check for os_compute_api:os-extended-server-attributes failed with credentials {'is_admin': False, 'user_id': '950d6a7c57d6457292b4a5f3748defec', 'user_domain_id': 'default', 'system_scope': None, 'domain_id': None, 'project_id': 'ed031d8289b841a0a3d44b641cca9dda', 'project_domain_id': 'default', 'roles': ['reader', 'member'], 'is_admin_project': True, 'service_user_id': None, 'service_user_domain_id': None, 'service_project_id': None, 'service_project_domain_id': None, 'service_roles': []} {{(pid=108048) authorize /opt/stack/nova/nova/policy.py:199}}
Aug 27 10:27:06.559789 dv-cinder-778193-5-smb devstack@n-api.service[108048]: INFO nova.api.openstack.requestlog [None req-946f80ad-d4be-4d00-ace9-022ca3454c4c tempest-VolumesActionsTest-197309600 tempest-VolumesActionsTest-197309600-project] 10.222.0.11 "GET /compute/v2.1/servers/13a25ff2-9237-4f13-a184-cf88d8944951" status: 200 len: 1314 microversion: 2.1 time: 0.263716
Aug 27 10:27:06.572014 dv-cinder-778193-5-smb devstack@n-api.service[108048]: [pid: 108048|app: 0|req: 119/226] 10.222.0.11 () {58 vars in 1236 bytes} [Fri Aug 27 10:27:06 2021] GET /compute/v2.1/servers/13a25ff2-9237-4f13-a184-cf88d8944951 => generated 1314 bytes in 277 msecs (HTTP/1.1 200) 9 headers in 358 bytes (1 switches on core 0)
Aug 27 10:27:07.060241 dv-cinder-778193-5-smb devstack@n-api.service[108049]: DEBUG nova.api.openstack.wsgi [None req-90dfed8a-a6e7-4701-bf58-8e85394993b7 tempest-ServerRescueNegativeTestJSON-1654620616 tempest-ServerRescueNegativeTestJSON-1654620616-project] Calling method '>' {{(pid=108049) _process_stack /opt/stack/nova/nova/api/openstack/wsgi.py:513}}
Aug 27 10:27:07.060854 dv-cinder-778193-5-smb devstack@n-api.service[108049]: DEBUG nova.compute.api [None req-90dfed8a-a6e7-4701-bf58-8e85394993b7 tempest-ServerRescueNegativeTestJSON-1654620616 tempest-ServerRescueNegativeTestJSON-1654620616-project] [instance: f1b38a52-7bc1-45c2-8848-fc9c14595ba1] Fetching instance by UUID {{(pid=108049) get /opt/stack/nova/nova/compute/api.py:2826}}
Aug 27 10:27:07.067309 dv-cinder-778193-5-smb devstack@n-api.service[108049]: DEBUG oslo_concurrency.lockutils [None req-90dfed8a-a6e7-4701-bf58-8e85394993b7 tempest-ServerRescueNegativeTestJSON-1654620616 tempest-ServerRescueNegativeTestJSON-1654620616-project] Lock "ad21bf95-d51a-43fc-9e76-da1741add963" acquired by "nova.context.set_target_cell..get_or_set_cached_cell_and_set_connections" :: waited 0.000s {{(pid=108049) inner /usr/local/lib/python3.8/dist-packages/oslo_concurrency/lockutils.py:355}}
Aug 27 10:27:07.067756 dv-cinder-778193-5-smb devstack@n-api.service[108049]: DEBUG oslo_concurrency.lockutils [None req-90dfed8a-a6e7-4701-bf58-8e85394993b7 tempest-ServerRescueNegativeTestJSON-1654620616 tempest-ServerRescueNegativeTestJSON-1654620616-project] Lock "ad21bf95-d51a-43fc-9e76-da1741add963" released by "nova.context.set_target_cell..get_or_set_cached_cell_and_set_connections" :: held 0.001s {{(pid=108049) inner /usr/local/lib/python3.8/dist-packages/oslo_concurrency/lockutils.py:367}}
Aug 27 10:27:07.068551 dv-cinder-778193-5-smb devstack@n-api.service[108049]: DEBUG oslo_concurrency.lockutils [None req-90dfed8a-a6e7-4701-bf58-8e85394993b7 tempest-ServerRescueNegativeTestJSON-1654620616 tempest-ServerRescueNegativeTestJSON-1654620616-project] Lock "ad21bf95-d51a-43fc-9e76-da1741add963" acquired by "nova.context.set_target_cell..get_or_set_cached_cell_and_set_connections" :: waited 0.000s {{(pid=108049) inner /usr/local/lib/python3.8/dist-packages/oslo_concurrency/lockutils.py:355}}
Aug 27 10:27:07.069015 dv-cinder-778193-5-smb devstack@n-api.service[108049]: DEBUG oslo_concurrency.lockutils [None req-90dfed8a-a6e7-4701-bf58-8e85394993b7 tempest-ServerRescueNegativeTestJSON-1654620616 tempest-ServerRescueNegativeTestJSON-1654620616-project] Lock "ad21bf95-d51a-43fc-9e76-da1741add963" released by "nova.context.set_target_cell..get_or_set_cached_cell_and_set_connections" :: held 0.000s {{(pid=108049) inner /usr/local/lib/python3.8/dist-packages/oslo_concurrency/lockutils.py:367}}
Aug 27 10:27:07.207390 dv-cinder-778193-5-smb devstack@n-api.service[108049]: DEBUG nova.policy [None req-90dfed8a-a6e7-4701-bf58-8e85394993b7 tempest-ServerRescueNegativeTestJSON-1654620616 tempest-ServerRescueNegativeTestJSON-1654620616-project] Policy check for os_compute_api:os-extended-server-attributes failed with credentials {'is_admin': False, 'user_id': 'a2516aeccbca4a31834cdd5891ade738', 'user_domain_id': 'default', 'system_scope': None, 'domain_id': None, 'project_id': '32f29ead51d14d59baaab6a3894059ee', 'project_domain_id': 'default', 'roles': ['reader', 'member'], 'is_admin_project': True, 'service_user_id': None, 'service_user_domain_id': None, 'service_project_id': None, 'service_project_domain_id': None, 'service_roles': []} {{(pid=108049) authorize /opt/stack/nova/nova/policy.py:199}}
Aug 27 10:27:07.215749 dv-cinder-778193-5-smb devstack@n-api.service[108049]: INFO nova.api.openstack.requestlog [None req-90dfed8a-a6e7-4701-bf58-8e85394993b7 tempest-ServerRescueNegativeTestJSON-1654620616 tempest-ServerRescueNegativeTestJSON-1654620616-project] 10.222.0.11 "GET /compute/v2.1/servers/f1b38a52-7bc1-45c2-8848-fc9c14595ba1" status: 200 len: 1522 microversion: 2.1 time: 0.159160
Aug 27 10:27:07.216329 dv-cinder-778193-5-smb devstack@n-api.service[108049]: [pid: 108049|app: 0|req: 108/227] 10.222.0.11 () {58 vars in 1236 bytes} [Fri Aug 27 10:27:07 2021] GET /compute/v2.1/servers/f1b38a52-7bc1-45c2-8848-fc9c14595ba1 => generated 1522 bytes in 165 msecs (HTTP/1.1 200) 9 headers in 358 bytes (1 switches on core 0)
Aug 27 10:27:07.281450 dv-cinder-778193-5-smb devstack@n-api.service[108048]: DEBUG nova.api.openstack.wsgi [None req-ee64c196-0708-4319-975f-b14efa3e15f6 tempest-VolumesNegativeTest-237266165 tempest-VolumesNegativeTest-237266165-project] Calling method '>' {{(pid=108048) _process_stack /opt/stack/nova/nova/api/openstack/wsgi.py:513}}
Aug 27 10:27:07.282071 dv-cinder-778193-5-smb devstack@n-api.service[108048]: DEBUG nova.compute.api [None req-ee64c196-0708-4319-975f-b14efa3e15f6 tempest-VolumesNegativeTest-237266165 tempest-VolumesNegativeTest-237266165-project] [instance: 453d114b-10f2-4d14-9a41-2ed24e7e8a5b] Fetching instance by UUID {{(pid=108048) get /opt/stack/nova/nova/compute/api.py:2826}}
Aug 27 10:27:07.288882 dv-cinder-778193-5-smb devstack@n-api.service[108048]: DEBUG oslo_concurrency.lockutils [None req-ee64c196-0708-4319-975f-b14efa3e15f6 tempest-VolumesNegativeTest-237266165 tempest-VolumesNegativeTest-237266165-project] Lock "ad21bf95-d51a-43fc-9e76-da1741add963" acquired by "nova.context.set_target_cell..get_or_set_cached_cell_and_set_connections" :: waited 0.000s {{(pid=108048) inner /usr/local/lib/python3.8/dist-packages/oslo_concurrency/lockutils.py:355}}
Aug 27 10:27:07.289353 dv-cinder-778193-5-smb devstack@n-api.service[108048]: DEBUG oslo_concurrency.lockutils [None req-ee64c196-0708-4319-975f-b14efa3e15f6 tempest-VolumesNegativeTest-237266165 tempest-VolumesNegativeTest-237266165-project] Lock "ad21bf95-d51a-43fc-9e76-da1741add963" released by "nova.context.set_target_cell..get_or_set_cached_cell_and_set_connections" :: held 0.001s {{(pid=108048) inner /usr/local/lib/python3.8/dist-packages/oslo_concurrency/lockutils.py:367}}
Aug 27 10:27:07.290117 dv-cinder-778193-5-smb devstack@n-api.service[108048]: DEBUG oslo_concurrency.lockutils [None req-ee64c196-0708-4319-975f-b14efa3e15f6 tempest-VolumesNegativeTest-237266165 tempest-VolumesNegativeTest-237266165-project] Lock "ad21bf95-d51a-43fc-9e76-da1741add963" acquired by "nova.context.set_target_cell..get_or_set_cached_cell_and_set_connections" :: waited 0.000s {{(pid=108048) inner /usr/local/lib/python3.8/dist-packages/oslo_concurrency/lockutils.py:355}}
Aug 27 10:27:07.290545 dv-cinder-778193-5-smb devstack@n-api.service[108048]: DEBUG oslo_concurrency.lockutils [None req-ee64c196-0708-4319-975f-b14efa3e15f6 tempest-VolumesNegativeTest-237266165 tempest-VolumesNegativeTest-237266165-project] Lock "ad21bf95-d51a-43fc-9e76-da1741add963" released by "nova.context.set_target_cell..get_or_set_cached_cell_and_set_connections" :: held 0.000s {{(pid=108048) inner /usr/local/lib/python3.8/dist-packages/oslo_concurrency/lockutils.py:367}}
Aug 27 10:27:07.360785 dv-cinder-778193-5-smb devstack@n-api.service[108048]: DEBUG nova.policy [None req-ee64c196-0708-4319-975f-b14efa3e15f6 tempest-VolumesNegativeTest-237266165 tempest-VolumesNegativeTest-237266165-project] Policy check for os_compute_api:os-extended-server-attributes failed with credentials {'is_admin': False, 'user_id': '46283475dde54b0b91cee29b5cee76e7', 'user_domain_id': 'default', 'system_scope': None, 'domain_id': None, 'project_id': '6bf9974dd5bb4797bbcbe8c735912851', 'project_domain_id': 'default', 'roles': ['reader', 'member'], 'is_admin_project': True, 'service_user_id': None, 'service_user_domain_id': None, 'service_project_id': None, 'service_project_domain_id': None, 'service_roles': []} {{(pid=108048) authorize /opt/stack/nova/nova/policy.py:199}}
Aug 27 10:27:07.368615 dv-cinder-778193-5-smb devstack@n-api.service[108048]: INFO nova.api.openstack.requestlog [None req-ee64c196-0708-4319-975f-b14efa3e15f6 tempest-VolumesNegativeTest-237266165 tempest-VolumesNegativeTest-237266165-project] 10.222.0.11 "GET /compute/v2.1/servers/453d114b-10f2-4d14-9a41-2ed24e7e8a5b" status: 200 len: 1267 microversion: 2.1 time: 0.090696
Aug 27 10:27:07.369411 dv-cinder-778193-5-smb devstack@n-api.service[108048]: [pid: 108048|app: 0|req: 120/228] 10.222.0.11 () {58 vars in 1236 bytes} [Fri Aug 27 10:27:07 2021] GET /compute/v2.1/servers/453d114b-10f2-4d14-9a41-2ed24e7e8a5b => generated 1267 bytes in 92 msecs (HTTP/1.1 200) 9 headers in 358 bytes (1 switches on core 0)
Aug 27 10:27:07.584834 dv-cinder-778193-5-smb devstack@n-api.service[108049]: DEBUG nova.api.openstack.wsgi [None req-4b511223-636e-4e2d-94d0-7a91244c5da3 tempest-VolumesActionsTest-197309600 tempest-VolumesActionsTest-197309600-project] Calling method '>' {{(pid=108049) _process_stack /opt/stack/nova/nova/api/openstack/wsgi.py:513}}
Aug 27 10:27:07.586349 dv-cinder-778193-5-smb devstack@n-api.service[108049]: DEBUG nova.compute.api [None req-4b511223-636e-4e2d-94d0-7a91244c5da3 tempest-VolumesActionsTest-197309600 tempest-VolumesActionsTest-197309600-project] [instance: 13a25ff2-9237-4f13-a184-cf88d8944951] Fetching instance by UUID {{(pid=108049) get /opt/stack/nova/nova/compute/api.py:2826}}
Aug 27 10:27:07.597626 dv-cinder-778193-5-smb devstack@n-api.service[108049]: DEBUG oslo_concurrency.lockutils [None req-4b511223-636e-4e2d-94d0-7a91244c5da3 tempest-VolumesActionsTest-197309600 tempest-VolumesActionsTest-197309600-project] Lock "ad21bf95-d51a-43fc-9e76-da1741add963" acquired by "nova.context.set_target_cell..get_or_set_cached_cell_and_set_connections" :: waited 0.000s {{(pid=108049) inner /usr/local/lib/python3.8/dist-packages/oslo_concurrency/lockutils.py:355}}
Aug 27 10:27:07.598360 dv-cinder-778193-5-smb devstack@n-api.service[108049]: DEBUG oslo_concurrency.lockutils [None req-4b511223-636e-4e2d-94d0-7a91244c5da3 tempest-VolumesActionsTest-197309600 tempest-VolumesActionsTest-197309600-project] Lock "ad21bf95-d51a-43fc-9e76-da1741add963" released by "nova.context.set_target_cell..get_or_set_cached_cell_and_set_connections" :: held 0.001s {{(pid=108049) inner /usr/local/lib/python3.8/dist-packages/oslo_concurrency/lockutils.py:367}}
Aug 27 10:27:07.599295 dv-cinder-778193-5-smb devstack@n-api.service[108049]: DEBUG oslo_concurrency.lockutils [None req-4b511223-636e-4e2d-94d0-7a91244c5da3 tempest-VolumesActionsTest-197309600 tempest-VolumesActionsTest-197309600-project] Lock "ad21bf95-d51a-43fc-9e76-da1741add963" acquired by "nova.context.set_target_cell..get_or_set_cached_cell_and_set_connections" :: waited 0.000s {{(pid=108049) inner /usr/local/lib/python3.8/dist-packages/oslo_concurrency/lockutils.py:355}}
Aug 27 10:27:07.599879 dv-cinder-778193-5-smb devstack@n-api.service[108049]: DEBUG oslo_concurrency.lockutils [None req-4b511223-636e-4e2d-94d0-7a91244c5da3 tempest-VolumesActionsTest-197309600 tempest-VolumesActionsTest-197309600-project] Lock "ad21bf95-d51a-43fc-9e76-da1741add963" released by "nova.context.set_target_cell..get_or_set_cached_cell_and_set_connections" :: held 0.001s {{(pid=108049) inner /usr/local/lib/python3.8/dist-packages/oslo_concurrency/lockutils.py:367}}
Aug 27 10:27:07.853580 dv-cinder-778193-5-smb devstack@n-api.service[108049]: DEBUG nova.policy [None req-4b511223-636e-4e2d-94d0-7a91244c5da3 tempest-VolumesActionsTest-197309600 tempest-VolumesActionsTest-197309600-project] Policy check for os_compute_api:os-extended-server-attributes failed with credentials {'is_admin': False, 'user_id': '950d6a7c57d6457292b4a5f3748defec', 'user_domain_id': 'default', 'system_scope': None, 'domain_id': None, 'project_id': 'ed031d8289b841a0a3d44b641cca9dda', 'project_domain_id': 'default', 'roles': ['reader', 'member'], 'is_admin_project': True, 'service_user_id': None, 'service_user_domain_id': None, 'service_project_id': None, 'service_project_domain_id': None, 'service_roles': []} {{(pid=108049) authorize /opt/stack/nova/nova/policy.py:199}}
Aug 27 10:27:07.873387 dv-cinder-778193-5-smb devstack@n-api.service[108049]: INFO nova.api.openstack.requestlog [None req-4b511223-636e-4e2d-94d0-7a91244c5da3 tempest-VolumesActionsTest-197309600 tempest-VolumesActionsTest-197309600-project] 10.222.0.11 "GET /compute/v2.1/servers/13a25ff2-9237-4f13-a184-cf88d8944951" status: 200 len: 1314 microversion: 2.1 time: 0.297999
Aug 27 10:27:07.881252 dv-cinder-778193-5-smb devstack@n-api.service[108049]: [pid: 108049|app: 0|req: 109/229] 10.222.0.11 () {58 vars in 1236 bytes} [Fri Aug 27 10:27:07 2021] GET /compute/v2.1/servers/13a25ff2-9237-4f13-a184-cf88d8944951 => generated 1314 bytes in 302 msecs (HTTP/1.1 200) 9 headers in 358 bytes (1 switches on core 0)
Aug 27 10:27:08.236725 dv-cinder-778193-5-smb devstack@n-api.service[108048]: DEBUG nova.api.openstack.wsgi [None req-7959ac4f-825b-4094-b6e5-3dc9aff9263a tempest-ServerRescueNegativeTestJSON-1654620616 tempest-ServerRescueNegativeTestJSON-1654620616-project] Calling method '>' {{(pid=108048) _process_stack /opt/stack/nova/nova/api/openstack/wsgi.py:513}}
Aug 27 10:27:08.238346 dv-cinder-778193-5-smb devstack@n-api.service[108048]: DEBUG nova.compute.api [None req-7959ac4f-825b-4094-b6e5-3dc9aff9263a tempest-ServerRescueNegativeTestJSON-1654620616 tempest-ServerRescueNegativeTestJSON-1654620616-project] [instance: f1b38a52-7bc1-45c2-8848-fc9c14595ba1] Fetching instance by UUID {{(pid=108048) get /opt/stack/nova/nova/compute/api.py:2826}}
Aug 27 10:27:08.255287 dv-cinder-778193-5-smb devstack@n-api.service[108048]: DEBUG oslo_concurrency.lockutils [None req-7959ac4f-825b-4094-b6e5-3dc9aff9263a tempest-ServerRescueNegativeTestJSON-1654620616 tempest-ServerRescueNegativeTestJSON-1654620616-project] Lock "ad21bf95-d51a-43fc-9e76-da1741add963" acquired by "nova.context.set_target_cell..get_or_set_cached_cell_and_set_connections" :: waited 0.000s {{(pid=108048) inner /usr/local/lib/python3.8/dist-packages/oslo_concurrency/lockutils.py:355}}
Aug 27 10:27:08.258530 dv-cinder-778193-5-smb devstack@n-api.service[108048]: DEBUG oslo_concurrency.lockutils [None req-7959ac4f-825b-4094-b6e5-3dc9aff9263a tempest-ServerRescueNegativeTestJSON-1654620616 tempest-ServerRescueNegativeTestJSON-1654620616-project] Lock "ad21bf95-d51a-43fc-9e76-da1741add963" released by "nova.context.set_target_cell..get_or_set_cached_cell_and_set_connections" :: held 0.003s {{(pid=108048) inner /usr/local/lib/python3.8/dist-packages/oslo_concurrency/lockutils.py:367}}
Aug 27 10:27:08.259555 dv-cinder-778193-5-smb devstack@n-api.service[108048]: DEBUG oslo_concurrency.lockutils [None req-7959ac4f-825b-4094-b6e5-3dc9aff9263a tempest-ServerRescueNegativeTestJSON-1654620616 tempest-ServerRescueNegativeTestJSON-1654620616-project] Lock "ad21bf95-d51a-43fc-9e76-da1741add963" acquired by "nova.context.set_target_cell..get_or_set_cached_cell_and_set_connections" :: waited 0.000s {{(pid=108048) inner /usr/local/lib/python3.8/dist-packages/oslo_concurrency/lockutils.py:355}}
Aug 27 10:27:08.260682 dv-cinder-778193-5-smb devstack@n-api.service[108048]: DEBUG oslo_concurrency.lockutils [None req-7959ac4f-825b-4094-b6e5-3dc9aff9263a tempest-ServerRescueNegativeTestJSON-1654620616 tempest-ServerRescueNegativeTestJSON-1654620616-project] Lock "ad21bf95-d51a-43fc-9e76-da1741add963" released by "nova.context.set_target_cell..get_or_set_cached_cell_and_set_connections" :: held 0.001s {{(pid=108048) inner /usr/local/lib/python3.8/dist-packages/oslo_concurrency/lockutils.py:367}}
Aug 27 10:27:08.393211 dv-cinder-778193-5-smb devstack@n-api.service[108049]: DEBUG nova.api.openstack.wsgi [None req-2fe94c3b-128b-4a05-82a7-6db5ce26afbc tempest-VolumesNegativeTest-237266165 tempest-VolumesNegativeTest-237266165-project] Calling method '>' {{(pid=108049) _process_stack /opt/stack/nova/nova/api/openstack/wsgi.py:513}}
Aug 27 10:27:08.393997 dv-cinder-778193-5-smb devstack@n-api.service[108049]: DEBUG nova.compute.api [None req-2fe94c3b-128b-4a05-82a7-6db5ce26afbc tempest-VolumesNegativeTest-237266165 tempest-VolumesNegativeTest-237266165-project] [instance: 453d114b-10f2-4d14-9a41-2ed24e7e8a5b] Fetching instance by UUID {{(pid=108049) get /opt/stack/nova/nova/compute/api.py:2826}}
Aug 27 10:27:08.413232 dv-cinder-778193-5-smb devstack@n-api.service[108049]: DEBUG oslo_concurrency.lockutils [None req-2fe94c3b-128b-4a05-82a7-6db5ce26afbc tempest-VolumesNegativeTest-237266165 tempest-VolumesNegativeTest-237266165-project] Lock "ad21bf95-d51a-43fc-9e76-da1741add963" acquired by "nova.context.set_target_cell..get_or_set_cached_cell_and_set_connections" :: waited 0.000s {{(pid=108049) inner /usr/local/lib/python3.8/dist-packages/oslo_concurrency/lockutils.py:355}}
Aug 27 10:27:08.413757 dv-cinder-778193-5-smb devstack@n-api.service[108049]: DEBUG oslo_concurrency.lockutils [None req-2fe94c3b-128b-4a05-82a7-6db5ce26afbc tempest-VolumesNegativeTest-237266165 tempest-VolumesNegativeTest-237266165-project] Lock "ad21bf95-d51a-43fc-9e76-da1741add963" released by "nova.context.set_target_cell..get_or_set_cached_cell_and_set_connections" :: held 0.001s {{(pid=108049) inner /usr/local/lib/python3.8/dist-packages/oslo_concurrency/lockutils.py:367}}
Aug 27 10:27:08.414567 dv-cinder-778193-5-smb devstack@n-api.service[108049]: DEBUG oslo_concurrency.lockutils [None req-2fe94c3b-128b-4a05-82a7-6db5ce26afbc tempest-VolumesNegativeTest-237266165 tempest-VolumesNegativeTest-237266165-project] Lock "ad21bf95-d51a-43fc-9e76-da1741add963" acquired by "nova.context.set_target_cell..get_or_set_cached_cell_and_set_connections" :: waited 0.000s {{(pid=108049) inner /usr/local/lib/python3.8/dist-packages/oslo_concurrency/lockutils.py:355}}
Aug 27 10:27:08.415007 dv-cinder-778193-5-smb devstack@n-api.service[108049]: DEBUG oslo_concurrency.lockutils [None req-2fe94c3b-128b-4a05-82a7-6db5ce26afbc tempest-VolumesNegativeTest-237266165 tempest-VolumesNegativeTest-237266165-project] Lock "ad21bf95-d51a-43fc-9e76-da1741add963" released by "nova.context.set_target_cell..get_or_set_cached_cell_and_set_connections" :: held 0.000s {{(pid=108049) inner /usr/local/lib/python3.8/dist-packages/oslo_concurrency/lockutils.py:367}}
Aug 27 10:27:08.574234 dv-cinder-778193-5-smb devstack@n-api.service[108049]: DEBUG nova.policy [None req-2fe94c3b-128b-4a05-82a7-6db5ce26afbc tempest-VolumesNegativeTest-237266165 tempest-VolumesNegativeTest-237266165-project] Policy check for os_compute_api:os-extended-server-attributes failed with credentials {'is_admin': False, 'user_id': '46283475dde54b0b91cee29b5cee76e7', 'user_domain_id': 'default', 'system_scope': None, 'domain_id': None, 'project_id': '6bf9974dd5bb4797bbcbe8c735912851', 'project_domain_id': 'default', 'roles': ['reader', 'member'], 'is_admin_project': True, 'service_user_id': None, 'service_user_domain_id': None, 'service_project_id': None, 'service_project_domain_id': None, 'service_roles': []} {{(pid=108049) authorize /opt/stack/nova/nova/policy.py:199}}
Aug 27 10:27:08.585164 dv-cinder-778193-5-smb devstack@n-api.service[108049]: INFO nova.api.openstack.requestlog [None req-2fe94c3b-128b-4a05-82a7-6db5ce26afbc tempest-VolumesNegativeTest-237266165 tempest-VolumesNegativeTest-237266165-project] 10.222.0.11 "GET /compute/v2.1/servers/453d114b-10f2-4d14-9a41-2ed24e7e8a5b" status: 200 len: 1273 microversion: 2.1 time: 0.198019
Aug 27 10:27:08.586776 dv-cinder-778193-5-smb devstack@n-api.service[108049]: [pid: 108049|app: 0|req: 110/230] 10.222.0.11 () {58 vars in 1236 bytes} [Fri Aug 27 10:27:08 2021] GET /compute/v2.1/servers/453d114b-10f2-4d14-9a41-2ed24e7e8a5b => generated 1273 bytes in 201 msecs (HTTP/1.1 200) 9 headers in 358 bytes (1 switches on core 0)
Aug 27 10:27:08.605072 dv-cinder-778193-5-smb devstack@n-api.service[108049]: DEBUG nova.api.openstack.wsgi [req-b610960c-c3e2-48f0-9040-de44b774e73a req-3cfcc3ed-7468-4ffe-af8b-b79aa62dcd8d service nova] Action: 'create', calling method: >, body: {"events": [{"server_uuid": "13a25ff2-9237-4f13-a184-cf88d8944951", "name": "network-vif-plugged", "status": "completed", "tag": "895b1e9e-9952-4eee-a325-0f16f9aecd28"}]} {{(pid=108049) _process_stack /opt/stack/nova/nova/api/openstack/wsgi.py:511}}
Aug 27 10:27:08.608802 dv-cinder-778193-5-smb devstack@n-api.service[108049]: /usr/local/lib/python3.8/dist-packages/oslo_policy/policy.py:1064: UserWarning: Policy os_compute_api:os-server-external-events:create failed scope check. The token used to make the request was project scoped but the policy requires ['system'] scope. This behavior may change in the future where using the intended scope is required
Aug 27 10:27:08.608802 dv-cinder-778193-5-smb devstack@n-api.service[108049]: warnings.warn(msg)
