Aug 17 12:05:22.948698 dv-cinder-778193-3-smb devstack@c-api.service[100739]: DEBUG cinder.volume.api [None req-ed3c03e0-4d06-4101-8172-9cd8e6a16cd7 tempest-DeleteServersTestJSON-925394382 tempest-DeleteServersTestJSON-925394382-project] Task 'cinder.volume.flows.api.create_volume.ExtractVolumeRequestTask;volume:create' (50347b1d-b67d-4333-85b1-6224ea70536f) transitioned into state 'SUCCESS' from state 'RUNNING' with result '{'size': 1, 'snapshot_id': None, 'source_volid': None, 'volume_type': VolumeType(created_at=2021-08-17T11:55:30Z,deleted=False,deleted_at=None,description='Default Volume Type',extra_specs={},id=452742b5-6b2e-45db-94c1-53441c8c03fe,is_public=True,name='__DEFAULT__',projects=[],qos_specs=,qos_specs_id=None,updated_at=2021-08-17T11:55:30Z), 'volume_type_id': '452742b5-6b2e-45db-94c1-53441c8c03fe', 'encryption_key_id': None, 'qos_specs': None, 'consistencygroup_id': None, 'cgsnapshot_id': None, 'group_id': None, 'replication_status': 'disabled', 'refresh_az': False, 'backup_id': None, 'multiattach': False, 'availability_zones': ['nova']}' {{(pid=100739) _task_receiver /usr/local/lib/python3.8/dist-packages/taskflow/listeners/logging.py:178}}
Aug 17 12:05:22.950846 dv-cinder-778193-3-smb devstack@c-api.service[100739]: DEBUG cinder.volume.api [None req-ed3c03e0-4d06-4101-8172-9cd8e6a16cd7 tempest-DeleteServersTestJSON-925394382 tempest-DeleteServersTestJSON-925394382-project] Task 'cinder.volume.flows.api.create_volume.QuotaReserveTask;volume:create' (7cdc4086-c6c9-45a2-a795-10aace029c0a) transitioned into state 'RUNNING' from state 'PENDING' {{(pid=100739) _task_receiver /usr/local/lib/python3.8/dist-packages/taskflow/listeners/logging.py:190}}
Aug 17 12:05:23.033305 dv-cinder-778193-3-smb devstack@c-api.service[100739]: DEBUG cinder.quota [None req-ed3c03e0-4d06-4101-8172-9cd8e6a16cd7 tempest-DeleteServersTestJSON-925394382 tempest-DeleteServersTestJSON-925394382-project] Created reservations ['23349702-beaf-472b-a8fc-7c16e53b219e', 'fee89275-39c6-4d3b-825d-4a663ac3c0c9', 'c9d78b36-f4c8-4ba7-9bfa-b7806e1663d5', '1cdf30cd-2547-4333-881c-b509d72e5f8b'] {{(pid=100739) reserve /opt/stack/cinder/cinder/quota.py:755}}
Aug 17 12:05:23.035154 dv-cinder-778193-3-smb devstack@c-api.service[100739]: DEBUG cinder.volume.api [None req-ed3c03e0-4d06-4101-8172-9cd8e6a16cd7 tempest-DeleteServersTestJSON-925394382 tempest-DeleteServersTestJSON-925394382-project] Task 'cinder.volume.flows.api.create_volume.QuotaReserveTask;volume:create' (7cdc4086-c6c9-45a2-a795-10aace029c0a) transitioned into state 'SUCCESS' from state 'RUNNING' with result '{'reservations': ['23349702-beaf-472b-a8fc-7c16e53b219e', 'fee89275-39c6-4d3b-825d-4a663ac3c0c9', 'c9d78b36-f4c8-4ba7-9bfa-b7806e1663d5', '1cdf30cd-2547-4333-881c-b509d72e5f8b']}' {{(pid=100739) _task_receiver /usr/local/lib/python3.8/dist-packages/taskflow/listeners/logging.py:178}}
Aug 17 12:05:23.037203 dv-cinder-778193-3-smb devstack@c-api.service[100739]: DEBUG cinder.volume.api [None req-ed3c03e0-4d06-4101-8172-9cd8e6a16cd7 tempest-DeleteServersTestJSON-925394382 tempest-DeleteServersTestJSON-925394382-project] Task 'cinder.volume.flows.api.create_volume.EntryCreateTask;volume:create' (8b4c3154-b708-42ea-8250-2d67ac8488c9) transitioned into state 'RUNNING' from state 'PENDING' {{(pid=100739) _task_receiver /usr/local/lib/python3.8/dist-packages/taskflow/listeners/logging.py:190}}
Aug 17 12:05:23.050571 dv-cinder-778193-3-smb devstack@c-api.service[100738]: INFO cinder.api.openstack.wsgi [None req-56a815b9-1ab1-4ad4-8e83-5576aa6b6bdc tempest-GroupSnapshotsTest-466873322 tempest-GroupSnapshotsTest-466873322-project] GET http://10.222.0.24/volume/v3/7a08ac2905994226b15369591c6db424/volumes/9df790b1-0ea6-4853-9f4b-086aa189e5c9
Aug 17 12:05:23.051975 dv-cinder-778193-3-smb devstack@c-api.service[100738]: DEBUG cinder.api.openstack.wsgi [None req-56a815b9-1ab1-4ad4-8e83-5576aa6b6bdc tempest-GroupSnapshotsTest-466873322 tempest-GroupSnapshotsTest-466873322-project] Empty body provided in request {{(pid=100738) get_body /opt/stack/cinder/cinder/api/openstack/wsgi.py:703}}
Aug 17 12:05:23.052254 dv-cinder-778193-3-smb devstack@c-api.service[100738]: /usr/local/lib/python3.8/dist-packages/webob/acceptparse.py:1047: DeprecationWarning: The behavior of AcceptValidHeader.best_match is currently being maintained for backward compatibility, but it will be deprecated in the future, as it does not conform to the RFC.
Aug 17 12:05:23.052254 dv-cinder-778193-3-smb devstack@c-api.service[100738]: warnings.warn(
Aug 17 12:05:23.053097 dv-cinder-778193-3-smb devstack@c-api.service[100738]: DEBUG cinder.api.openstack.wsgi [None req-56a815b9-1ab1-4ad4-8e83-5576aa6b6bdc tempest-GroupSnapshotsTest-466873322 tempest-GroupSnapshotsTest-466873322-project] Calling method 'show' {{(pid=100738) _process_stack /opt/stack/cinder/cinder/api/openstack/wsgi.py:856}}
Aug 17 12:05:23.064193 dv-cinder-778193-3-smb devstack@c-api.service[100739]: DEBUG cinder.volume.api [None req-ed3c03e0-4d06-4101-8172-9cd8e6a16cd7 tempest-DeleteServersTestJSON-925394382 tempest-DeleteServersTestJSON-925394382-project] Task 'cinder.volume.flows.api.create_volume.EntryCreateTask;volume:create' (8b4c3154-b708-42ea-8250-2d67ac8488c9) transitioned into state 'SUCCESS' from state 'RUNNING' with result '{'volume_id': '2a6bd6ab-4e22-4c51-8997-076df4be08f6', 'volume_properties': VolumeProperties(attach_status='detached',availability_zone='nova',cgsnapshot_id=None,consistencygroup_id=None,display_description=None,display_name='tempest-DeleteServersTestJSON-volume-1088691542',encryption_key_id=None,group_id=None,group_type_id=,metadata={},multiattach=False,project_id='0c3d4e1a9a1b497c8ca7f8909c9c51ea',qos_specs=None,replication_status=,reservations=['23349702-beaf-472b-a8fc-7c16e53b219e','fee89275-39c6-4d3b-825d-4a663ac3c0c9','c9d78b36-f4c8-4ba7-9bfa-b7806e1663d5','1cdf30cd-2547-4333-881c-b509d72e5f8b'],size=1,snapshot_id=None,source_replicaid=,source_volid=None,status='creating',user_id='d80b5cead7264a98bc0dbf6d7f9dff53',volume_type_id=452742b5-6b2e-45db-94c1-53441c8c03fe), 'volume': Volume(_name_id=None,admin_metadata=,attach_status='detached',availability_zone='nova',bootable=False,cluster=,cluster_name=None,consistencygroup=,consistencygroup_id=None,created_at=2021-08-17T12:05:23Z,deleted=False,deleted_at=None,display_description=None,display_name='tempest-DeleteServersTestJSON-volume-1088691542',ec2_id=None,encryption_key_id=None,glance_metadata=,group=,group_id=None,host=None,id=2a6bd6ab-4e22-4c51-8997-076df4be08f6,launched_at=None,metadata={},migration_status=None,multiattach=False,previous_status=None,project_id='0c3d4e1a9a1b497c8ca7f8909c9c51ea',provider_auth=None,provider_geometry=None,provider_id=None,provider_location=None,replication_driver_data=None,replication_extended_status=None,replication_status=None,scheduled_at=None,service_uuid=None,shared_targets=True,size=1,snapshot_id=None,snapshots=,source_volid=None,status='creating',terminated_at=None,updated_at=None,user_id='d80b5cead7264a98bc0dbf6d7f9dff53',volume_attachment=,volume_type=VolumeType(452742b5-6b2e-45db-94c1-53441c8c03fe),volume_type_id=452742b5-6b2e-45db-94c1-53441c8c03fe)}' {{(pid=100739) _task_receiver /usr/local/lib/python3.8/dist-packages/taskflow/listeners/logging.py:178}}
Aug 17 12:05:23.066627 dv-cinder-778193-3-smb devstack@c-api.service[100739]: DEBUG cinder.volume.api [None req-ed3c03e0-4d06-4101-8172-9cd8e6a16cd7 tempest-DeleteServersTestJSON-925394382 tempest-DeleteServersTestJSON-925394382-project] Task 'cinder.volume.flows.api.create_volume.QuotaCommitTask;volume:create' (6bf4d601-fa87-4a3f-bf42-adb69975920c) transitioned into state 'RUNNING' from state 'PENDING' {{(pid=100739) _task_receiver /usr/local/lib/python3.8/dist-packages/taskflow/listeners/logging.py:190}}
Aug 17 12:05:23.067085 dv-cinder-778193-3-smb devstack@c-api.service[100738]: INFO cinder.api.openstack.wsgi [None req-56a815b9-1ab1-4ad4-8e83-5576aa6b6bdc tempest-GroupSnapshotsTest-466873322 tempest-GroupSnapshotsTest-466873322-project] http://10.222.0.24/volume/v3/7a08ac2905994226b15369591c6db424/volumes/9df790b1-0ea6-4853-9f4b-086aa189e5c9 returned with HTTP 404
Aug 17 12:05:23.068295 dv-cinder-778193-3-smb devstack@c-api.service[100738]: [pid: 100738|app: 0|req: 92/220] 10.222.0.24 () {60 vars in 1366 bytes} [Tue Aug 17 12:05:23 2021] GET /volume/v3/7a08ac2905994226b15369591c6db424/volumes/9df790b1-0ea6-4853-9f4b-086aa189e5c9 => generated 109 bytes in 21 msecs (HTTP/1.1 404) 7 headers in 293 bytes (1 switches on core 0)
Aug 17 12:05:23.075285 dv-cinder-778193-3-smb devstack@c-api.service[100738]: INFO cinder.api.openstack.wsgi [None req-423a597b-e472-4149-8810-043c0050f78c tempest-GroupSnapshotsTest-466873322 tempest-GroupSnapshotsTest-466873322-project] GET http://10.222.0.24/volume/v3/7a08ac2905994226b15369591c6db424/groups/cf1912c0-abc2-4b9f-8f33-e69985173d45
Aug 17 12:05:23.075768 dv-cinder-778193-3-smb devstack@c-api.service[100738]: DEBUG cinder.api.openstack.wsgi [None req-423a597b-e472-4149-8810-043c0050f78c tempest-GroupSnapshotsTest-466873322 tempest-GroupSnapshotsTest-466873322-project] Empty body provided in request {{(pid=100738) get_body /opt/stack/cinder/cinder/api/openstack/wsgi.py:703}}
Aug 17 12:05:23.076204 dv-cinder-778193-3-smb devstack@c-api.service[100738]: DEBUG cinder.api.openstack.wsgi [None req-423a597b-e472-4149-8810-043c0050f78c tempest-GroupSnapshotsTest-466873322 tempest-GroupSnapshotsTest-466873322-project] Calling method 'version_select' {{(pid=100738) _process_stack /opt/stack/cinder/cinder/api/openstack/wsgi.py:856}}
Aug 17 12:05:23.076626 dv-cinder-778193-3-smb devstack@c-api.service[100738]: DEBUG cinder.api.v3.groups [None req-423a597b-e472-4149-8810-043c0050f78c tempest-GroupSnapshotsTest-466873322 tempest-GroupSnapshotsTest-466873322-project] show called for member cf1912c0-abc2-4b9f-8f33-e69985173d45 {{(pid=100738) show /opt/stack/cinder/cinder/api/v3/groups.py:58}}
Aug 17 12:05:23.081735 dv-cinder-778193-3-smb devstack@c-api.service[100738]: INFO cinder.api.openstack.wsgi [None req-423a597b-e472-4149-8810-043c0050f78c tempest-GroupSnapshotsTest-466873322 tempest-GroupSnapshotsTest-466873322-project] http://10.222.0.24/volume/v3/7a08ac2905994226b15369591c6db424/groups/cf1912c0-abc2-4b9f-8f33-e69985173d45 returned with HTTP 404
Aug 17 12:05:23.082998 dv-cinder-778193-3-smb devstack@c-api.service[100738]: [pid: 100738|app: 0|req: 93/221] 10.222.0.24 () {60 vars in 1363 bytes} [Tue Aug 17 12:05:23 2021] GET /volume/v3/7a08ac2905994226b15369591c6db424/groups/cf1912c0-abc2-4b9f-8f33-e69985173d45 => generated 108 bytes in 11 msecs (HTTP/1.1 404) 7 headers in 293 bytes (2 switches on core 0)
Aug 17 12:05:23.091154 dv-cinder-778193-3-smb devstack@c-api.service[100738]: INFO cinder.api.openstack.wsgi [None req-99f6aee9-111b-414c-b800-f486c36da1ba tempest-GroupSnapshotsTest-466873322 tempest-GroupSnapshotsTest-466873322-project] DELETE http://10.222.0.24/volume/v3/7a08ac2905994226b15369591c6db424/group_snapshots/0961c7fe-ade3-4e08-ae8d-e82e9446c3aa
Aug 17 12:05:23.091794 dv-cinder-778193-3-smb devstack@c-api.service[100738]: DEBUG cinder.api.openstack.wsgi [None req-99f6aee9-111b-414c-b800-f486c36da1ba tempest-GroupSnapshotsTest-466873322 tempest-GroupSnapshotsTest-466873322-project] Empty body provided in request {{(pid=100738) get_body /opt/stack/cinder/cinder/api/openstack/wsgi.py:703}}
Aug 17 12:05:23.092319 dv-cinder-778193-3-smb devstack@c-api.service[100738]: DEBUG cinder.api.openstack.wsgi [None req-99f6aee9-111b-414c-b800-f486c36da1ba tempest-GroupSnapshotsTest-466873322 tempest-GroupSnapshotsTest-466873322-project] Calling method 'version_select' {{(pid=100738) _process_stack /opt/stack/cinder/cinder/api/openstack/wsgi.py:856}}
Aug 17 12:05:23.092682 dv-cinder-778193-3-smb devstack@c-api.service[100738]: DEBUG cinder.api.v3.group_snapshots [None req-99f6aee9-111b-414c-b800-f486c36da1ba tempest-GroupSnapshotsTest-466873322 tempest-GroupSnapshotsTest-466873322-project] delete called for member 0961c7fe-ade3-4e08-ae8d-e82e9446c3aa {{(pid=100738) delete /opt/stack/cinder/cinder/api/v3/group_snapshots.py:72}}
Aug 17 12:05:23.093277 dv-cinder-778193-3-smb devstack@c-api.service[100738]: INFO cinder.api.v3.group_snapshots [None req-99f6aee9-111b-414c-b800-f486c36da1ba tempest-GroupSnapshotsTest-466873322 tempest-GroupSnapshotsTest-466873322-project] Delete group_snapshot with id: 0961c7fe-ade3-4e08-ae8d-e82e9446c3aa
Aug 17 12:05:23.095507 dv-cinder-778193-3-smb devstack@c-api.service[100739]: DEBUG cinder.volume.api [None req-ed3c03e0-4d06-4101-8172-9cd8e6a16cd7 tempest-DeleteServersTestJSON-925394382 tempest-DeleteServersTestJSON-925394382-project] Task 'cinder.volume.flows.api.create_volume.QuotaCommitTask;volume:create' (6bf4d601-fa87-4a3f-bf42-adb69975920c) transitioned into state 'SUCCESS' from state 'RUNNING' with result '{'volume_properties': VolumeProperties(attach_status='detached',availability_zone='nova',cgsnapshot_id=None,consistencygroup_id=None,display_description=None,display_name='tempest-DeleteServersTestJSON-volume-1088691542',encryption_key_id=None,group_id=None,group_type_id=,metadata={},multiattach=False,project_id='0c3d4e1a9a1b497c8ca7f8909c9c51ea',qos_specs=None,replication_status=,reservations=['23349702-beaf-472b-a8fc-7c16e53b219e','fee89275-39c6-4d3b-825d-4a663ac3c0c9','c9d78b36-f4c8-4ba7-9bfa-b7806e1663d5','1cdf30cd-2547-4333-881c-b509d72e5f8b'],size=1,snapshot_id=None,source_replicaid=,source_volid=None,status='creating',user_id='d80b5cead7264a98bc0dbf6d7f9dff53',volume_type_id=452742b5-6b2e-45db-94c1-53441c8c03fe)}' {{(pid=100739) _task_receiver /usr/local/lib/python3.8/dist-packages/taskflow/listeners/logging.py:178}}
Aug 17 12:05:23.097434 dv-cinder-778193-3-smb devstack@c-api.service[100739]: DEBUG cinder.volume.api [None req-ed3c03e0-4d06-4101-8172-9cd8e6a16cd7 tempest-DeleteServersTestJSON-925394382 tempest-DeleteServersTestJSON-925394382-project] Task 'cinder.volume.flows.api.create_volume.VolumeCastTask;volume:create' (2ed3cd11-69e7-4560-84f8-ca898ab278d4) transitioned into state 'RUNNING' from state 'PENDING' {{(pid=100739) _task_receiver /usr/local/lib/python3.8/dist-packages/taskflow/listeners/logging.py:190}}
Aug 17 12:05:23.098766 dv-cinder-778193-3-smb devstack@c-api.service[100738]: /usr/local/lib/python3.8/dist-packages/oslo_context/context.py:105: DeprecationWarning: Policy enforcement is depending on the value of is_admin. This key is deprecated. Please update your policy file to use the standard policy values.
Aug 17 12:05:23.098766 dv-cinder-778193-3-smb devstack@c-api.service[100738]: warnings.warn('Policy enforcement is depending on the value of '
Aug 17 12:05:23.114089 dv-cinder-778193-3-smb devstack@c-api.service[100739]: DEBUG cinder.volume.api [None req-ed3c03e0-4d06-4101-8172-9cd8e6a16cd7 tempest-DeleteServersTestJSON-925394382 tempest-DeleteServersTestJSON-925394382-project] Task 'cinder.volume.flows.api.create_volume.VolumeCastTask;volume:create' (2ed3cd11-69e7-4560-84f8-ca898ab278d4) transitioned into state 'SUCCESS' from state 'RUNNING' with result 'None' {{(pid=100739) _task_receiver /usr/local/lib/python3.8/dist-packages/taskflow/listeners/logging.py:178}}
Aug 17 12:05:23.116624 dv-cinder-778193-3-smb devstack@c-api.service[100739]: DEBUG cinder.volume.api [None req-ed3c03e0-4d06-4101-8172-9cd8e6a16cd7 tempest-DeleteServersTestJSON-925394382 tempest-DeleteServersTestJSON-925394382-project] Flow 'volume_create_api' (7b6106a2-a03c-41f9-8cff-935f0e39a7ac) transitioned into state 'SUCCESS' from state 'RUNNING' {{(pid=100739) _flow_receiver /usr/local/lib/python3.8/dist-packages/taskflow/listeners/logging.py:141}}
Aug 17 12:05:23.117378 dv-cinder-778193-3-smb devstack@c-api.service[100739]: INFO cinder.volume.api [None req-ed3c03e0-4d06-4101-8172-9cd8e6a16cd7 tempest-DeleteServersTestJSON-925394382 tempest-DeleteServersTestJSON-925394382-project] Create volume request issued successfully.
Aug 17 12:05:23.125908 dv-cinder-778193-3-smb devstack@c-api.service[100739]: INFO cinder.api.openstack.wsgi [None req-ed3c03e0-4d06-4101-8172-9cd8e6a16cd7 tempest-DeleteServersTestJSON-925394382 tempest-DeleteServersTestJSON-925394382-project] http://10.222.0.24/volume/v3/0c3d4e1a9a1b497c8ca7f8909c9c51ea/volumes returned with HTTP 202
Aug 17 12:05:23.128103 dv-cinder-778193-3-smb devstack@c-api.service[100739]: [pid: 100739|app: 0|req: 129/222] 10.222.0.24 () {60 vars in 1235 bytes} [Tue Aug 17 12:05:22 2021] POST /volume/v3/0c3d4e1a9a1b497c8ca7f8909c9c51ea/volumes => generated 821 bytes in 256 msecs (HTTP/1.1 202) 7 headers in 291 bytes (1 switches on core 0)
Aug 17 12:05:23.152868 dv-cinder-778193-3-smb devstack@c-api.service[100738]: INFO cinder.api.openstack.wsgi [None req-99f6aee9-111b-414c-b800-f486c36da1ba tempest-GroupSnapshotsTest-466873322 tempest-GroupSnapshotsTest-466873322-project] http://10.222.0.24/volume/v3/7a08ac2905994226b15369591c6db424/group_snapshots/0961c7fe-ade3-4e08-ae8d-e82e9446c3aa returned with HTTP 202
Aug 17 12:05:23.154189 dv-cinder-778193-3-smb devstack@c-api.service[100739]: INFO cinder.api.openstack.wsgi [None req-be87e1ce-69bb-4b04-bb93-9d907629e3b8 tempest-DeleteServersTestJSON-925394382 tempest-DeleteServersTestJSON-925394382-project] GET http://10.222.0.24/volume/v3/0c3d4e1a9a1b497c8ca7f8909c9c51ea/volumes/2a6bd6ab-4e22-4c51-8997-076df4be08f6
Aug 17 12:05:23.154416 dv-cinder-778193-3-smb devstack@c-api.service[100738]: [pid: 100738|app: 0|req: 94/223] 10.222.0.24 () {60 vars in 1393 bytes} [Tue Aug 17 12:05:23 2021] DELETE /volume/v3/7a08ac2905994226b15369591c6db424/group_snapshots/0961c7fe-ade3-4e08-ae8d-e82e9446c3aa => generated 0 bytes in 68 msecs (HTTP/1.1 202) 6 headers in 234 bytes (2 switches on core 0)
Aug 17 12:05:23.155016 dv-cinder-778193-3-smb devstack@c-api.service[100739]: DEBUG cinder.api.openstack.wsgi [None req-be87e1ce-69bb-4b04-bb93-9d907629e3b8 tempest-DeleteServersTestJSON-925394382 tempest-DeleteServersTestJSON-925394382-project] Empty body provided in request {{(pid=100739) get_body /opt/stack/cinder/cinder/api/openstack/wsgi.py:703}}
Aug 17 12:05:23.155300 dv-cinder-778193-3-smb devstack@c-api.service[100739]: /usr/local/lib/python3.8/dist-packages/webob/acceptparse.py:1047: DeprecationWarning: The behavior of AcceptValidHeader.best_match is currently being maintained for backward compatibility, but it will be deprecated in the future, as it does not conform to the RFC.
Aug 17 12:05:23.155300 dv-cinder-778193-3-smb devstack@c-api.service[100739]: warnings.warn(
Aug 17 12:05:23.155954 dv-cinder-778193-3-smb devstack@c-api.service[100739]: DEBUG cinder.api.openstack.wsgi [None req-be87e1ce-69bb-4b04-bb93-9d907629e3b8 tempest-DeleteServersTestJSON-925394382 tempest-DeleteServersTestJSON-925394382-project] Calling method 'show' {{(pid=100739) _process_stack /opt/stack/cinder/cinder/api/openstack/wsgi.py:856}}
Aug 17 12:05:23.159828 dv-cinder-778193-3-smb devstack@c-api.service[100738]: INFO cinder.api.openstack.wsgi [None req-97a00a77-38be-406c-9f31-cf58d962b05f tempest-VolumeTypesTest-1318909066 tempest-VolumeTypesTest-1318909066-project] GET http://10.222.0.24/volume/v3/3f9821d1b1c54ff5b22b2d21a35c72d5/volumes/7da334bd-fe6a-4ee6-9bf6-5c35821224e8
Aug 17 12:05:23.160645 dv-cinder-778193-3-smb devstack@c-api.service[100738]: DEBUG cinder.api.openstack.wsgi [None req-97a00a77-38be-406c-9f31-cf58d962b05f tempest-VolumeTypesTest-1318909066 tempest-VolumeTypesTest-1318909066-project] Empty body provided in request {{(pid=100738) get_body /opt/stack/cinder/cinder/api/openstack/wsgi.py:703}}
Aug 17 12:05:23.160983 dv-cinder-778193-3-smb devstack@c-api.service[100738]: /usr/local/lib/python3.8/dist-packages/webob/acceptparse.py:1047: DeprecationWarning: The behavior of AcceptValidHeader.best_match is currently being maintained for backward compatibility, but it will be deprecated in the future, as it does not conform to the RFC.
Aug 17 12:05:23.160983 dv-cinder-778193-3-smb devstack@c-api.service[100738]: warnings.warn(
Aug 17 12:05:23.161595 dv-cinder-778193-3-smb devstack@c-api.service[100738]: DEBUG cinder.api.openstack.wsgi [None req-97a00a77-38be-406c-9f31-cf58d962b05f tempest-VolumeTypesTest-1318909066 tempest-VolumeTypesTest-1318909066-project] Calling method 'show' {{(pid=100738) _process_stack /opt/stack/cinder/cinder/api/openstack/wsgi.py:856}}
Aug 17 12:05:23.174944 dv-cinder-778193-3-smb devstack@c-api.service[100738]: INFO cinder.api.openstack.wsgi [None req-97a00a77-38be-406c-9f31-cf58d962b05f tempest-VolumeTypesTest-1318909066 tempest-VolumeTypesTest-1318909066-project] http://10.222.0.24/volume/v3/3f9821d1b1c54ff5b22b2d21a35c72d5/volumes/7da334bd-fe6a-4ee6-9bf6-5c35821224e8 returned with HTTP 404
Aug 17 12:05:23.177072 dv-cinder-778193-3-smb devstack@c-api.service[100738]: [pid: 100738|app: 0|req: 95/224] 10.222.0.24 () {58 vars in 1325 bytes} [Tue Aug 17 12:05:23 2021] GET /volume/v3/3f9821d1b1c54ff5b22b2d21a35c72d5/volumes/7da334bd-fe6a-4ee6-9bf6-5c35821224e8 => generated 109 bytes in 22 msecs (HTTP/1.1 404) 7 headers in 292 bytes (1 switches on core 0)
Aug 17 12:05:23.181089 dv-cinder-778193-3-smb devstack@c-api.service[100738]: INFO cinder.api.openstack.wsgi [None req-d0aff891-47b4-4124-a799-e42e0110271a tempest-GroupSnapshotsTest-466873322 tempest-GroupSnapshotsTest-466873322-project] GET http://10.222.0.24/volume/v3/7a08ac2905994226b15369591c6db424/volumes/detail
Aug 17 12:05:23.181715 dv-cinder-778193-3-smb devstack@c-api.service[100738]: DEBUG cinder.api.openstack.wsgi [None req-d0aff891-47b4-4124-a799-e42e0110271a tempest-GroupSnapshotsTest-466873322 tempest-GroupSnapshotsTest-466873322-project] Empty body provided in request {{(pid=100738) get_body /opt/stack/cinder/cinder/api/openstack/wsgi.py:703}}
Aug 17 12:05:23.182260 dv-cinder-778193-3-smb devstack@c-api.service[100738]: DEBUG cinder.api.openstack.wsgi [None req-d0aff891-47b4-4124-a799-e42e0110271a tempest-GroupSnapshotsTest-466873322 tempest-GroupSnapshotsTest-466873322-project] Calling method 'detail' {{(pid=100738) _process_stack /opt/stack/cinder/cinder/api/openstack/wsgi.py:856}}
Aug 17 12:05:23.183160 dv-cinder-778193-3-smb devstack@c-api.service[100738]: DEBUG cinder.api.api_utils [None req-d0aff891-47b4-4124-a799-e42e0110271a tempest-GroupSnapshotsTest-466873322 tempest-GroupSnapshotsTest-466873322-project] Removing options '' from query. {{(pid=100738) remove_invalid_filter_options /opt/stack/cinder/cinder/api/api_utils.py:73}}
Aug 17 12:05:23.184307 dv-cinder-778193-3-smb devstack@c-api.service[100738]: /usr/local/lib/python3.8/dist-packages/oslo_context/context.py:105: DeprecationWarning: Policy enforcement is depending on the value of is_admin. This key is deprecated. Please update your policy file to use the standard policy values.
Aug 17 12:05:23.184307 dv-cinder-778193-3-smb devstack@c-api.service[100738]: warnings.warn('Policy enforcement is depending on the value of '
Aug 17 12:05:23.185924 dv-cinder-778193-3-smb devstack@c-api.service[100738]: DEBUG cinder.volume.api [None req-d0aff891-47b4-4124-a799-e42e0110271a tempest-GroupSnapshotsTest-466873322 tempest-GroupSnapshotsTest-466873322-project] Searching by: MultiDict([('no_migration_targets', True)]). {{(pid=100738) get_all /opt/stack/cinder/cinder/volume/api.py:619}}
Aug 17 12:05:23.194353 dv-cinder-778193-3-smb devstack@c-api.service[100739]: /usr/local/lib/python3.8/dist-packages/oslo_context/context.py:105: DeprecationWarning: Policy enforcement is depending on the value of is_admin. This key is deprecated. Please update your policy file to use the standard policy values.
Aug 17 12:05:23.194353 dv-cinder-778193-3-smb devstack@c-api.service[100739]: warnings.warn('Policy enforcement is depending on the value of '
Aug 17 12:05:23.207654 dv-cinder-778193-3-smb devstack@c-api.service[100739]: INFO cinder.volume.api [None req-be87e1ce-69bb-4b04-bb93-9d907629e3b8 tempest-DeleteServersTestJSON-925394382 tempest-DeleteServersTestJSON-925394382-project] Volume info retrieved successfully.
Aug 17 12:05:23.235370 dv-cinder-778193-3-smb devstack@c-api.service[100739]: INFO cinder.api.openstack.wsgi [None req-be87e1ce-69bb-4b04-bb93-9d907629e3b8 tempest-DeleteServersTestJSON-925394382 tempest-DeleteServersTestJSON-925394382-project] http://10.222.0.24/volume/v3/0c3d4e1a9a1b497c8ca7f8909c9c51ea/volumes/2a6bd6ab-4e22-4c51-8997-076df4be08f6 returned with HTTP 200
Aug 17 12:05:23.236384 dv-cinder-778193-3-smb devstack@c-api.service[100739]: [pid: 100739|app: 0|req: 130/225] 10.222.0.24 () {58 vars in 1325 bytes} [Tue Aug 17 12:05:23 2021] GET /volume/v3/0c3d4e1a9a1b497c8ca7f8909c9c51ea/volumes/2a6bd6ab-4e22-4c51-8997-076df4be08f6 => generated 889 bytes in 96 msecs (HTTP/1.1 200) 7 headers in 285 bytes (2 switches on core 0)
Aug 17 12:05:23.240856 dv-cinder-778193-3-smb devstack@c-api.service[100739]: INFO cinder.api.openstack.wsgi [None req-21ff5474-7b03-4dd1-89ac-9db3d26f0163 tempest-VolumeTypesTest-205100429 tempest-VolumeTypesTest-205100429-project-admin] DELETE http://10.222.0.24/volume/v3/eec998d52ae34d33a194f68d56b76508/types/d8f9da23-83e7-43c4-aa68-b1493fb491f6
Aug 17 12:05:23.241560 dv-cinder-778193-3-smb devstack@c-api.service[100739]: DEBUG cinder.api.openstack.wsgi [None req-21ff5474-7b03-4dd1-89ac-9db3d26f0163 tempest-VolumeTypesTest-205100429 tempest-VolumeTypesTest-205100429-project-admin] Empty body provided in request {{(pid=100739) get_body /opt/stack/cinder/cinder/api/openstack/wsgi.py:703}}
Aug 17 12:05:23.241798 dv-cinder-778193-3-smb devstack@c-api.service[100739]: /usr/local/lib/python3.8/dist-packages/webob/acceptparse.py:1047: DeprecationWarning: The behavior of AcceptValidHeader.best_match is currently being maintained for backward compatibility, but it will be deprecated in the future, as it does not conform to the RFC.
Aug 17 12:05:23.241798 dv-cinder-778193-3-smb devstack@c-api.service[100739]: warnings.warn(
Aug 17 12:05:23.242179 dv-cinder-778193-3-smb devstack@c-api.service[100739]: DEBUG cinder.api.openstack.wsgi [None req-21ff5474-7b03-4dd1-89ac-9db3d26f0163 tempest-VolumeTypesTest-205100429 tempest-VolumeTypesTest-205100429-project-admin] Calling method '_delete' {{(pid=100739) _process_stack /opt/stack/cinder/cinder/api/openstack/wsgi.py:856}}
Aug 17 12:05:23.261410 dv-cinder-778193-3-smb devstack@c-api.service[100738]: INFO cinder.volume.api [None req-d0aff891-47b4-4124-a799-e42e0110271a tempest-GroupSnapshotsTest-466873322 tempest-GroupSnapshotsTest-466873322-project] Get all volumes completed successfully.
Aug 17 12:05:23.262832 dv-cinder-778193-3-smb devstack@c-api.service[100738]: WARNING stevedore.named [None req-d0aff891-47b4-4124-a799-e42e0110271a tempest-GroupSnapshotsTest-466873322 tempest-GroupSnapshotsTest-466873322-project] Could not load cinder.keymgr.conf_key_mgr.ConfKeyManager
Aug 17 12:05:23.263207 dv-cinder-778193-3-smb devstack@c-api.service[100738]: WARNING castellan.key_manager [None req-d0aff891-47b4-4124-a799-e42e0110271a tempest-GroupSnapshotsTest-466873322 tempest-GroupSnapshotsTest-466873322-project] Deprecation Warning : cinder.keymgr.conf_key_mgr.ConfKeyManager is not a stevedore based driver, trying to load it as a class: stevedore.exception.NoMatches: No 'castellan.drivers' driver found, looking for 'cinder.keymgr.conf_key_mgr.ConfKeyManager'
Aug 17 12:05:23.271447 dv-cinder-778193-3-smb devstack@c-api.service[100738]: DEBUG oslo_db.sqlalchemy.engines [None req-d0aff891-47b4-4124-a799-e42e0110271a tempest-GroupSnapshotsTest-466873322 tempest-GroupSnapshotsTest-466873322-project] MySQL server mode set to STRICT_TRANS_TABLES,STRICT_ALL_TABLES,NO_ZERO_IN_DATE,NO_ZERO_DATE,ERROR_FOR_DIVISION_BY_ZERO,TRADITIONAL,NO_ENGINE_SUBSTITUTION {{(pid=100738) _check_effective_sql_mode /usr/local/lib/python3.8/dist-packages/oslo_db/sqlalchemy/engines.py:314}}
Aug 17 12:05:23.277242 dv-cinder-778193-3-smb devstack@c-api.service[100738]: /usr/local/lib/python3.8/dist-packages/oslo_context/context.py:105: DeprecationWarning: Policy enforcement is depending on the value of is_admin. This key is deprecated. Please update your policy file to use the standard policy values.
Aug 17 12:05:23.277242 dv-cinder-778193-3-smb devstack@c-api.service[100738]: warnings.warn('Policy enforcement is depending on the value of '
Aug 17 12:05:23.291469 dv-cinder-778193-3-smb devstack@c-api.service[100739]: INFO cinder.api.openstack.wsgi [None req-21ff5474-7b03-4dd1-89ac-9db3d26f0163 tempest-VolumeTypesTest-205100429 tempest-VolumeTypesTest-205100429-project-admin] http://10.222.0.24/volume/v3/eec998d52ae34d33a194f68d56b76508/types/d8f9da23-83e7-43c4-aa68-b1493fb491f6 returned with HTTP 202
Aug 17 12:05:23.292408 dv-cinder-778193-3-smb devstack@c-api.service[100739]: [pid: 100739|app: 0|req: 131/226] 10.222.0.24 () {58 vars in 1322 bytes} [Tue Aug 17 12:05:23 2021] DELETE /volume/v3/eec998d52ae34d33a194f68d56b76508/types/d8f9da23-83e7-43c4-aa68-b1493fb491f6 => generated 0 bytes in 55 msecs (HTTP/1.1 202) 6 headers in 233 bytes (1 switches on core 0)
Aug 17 12:05:23.292615 dv-cinder-778193-3-smb devstack@c-api.service[100738]: INFO cinder.api.openstack.wsgi [None req-d0aff891-47b4-4124-a799-e42e0110271a tempest-GroupSnapshotsTest-466873322 tempest-GroupSnapshotsTest-466873322-project] http://10.222.0.24/volume/v3/7a08ac2905994226b15369591c6db424/volumes/detail returned with HTTP 200
Aug 17 12:05:23.293299 dv-cinder-778193-3-smb devstack@c-api.service[100738]: [pid: 100738|app: 0|req: 96/227] 10.222.0.24 () {60 vars in 1276 bytes} [Tue Aug 17 12:05:23 2021] GET /volume/v3/7a08ac2905994226b15369591c6db424/volumes/detail => generated 1004 bytes in 116 msecs (HTTP/1.1 200) 7 headers in 287 bytes (1 switches on core 0)
Aug 17 12:05:23.299652 dv-cinder-778193-3-smb devstack@c-api.service[100739]: INFO cinder.api.openstack.wsgi [None req-ecc37d48-32e2-43b8-83eb-78fcdda0dc69 tempest-VolumeTypesTest-205100429 tempest-VolumeTypesTest-205100429-project-admin] GET http://10.222.0.24/volume/v3/eec998d52ae34d33a194f68d56b76508/types/d8f9da23-83e7-43c4-aa68-b1493fb491f6
Aug 17 12:05:23.300185 dv-cinder-778193-3-smb devstack@c-api.service[100739]: DEBUG cinder.api.openstack.wsgi [None req-ecc37d48-32e2-43b8-83eb-78fcdda0dc69 tempest-VolumeTypesTest-205100429 tempest-VolumeTypesTest-205100429-project-admin] Empty body provided in request {{(pid=100739) get_body /opt/stack/cinder/cinder/api/openstack/wsgi.py:703}}
Aug 17 12:05:23.300744 dv-cinder-778193-3-smb devstack@c-api.service[100739]: DEBUG cinder.api.openstack.wsgi [None req-ecc37d48-32e2-43b8-83eb-78fcdda0dc69 tempest-VolumeTypesTest-205100429 tempest-VolumeTypesTest-205100429-project-admin] Calling method 'show' {{(pid=100739) _process_stack /opt/stack/cinder/cinder/api/openstack/wsgi.py:856}}
Aug 17 12:05:23.306290 dv-cinder-778193-3-smb devstack@c-api.service[100739]: INFO cinder.api.openstack.wsgi [None req-ecc37d48-32e2-43b8-83eb-78fcdda0dc69 tempest-VolumeTypesTest-205100429 tempest-VolumeTypesTest-205100429-project-admin] http://10.222.0.24/volume/v3/eec998d52ae34d33a194f68d56b76508/types/d8f9da23-83e7-43c4-aa68-b1493fb491f6 returned with HTTP 404
Aug 17 12:05:23.307471 dv-cinder-778193-3-smb devstack@c-api.service[100739]: [pid: 100739|app: 0|req: 132/228] 10.222.0.24 () {58 vars in 1319 bytes} [Tue Aug 17 12:05:23 2021] GET /volume/v3/eec998d52ae34d33a194f68d56b76508/types/d8f9da23-83e7-43c4-aa68-b1493fb491f6 => generated 114 bytes in 11 msecs (HTTP/1.1 404) 7 headers in 292 bytes (2 switches on core 0)
Aug 17 12:05:23.308542 dv-cinder-778193-3-smb devstack@c-api.service[100738]: INFO cinder.api.openstack.wsgi [None req-cd87c1a9-3945-4a9f-9ca0-03cbec714de8 tempest-GroupSnapshotsTest-466873322 tempest-GroupSnapshotsTest-466873322-project] GET http://10.222.0.24/volume/v3/7a08ac2905994226b15369591c6db424/snapshots/detail
Aug 17 12:05:23.309181 dv-cinder-778193-3-smb devstack@c-api.service[100738]: DEBUG cinder.api.openstack.wsgi [None req-cd87c1a9-3945-4a9f-9ca0-03cbec714de8 tempest-GroupSnapshotsTest-466873322 tempest-GroupSnapshotsTest-466873322-project] Empty body provided in request {{(pid=100738) get_body /opt/stack/cinder/cinder/api/openstack/wsgi.py:703}}
Aug 17 12:05:23.309334 dv-cinder-778193-3-smb devstack@c-api.service[100738]: /usr/local/lib/python3.8/dist-packages/webob/acceptparse.py:1047: DeprecationWarning: The behavior of AcceptValidHeader.best_match is currently being maintained for backward compatibility, but it will be deprecated in the future, as it does not conform to the RFC.
Aug 17 12:05:23.309334 dv-cinder-778193-3-smb devstack@c-api.service[100738]: warnings.warn(
Aug 17 12:05:23.309723 dv-cinder-778193-3-smb devstack@c-api.service[100738]: DEBUG cinder.api.openstack.wsgi [None req-cd87c1a9-3945-4a9f-9ca0-03cbec714de8 tempest-GroupSnapshotsTest-466873322 tempest-GroupSnapshotsTest-466873322-project] Calling method 'detail' {{(pid=100738) _process_stack /opt/stack/cinder/cinder/api/openstack/wsgi.py:856}}
Aug 17 12:05:23.310294 dv-cinder-778193-3-smb devstack@c-api.service[100738]: DEBUG cinder.api.api_utils [None req-cd87c1a9-3945-4a9f-9ca0-03cbec714de8 tempest-GroupSnapshotsTest-466873322 tempest-GroupSnapshotsTest-466873322-project] Removing options '' from query. {{(pid=100738) remove_invalid_filter_options /opt/stack/cinder/cinder/api/api_utils.py:73}}
Aug 17 12:05:23.313348 dv-cinder-778193-3-smb devstack@c-api.service[100738]: DEBUG cinder.db.sqlalchemy.api [None req-cd87c1a9-3945-4a9f-9ca0-03cbec714de8 tempest-GroupSnapshotsTest-466873322 tempest-GroupSnapshotsTest-466873322-project] Building query based on filter {{(pid=100738) _process_snaps_filters /opt/stack/cinder/cinder/db/sqlalchemy/api.py:3138}}
Aug 17 12:05:23.315714 dv-cinder-778193-3-smb devstack@c-api.service[100739]: INFO cinder.api.openstack.wsgi [None req-bad6cd46-5e99-498a-b8f1-295eeb2588f5 tempest-VolumeTypesTest-205100429 tempest-VolumeTypesTest-205100429-project-admin] DELETE http://10.222.0.24/volume/v3/eec998d52ae34d33a194f68d56b76508/types/419d76d9-9efb-4499-abbe-f39e6d84bed7
Aug 17 12:05:23.316183 dv-cinder-778193-3-smb devstack@c-api.service[100739]: DEBUG cinder.api.openstack.wsgi [None req-bad6cd46-5e99-498a-b8f1-295eeb2588f5 tempest-VolumeTypesTest-205100429 tempest-VolumeTypesTest-205100429-project-admin] Empty body provided in request {{(pid=100739) get_body /opt/stack/cinder/cinder/api/openstack/wsgi.py:703}}
Aug 17 12:05:23.316627 dv-cinder-778193-3-smb devstack@c-api.service[100739]: DEBUG cinder.api.openstack.wsgi [None req-bad6cd46-5e99-498a-b8f1-295eeb2588f5 tempest-VolumeTypesTest-205100429 tempest-VolumeTypesTest-205100429-project-admin] Calling method '_delete' {{(pid=100739) _process_stack /opt/stack/cinder/cinder/api/openstack/wsgi.py:856}}
Aug 17 12:05:23.319727 dv-cinder-778193-3-smb devstack@c-api.service[100738]: INFO cinder.volume.api [None req-cd87c1a9-3945-4a9f-9ca0-03cbec714de8 tempest-GroupSnapshotsTest-466873322 tempest-GroupSnapshotsTest-466873322-project] Get all snapshots completed successfully.
Aug 17 12:05:23.320573 dv-cinder-778193-3-smb devstack@c-api.service[100738]: /usr/local/lib/python3.8/dist-packages/oslo_context/context.py:105: DeprecationWarning: Policy enforcement is depending on the value of is_admin. This key is deprecated. Please update your policy file to use the standard policy values.
Aug 17 12:05:23.320573 dv-cinder-778193-3-smb devstack@c-api.service[100738]: warnings.warn('Policy enforcement is depending on the value of '
Aug 17 12:05:23.321867 dv-cinder-778193-3-smb devstack@c-api.service[100738]: INFO cinder.api.openstack.wsgi [None req-cd87c1a9-3945-4a9f-9ca0-03cbec714de8 tempest-GroupSnapshotsTest-466873322 tempest-GroupSnapshotsTest-466873322-project] http://10.222.0.24/volume/v3/7a08ac2905994226b15369591c6db424/snapshots/detail returned with HTTP 200
Aug 17 12:05:23.329787 dv-cinder-778193-3-smb devstack@c-api.service[100738]: [pid: 100738|app: 0|req: 97/229] 10.222.0.24 () {58 vars in 1241 bytes} [Tue Aug 17 12:05:23 2021] GET /volume/v3/7a08ac2905994226b15369591c6db424/snapshots/detail => generated 519 bytes in 25 msecs (HTTP/1.1 200) 7 headers in 285 bytes (2 switches on core 0)
Aug 17 12:05:23.334261 dv-cinder-778193-3-smb devstack@c-api.service[100738]: INFO cinder.api.openstack.wsgi [None req-adf745af-f99f-47c0-9392-ee32c30dfb52 tempest-GroupSnapshotsTest-466873322 tempest-GroupSnapshotsTest-466873322-project] GET http://10.222.0.24/volume/v3/7a08ac2905994226b15369591c6db424/snapshots/7861517d-98b1-4d6f-8c66-6449d714413e
Aug 17 12:05:23.334713 dv-cinder-778193-3-smb devstack@c-api.service[100738]: DEBUG cinder.api.openstack.wsgi [None req-adf745af-f99f-47c0-9392-ee32c30dfb52 tempest-GroupSnapshotsTest-466873322 tempest-GroupSnapshotsTest-466873322-project] Empty body provided in request {{(pid=100738) get_body /opt/stack/cinder/cinder/api/openstack/wsgi.py:703}}
Aug 17 12:05:23.334880 dv-cinder-778193-3-smb devstack@c-api.service[100738]: /usr/local/lib/python3.8/dist-packages/webob/acceptparse.py:1047: DeprecationWarning: The behavior of AcceptValidHeader.best_match is currently being maintained for backward compatibility, but it will be deprecated in the future, as it does not conform to the RFC.
Aug 17 12:05:23.334880 dv-cinder-778193-3-smb devstack@c-api.service[100738]: warnings.warn(
Aug 17 12:05:23.335198 dv-cinder-778193-3-smb devstack@c-api.service[100738]: DEBUG cinder.api.openstack.wsgi [None req-adf745af-f99f-47c0-9392-ee32c30dfb52 tempest-GroupSnapshotsTest-466873322 tempest-GroupSnapshotsTest-466873322-project] Calling method 'show' {{(pid=100738) _process_stack /opt/stack/cinder/cinder/api/openstack/wsgi.py:856}}
Aug 17 12:05:23.347715 dv-cinder-778193-3-smb devstack@c-api.service[100738]: /usr/local/lib/python3.8/dist-packages/oslo_context/context.py:105: DeprecationWarning: Policy enforcement is depending on the value of is_admin. This key is deprecated. Please update your policy file to use the standard policy values.
Aug 17 12:05:23.347715 dv-cinder-778193-3-smb devstack@c-api.service[100738]: warnings.warn('Policy enforcement is depending on the value of '
Aug 17 12:05:23.349688 dv-cinder-778193-3-smb devstack@c-api.service[100738]: INFO cinder.volume.api [None req-adf745af-f99f-47c0-9392-ee32c30dfb52 tempest-GroupSnapshotsTest-466873322 tempest-GroupSnapshotsTest-466873322-project] Snapshot retrieved successfully.
Aug 17 12:05:23.353050 dv-cinder-778193-3-smb devstack@c-api.service[100738]: INFO cinder.api.openstack.wsgi [None req-adf745af-f99f-47c0-9392-ee32c30dfb52 tempest-GroupSnapshotsTest-466873322 tempest-GroupSnapshotsTest-466873322-project] http://10.222.0.24/volume/v3/7a08ac2905994226b15369591c6db424/snapshots/7861517d-98b1-4d6f-8c66-6449d714413e returned with HTTP 200
Aug 17 12:05:23.354466 dv-cinder-778193-3-smb devstack@c-api.service[100738]: [pid: 100738|app: 0|req: 98/230] 10.222.0.24 () {58 vars in 1331 bytes} [Tue Aug 17 12:05:23 2021] GET /volume/v3/7a08ac2905994226b15369591c6db424/snapshots/7861517d-98b1-4d6f-8c66-6449d714413e => generated 516 bytes in 24 msecs (HTTP/1.1 200) 7 headers in 285 bytes (1 switches on core 0)
Aug 17 12:05:23.365051 dv-cinder-778193-3-smb devstack@c-api.service[100739]: INFO cinder.api.openstack.wsgi [None req-bad6cd46-5e99-498a-b8f1-295eeb2588f5 tempest-VolumeTypesTest-205100429 tempest-VolumeTypesTest-205100429-project-admin] http://10.222.0.24/volume/v3/eec998d52ae34d33a194f68d56b76508/types/419d76d9-9efb-4499-abbe-f39e6d84bed7 returned with HTTP 202
Aug 17 12:05:23.365810 dv-cinder-778193-3-smb devstack@c-api.service[100739]: [pid: 100739|app: 0|req: 133/231] 10.222.0.24 () {58 vars in 1322 bytes} [Tue Aug 17 12:05:23 2021] DELETE /volume/v3/eec998d52ae34d33a194f68d56b76508/types/419d76d9-9efb-4499-abbe-f39e6d84bed7 => generated 0 bytes in 54 msecs (HTTP/1.1 202) 6 headers in 233 bytes (2 switches on core 0)
Aug 17 12:05:23.376645 dv-cinder-778193-3-smb devstack@c-api.service[100738]: INFO cinder.api.openstack.wsgi [None req-c98bbb3f-874d-4d94-9090-d0d71129d687 tempest-VolumeTypesTest-205100429 tempest-VolumeTypesTest-205100429-project-admin] GET http://10.222.0.24/volume/v3/eec998d52ae34d33a194f68d56b76508/types/419d76d9-9efb-4499-abbe-f39e6d84bed7
Aug 17 12:05:23.377152 dv-cinder-778193-3-smb devstack@c-api.service[100738]: DEBUG cinder.api.openstack.wsgi [None req-c98bbb3f-874d-4d94-9090-d0d71129d687 tempest-VolumeTypesTest-205100429 tempest-VolumeTypesTest-205100429-project-admin] Empty body provided in request {{(pid=100738) get_body /opt/stack/cinder/cinder/api/openstack/wsgi.py:703}}
Aug 17 12:05:23.377316 dv-cinder-778193-3-smb devstack@c-api.service[100738]: /usr/local/lib/python3.8/dist-packages/webob/acceptparse.py:1047: DeprecationWarning: The behavior of AcceptValidHeader.best_match is currently being maintained for backward compatibility, but it will be deprecated in the future, as it does not conform to the RFC.
Aug 17 12:05:23.377316 dv-cinder-778193-3-smb devstack@c-api.service[100738]: warnings.warn(
Aug 17 12:05:23.377626 dv-cinder-778193-3-smb devstack@c-api.service[100738]: DEBUG cinder.api.openstack.wsgi [None req-c98bbb3f-874d-4d94-9090-d0d71129d687 tempest-VolumeTypesTest-205100429 tempest-VolumeTypesTest-205100429-project-admin] Calling method 'show' {{(pid=100738) _process_stack /opt/stack/cinder/cinder/api/openstack/wsgi.py:856}}
Aug 17 12:05:23.383339 dv-cinder-778193-3-smb devstack@c-api.service[100738]: INFO cinder.api.openstack.wsgi [None req-c98bbb3f-874d-4d94-9090-d0d71129d687 tempest-VolumeTypesTest-205100429 tempest-VolumeTypesTest-205100429-project-admin] http://10.222.0.24/volume/v3/eec998d52ae34d33a194f68d56b76508/types/419d76d9-9efb-4499-abbe-f39e6d84bed7 returned with HTTP 404
Aug 17 12:05:23.384361 dv-cinder-778193-3-smb devstack@c-api.service[100738]: [pid: 100738|app: 0|req: 99/232] 10.222.0.24 () {58 vars in 1319 bytes} [Tue Aug 17 12:05:23 2021] GET /volume/v3/eec998d52ae34d33a194f68d56b76508/types/419d76d9-9efb-4499-abbe-f39e6d84bed7 => generated 114 bytes in 12 msecs (HTTP/1.1 404) 7 headers in 292 bytes (1 switches on core 0)
Aug 17 12:05:23.494945 dv-cinder-778193-3-smb devstack@c-api.service[100739]: INFO cinder.api.openstack.wsgi [None req-3a85b208-952b-4a72-b9dd-88a7edab6ff4 tempest-GroupsV314Test-1559550631 tempest-GroupsV314Test-1559550631-project] GET http://10.222.0.24/volume/v3/c7d624c7330e4204b95c16fc778f7fb7/volumes/833fcba5-d0ee-4eba-8fa2-ce862da83a98
Aug 17 12:05:23.495762 dv-cinder-778193-3-smb devstack@c-api.service[100739]: DEBUG cinder.api.openstack.wsgi [None req-3a85b208-952b-4a72-b9dd-88a7edab6ff4 tempest-GroupsV314Test-1559550631 tempest-GroupsV314Test-1559550631-project] Empty body provided in request {{(pid=100739) get_body /opt/stack/cinder/cinder/api/openstack/wsgi.py:703}}
Aug 17 12:05:23.496511 dv-cinder-778193-3-smb devstack@c-api.service[100739]: DEBUG cinder.api.openstack.wsgi [None req-3a85b208-952b-4a72-b9dd-88a7edab6ff4 tempest-GroupsV314Test-1559550631 tempest-GroupsV314Test-1559550631-project] Calling method 'show' {{(pid=100739) _process_stack /opt/stack/cinder/cinder/api/openstack/wsgi.py:856}}
Aug 17 12:05:23.510779 dv-cinder-778193-3-smb devstack@c-api.service[100739]: INFO cinder.api.openstack.wsgi [None req-3a85b208-952b-4a72-b9dd-88a7edab6ff4 tempest-GroupsV314Test-1559550631 tempest-GroupsV314Test-1559550631-project] http://10.222.0.24/volume/v3/c7d624c7330e4204b95c16fc778f7fb7/volumes/833fcba5-d0ee-4eba-8fa2-ce862da83a98 returned with HTTP 404
Aug 17 12:05:23.512447 dv-cinder-778193-3-smb devstack@c-api.service[100739]: [pid: 100739|app: 0|req: 134/233] 10.222.0.24 () {60 vars in 1366 bytes} [Tue Aug 17 12:05:23 2021] GET /volume/v3/c7d624c7330e4204b95c16fc778f7fb7/volumes/833fcba5-d0ee-4eba-8fa2-ce862da83a98 => generated 109 bytes in 22 msecs (HTTP/1.1 404) 7 headers in 293 bytes (1 switches on core 0)
Aug 17 12:05:23.520963 dv-cinder-778193-3-smb devstack@c-api.service[100738]: INFO cinder.api.openstack.wsgi [None req-f7e67d84-7d38-49d1-a798-fc1e6fcf6385 tempest-GroupsV314Test-1559550631 tempest-GroupsV314Test-1559550631-project] GET http://10.222.0.24/volume/v3/c7d624c7330e4204b95c16fc778f7fb7/groups/f8c2e729-743b-4c5e-9739-ece9c23e3064
Aug 17 12:05:23.522037 dv-cinder-778193-3-smb devstack@c-api.service[100738]: DEBUG cinder.api.openstack.wsgi [None req-f7e67d84-7d38-49d1-a798-fc1e6fcf6385 tempest-GroupsV314Test-1559550631 tempest-GroupsV314Test-1559550631-project] Empty body provided in request {{(pid=100738) get_body /opt/stack/cinder/cinder/api/openstack/wsgi.py:703}}
Aug 17 12:05:23.522952 dv-cinder-778193-3-smb devstack@c-api.service[100738]: DEBUG cinder.api.openstack.wsgi [None req-f7e67d84-7d38-49d1-a798-fc1e6fcf6385 tempest-GroupsV314Test-1559550631 tempest-GroupsV314Test-1559550631-project] Calling method 'version_select' {{(pid=100738) _process_stack /opt/stack/cinder/cinder/api/openstack/wsgi.py:856}}
Aug 17 12:05:23.523460 dv-cinder-778193-3-smb devstack@c-api.service[100738]: DEBUG cinder.api.v3.groups [None req-f7e67d84-7d38-49d1-a798-fc1e6fcf6385 tempest-GroupsV314Test-1559550631 tempest-GroupsV314Test-1559550631-project] show called for member f8c2e729-743b-4c5e-9739-ece9c23e3064 {{(pid=100738) show /opt/stack/cinder/cinder/api/v3/groups.py:58}}
Aug 17 12:05:23.531212 dv-cinder-778193-3-smb devstack@c-api.service[100739]: INFO cinder.api.openstack.wsgi [None req-04c589e5-ec17-4cc3-800d-fa6940d23403 tempest-VolumeManageAdminTest-754196872 tempest-VolumeManageAdminTest-754196872-project-admin] GET http://10.222.0.24/volume/v3/cf1b2fc08e9144c5b4c8eb9b2e89e260/volumes/6e3be68e-8ec2-4337-9643-c71f898c44fb
Aug 17 12:05:23.531667 dv-cinder-778193-3-smb devstack@c-api.service[100739]: DEBUG cinder.api.openstack.wsgi [None req-04c589e5-ec17-4cc3-800d-fa6940d23403 tempest-VolumeManageAdminTest-754196872 tempest-VolumeManageAdminTest-754196872-project-admin] Empty body provided in request {{(pid=100739) get_body /opt/stack/cinder/cinder/api/openstack/wsgi.py:703}}
Aug 17 12:05:23.533024 dv-cinder-778193-3-smb devstack@c-api.service[100738]: INFO cinder.api.openstack.wsgi [None req-f7e67d84-7d38-49d1-a798-fc1e6fcf6385 tempest-GroupsV314Test-1559550631 tempest-GroupsV314Test-1559550631-project] http://10.222.0.24/volume/v3/c7d624c7330e4204b95c16fc778f7fb7/groups/f8c2e729-743b-4c5e-9739-ece9c23e3064 returned with HTTP 404
Aug 17 12:05:23.537782 dv-cinder-778193-3-smb devstack@c-api.service[100738]: [pid: 100738|app: 0|req: 100/234] 10.222.0.24 () {60 vars in 1363 bytes} [Tue Aug 17 12:05:23 2021] GET /volume/v3/c7d624c7330e4204b95c16fc778f7fb7/groups/f8c2e729-743b-4c5e-9739-ece9c23e3064 => generated 108 bytes in 20 msecs (HTTP/1.1 404) 7 headers in 293 bytes (1 switches on core 0)
Aug 17 12:05:23.539629 dv-cinder-778193-3-smb devstack@c-api.service[100739]: DEBUG cinder.api.openstack.wsgi [None req-04c589e5-ec17-4cc3-800d-fa6940d23403 tempest-VolumeManageAdminTest-754196872 tempest-VolumeManageAdminTest-754196872-project-admin] Calling method 'show' {{(pid=100739) _process_stack /opt/stack/cinder/cinder/api/openstack/wsgi.py:856}}
Aug 17 12:05:23.543537 dv-cinder-778193-3-smb devstack@c-api.service[100738]: INFO cinder.api.openstack.wsgi [None req-7b040cdd-7b77-42ad-9ee4-29ec48d5bdab tempest-GroupsV314Test-1559550631 tempest-GroupsV314Test-1559550631-project] GET http://10.222.0.24/volume/v3/c7d624c7330e4204b95c16fc778f7fb7/volumes/detail
Aug 17 12:05:23.546998 dv-cinder-778193-3-smb devstack@c-api.service[100738]: DEBUG cinder.api.openstack.wsgi [None req-7b040cdd-7b77-42ad-9ee4-29ec48d5bdab tempest-GroupsV314Test-1559550631 tempest-GroupsV314Test-1559550631-project] Empty body provided in request {{(pid=100738) get_body /opt/stack/cinder/cinder/api/openstack/wsgi.py:703}}
Aug 17 12:05:23.547355 dv-cinder-778193-3-smb devstack@c-api.service[100738]: DEBUG cinder.api.openstack.wsgi [None req-7b040cdd-7b77-42ad-9ee4-29ec48d5bdab tempest-GroupsV314Test-1559550631 tempest-GroupsV314Test-1559550631-project] Calling method 'detail' {{(pid=100738) _process_stack /opt/stack/cinder/cinder/api/openstack/wsgi.py:856}}
Aug 17 12:05:23.550704 dv-cinder-778193-3-smb devstack@c-api.service[100738]: DEBUG cinder.api.api_utils [None req-7b040cdd-7b77-42ad-9ee4-29ec48d5bdab tempest-GroupsV314Test-1559550631 tempest-GroupsV314Test-1559550631-project] Removing options '' from query. {{(pid=100738) remove_invalid_filter_options /opt/stack/cinder/cinder/api/api_utils.py:73}}
Aug 17 12:05:23.554504 dv-cinder-778193-3-smb devstack@c-api.service[100738]: DEBUG cinder.volume.api [None req-7b040cdd-7b77-42ad-9ee4-29ec48d5bdab tempest-GroupsV314Test-1559550631 tempest-GroupsV314Test-1559550631-project] Searching by: MultiDict([('no_migration_targets', True)]). {{(pid=100738) get_all /opt/stack/cinder/cinder/volume/api.py:619}}
Aug 17 12:05:23.576231 dv-cinder-778193-3-smb devstack@c-api.service[100739]: INFO cinder.api.openstack.wsgi [None req-04c589e5-ec17-4cc3-800d-fa6940d23403 tempest-VolumeManageAdminTest-754196872 tempest-VolumeManageAdminTest-754196872-project-admin] http://10.222.0.24/volume/v3/cf1b2fc08e9144c5b4c8eb9b2e89e260/volumes/6e3be68e-8ec2-4337-9643-c71f898c44fb returned with HTTP 404
Aug 17 12:05:23.578153 dv-cinder-778193-3-smb devstack@c-api.service[100739]: [pid: 100739|app: 0|req: 135/235] 10.222.0.24 () {58 vars in 1325 bytes} [Tue Aug 17 12:05:23 2021] GET /volume/v3/cf1b2fc08e9144c5b4c8eb9b2e89e260/volumes/6e3be68e-8ec2-4337-9643-c71f898c44fb => generated 109 bytes in 52 msecs (HTTP/1.1 404) 7 headers in 292 bytes (1 switches on core 0)
Aug 17 12:05:23.592023 dv-cinder-778193-3-smb devstack@c-api.service[100739]: INFO cinder.api.openstack.wsgi [None req-57f105d9-2eea-4509-b853-31fe0f9eeeab tempest-VolumeManageAdminTest-431595297 tempest-VolumeManageAdminTest-431595297-project] DELETE http://10.222.0.24/volume/v3/8d69abfff7114a25b548dba8269a80ea/volumes/d4a35444-8823-4eca-845e-631836f32a25
