Mar 10 04:19:19.354930 dv-cinder-778193-25-smb neutron-server[103753]: DEBUG neutron.plugins.ml2.db [None req-d87039bb-f1e2-43a4-a781-b1199b2f8050 None None] For port 0188fd7a-9758-4f51-b575-15526dada054, host hv-cinder-77819, got binding levels [PortBindingLevel(driver='hyperv',host='hv-cinder-77819',level=0,port_id=0188fd7a-9758-4f51-b575-15526dada054,segment=NetworkSegment(6c868919-8c11-4349-9ec7-04798d7c4265),segment_id=6c868919-8c11-4349-9ec7-04798d7c4265)] {{(pid=103753) get_binding_level_objs /opt/stack/neutron/neutron/plugins/ml2/db.py:74}}
Mar 10 04:19:19.377988 dv-cinder-778193-25-smb neutron-server[103751]: INFO neutron.wsgi [req-89dd6e4d-2bbb-40a0-963e-525ab320737e req-ee4444b6-210a-48cc-96e6-07e1c3eaaa4f service neutron] 10.222.0.37 "GET /v2.0/security-groups?id=c49865cd-2319-40b0-bafb-d9e4591c620e&fields=id&fields=name HTTP/1.1" status: 200 len: 313 time: 0.0398066
Mar 10 04:19:19.396273 dv-cinder-778193-25-smb neutron-server[103751]: DEBUG neutron.wsgi [-] (103751) accepted ('10.222.0.32', 55238) {{(pid=103751) server /usr/local/lib/python3.8/dist-packages/eventlet/wsgi.py:1004}}
Mar 10 04:19:19.434198 dv-cinder-778193-25-smb neutron-server[103753]: DEBUG neutron_lib.callbacks.manager [None req-d87039bb-f1e2-43a4-a781-b1199b2f8050 None None] Publish callbacks ['neutron.plugins.ml2.plugin.SecurityGroupServerNotifierRpcMixin._notify_sg_on_port_change-1801670', 'neutron.plugins.ml2.ovo_rpc._ObjectChangeHandler.handle_event-493936', 'neutron.api.rpc.agentnotifiers.dhcp_rpc_agent_api.DhcpAgentNotifyAPI._native_event_send_dhcp_notification-569219', 'neutron.db.l3_db.L3RpcNotifierMixin._notify_gateway_port_ip_changed-8743694426215', 'neutron.db.l3_dvrscheduler_db._notify_l3_agent_port_update-8743693906041', 'neutron.db.l3_hascheduler_db._notify_l3_agent_ha_port_update-8743693906059'] for port (0188fd7a-9758-4f51-b575-15526dada054), after_update {{(pid=103753) _notify_loop /usr/local/lib/python3.8/dist-packages/neutron_lib/callbacks/manager.py:176}}
Mar 10 04:19:19.435331 dv-cinder-778193-25-smb neutron-server[103753]: DEBUG neutron.plugins.ml2.rpc [None req-d87039bb-f1e2-43a4-a781-b1199b2f8050 None None] Device da8c0189-42d3-492c-bf95-fb6f3afd078b up at agent hyperv_hv-cinder-77819 {{(pid=103753) update_device_up /opt/stack/neutron/neutron/plugins/ml2/rpc.py:296}}
Mar 10 04:19:19.531481 dv-cinder-778193-25-smb neutron-server[103753]: DEBUG neutron.api.rpc.handlers.resources_rpc [None req-d87039bb-f1e2-43a4-a781-b1199b2f8050 None None] Pushing event updated for resources: {'Port': ['ID=0188fd7a-9758-4f51-b575-15526dada054,revision_number=5']} {{(pid=103753) push /opt/stack/neutron/neutron/api/rpc/handlers/resources_rpc.py:237}}
Mar 10 04:19:19.568200 dv-cinder-778193-25-smb neutron-server[103751]: DEBUG neutron_lib.callbacks.manager [None req-e51c7d07-bac0-43a9-9ccf-e3e16f4c4924 admin admin] Publish callbacks [] for security_group (None), before_create {{(pid=103751) _notify_loop /usr/local/lib/python3.8/dist-packages/neutron_lib/callbacks/manager.py:176}}
Mar 10 04:19:19.633897 dv-cinder-778193-25-smb neutron-server[103753]: DEBUG neutron.db.provisioning_blocks [None req-d87039bb-f1e2-43a4-a781-b1199b2f8050 None None] Provisioning for port da8c0189-42d3-492c-bf95-fb6f3afd078b completed by entity L2. {{(pid=103753) provisioning_complete /opt/stack/neutron/neutron/db/provisioning_blocks.py:134}}
Mar 10 04:19:19.639420 dv-cinder-778193-25-smb neutron-server[103753]: DEBUG neutron.db.provisioning_blocks [None req-d87039bb-f1e2-43a4-a781-b1199b2f8050 None None] Provisioning complete for port da8c0189-42d3-492c-bf95-fb6f3afd078b triggered by entity L2. {{(pid=103753) provisioning_complete /opt/stack/neutron/neutron/db/provisioning_blocks.py:140}}
Mar 10 04:19:19.639899 dv-cinder-778193-25-smb neutron-server[103753]: DEBUG neutron_lib.callbacks.manager [None req-d87039bb-f1e2-43a4-a781-b1199b2f8050 None None] Publish callbacks ['neutron.plugins.ml2.plugin.Ml2Plugin._port_provisioned-1919524'] for port (da8c0189-42d3-492c-bf95-fb6f3afd078b), provisioning_complete {{(pid=103753) _notify_loop /usr/local/lib/python3.8/dist-packages/neutron_lib/callbacks/manager.py:176}}
Mar 10 04:19:19.644312 dv-cinder-778193-25-smb neutron-server[103751]: DEBUG neutron_lib.callbacks.manager [None req-e51c7d07-bac0-43a9-9ccf-e3e16f4c4924 admin admin] Publish callbacks [] for security_group (273c835e-7661-43c6-b894-c60daf9d9bb8), precommit_create {{(pid=103751) _notify_loop /usr/local/lib/python3.8/dist-packages/neutron_lib/callbacks/manager.py:176}}
Mar 10 04:19:19.733552 dv-cinder-778193-25-smb neutron-server[103751]: DEBUG neutron_lib.callbacks.manager [None req-e51c7d07-bac0-43a9-9ccf-e3e16f4c4924 admin admin] Publish callbacks ['neutron.plugins.ml2.ovo_rpc._ObjectChangeHandler.handle_event-951896'] for security_group (273c835e-7661-43c6-b894-c60daf9d9bb8), after_create {{(pid=103751) _notify_loop /usr/local/lib/python3.8/dist-packages/neutron_lib/callbacks/manager.py:176}}
Mar 10 04:19:19.741503 dv-cinder-778193-25-smb neutron-server[103753]: DEBUG neutron.plugins.ml2.plugin [None req-d87039bb-f1e2-43a4-a781-b1199b2f8050 None None] Current status of the port da8c0189-42d3-492c-bf95-fb6f3afd078b is: BUILD; New status is: ACTIVE {{(pid=103753) _update_individual_port_db_status /opt/stack/neutron/neutron/plugins/ml2/plugin.py:2232}}
Mar 10 04:19:19.742025 dv-cinder-778193-25-smb neutron-server[103753]: DEBUG neutron_lib.callbacks.manager [None req-d87039bb-f1e2-43a4-a781-b1199b2f8050 None None] Publish callbacks ['neutron.plugins.ml2.plugin.SecurityGroupDbMixin._ensure_default_security_group_handler-1801578'] for port (da8c0189-42d3-492c-bf95-fb6f3afd078b), before_update {{(pid=103753) _notify_loop /usr/local/lib/python3.8/dist-packages/neutron_lib/callbacks/manager.py:176}}
Mar 10 04:19:19.783329 dv-cinder-778193-25-smb neutron-server[103753]: DEBUG neutron.plugins.ml2.db [None req-d87039bb-f1e2-43a4-a781-b1199b2f8050 None None] For port da8c0189-42d3-492c-bf95-fb6f3afd078b, host hv-cinder-77819, got binding levels [PortBindingLevel(driver='hyperv',host='hv-cinder-77819',level=0,port_id=da8c0189-42d3-492c-bf95-fb6f3afd078b,segment=NetworkSegment(834cb3df-60fb-4f32-ba40-c62fdbb403f9),segment_id=834cb3df-60fb-4f32-ba40-c62fdbb403f9)] {{(pid=103753) get_binding_level_objs /opt/stack/neutron/neutron/plugins/ml2/db.py:74}}
Mar 10 04:19:19.809410 dv-cinder-778193-25-smb neutron-server[103751]: INFO neutron.wsgi [None req-e51c7d07-bac0-43a9-9ccf-e3e16f4c4924 admin admin] 10.222.0.32 "GET /v2.0/security-groups?tenant_id=66091a56c6b1442ead545d891d9df898&name=default HTTP/1.1" status: 200 len: 2996 time: 0.4119608
Mar 10 04:19:19.813097 dv-cinder-778193-25-smb neutron-server[103752]: DEBUG neutron.wsgi [-] (103752) accepted ('10.222.0.32', 55258) {{(pid=103752) server /usr/local/lib/python3.8/dist-packages/eventlet/wsgi.py:1004}}
Mar 10 04:19:19.818214 dv-cinder-778193-25-smb neutron-server[103751]: DEBUG neutron.api.rpc.handlers.resources_rpc [None req-e51c7d07-bac0-43a9-9ccf-e3e16f4c4924 admin admin] Pushing event updated for resources: {'SecurityGroup': ['ID=273c835e-7661-43c6-b894-c60daf9d9bb8,revision_number=1']} {{(pid=103751) push /opt/stack/neutron/neutron/api/rpc/handlers/resources_rpc.py:237}}
Mar 10 04:19:19.839397 dv-cinder-778193-25-smb neutron-server[103751]: DEBUG neutron.pecan_wsgi.hooks.policy_enforcement [req-329bf802-90e3-4808-8d9e-2d0a23e7aa23 req-819eb314-fa8c-4550-801f-bf1e72be639f tempest-DeleteServersTestJSON-1582319751 tempest-DeleteServersTestJSON-1582319751-project] Attributes excluded by policy engine: ['standard_attr_id', 'binding:profile', 'binding:host_id', 'binding:vif_type', 'binding:vif_details'] {{(pid=103751) _exclude_attributes_by_policy /opt/stack/neutron/neutron/pecan_wsgi/hooks/policy_enforcement.py:255}}
Mar 10 04:19:19.840989 dv-cinder-778193-25-smb neutron-server[103751]: INFO neutron.wsgi [req-329bf802-90e3-4808-8d9e-2d0a23e7aa23 req-819eb314-fa8c-4550-801f-bf1e72be639f tempest-DeleteServersTestJSON-1582319751 tempest-DeleteServersTestJSON-1582319751-project] 10.222.0.32 "GET /v2.0/ports?device_id=44fde513-51e7-4698-bd9d-d3e812356f19 HTTP/1.1" status: 200 len: 946 time: 0.1196301
Mar 10 04:19:19.848557 dv-cinder-778193-25-smb neutron-server[103751]: DEBUG neutron.pecan_wsgi.hooks.policy_enforcement [req-ff320710-0fed-4109-acf7-6f70c113310c req-67228a72-0f4e-49bd-96a1-b24bb0f24bc6 tempest-DeleteServersTestJSON-1582319751 tempest-DeleteServersTestJSON-1582319751-project] Attributes excluded by policy engine: ['standard_attr_id', 'binding:profile', 'binding:host_id', 'binding:vif_type', 'binding:vif_details'] {{(pid=103751) _exclude_attributes_by_policy /opt/stack/neutron/neutron/pecan_wsgi/hooks/policy_enforcement.py:255}}
Mar 10 04:19:19.850035 dv-cinder-778193-25-smb neutron-server[103751]: INFO neutron.wsgi [req-ff320710-0fed-4109-acf7-6f70c113310c req-67228a72-0f4e-49bd-96a1-b24bb0f24bc6 tempest-DeleteServersTestJSON-1582319751 tempest-DeleteServersTestJSON-1582319751-project] 10.222.0.37 "GET /v2.0/ports?device_id=44fde513-51e7-4698-bd9d-d3e812356f19 HTTP/1.1" status: 200 len: 946 time: 0.1605148
Mar 10 04:19:19.865249 dv-cinder-778193-25-smb neutron-server[103753]: DEBUG neutron_lib.callbacks.manager [None req-d87039bb-f1e2-43a4-a781-b1199b2f8050 None None] Publish callbacks ['neutron.plugins.ml2.plugin.SecurityGroupServerNotifierRpcMixin._notify_sg_on_port_change-1801670', 'neutron.plugins.ml2.ovo_rpc._ObjectChangeHandler.handle_event-493936', 'neutron.api.rpc.agentnotifiers.dhcp_rpc_agent_api.DhcpAgentNotifyAPI._native_event_send_dhcp_notification-569219', 'neutron.db.l3_db.L3RpcNotifierMixin._notify_gateway_port_ip_changed-8743694426215', 'neutron.db.l3_dvrscheduler_db._notify_l3_agent_port_update-8743693906041', 'neutron.db.l3_hascheduler_db._notify_l3_agent_ha_port_update-8743693906059'] for port (da8c0189-42d3-492c-bf95-fb6f3afd078b), after_update {{(pid=103753) _notify_loop /usr/local/lib/python3.8/dist-packages/neutron_lib/callbacks/manager.py:176}}
Mar 10 04:19:19.883349 dv-cinder-778193-25-smb neutron-server[103752]: DEBUG neutron_lib.callbacks.manager [None req-ee3c5aee-5357-458a-97cd-e3be7e91d775 admin admin] Publish callbacks [] for security_group (273c835e-7661-43c6-b894-c60daf9d9bb8), before_delete {{(pid=103752) _notify_loop /usr/local/lib/python3.8/dist-packages/neutron_lib/callbacks/manager.py:176}}
Mar 10 04:19:19.916801 dv-cinder-778193-25-smb neutron-server[103752]: DEBUG neutron_lib.callbacks.manager [None req-ee3c5aee-5357-458a-97cd-e3be7e91d775 admin admin] Publish callbacks [] for security_group (273c835e-7661-43c6-b894-c60daf9d9bb8), precommit_delete {{(pid=103752) _notify_loop /usr/local/lib/python3.8/dist-packages/neutron_lib/callbacks/manager.py:176}}
Mar 10 04:19:19.939004 dv-cinder-778193-25-smb neutron-server[103753]: DEBUG neutron.api.rpc.handlers.resources_rpc [None req-d87039bb-f1e2-43a4-a781-b1199b2f8050 None None] Pushing event updated for resources: {'Port': ['ID=da8c0189-42d3-492c-bf95-fb6f3afd078b,revision_number=5']} {{(pid=103753) push /opt/stack/neutron/neutron/api/rpc/handlers/resources_rpc.py:237}}
Mar 10 04:19:20.014565 dv-cinder-778193-25-smb neutron-server[103751]: INFO neutron.wsgi [req-329bf802-90e3-4808-8d9e-2d0a23e7aa23 req-69291b9e-3718-4d99-ab9c-380768064142 tempest-DeleteServersTestJSON-1582319751 tempest-DeleteServersTestJSON-1582319751-project] 10.222.0.32 "GET /v2.0/security-groups?id=3265059b-c74a-4c6a-b7c4-55e36cfb5df5&fields=id&fields=name HTTP/1.1" status: 200 len: 286 time: 0.1628196
Mar 10 04:19:20.062635 dv-cinder-778193-25-smb neutron-server[103752]: DEBUG neutron_lib.callbacks.manager [None req-ee3c5aee-5357-458a-97cd-e3be7e91d775 admin admin] Publish callbacks ['neutron.plugins.ml2.ovo_rpc._ObjectChangeHandler.handle_event-951896'] for security_group (273c835e-7661-43c6-b894-c60daf9d9bb8), after_delete {{(pid=103752) _notify_loop /usr/local/lib/python3.8/dist-packages/neutron_lib/callbacks/manager.py:176}}
Mar 10 04:19:20.065659 dv-cinder-778193-25-smb neutron-server[103752]: DEBUG neutron_lib.callbacks.manager [None req-ee3c5aee-5357-458a-97cd-e3be7e91d775 admin admin] Publish callbacks [] for security_group (None), before_response {{(pid=103752) _notify_loop /usr/local/lib/python3.8/dist-packages/neutron_lib/callbacks/manager.py:176}}
Mar 10 04:19:20.067235 dv-cinder-778193-25-smb neutron-server[103752]: INFO neutron.wsgi [None req-ee3c5aee-5357-458a-97cd-e3be7e91d775 admin admin] 10.222.0.32 "DELETE /v2.0/security-groups/273c835e-7661-43c6-b894-c60daf9d9bb8 HTTP/1.1" status: 204 len: 168 time: 0.2525377
Mar 10 04:19:20.076232 dv-cinder-778193-25-smb neutron-server[103752]: DEBUG neutron.api.rpc.handlers.resources_rpc [None req-ee3c5aee-5357-458a-97cd-e3be7e91d775 admin admin] Pushing event deleted for resources: {'SecurityGroup': ['ID=273c835e-7661-43c6-b894-c60daf9d9bb8,revision_number=None']} {{(pid=103752) push /opt/stack/neutron/neutron/api/rpc/handlers/resources_rpc.py:237}}
Mar 10 04:19:20.078931 dv-cinder-778193-25-smb neutron-server[103751]: DEBUG neutron.pecan_wsgi.hooks.policy_enforcement [req-3f45e003-b1dc-4c10-bc0f-1dde75c20c1f req-7c599892-e818-47c3-a585-35e8fa1b1152 tempest-AttachVolumeNegativeTest-322885533 tempest-AttachVolumeNegativeTest-322885533-project] Attributes excluded by policy engine: ['standard_attr_id', 'binding:profile', 'binding:host_id', 'binding:vif_type', 'binding:vif_details'] {{(pid=103751) _exclude_attributes_by_policy /opt/stack/neutron/neutron/pecan_wsgi/hooks/policy_enforcement.py:255}}
Mar 10 04:19:20.080615 dv-cinder-778193-25-smb neutron-server[103751]: INFO neutron.wsgi [req-3f45e003-b1dc-4c10-bc0f-1dde75c20c1f req-7c599892-e818-47c3-a585-35e8fa1b1152 tempest-AttachVolumeNegativeTest-322885533 tempest-AttachVolumeNegativeTest-322885533-project] 10.222.0.32 "GET /v2.0/ports?device_id=4106be83-c4cc-47fc-9910-ac094b31c8d1 HTTP/1.1" status: 200 len: 945 time: 0.1843996
Mar 10 04:19:20.182257 dv-cinder-778193-25-smb neutron-server[103751]: DEBUG neutron.plugins.ml2.plugin [req-ff320710-0fed-4109-acf7-6f70c113310c req-4f2c51a1-1879-4c2e-b035-66b9f11327f4 tempest-DeleteServersTestJSON-1582319751 tempest-DeleteServersTestJSON-1582319751-project] Deleting port b77b8d32-237d-4633-9a97-5e40ba41c88f {{(pid=103751) _pre_delete_port /opt/stack/neutron/neutron/plugins/ml2/plugin.py:1978}}
Mar 10 04:19:20.182257 dv-cinder-778193-25-smb neutron-server[103751]: DEBUG neutron_lib.callbacks.manager [req-ff320710-0fed-4109-acf7-6f70c113310c req-4f2c51a1-1879-4c2e-b035-66b9f11327f4 tempest-DeleteServersTestJSON-1582319751 tempest-DeleteServersTestJSON-1582319751-project] Publish callbacks ['neutron.db.l3_db.L3_NAT_dbonly_mixin._prevent_l3_port_delete_callback-8743694419182'] for port (b77b8d32-237d-4633-9a97-5e40ba41c88f), before_delete {{(pid=103751) _notify_loop /usr/local/lib/python3.8/dist-packages/neutron_lib/callbacks/manager.py:176}}
Mar 10 04:19:20.232796 dv-cinder-778193-25-smb neutron-server[103751]: INFO neutron.wsgi [req-3f45e003-b1dc-4c10-bc0f-1dde75c20c1f req-0502f628-153c-400c-889b-a8944fcf3424 tempest-AttachVolumeNegativeTest-322885533 tempest-AttachVolumeNegativeTest-322885533-project] 10.222.0.32 "GET /v2.0/security-groups?id=c49865cd-2319-40b0-bafb-d9e4591c620e&fields=id&fields=name HTTP/1.1" status: 200 len: 313 time: 0.1454194
Mar 10 04:19:20.479015 dv-cinder-778193-25-smb neutron-server[103751]: DEBUG neutron.pecan_wsgi.hooks.policy_enforcement [req-9f186f76-a896-481d-aa7f-a3afec440dde req-93ecb4b0-10a4-4cdc-8a4a-0b7da94e6eb7 tempest-ServerRescueNegativeTestJSON-744402176 tempest-ServerRescueNegativeTestJSON-744402176-project] Attributes excluded by policy engine: ['standard_attr_id', 'binding:profile', 'binding:host_id', 'binding:vif_type', 'binding:vif_details'] {{(pid=103751) _exclude_attributes_by_policy /opt/stack/neutron/neutron/pecan_wsgi/hooks/policy_enforcement.py:255}}
Mar 10 04:19:20.480499 dv-cinder-778193-25-smb neutron-server[103751]: INFO neutron.wsgi [req-9f186f76-a896-481d-aa7f-a3afec440dde req-93ecb4b0-10a4-4cdc-8a4a-0b7da94e6eb7 tempest-ServerRescueNegativeTestJSON-744402176 tempest-ServerRescueNegativeTestJSON-744402176-project] 10.222.0.32 "GET /v2.0/ports?device_id=0568d53d-074d-4abb-9e2a-fa2613aad55d HTTP/1.1" status: 200 len: 945 time: 0.3726890
Mar 10 04:19:20.541574 dv-cinder-778193-25-smb neutron-server[103751]: DEBUG neutron.plugins.ml2.db [req-ff320710-0fed-4109-acf7-6f70c113310c req-4f2c51a1-1879-4c2e-b035-66b9f11327f4 tempest-DeleteServersTestJSON-1582319751 tempest-DeleteServersTestJSON-1582319751-project] For port b77b8d32-237d-4633-9a97-5e40ba41c88f, host hv-cinder-77819, got binding levels [PortBindingLevel(driver='hyperv',host='hv-cinder-77819',level=0,port_id=b77b8d32-237d-4633-9a97-5e40ba41c88f,segment=NetworkSegment(8cbe5410-4fee-4638-83cc-f734720541a2),segment_id=8cbe5410-4fee-4638-83cc-f734720541a2)] {{(pid=103751) get_binding_level_objs /opt/stack/neutron/neutron/plugins/ml2/db.py:74}}
Mar 10 04:19:20.541882 dv-cinder-778193-25-smb neutron-server[103751]: DEBUG neutron_lib.callbacks.manager [req-ff320710-0fed-4109-acf7-6f70c113310c req-4f2c51a1-1879-4c2e-b035-66b9f11327f4 tempest-DeleteServersTestJSON-1582319751 tempest-DeleteServersTestJSON-1582319751-project] Publish callbacks ['neutron.services.l3_router.l3_router_plugin.L3_NAT_dbonly_mixin._precommit_delete_port_callback-637402'] for port (b77b8d32-237d-4633-9a97-5e40ba41c88f), precommit_delete {{(pid=103751) _notify_loop /usr/local/lib/python3.8/dist-packages/neutron_lib/callbacks/manager.py:176}}
Mar 10 04:19:20.577274 dv-cinder-778193-25-smb neutron-server[103751]: DEBUG neutron.plugins.ml2.plugin [req-ff320710-0fed-4109-acf7-6f70c113310c req-4f2c51a1-1879-4c2e-b035-66b9f11327f4 tempest-DeleteServersTestJSON-1582319751 tempest-DeleteServersTestJSON-1582319751-project] Calling delete_port for b77b8d32-237d-4633-9a97-5e40ba41c88f owned by compute:nova {{(pid=103751) delete_port /opt/stack/neutron/neutron/plugins/ml2/plugin.py:2056}}
Mar 10 04:19:20.603454 dv-cinder-778193-25-smb neutron-server[103751]: DEBUG neutron.pecan_wsgi.hooks.policy_enforcement [req-c64549fe-1bed-43eb-8acb-bfd633a6b614 req-ac6a5f39-4482-42d4-aa6b-461865aec590 tempest-AttachVolumeShelveTestJSON-435676789 tempest-AttachVolumeShelveTestJSON-435676789-project] Attributes excluded by policy engine: ['standard_attr_id', 'binding:profile', 'binding:host_id', 'binding:vif_type', 'binding:vif_details'] {{(pid=103751) _exclude_attributes_by_policy /opt/stack/neutron/neutron/pecan_wsgi/hooks/policy_enforcement.py:255}}
Mar 10 04:19:20.605627 dv-cinder-778193-25-smb neutron-server[103751]: INFO neutron.wsgi [req-c64549fe-1bed-43eb-8acb-bfd633a6b614 req-ac6a5f39-4482-42d4-aa6b-461865aec590 tempest-AttachVolumeShelveTestJSON-435676789 tempest-AttachVolumeShelveTestJSON-435676789-project] 10.222.0.32 "GET /v2.0/ports?device_id=976fff38-a1a0-4cef-89e1-fb34ef8001fe HTTP/1.1" status: 200 len: 945 time: 0.1511469
Mar 10 04:19:20.611979 dv-cinder-778193-25-smb neutron-server[103751]: INFO neutron.wsgi [req-9f186f76-a896-481d-aa7f-a3afec440dde req-ae03def7-031f-4ce8-bd4e-ad7f32a0849c tempest-ServerRescueNegativeTestJSON-744402176 tempest-ServerRescueNegativeTestJSON-744402176-project] 10.222.0.32 "GET /v2.0/security-groups?id=cfd9add2-92eb-4960-af5a-86da77cbbe93&fields=id&fields=name HTTP/1.1" status: 200 len: 286 time: 0.1156068
Mar 10 04:19:20.763460 dv-cinder-778193-25-smb neutron-server[103751]: INFO neutron.wsgi [req-c64549fe-1bed-43eb-8acb-bfd633a6b614 req-9bfe4655-4da3-4014-9226-ce5ecedc52b5 tempest-AttachVolumeShelveTestJSON-435676789 tempest-AttachVolumeShelveTestJSON-435676789-project] 10.222.0.32 "GET /v2.0/security-groups?id=7244902c-873e-4cba-909d-83d3fbf3ce24&fields=id&fields=name HTTP/1.1" status: 200 len: 312 time: 0.1504292
Mar 10 04:19:20.794815 dv-cinder-778193-25-smb neutron-server[103751]: DEBUG neutron.pecan_wsgi.hooks.policy_enforcement [req-449b9ef2-81ed-4534-ad4c-f45596d43756 req-eb03273b-7bbe-4cee-a4a1-32d06a3ff5f5 tempest-AttachVolumeTestJSON-1934831204 tempest-AttachVolumeTestJSON-1934831204-project] Attributes excluded by policy engine: ['standard_attr_id', 'binding:profile', 'binding:host_id', 'binding:vif_type', 'binding:vif_details'] {{(pid=103751) _exclude_attributes_by_policy /opt/stack/neutron/neutron/pecan_wsgi/hooks/policy_enforcement.py:255}}
Mar 10 04:19:20.796848 dv-cinder-778193-25-smb neutron-server[103751]: INFO neutron.wsgi [req-449b9ef2-81ed-4534-ad4c-f45596d43756 req-eb03273b-7bbe-4cee-a4a1-32d06a3ff5f5 tempest-AttachVolumeTestJSON-1934831204 tempest-AttachVolumeTestJSON-1934831204-project] 10.222.0.32 "GET /v2.0/ports?device_id=62540604-ae17-4038-a123-876af300bed6 HTTP/1.1" status: 200 len: 945 time: 0.1141150
Mar 10 04:19:20.839635 dv-cinder-778193-25-smb neutron-server[103752]: DEBUG neutron.wsgi [-] (103752) accepted ('10.222.0.32', 55276) {{(pid=103752) server /usr/local/lib/python3.8/dist-packages/eventlet/wsgi.py:1004}}
Mar 10 04:19:20.857053 dv-cinder-778193-25-smb neutron-server[103752]: DEBUG neutron_lib.callbacks.manager [None req-f7deab8c-d68d-452c-ac18-057378e7c802 admin admin] Publish callbacks [] for security_group (None), before_create {{(pid=103752) _notify_loop /usr/local/lib/python3.8/dist-packages/neutron_lib/callbacks/manager.py:176}}
Mar 10 04:19:20.887251 dv-cinder-778193-25-smb neutron-server[103751]: INFO neutron.wsgi [req-449b9ef2-81ed-4534-ad4c-f45596d43756 req-89f499fb-8209-4016-bae9-aed8d5aa4b2b tempest-AttachVolumeTestJSON-1934831204 tempest-AttachVolumeTestJSON-1934831204-project] 10.222.0.32 "GET /v2.0/security-groups?id=2237968f-68fe-41a4-a5f7-3ce736603134&fields=id&fields=name HTTP/1.1" status: 200 len: 313 time: 0.0832930
Mar 10 04:19:20.913158 dv-cinder-778193-25-smb neutron-server[103753]: DEBUG neutron.notifiers.nova [-] Sending events: [{'server_uuid': '976fff38-a1a0-4cef-89e1-fb34ef8001fe', 'name': 'network-vif-plugged', 'status': 'completed', 'tag': '0188fd7a-9758-4f51-b575-15526dada054'}, {'server_uuid': '62540604-ae17-4038-a123-876af300bed6', 'name': 'network-vif-plugged', 'status': 'completed', 'tag': 'da8c0189-42d3-492c-bf95-fb6f3afd078b'}] {{(pid=103753) send_events /opt/stack/neutron/neutron/notifiers/nova.py:271}}
Mar 10 04:19:20.915867 dv-cinder-778193-25-smb neutron-server[103753]: DEBUG novaclient.v2.client [-] REQ: curl -g -i --cacert "/opt/stack/data/ca-bundle.pem" -X POST http://10.222.0.32/compute/v2.1/os-server-external-events -H "Accept: application/json" -H "Content-Type: application/json" -H "User-Agent: python-novaclient" -H "X-Auth-Token: {SHA256}852cbe4fc0925e31ca044d287416a24f9b61368d51490c6416ee81cf626e3712" -H "X-OpenStack-Nova-API-Version: 2.1" -H "X-OpenStack-Request-ID: req-32b151b6-e375-453b-b26a-57fbd27ea215" -d '{"events": [{"server_uuid": "976fff38-a1a0-4cef-89e1-fb34ef8001fe", "name": "network-vif-plugged", "status": "completed", "tag": "0188fd7a-9758-4f51-b575-15526dada054"}, {"server_uuid": "62540604-ae17-4038-a123-876af300bed6", "name": "network-vif-plugged", "status": "completed", "tag": "da8c0189-42d3-492c-bf95-fb6f3afd078b"}]}' {{(pid=103753) _http_log_request /usr/local/lib/python3.8/dist-packages/keystoneauth1/session.py:519}}
Mar 10 04:19:20.931171 dv-cinder-778193-25-smb neutron-server[103751]: DEBUG neutron_lib.callbacks.manager [req-ff320710-0fed-4109-acf7-6f70c113310c req-4f2c51a1-1879-4c2e-b035-66b9f11327f4 tempest-DeleteServersTestJSON-1582319751 tempest-DeleteServersTestJSON-1582319751-project] Publish callbacks ['neutron.plugins.ml2.plugin.SecurityGroupServerNotifierRpcMixin._notify_sg_on_port_change-1801670', 'neutron.plugins.ml2.ovo_rpc._ObjectChangeHandler.handle_event-493936', 'neutron.api.rpc.agentnotifiers.dhcp_rpc_agent_api.DhcpAgentNotifyAPI._native_event_send_dhcp_notification-569219', 'neutron.db.l3_db.L3RpcNotifierMixin._notify_routers_callback-8743694426197', 'neutron.db.l3_dvrscheduler_db._notify_port_delete-8743693906032', 'neutron.services.segments.plugin.NovaSegmentNotifier._notify_port_created_or_deleted-5325023'] for port (b77b8d32-237d-4633-9a97-5e40ba41c88f), after_delete {{(pid=103751) _notify_loop /usr/local/lib/python3.8/dist-packages/neutron_lib/callbacks/manager.py:176}}
Mar 10 04:19:20.950408 dv-cinder-778193-25-smb neutron-server[103752]: DEBUG neutron_lib.callbacks.manager [None req-f7deab8c-d68d-452c-ac18-057378e7c802 admin admin] Publish callbacks [] for security_group (c9de71f4-dfd1-4e23-8760-4f810dee3f38), precommit_create {{(pid=103752) _notify_loop /usr/local/lib/python3.8/dist-packages/neutron_lib/callbacks/manager.py:176}}
Mar 10 04:19:20.956769 dv-cinder-778193-25-smb neutron-server[103753]: DEBUG novaclient.v2.client [-] RESP: [200] Connection: close Content-Length: 354 Content-Type: application/json Date: Thu, 10 Mar 2022 04:19:20 GMT OpenStack-API-Version: compute 2.1 Server: Apache/2.4.41 (Ubuntu) Vary: OpenStack-API-Version,X-OpenStack-Nova-API-Version X-OpenStack-Nova-API-Version: 2.1 x-compute-request-id: req-8a5be887-82e1-4871-b52e-f27836253744 x-openstack-request-id: req-8a5be887-82e1-4871-b52e-f27836253744 {{(pid=103753) _http_log_response /usr/local/lib/python3.8/dist-packages/keystoneauth1/session.py:550}}
Mar 10 04:19:20.957034 dv-cinder-778193-25-smb neutron-server[103753]: DEBUG novaclient.v2.client [-] RESP BODY: {"events": [{"server_uuid": "976fff38-a1a0-4cef-89e1-fb34ef8001fe", "name": "network-vif-plugged", "status": "completed", "tag": "0188fd7a-9758-4f51-b575-15526dada054", "code": 200}, {"server_uuid": "62540604-ae17-4038-a123-876af300bed6", "name": "network-vif-plugged", "status": "completed", "tag": "da8c0189-42d3-492c-bf95-fb6f3afd078b", "code": 200}]} {{(pid=103753) _http_log_response /usr/local/lib/python3.8/dist-packages/keystoneauth1/session.py:582}}
Mar 10 04:19:20.957274 dv-cinder-778193-25-smb neutron-server[103753]: DEBUG novaclient.v2.client [-] POST call to compute for http://10.222.0.32/compute/v2.1/os-server-external-events used request id req-8a5be887-82e1-4871-b52e-f27836253744 {{(pid=103753) request /usr/local/lib/python3.8/dist-packages/keystoneauth1/session.py:954}}
Mar 10 04:19:20.957671 dv-cinder-778193-25-smb neutron-server[103753]: INFO neutron.notifiers.nova [-] Nova event response: {'server_uuid': '976fff38-a1a0-4cef-89e1-fb34ef8001fe', 'name': 'network-vif-plugged', 'status': 'completed', 'tag': '0188fd7a-9758-4f51-b575-15526dada054', 'code': 200}
Mar 10 04:19:20.957941 dv-cinder-778193-25-smb neutron-server[103753]: INFO neutron.notifiers.nova [-] Nova event response: {'server_uuid': '62540604-ae17-4038-a123-876af300bed6', 'name': 'network-vif-plugged', 'status': 'completed', 'tag': 'da8c0189-42d3-492c-bf95-fb6f3afd078b', 'code': 200}
Mar 10 04:19:20.960327 dv-cinder-778193-25-smb neutron-server[103751]: DEBUG neutron.api.rpc.handlers.resources_rpc [None req-4f2c51a1-1879-4c2e-b035-66b9f11327f4 tempest-DeleteServersTestJSON-1582319751 tempest-DeleteServersTestJSON-1582319751-project] Pushing event deleted for resources: {'Port': ['ID=b77b8d32-237d-4633-9a97-5e40ba41c88f,revision_number=None']} {{(pid=103751) push /opt/stack/neutron/neutron/api/rpc/handlers/resources_rpc.py:237}}
Mar 10 04:19:21.005042 dv-cinder-778193-25-smb neutron-server[103752]: DEBUG neutron_lib.callbacks.manager [None req-f7deab8c-d68d-452c-ac18-057378e7c802 admin admin] Publish callbacks ['neutron.plugins.ml2.ovo_rpc._ObjectChangeHandler.handle_event-951896'] for security_group (c9de71f4-dfd1-4e23-8760-4f810dee3f38), after_create {{(pid=103752) _notify_loop /usr/local/lib/python3.8/dist-packages/neutron_lib/callbacks/manager.py:176}}
Mar 10 04:19:21.037634 dv-cinder-778193-25-smb neutron-server[103751]: DEBUG neutron.db.l3_dvrscheduler_db [req-ff320710-0fed-4109-acf7-6f70c113310c req-4f2c51a1-1879-4c2e-b035-66b9f11327f4 tempest-DeleteServersTestJSON-1582319751 tempest-DeleteServersTestJSON-1582319751-project] No DVR routers for this DVR port b77b8d32-237d-4633-9a97-5e40ba41c88f on host hv-cinder-77819 {{(pid=103751) get_dvr_routers_to_remove /opt/stack/neutron/neutron/db/l3_dvrscheduler_db.py:214}}
Mar 10 04:19:21.049442 dv-cinder-778193-25-smb neutron-server[103751]: DEBUG neutron_lib.callbacks.manager [req-ff320710-0fed-4109-acf7-6f70c113310c req-4f2c51a1-1879-4c2e-b035-66b9f11327f4 tempest-DeleteServersTestJSON-1582319751 tempest-DeleteServersTestJSON-1582319751-project] Publish callbacks ['neutron.notifiers.nova.Notifier._send_nova_notification-402244'] for port (None), before_response {{(pid=103751) _notify_loop /usr/local/lib/python3.8/dist-packages/neutron_lib/callbacks/manager.py:176}}
Mar 10 04:19:21.052107 dv-cinder-778193-25-smb neutron-server[103752]: INFO neutron.wsgi [None req-f7deab8c-d68d-452c-ac18-057378e7c802 admin admin] 10.222.0.32 "GET /v2.0/security-groups?tenant_id=72efafd4f9734048b977c7800b1fdf29&name=default HTTP/1.1" status: 200 len: 2996 time: 0.2112281
Mar 10 04:19:21.052794 dv-cinder-778193-25-smb neutron-server[103751]: INFO neutron.wsgi [req-ff320710-0fed-4109-acf7-6f70c113310c req-4f2c51a1-1879-4c2e-b035-66b9f11327f4 tempest-DeleteServersTestJSON-1582319751 tempest-DeleteServersTestJSON-1582319751-project] 10.222.0.37 "DELETE /v2.0/ports/b77b8d32-237d-4633-9a97-5e40ba41c88f HTTP/1.1" status: 204 len: 173 time: 1.1870623
Mar 10 04:19:21.053073 dv-cinder-778193-25-smb neutron-server[103752]: DEBUG neutron.api.rpc.handlers.resources_rpc [None req-f7deab8c-d68d-452c-ac18-057378e7c802 admin admin] Pushing event updated for resources: {'SecurityGroup': ['ID=c9de71f4-dfd1-4e23-8760-4f810dee3f38,revision_number=1']} {{(pid=103752) push /opt/stack/neutron/neutron/api/rpc/handlers/resources_rpc.py:237}}
Mar 10 04:19:21.053336 dv-cinder-778193-25-smb neutron-server[103751]: DEBUG neutron.notifiers.nova [-] Sending events: [{'server_uuid': '44fde513-51e7-4698-bd9d-d3e812356f19', 'name': 'network-vif-deleted', 'tag': 'b77b8d32-237d-4633-9a97-5e40ba41c88f'}] {{(pid=103751) send_events /opt/stack/neutron/neutron/notifiers/nova.py:271}}
Mar 10 04:19:21.055357 dv-cinder-778193-25-smb neutron-server[103752]: DEBUG neutron.wsgi [-] (103752) accepted ('10.222.0.32', 55284) {{(pid=103752) server /usr/local/lib/python3.8/dist-packages/eventlet/wsgi.py:1004}}
Mar 10 04:19:21.055570 dv-cinder-778193-25-smb neutron-server[103751]: DEBUG novaclient.v2.client [-] REQ: curl -g -i --cacert "/opt/stack/data/ca-bundle.pem" -X POST http://10.222.0.32/compute/v2.1/os-server-external-events -H "Accept: application/json" -H "Content-Type: application/json" -H "User-Agent: python-novaclient" -H "X-Auth-Token: {SHA256}2d13b7f9223f798d92bfe936bb7aa6324a386d99b48c5802f8652221580624a4" -H "X-OpenStack-Nova-API-Version: 2.1" -H "X-OpenStack-Request-ID: req-b66aa992-fd26-4923-92fe-3989676e2a49" -d '{"events": [{"server_uuid": "44fde513-51e7-4698-bd9d-d3e812356f19", "name": "network-vif-deleted", "tag": "b77b8d32-237d-4633-9a97-5e40ba41c88f"}]}' {{(pid=103751) _http_log_request /usr/local/lib/python3.8/dist-packages/keystoneauth1/session.py:519}}
Mar 10 04:19:21.108939 dv-cinder-778193-25-smb neutron-server[103751]: DEBUG novaclient.v2.client [-] RESP: [200] Connection: close Content-Length: 183 Content-Type: application/json Date: Thu, 10 Mar 2022 04:19:21 GMT OpenStack-API-Version: compute 2.1 Server: Apache/2.4.41 (Ubuntu) Vary: OpenStack-API-Version,X-OpenStack-Nova-API-Version X-OpenStack-Nova-API-Version: 2.1 x-compute-request-id: req-3b0a0162-8e89-4c77-86b2-a089e7fdc1eb x-openstack-request-id: req-3b0a0162-8e89-4c77-86b2-a089e7fdc1eb {{(pid=103751) _http_log_response /usr/local/lib/python3.8/dist-packages/keystoneauth1/session.py:550}}
Mar 10 04:19:21.109241 dv-cinder-778193-25-smb neutron-server[103751]: DEBUG novaclient.v2.client [-] RESP BODY: {"events": [{"server_uuid": "44fde513-51e7-4698-bd9d-d3e812356f19", "name": "network-vif-deleted", "tag": "b77b8d32-237d-4633-9a97-5e40ba41c88f", "status": "completed", "code": 200}]} {{(pid=103751) _http_log_response /usr/local/lib/python3.8/dist-packages/keystoneauth1/session.py:582}}
Mar 10 04:19:21.109504 dv-cinder-778193-25-smb neutron-server[103751]: DEBUG novaclient.v2.client [-] POST call to compute for http://10.222.0.32/compute/v2.1/os-server-external-events used request id req-3b0a0162-8e89-4c77-86b2-a089e7fdc1eb {{(pid=103751) request /usr/local/lib/python3.8/dist-packages/keystoneauth1/session.py:954}}
Mar 10 04:19:21.109898 dv-cinder-778193-25-smb neutron-server[103751]: INFO neutron.notifiers.nova [-] Nova event response: {'server_uuid': '44fde513-51e7-4698-bd9d-d3e812356f19', 'name': 'network-vif-deleted', 'tag': 'b77b8d32-237d-4633-9a97-5e40ba41c88f', 'status': 'completed', 'code': 200}
Mar 10 04:19:21.111244 dv-cinder-778193-25-smb neutron-server[103752]: DEBUG neutron_lib.callbacks.manager [None req-f5fc4d8a-054e-41a0-8460-65691329afa4 admin admin] Publish callbacks [] for security_group (c9de71f4-dfd1-4e23-8760-4f810dee3f38), before_delete {{(pid=103752) _notify_loop /usr/local/lib/python3.8/dist-packages/neutron_lib/callbacks/manager.py:176}}
Mar 10 04:19:21.135102 dv-cinder-778193-25-smb neutron-server[103752]: DEBUG neutron_lib.callbacks.manager [None req-f5fc4d8a-054e-41a0-8460-65691329afa4 admin admin] Publish callbacks [] for security_group (c9de71f4-dfd1-4e23-8760-4f810dee3f38), precommit_delete {{(pid=103752) _notify_loop /usr/local/lib/python3.8/dist-packages/neutron_lib/callbacks/manager.py:176}}
Mar 10 04:19:21.151111 dv-cinder-778193-25-smb neutron-server[103751]: INFO neutron.wsgi [req-4129841e-337d-4441-9d90-a25ecf6f71eb req-61f1441b-f916-4c4a-928d-bbea8110b90a tempest-DeleteServersTestJSON-1582319751 tempest-DeleteServersTestJSON-1582319751-project] 10.222.0.32 "GET /v2.0/ports?device_id=44fde513-51e7-4698-bd9d-d3e812356f19 HTTP/1.1" status: 200 len: 210 time: 0.0291677
Mar 10 04:19:21.299483 dv-cinder-778193-25-smb neutron-server[103752]: DEBUG neutron_lib.callbacks.manager [None req-f5fc4d8a-054e-41a0-8460-65691329afa4 admin admin] Publish callbacks ['neutron.plugins.ml2.ovo_rpc._ObjectChangeHandler.handle_event-951896'] for security_group (c9de71f4-dfd1-4e23-8760-4f810dee3f38), after_delete {{(pid=103752) _notify_loop /usr/local/lib/python3.8/dist-packages/neutron_lib/callbacks/manager.py:176}}
Mar 10 04:19:21.305290 dv-cinder-778193-25-smb neutron-server[103752]: DEBUG neutron_lib.callbacks.manager [None req-f5fc4d8a-054e-41a0-8460-65691329afa4 admin admin] Publish callbacks [] for security_group (None), before_response {{(pid=103752) _notify_loop /usr/local/lib/python3.8/dist-packages/neutron_lib/callbacks/manager.py:176}}
Mar 10 04:19:21.305290 dv-cinder-778193-25-smb neutron-server[103752]: INFO neutron.wsgi [None req-f5fc4d8a-054e-41a0-8460-65691329afa4 admin admin] 10.222.0.32 "DELETE /v2.0/security-groups/c9de71f4-dfd1-4e23-8760-4f810dee3f38 HTTP/1.1" status: 204 len: 168 time: 0.2471256
Mar 10 04:19:21.322887 dv-cinder-778193-25-smb neutron-server[103752]: DEBUG neutron.api.rpc.handlers.resources_rpc [None req-f5fc4d8a-054e-41a0-8460-65691329afa4 admin admin] Pushing event deleted for resources: {'SecurityGroup': ['ID=c9de71f4-dfd1-4e23-8760-4f810dee3f38,revision_number=None']} {{(pid=103752) push /opt/stack/neutron/neutron/api/rpc/handlers/resources_rpc.py:237}}
Mar 10 04:19:21.365068 dv-cinder-778193-25-smb neutron-server[103751]: DEBUG neutron.pecan_wsgi.hooks.policy_enforcement [req-4ee9eed4-1860-4584-b6ce-8a8d62d93e5f req-224e9c87-bd11-4e5d-990f-3e819e52ffd1 tempest-AttachVolumeNegativeTest-322885533 tempest-AttachVolumeNegativeTest-322885533-project] Attributes excluded by policy engine: ['standard_attr_id', 'binding:profile', 'binding:host_id', 'binding:vif_type', 'binding:vif_details'] {{(pid=103751) _exclude_attributes_by_policy /opt/stack/neutron/neutron/pecan_wsgi/hooks/policy_enforcement.py:255}}
Mar 10 04:19:21.366634 dv-cinder-778193-25-smb neutron-server[103751]: INFO neutron.wsgi [req-4ee9eed4-1860-4584-b6ce-8a8d62d93e5f req-224e9c87-bd11-4e5d-990f-3e819e52ffd1 tempest-AttachVolumeNegativeTest-322885533 tempest-AttachVolumeNegativeTest-322885533-project] 10.222.0.32 "GET /v2.0/ports?device_id=4106be83-c4cc-47fc-9910-ac094b31c8d1 HTTP/1.1" status: 200 len: 945 time: 0.0603788
Mar 10 04:19:21.416960 dv-cinder-778193-25-smb neutron-server[103751]: INFO neutron.wsgi [req-4ee9eed4-1860-4584-b6ce-8a8d62d93e5f req-81c8d42c-f640-4d41-aeba-0ef209c91abe tempest-AttachVolumeNegativeTest-322885533 tempest-AttachVolumeNegativeTest-322885533-project] 10.222.0.32 "GET /v2.0/security-groups?id=c49865cd-2319-40b0-bafb-d9e4591c620e&fields=id&fields=name HTTP/1.1" status: 200 len: 313 time: 0.0439405
Mar 10 04:19:21.567868 dv-cinder-778193-25-smb neutron-server[103751]: DEBUG neutron.pecan_wsgi.hooks.policy_enforcement [req-2d59416b-d2bb-414b-ae91-2d93f7c417ab req-b87e3a02-ca90-42f4-9449-2143419c3c0c service neutron] Attributes excluded by policy engine: ['standard_attr_id'] {{(pid=103751) _exclude_attributes_by_policy /opt/stack/neutron/neutron/pecan_wsgi/hooks/policy_enforcement.py:255}}
Mar 10 04:19:21.569397 dv-cinder-778193-25-smb neutron-server[103751]: INFO neutron.wsgi [req-2d59416b-d2bb-414b-ae91-2d93f7c417ab req-b87e3a02-ca90-42f4-9449-2143419c3c0c service neutron] 10.222.0.37 "GET /v2.0/ports?device_id=976fff38-a1a0-4cef-89e1-fb34ef8001fe HTTP/1.1" status: 200 len: 1129 time: 0.1096284
Mar 10 04:19:21.593261 dv-cinder-778193-25-smb neutron-server[103751]: DEBUG neutron.pecan_wsgi.hooks.policy_enforcement [req-bce2995c-3c41-4c50-9392-03fa91ec6ce6 req-2da2a2ff-1a70-4fc8-84a1-f15e3b1f83fe tempest-AttachVolumeNegativeTest-322885533 tempest-AttachVolumeNegativeTest-322885533-project] Attributes excluded by policy engine: ['standard_attr_id', 'binding:profile', 'binding:host_id', 'binding:vif_type', 'binding:vif_details'] {{(pid=103751) _exclude_attributes_by_policy /opt/stack/neutron/neutron/pecan_wsgi/hooks/policy_enforcement.py:255}}
Mar 10 04:19:21.594788 dv-cinder-778193-25-smb neutron-server[103751]: INFO neutron.wsgi [req-bce2995c-3c41-4c50-9392-03fa91ec6ce6 req-2da2a2ff-1a70-4fc8-84a1-f15e3b1f83fe tempest-AttachVolumeNegativeTest-322885533 tempest-AttachVolumeNegativeTest-322885533-project] 10.222.0.32 "GET /v2.0/ports?device_id=4106be83-c4cc-47fc-9910-ac094b31c8d1 HTTP/1.1" status: 200 len: 945 time: 0.1039588
Mar 10 04:19:21.603194 dv-cinder-778193-25-smb neutron-server[103751]: DEBUG neutron.pecan_wsgi.hooks.policy_enforcement [req-eadb967b-f2bf-4542-aca0-4ce31aa9c0f9 req-92d6300c-f7ce-4c5e-a54f-d8023fcb19b8 service neutron] Attributes excluded by policy engine: ['standard_attr_id'] {{(pid=103751) _exclude_attributes_by_policy /opt/stack/neutron/neutron/pecan_wsgi/hooks/policy_enforcement.py:255}}
Mar 10 04:19:21.604345 dv-cinder-778193-25-smb neutron-server[103752]: DEBUG neutron.wsgi [-] (103752) accepted ('10.222.0.32', 55294) {{(pid=103752) server /usr/local/lib/python3.8/dist-packages/eventlet/wsgi.py:1004}}
Mar 10 04:19:21.604716 dv-cinder-778193-25-smb neutron-server[103751]: INFO neutron.wsgi [req-eadb967b-f2bf-4542-aca0-4ce31aa9c0f9 req-92d6300c-f7ce-4c5e-a54f-d8023fcb19b8 service neutron] 10.222.0.37 "GET /v2.0/ports?device_id=62540604-ae17-4038-a123-876af300bed6 HTTP/1.1" status: 200 len: 1129 time: 0.0833025
Mar 10 04:19:21.609320 dv-cinder-778193-25-smb neutron-server[103752]: DEBUG neutron.api.v2.base [None req-1f56a5d3-dace-4c9d-8116-e7097f7b5f22 tempest-AttachVolumeNegativeTest-322885533 tempest-AttachVolumeNegativeTest-322885533-project] Request body: {'floatingip': {'port_id': '29d3e9fb-a2f8-45e3-9b69-d5061ec5c32c'}} {{(pid=103752) prepare_request_body /opt/stack/neutron/neutron/api/v2/base.py:729}}
Mar 10 04:19:21.666307 dv-cinder-778193-25-smb neutron-server[103751]: INFO neutron.wsgi [req-2d59416b-d2bb-414b-ae91-2d93f7c417ab req-9890d6b9-8f9a-4361-8369-5eb164d6a3ff service neutron] 10.222.0.37 "GET /v2.0/security-groups?id=7244902c-873e-4cba-909d-83d3fbf3ce24&fields=id&fields=name HTTP/1.1" status: 200 len: 312 time: 0.0705194
Mar 10 04:19:21.696224 dv-cinder-778193-25-smb neutron-server[103751]: INFO neutron.wsgi [req-eadb967b-f2bf-4542-aca0-4ce31aa9c0f9 req-d01e314a-bc70-40c1-9968-c549ab103003 service neutron] 10.222.0.37 "GET /v2.0/security-groups?id=2237968f-68fe-41a4-a5f7-3ce736603134&fields=id&fields=name HTTP/1.1" status: 200 len: 313 time: 0.0791018
Mar 10 04:19:21.721976 dv-cinder-778193-25-smb neutron-server[103752]: DEBUG neutron_lib.callbacks.manager [None req-1f56a5d3-dace-4c9d-8116-e7097f7b5f22 tempest-AttachVolumeNegativeTest-322885533 tempest-AttachVolumeNegativeTest-322885533-project] Publish callbacks [] for floatingip (bd12f6b9-84ec-429f-a86e-d18f665662ce), before_update {{(pid=103752) _notify_loop /usr/local/lib/python3.8/dist-packages/neutron_lib/callbacks/manager.py:176}}
Mar 10 04:19:21.776763 dv-cinder-778193-25-smb neutron-server[103751]: DEBUG neutron.pecan_wsgi.hooks.policy_enforcement [req-8e829436-e1e2-41a0-9aac-2e187272027d req-4eaea9a4-d19f-495e-b5b0-a730b7f66527 tempest-ServerRescueNegativeTestJSON-744402176 tempest-ServerRescueNegativeTestJSON-744402176-project] Attributes excluded by policy engine: ['standard_attr_id', 'binding:profile', 'binding:host_id', 'binding:vif_type', 'binding:vif_details'] {{(pid=103751) _exclude_attributes_by_policy /opt/stack/neutron/neutron/pecan_wsgi/hooks/policy_enforcement.py:255}}
Mar 10 04:19:21.778422 dv-cinder-778193-25-smb neutron-server[103751]: INFO neutron.wsgi [req-8e829436-e1e2-41a0-9aac-2e187272027d req-4eaea9a4-d19f-495e-b5b0-a730b7f66527 tempest-ServerRescueNegativeTestJSON-744402176 tempest-ServerRescueNegativeTestJSON-744402176-project] 10.222.0.32 "GET /v2.0/ports?device_id=0568d53d-074d-4abb-9e2a-fa2613aad55d HTTP/1.1" status: 200 len: 945 time: 0.0693696
Mar 10 04:19:21.801469 dv-cinder-778193-25-smb neutron-server[103753]: DEBUG neutron_lib.callbacks.manager [None req-d87039bb-f1e2-43a4-a781-b1199b2f8050 None None] Publish callbacks ['neutron.services.segments.db._update_segment_host_mapping_for_agent-8743694350596', 'neutron.plugins.ml2.plugin.Ml2Plugin._retry_binding_revived_agents-1919942'] for agent (979412c2-9162-435e-bd88-e82ccc08eb9c), after_update {{(pid=103753) _notify_loop /usr/local/lib/python3.8/dist-packages/neutron_lib/callbacks/manager.py:176}}
Mar 10 04:19:21.856675 dv-cinder-778193-25-smb neutron-server[103751]: INFO neutron.wsgi [req-8e829436-e1e2-41a0-9aac-2e187272027d req-2c11d7e4-eb62-44fc-a373-9ea75e176b32 tempest-ServerRescueNegativeTestJSON-744402176 tempest-ServerRescueNegativeTestJSON-744402176-project] 10.222.0.32 "GET /v2.0/security-groups?id=cfd9add2-92eb-4960-af5a-86da77cbbe93&fields=id&fields=name HTTP/1.1" status: 200 len: 286 time: 0.0717092
Mar 10 04:19:21.865477 dv-cinder-778193-25-smb neutron-server[103752]: INFO neutron.wsgi [req-038cc62c-6eeb-47ca-90d9-a43958e659c9 req-2fa4a813-bdc1-447f-8299-f901cda22c90 service neutron] 10.222.0.37 "GET /v2.0/ports?device_id=9cee6b76-0abd-4ac3-ad82-fc0efeafeaaf&fields=binding%3Ahost_id&fields=binding%3Avif_type HTTP/1.1" status: 200 len: 275 time: 0.1836269
Mar 10 04:19:21.929356 dv-cinder-778193-25-smb neutron-server[103751]: DEBUG neutron.pecan_wsgi.hooks.policy_enforcement [req-ca2b389d-05d0-4225-b433-ade63cbef658 req-c1f1b9a8-061f-448b-9e1a-4f7f3a3a092a tempest-AttachVolumeShelveTestJSON-435676789 tempest-AttachVolumeShelveTestJSON-435676789-project] Attributes excluded by policy engine: ['standard_attr_id', 'binding:profile', 'binding:host_id', 'binding:vif_type', 'binding:vif_details'] {{(pid=103751) _exclude_attributes_by_policy /opt/stack/neutron/neutron/pecan_wsgi/hooks/policy_enforcement.py:255}}
Mar 10 04:19:21.931181 dv-cinder-778193-25-smb neutron-server[103751]: INFO neutron.wsgi [req-ca2b389d-05d0-4225-b433-ade63cbef658 req-c1f1b9a8-061f-448b-9e1a-4f7f3a3a092a tempest-AttachVolumeShelveTestJSON-435676789 tempest-AttachVolumeShelveTestJSON-435676789-project] 10.222.0.32 "GET /v2.0/ports?device_id=976fff38-a1a0-4cef-89e1-fb34ef8001fe HTTP/1.1" status: 200 len: 945 time: 0.0603654
Mar 10 04:19:22.042417 dv-cinder-778193-25-smb neutron-server[103751]: INFO neutron.wsgi [req-ca2b389d-05d0-4225-b433-ade63cbef658 req-d4f09500-6d6c-4088-bd22-e9aa946fb15d tempest-AttachVolumeShelveTestJSON-435676789 tempest-AttachVolumeShelveTestJSON-435676789-project] 10.222.0.32 "GET /v2.0/security-groups?id=7244902c-873e-4cba-909d-83d3fbf3ce24&fields=id&fields=name HTTP/1.1" status: 200 len: 312 time: 0.1025624
Mar 10 04:19:22.069511 dv-cinder-778193-25-smb neutron-server[103751]: DEBUG neutron.pecan_wsgi.hooks.policy_enforcement [req-f08a6a5b-75b9-4d2f-8e59-bb5b7b710ed0 req-ce312db5-c1a9-4047-a9dd-05aa1aa93fe9 tempest-AttachVolumeTestJSON-1934831204 tempest-AttachVolumeTestJSON-1934831204-project] Attributes excluded by policy engine: ['standard_attr_id', 'binding:profile', 'binding:host_id', 'binding:vif_type', 'binding:vif_details'] {{(pid=103751) _exclude_attributes_by_policy /opt/stack/neutron/neutron/pecan_wsgi/hooks/policy_enforcement.py:255}}
Mar 10 04:19:22.076310 dv-cinder-778193-25-smb neutron-server[103751]: INFO neutron.wsgi [req-f08a6a5b-75b9-4d2f-8e59-bb5b7b710ed0 req-ce312db5-c1a9-4047-a9dd-05aa1aa93fe9 tempest-AttachVolumeTestJSON-1934831204 tempest-AttachVolumeTestJSON-1934831204-project] 10.222.0.32 "GET /v2.0/ports?device_id=62540604-ae17-4038-a123-876af300bed6 HTTP/1.1" status: 200 len: 945 time: 0.0950410
Mar 10 04:19:22.143617 dv-cinder-778193-25-smb neutron-server[103751]: INFO neutron.wsgi [req-f08a6a5b-75b9-4d2f-8e59-bb5b7b710ed0 req-8cb4144c-d476-4fec-86ab-5dd6bfc3e767 tempest-AttachVolumeTestJSON-1934831204 tempest-AttachVolumeTestJSON-1934831204-project] 10.222.0.32 "GET /v2.0/security-groups?id=2237968f-68fe-41a4-a5f7-3ce736603134&fields=id&fields=name HTTP/1.1" status: 200 len: 313 time: 0.0615268
Mar 10 04:19:22.268196 dv-cinder-778193-25-smb neutron-server[103751]: INFO neutron.wsgi [req-656c592e-f747-40f8-8c57-da1f097440fc req-c80fd4aa-7ab4-481e-bb80-5105336384c7 tempest-DeleteServersTestJSON-1582319751 tempest-DeleteServersTestJSON-1582319751-project] 10.222.0.32 "GET /v2.0/ports?device_id=44fde513-51e7-4698-bd9d-d3e812356f19 HTTP/1.1" status: 200 len: 210 time: 0.0298541
Mar 10 04:19:22.442535 dv-cinder-778193-25-smb neutron-server[103753]: DEBUG neutron.plugins.ml2.rpc [None req-d87039bb-f1e2-43a4-a781-b1199b2f8050 None None] Device b77b8d32-237d-4633-9a97-5e40ba41c88f no longer exists at agent hyperv_hv-cinder-77819 {{(pid=103753) update_device_down /opt/stack/neutron/neutron/plugins/ml2/rpc.py:259}}
Mar 10 04:19:22.461437 dv-cinder-778193-25-smb neutron-server[103753]: DEBUG neutron.plugins.ml2.plugin [None req-d87039bb-f1e2-43a4-a781-b1199b2f8050 None None] No Port match for: b77b8d32-237d-4633-9a97-5e40ba41c88f {{(pid=103753) port_bound_to_host /opt/stack/neutron/neutron/plugins/ml2/plugin.py:2316}}
Mar 10 04:19:22.461868 dv-cinder-778193-25-smb neutron-server[103753]: DEBUG neutron.plugins.ml2.rpc [None req-d87039bb-f1e2-43a4-a781-b1199b2f8050 None None] Device b77b8d32-237d-4633-9a97-5e40ba41c88f not bound to the agent host hv-cinder-77819 {{(pid=103753) update_device_down /opt/stack/neutron/neutron/plugins/ml2/rpc.py:269}}
Mar 10 04:19:22.493372 dv-cinder-778193-25-smb neutron-server[103752]: DEBUG neutron.pecan_wsgi.hooks.policy_enforcement [req-038cc62c-6eeb-47ca-90d9-a43958e659c9 req-51726063-220a-45fb-ba48-ca6c5aed1520 service neutron] Attributes excluded by policy engine: ['standard_attr_id'] {{(pid=103752) _exclude_attributes_by_policy /opt/stack/neutron/neutron/pecan_wsgi/hooks/policy_enforcement.py:255}}
Mar 10 04:19:22.494884 dv-cinder-778193-25-smb neutron-server[103752]: INFO neutron.wsgi [req-038cc62c-6eeb-47ca-90d9-a43958e659c9 req-51726063-220a-45fb-ba48-ca6c5aed1520 service neutron] 10.222.0.37 "GET /v2.0/ports?tenant_id=4a456c498bf54f33adb6e4c66eac186f&device_id=9cee6b76-0abd-4ac3-ad82-fc0efeafeaaf HTTP/1.1" status: 200 len: 1130 time: 0.1493411
Mar 10 04:19:22.605992 dv-cinder-778193-25-smb neutron-server[103752]: DEBUG neutron_lib.callbacks.manager [None req-1f56a5d3-dace-4c9d-8116-e7097f7b5f22 tempest-AttachVolumeNegativeTest-322885533 tempest-AttachVolumeNegativeTest-322885533-project] Publish callbacks [] for floatingip (None), precommit_update {{(pid=103752) _notify_loop /usr/local/lib/python3.8/dist-packages/neutron_lib/callbacks/manager.py:176}}
Mar 10 04:19:22.664021 dv-cinder-778193-25-smb neutron-server[103752]: DEBUG neutron.pecan_wsgi.hooks.policy_enforcement [req-038cc62c-6eeb-47ca-90d9-a43958e659c9 req-a909a350-0571-4cc3-b383-726ba1aa60cc service neutron] Attributes excluded by policy engine: ['standard_attr_id', 'vlan_transparent'] {{(pid=103752) _exclude_attributes_by_policy /opt/stack/neutron/neutron/pecan_wsgi/hooks/policy_enforcement.py:255}}
Mar 10 04:19:22.668877 dv-cinder-778193-25-smb neutron-server[103752]: INFO neutron.wsgi [req-038cc62c-6eeb-47ca-90d9-a43958e659c9 req-a909a350-0571-4cc3-b383-726ba1aa60cc service neutron] 10.222.0.37 "GET /v2.0/networks?id=3c824b73-29d5-44ab-8710-f8c19c2d8124 HTTP/1.1" status: 200 len: 920 time: 0.1325808
Mar 10 04:19:22.668877 dv-cinder-778193-25-smb neutron-server[103752]: DEBUG neutron_lib.callbacks.manager [None req-1f56a5d3-dace-4c9d-8116-e7097f7b5f22 tempest-AttachVolumeNegativeTest-322885533 tempest-AttachVolumeNegativeTest-322885533-project] Publish callbacks ['neutron.services.l3_router.l3_router_plugin.DVRResourceOperationHandler._create_dvr_floating_gw_port-637068'] for floatingip (bd12f6b9-84ec-429f-a86e-d18f665662ce), after_update {{(pid=103752) _notify_loop /usr/local/lib/python3.8/dist-packages/neutron_lib/callbacks/manager.py:176}}
Mar 10 04:19:22.756107 dv-cinder-778193-25-smb neutron-server[103753]: DEBUG neutron_lib.callbacks.manager [None req-7b084c1c-56f3-4c2d-8707-b580af9fe703 None None] Publish callbacks ['neutron.services.segments.db._update_segment_host_mapping_for_agent-8743694350596', 'neutron.plugins.ml2.plugin.Ml2Plugin._retry_binding_revived_agents-1919942'] for agent (28715a9d-e93d-4aa5-b6f4-529c2491904f), after_update {{(pid=103753) _notify_loop /usr/local/lib/python3.8/dist-packages/neutron_lib/callbacks/manager.py:176}}
