Mar 07 16:57:58.714048 dv-cinder-778193-24-iscsi devstack@n-api.service[102939]: [pid: 102939|app: 0|req: 11/23] 10.222.0.52 () {64 vars in 1332 bytes} [Mon Mar 7 16:57:58 2022] POST /compute/v2.1/flavors/1/os-extra_specs => generated 43 bytes in 82 msecs (HTTP/1.1 200) 9 headers in 358 bytes (1 switches on core 0)
Mar 07 16:58:01.491122 dv-cinder-778193-24-iscsi devstack@n-api.service[102938]: DEBUG nova.api.openstack.wsgi [None req-b6859f73-65b7-4b98-818a-1f10bd09fb8a admin admin] Calling method '>' {{(pid=102938) _process_stack /opt/stack/nova/nova/api/openstack/wsgi.py:513}}
Mar 07 16:58:01.492820 dv-cinder-778193-24-iscsi devstack@n-api.service[102938]: INFO nova.api.openstack.requestlog [None req-b6859f73-65b7-4b98-818a-1f10bd09fb8a admin admin] 10.222.0.52 "GET /compute/v2.1" status: 200 len: 388 microversion: 2.1 time: 0.002160
Mar 07 16:58:01.493223 dv-cinder-778193-24-iscsi devstack@n-api.service[102938]: [pid: 102938|app: 0|req: 13/24] 10.222.0.52 () {54 vars in 930 bytes} [Mon Mar 7 16:58:01 2022] GET /compute/v2.1 => generated 388 bytes in 3 msecs (HTTP/1.1 200) 9 headers in 357 bytes (1 switches on core 0)
Mar 07 16:58:01.554901 dv-cinder-778193-24-iscsi devstack@n-api.service[102939]: DEBUG nova.api.openstack.wsgi [None req-ac84b372-635b-4142-8292-2e91ccc87b4d admin admin] Action: 'create', calling method: >, body: {"flavor": {"OS-FLV-EXT-DATA:ephemeral": 0, "swap": 0, "os-flavor-access:is_public": true, "rxtx_factor": 1.0, "ram": 2048, "vcpus": 1, "id": "2", "disk": 20, "name": "m1.small"}} {{(pid=102939) _process_stack /opt/stack/nova/nova/api/openstack/wsgi.py:511}}
Mar 07 16:58:01.659621 dv-cinder-778193-24-iscsi devstack@n-api.service[102939]: INFO nova.api.openstack.requestlog [None req-ac84b372-635b-4142-8292-2e91ccc87b4d admin admin] 10.222.0.52 "POST /compute/v2.1/flavors" status: 200 len: 405 microversion: 2.61 time: 0.160038
Mar 07 16:58:01.660179 dv-cinder-778193-24-iscsi devstack@n-api.service[102939]: [pid: 102939|app: 0|req: 12/25] 10.222.0.52 () {64 vars in 1282 bytes} [Mon Mar 7 16:58:01 2022] POST /compute/v2.1/flavors => generated 405 bytes in 161 msecs (HTTP/1.1 200) 9 headers in 359 bytes (1 switches on core 0)
Mar 07 16:58:01.672062 dv-cinder-778193-24-iscsi devstack@n-api.service[102938]: DEBUG nova.api.openstack.wsgi [None req-261c9d0e-fbec-4ab7-83ed-867c48be578f admin admin] Action: 'create', calling method: >, body: {"extra_specs": {"hw_rng:allowed": "True"}} {{(pid=102938) _process_stack /opt/stack/nova/nova/api/openstack/wsgi.py:511}}
Mar 07 16:58:01.749529 dv-cinder-778193-24-iscsi devstack@n-api.service[102938]: INFO nova.api.openstack.requestlog [None req-261c9d0e-fbec-4ab7-83ed-867c48be578f admin admin] 10.222.0.52 "POST /compute/v2.1/flavors/2/os-extra_specs" status: 200 len: 43 microversion: 2.61 time: 0.080878
Mar 07 16:58:01.750169 dv-cinder-778193-24-iscsi devstack@n-api.service[102938]: [pid: 102938|app: 0|req: 14/26] 10.222.0.52 () {64 vars in 1332 bytes} [Mon Mar 7 16:58:01 2022] POST /compute/v2.1/flavors/2/os-extra_specs => generated 43 bytes in 83 msecs (HTTP/1.1 200) 9 headers in 358 bytes (1 switches on core 0)
Mar 07 16:58:04.156493 dv-cinder-778193-24-iscsi devstack@n-api.service[102939]: DEBUG nova.api.openstack.wsgi [None req-ac84b372-635b-4142-8292-2e91ccc87b4d admin admin] Calling method '>' {{(pid=102939) _process_stack /opt/stack/nova/nova/api/openstack/wsgi.py:513}}
Mar 07 16:58:04.157496 dv-cinder-778193-24-iscsi devstack@n-api.service[102939]: INFO nova.api.openstack.requestlog [None req-ac84b372-635b-4142-8292-2e91ccc87b4d admin admin] 10.222.0.52 "GET /compute/v2.1" status: 200 len: 388 microversion: 2.1 time: 0.001649
Mar 07 16:58:04.157916 dv-cinder-778193-24-iscsi devstack@n-api.service[102939]: [pid: 102939|app: 0|req: 13/27] 10.222.0.52 () {54 vars in 930 bytes} [Mon Mar 7 16:58:04 2022] GET /compute/v2.1 => generated 388 bytes in 3 msecs (HTTP/1.1 200) 9 headers in 357 bytes (1 switches on core 0)
Mar 07 16:58:04.218963 dv-cinder-778193-24-iscsi devstack@n-api.service[102938]: DEBUG nova.api.openstack.wsgi [None req-0f1785ea-2c81-45d0-b2b2-e409ab6d1862 admin admin] Action: 'create', calling method: >, body: {"flavor": {"vcpus": 2, "id": "3", "name": "m1.medium", "ram": 4096, "OS-FLV-EXT-DATA:ephemeral": 0, "os-flavor-access:is_public": true, "swap": 0, "disk": 40, "rxtx_factor": 1.0}} {{(pid=102938) _process_stack /opt/stack/nova/nova/api/openstack/wsgi.py:511}}
Mar 07 16:58:04.294436 dv-cinder-778193-24-iscsi devstack@n-api.service[102938]: INFO nova.api.openstack.requestlog [None req-0f1785ea-2c81-45d0-b2b2-e409ab6d1862 admin admin] 10.222.0.52 "POST /compute/v2.1/flavors" status: 200 len: 406 microversion: 2.61 time: 0.130126
Mar 07 16:58:04.295557 dv-cinder-778193-24-iscsi devstack@n-api.service[102938]: [pid: 102938|app: 0|req: 15/28] 10.222.0.52 () {64 vars in 1282 bytes} [Mon Mar 7 16:58:04 2022] POST /compute/v2.1/flavors => generated 406 bytes in 131 msecs (HTTP/1.1 200) 9 headers in 359 bytes (1 switches on core 0)
Mar 07 16:58:04.307298 dv-cinder-778193-24-iscsi devstack@n-api.service[102939]: DEBUG nova.api.openstack.wsgi [None req-ef5b7c49-e0c8-469a-92f0-080d4359cc6f admin admin] Action: 'create', calling method: >, body: {"extra_specs": {"hw_rng:allowed": "True"}} {{(pid=102939) _process_stack /opt/stack/nova/nova/api/openstack/wsgi.py:511}}
Mar 07 16:58:04.378080 dv-cinder-778193-24-iscsi devstack@n-api.service[102939]: INFO nova.api.openstack.requestlog [None req-ef5b7c49-e0c8-469a-92f0-080d4359cc6f admin admin] 10.222.0.52 "POST /compute/v2.1/flavors/3/os-extra_specs" status: 200 len: 43 microversion: 2.61 time: 0.074483
Mar 07 16:58:04.378881 dv-cinder-778193-24-iscsi devstack@n-api.service[102939]: [pid: 102939|app: 0|req: 14/29] 10.222.0.52 () {64 vars in 1332 bytes} [Mon Mar 7 16:58:04 2022] POST /compute/v2.1/flavors/3/os-extra_specs => generated 43 bytes in 76 msecs (HTTP/1.1 200) 9 headers in 358 bytes (1 switches on core 0)
Mar 07 16:58:07.076481 dv-cinder-778193-24-iscsi devstack@n-api.service[102938]: DEBUG nova.api.openstack.wsgi [None req-0f1785ea-2c81-45d0-b2b2-e409ab6d1862 admin admin] Calling method '>' {{(pid=102938) _process_stack /opt/stack/nova/nova/api/openstack/wsgi.py:513}}
Mar 07 16:58:07.078035 dv-cinder-778193-24-iscsi devstack@n-api.service[102938]: INFO nova.api.openstack.requestlog [None req-0f1785ea-2c81-45d0-b2b2-e409ab6d1862 admin admin] 10.222.0.52 "GET /compute/v2.1" status: 200 len: 388 microversion: 2.1 time: 0.001858
Mar 07 16:58:07.078564 dv-cinder-778193-24-iscsi devstack@n-api.service[102938]: [pid: 102938|app: 0|req: 16/30] 10.222.0.52 () {54 vars in 930 bytes} [Mon Mar 7 16:58:07 2022] GET /compute/v2.1 => generated 388 bytes in 3 msecs (HTTP/1.1 200) 9 headers in 357 bytes (1 switches on core 0)
Mar 07 16:58:07.160159 dv-cinder-778193-24-iscsi devstack@n-api.service[102939]: DEBUG nova.api.openstack.wsgi [None req-6feb0387-dc20-46ab-ad57-ae720811d70b admin admin] Action: 'create', calling method: >, body: {"flavor": {"os-flavor-access:is_public": true, "vcpus": 4, "ram": 8192, "name": "m1.large", "id": "4", "rxtx_factor": 1.0, "swap": 0, "disk": 80, "OS-FLV-EXT-DATA:ephemeral": 0}} {{(pid=102939) _process_stack /opt/stack/nova/nova/api/openstack/wsgi.py:511}}
Mar 07 16:58:07.535568 dv-cinder-778193-24-iscsi devstack@n-api.service[102939]: INFO nova.api.openstack.requestlog [None req-6feb0387-dc20-46ab-ad57-ae720811d70b admin admin] 10.222.0.52 "POST /compute/v2.1/flavors" status: 200 len: 405 microversion: 2.61 time: 0.449984
Mar 07 16:58:07.536729 dv-cinder-778193-24-iscsi devstack@n-api.service[102939]: [pid: 102939|app: 0|req: 15/31] 10.222.0.52 () {64 vars in 1282 bytes} [Mon Mar 7 16:58:07 2022] POST /compute/v2.1/flavors => generated 405 bytes in 452 msecs (HTTP/1.1 200) 9 headers in 359 bytes (1 switches on core 0)
Mar 07 16:58:07.551531 dv-cinder-778193-24-iscsi devstack@n-api.service[102938]: DEBUG nova.api.openstack.wsgi [None req-51934282-25a8-4a20-8ade-ffd3d0808259 admin admin] Action: 'create', calling method: >, body: {"extra_specs": {"hw_rng:allowed": "True"}} {{(pid=102938) _process_stack /opt/stack/nova/nova/api/openstack/wsgi.py:511}}
Mar 07 16:58:07.691941 dv-cinder-778193-24-iscsi devstack@n-api.service[102938]: INFO nova.api.openstack.requestlog [None req-51934282-25a8-4a20-8ade-ffd3d0808259 admin admin] 10.222.0.52 "POST /compute/v2.1/flavors/4/os-extra_specs" status: 200 len: 43 microversion: 2.61 time: 0.144900
Mar 07 16:58:07.692741 dv-cinder-778193-24-iscsi devstack@n-api.service[102938]: [pid: 102938|app: 0|req: 17/32] 10.222.0.52 () {64 vars in 1332 bytes} [Mon Mar 7 16:58:07 2022] POST /compute/v2.1/flavors/4/os-extra_specs => generated 43 bytes in 146 msecs (HTTP/1.1 200) 9 headers in 358 bytes (1 switches on core 0)
Mar 07 16:58:10.138792 dv-cinder-778193-24-iscsi devstack@n-api.service[102939]: DEBUG nova.api.openstack.wsgi [None req-6feb0387-dc20-46ab-ad57-ae720811d70b admin admin] Calling method '>' {{(pid=102939) _process_stack /opt/stack/nova/nova/api/openstack/wsgi.py:513}}
Mar 07 16:58:10.141091 dv-cinder-778193-24-iscsi devstack@n-api.service[102939]: INFO nova.api.openstack.requestlog [None req-6feb0387-dc20-46ab-ad57-ae720811d70b admin admin] 10.222.0.52 "GET /compute/v2.1" status: 200 len: 388 microversion: 2.1 time: 0.002117
Mar 07 16:58:10.142535 dv-cinder-778193-24-iscsi devstack@n-api.service[102939]: [pid: 102939|app: 0|req: 16/33] 10.222.0.52 () {54 vars in 930 bytes} [Mon Mar 7 16:58:10 2022] GET /compute/v2.1 => generated 388 bytes in 5 msecs (HTTP/1.1 200) 9 headers in 357 bytes (1 switches on core 0)
Mar 07 16:58:10.209853 dv-cinder-778193-24-iscsi devstack@n-api.service[102938]: DEBUG nova.api.openstack.wsgi [None req-8fd442c2-ea1a-4173-b2b5-65252a7a7f4b admin admin] Action: 'create', calling method: >, body: {"flavor": {"rxtx_factor": 1.0, "vcpus": 8, "ram": 16384, "id": "5", "swap": 0, "os-flavor-access:is_public": true, "name": "m1.xlarge", "disk": 160, "OS-FLV-EXT-DATA:ephemeral": 0}} {{(pid=102938) _process_stack /opt/stack/nova/nova/api/openstack/wsgi.py:511}}
Mar 07 16:58:10.266150 dv-cinder-778193-24-iscsi devstack@n-api.service[102938]: INFO nova.api.openstack.requestlog [None req-8fd442c2-ea1a-4173-b2b5-65252a7a7f4b admin admin] 10.222.0.52 "POST /compute/v2.1/flavors" status: 200 len: 408 microversion: 2.61 time: 0.118969
Mar 07 16:58:10.266748 dv-cinder-778193-24-iscsi devstack@n-api.service[102938]: [pid: 102938|app: 0|req: 18/34] 10.222.0.52 () {64 vars in 1282 bytes} [Mon Mar 7 16:58:10 2022] POST /compute/v2.1/flavors => generated 408 bytes in 120 msecs (HTTP/1.1 200) 9 headers in 359 bytes (1 switches on core 0)
Mar 07 16:58:10.279230 dv-cinder-778193-24-iscsi devstack@n-api.service[102939]: DEBUG nova.api.openstack.wsgi [None req-4e1360c3-0854-40fb-8e90-175b79b0ee73 admin admin] Action: 'create', calling method: >, body: {"extra_specs": {"hw_rng:allowed": "True"}} {{(pid=102939) _process_stack /opt/stack/nova/nova/api/openstack/wsgi.py:511}}
Mar 07 16:58:10.590387 dv-cinder-778193-24-iscsi devstack@n-api.service[102939]: INFO nova.api.openstack.requestlog [None req-4e1360c3-0854-40fb-8e90-175b79b0ee73 admin admin] 10.222.0.52 "POST /compute/v2.1/flavors/5/os-extra_specs" status: 200 len: 43 microversion: 2.61 time: 0.315213
Mar 07 16:58:10.591782 dv-cinder-778193-24-iscsi devstack@n-api.service[102939]: [pid: 102939|app: 0|req: 17/35] 10.222.0.52 () {64 vars in 1332 bytes} [Mon Mar 7 16:58:10 2022] POST /compute/v2.1/flavors/5/os-extra_specs => generated 43 bytes in 317 msecs (HTTP/1.1 200) 9 headers in 358 bytes (1 switches on core 0)
Mar 07 16:58:32.679937 dv-cinder-778193-24-iscsi devstack@n-api.service[102938]: DEBUG nova.api.openstack.wsgi [None req-8fd442c2-ea1a-4173-b2b5-65252a7a7f4b admin admin] Calling method '>' {{(pid=102938) _process_stack /opt/stack/nova/nova/api/openstack/wsgi.py:513}}
Mar 07 16:58:32.680957 dv-cinder-778193-24-iscsi devstack@n-api.service[102938]: INFO nova.api.openstack.requestlog [None req-8fd442c2-ea1a-4173-b2b5-65252a7a7f4b admin admin] 10.222.0.52 "GET /compute/v2.1" status: 200 len: 388 microversion: 2.1 time: 0.001487
Mar 07 16:58:32.681375 dv-cinder-778193-24-iscsi devstack@n-api.service[102938]: [pid: 102938|app: 0|req: 19/36] 10.222.0.52 () {54 vars in 930 bytes} [Mon Mar 7 16:58:32 2022] GET /compute/v2.1 => generated 388 bytes in 2 msecs (HTTP/1.1 200) 9 headers in 357 bytes (1 switches on core 0)
Mar 07 16:58:32.742390 dv-cinder-778193-24-iscsi devstack@n-api.service[102939]: DEBUG nova.api.openstack.wsgi [None req-8405046f-2d9b-4f39-b446-dd42abd78367 admin admin] Calling method '>' {{(pid=102939) _process_stack /opt/stack/nova/nova/api/openstack/wsgi.py:513}}
Mar 07 16:58:32.759170 dv-cinder-778193-24-iscsi devstack@n-api.service[102939]: INFO nova.api.openstack.requestlog [None req-8405046f-2d9b-4f39-b446-dd42abd78367 admin admin] 10.222.0.52 "GET /compute/v2.1/flavors/detail?is_public=True" status: 200 len: 4202 microversion: 2.61 time: 0.070220
Mar 07 16:58:32.759704 dv-cinder-778193-24-iscsi devstack@n-api.service[102939]: [pid: 102939|app: 0|req: 18/37] 10.222.0.52 () {60 vars in 1291 bytes} [Mon Mar 7 16:58:32 2022] GET /compute/v2.1/flavors/detail?is_public=True => generated 4202 bytes in 72 msecs (HTTP/1.1 200) 9 headers in 360 bytes (1 switches on core 0)
Mar 07 16:58:34.196547 dv-cinder-778193-24-iscsi devstack@n-api.service[102938]: DEBUG nova.api.openstack.wsgi [None req-8fd442c2-ea1a-4173-b2b5-65252a7a7f4b admin admin] Calling method '>' {{(pid=102938) _process_stack /opt/stack/nova/nova/api/openstack/wsgi.py:513}}
Mar 07 16:58:34.197552 dv-cinder-778193-24-iscsi devstack@n-api.service[102938]: INFO nova.api.openstack.requestlog [None req-8fd442c2-ea1a-4173-b2b5-65252a7a7f4b admin admin] 10.222.0.52 "GET /compute/v2.1" status: 200 len: 388 microversion: 2.1 time: 0.001484
Mar 07 16:58:34.197950 dv-cinder-778193-24-iscsi devstack@n-api.service[102938]: [pid: 102938|app: 0|req: 20/38] 10.222.0.52 () {56 vars in 1074 bytes} [Mon Mar 7 16:58:34 2022] GET /compute/v2.1 => generated 388 bytes in 2 msecs (HTTP/1.1 200) 9 headers in 357 bytes (1 switches on core 0)
Mar 07 16:58:34.407171 dv-cinder-778193-24-iscsi devstack@n-api.service[102939]: DEBUG nova.api.openstack.wsgi [None req-b773c47d-89f8-4730-b25f-cfaaaca7295e admin admin] Calling method '>' {{(pid=102939) _process_stack /opt/stack/nova/nova/api/openstack/wsgi.py:513}}
Mar 07 16:58:34.412783 dv-cinder-778193-24-iscsi devstack@n-api.service[102939]: INFO nova.api.openstack.wsgi [None req-b773c47d-89f8-4730-b25f-cfaaaca7295e admin admin] HTTP exception thrown: Flavor 42 could not be found.
Mar 07 16:58:34.413369 dv-cinder-778193-24-iscsi devstack@n-api.service[102939]: DEBUG nova.api.openstack.wsgi [None req-b773c47d-89f8-4730-b25f-cfaaaca7295e admin admin] Returning 404 to user: Flavor 42 could not be found. {{(pid=102939) __call__ /opt/stack/nova/nova/api/openstack/wsgi.py:936}}
Mar 07 16:58:34.414188 dv-cinder-778193-24-iscsi devstack@n-api.service[102939]: INFO nova.api.openstack.requestlog [None req-b773c47d-89f8-4730-b25f-cfaaaca7295e admin admin] 10.222.0.52 "GET /compute/v2.1/flavors/42" status: 404 len: 75 microversion: 2.90 time: 0.060392
Mar 07 16:58:34.414753 dv-cinder-778193-24-iscsi devstack@n-api.service[102939]: [pid: 102939|app: 0|req: 19/39] 10.222.0.52 () {60 vars in 1190 bytes} [Mon Mar 7 16:58:34 2022] GET /compute/v2.1/flavors/42 => generated 75 bytes in 62 msecs (HTTP/1.1 404) 9 headers in 380 bytes (1 switches on core 0)
Mar 07 16:58:34.425258 dv-cinder-778193-24-iscsi devstack@n-api.service[102938]: DEBUG nova.api.openstack.wsgi [None req-55fb0c0c-5c6b-4203-833f-1a3064abfac4 admin admin] Calling method '>' {{(pid=102938) _process_stack /opt/stack/nova/nova/api/openstack/wsgi.py:513}}
Mar 07 16:58:34.447252 dv-cinder-778193-24-iscsi devstack@n-api.service[102938]: INFO nova.api.openstack.requestlog [None req-55fb0c0c-5c6b-4203-833f-1a3064abfac4 admin admin] 10.222.0.52 "GET /compute/v2.1/flavors?is_public=None" status: 200 len: 2056 microversion: 2.90 time: 0.025515
Mar 07 16:58:34.447823 dv-cinder-778193-24-iscsi devstack@n-api.service[102938]: [pid: 102938|app: 0|req: 21/40] 10.222.0.52 () {60 vars in 1210 bytes} [Mon Mar 7 16:58:34 2022] GET /compute/v2.1/flavors?is_public=None => generated 2056 bytes in 28 msecs (HTTP/1.1 200) 9 headers in 360 bytes (1 switches on core 0)
Mar 07 16:58:34.458359 dv-cinder-778193-24-iscsi devstack@n-api.service[102939]: DEBUG nova.api.openstack.wsgi [None req-d64c727b-1ca3-458b-8e8e-1ad579effa05 admin admin] Calling method '>' {{(pid=102939) _process_stack /opt/stack/nova/nova/api/openstack/wsgi.py:513}}
Mar 07 16:58:34.481191 dv-cinder-778193-24-iscsi devstack@n-api.service[102939]: INFO nova.api.openstack.requestlog [None req-d64c727b-1ca3-458b-8e8e-1ad579effa05 admin admin] 10.222.0.52 "GET /compute/v2.1/flavors?is_public=None" status: 200 len: 2056 microversion: 2.90 time: 0.026521
Mar 07 16:58:34.481757 dv-cinder-778193-24-iscsi devstack@n-api.service[102939]: [pid: 102939|app: 0|req: 20/41] 10.222.0.52 () {60 vars in 1210 bytes} [Mon Mar 7 16:58:34 2022] GET /compute/v2.1/flavors?is_public=None => generated 2056 bytes in 28 msecs (HTTP/1.1 200) 9 headers in 360 bytes (1 switches on core 0)
Mar 07 16:58:34.491999 dv-cinder-778193-24-iscsi devstack@n-api.service[102938]: DEBUG nova.api.openstack.wsgi [None req-8477c1d2-d86d-47b8-a9a0-5eb563de52e7 admin admin] Calling method '>' {{(pid=102938) _process_stack /opt/stack/nova/nova/api/openstack/wsgi.py:513}}
Mar 07 16:58:34.497654 dv-cinder-778193-24-iscsi devstack@n-api.service[102938]: INFO nova.api.openstack.wsgi [None req-8477c1d2-d86d-47b8-a9a0-5eb563de52e7 admin admin] HTTP exception thrown: Flavor 42 could not be found.
Mar 07 16:58:34.499171 dv-cinder-778193-24-iscsi devstack@n-api.service[102938]: DEBUG nova.api.openstack.wsgi [None req-8477c1d2-d86d-47b8-a9a0-5eb563de52e7 admin admin] Returning 404 to user: Flavor 42 could not be found. {{(pid=102938) __call__ /opt/stack/nova/nova/api/openstack/wsgi.py:936}}
Mar 07 16:58:34.499975 dv-cinder-778193-24-iscsi devstack@n-api.service[102938]: INFO nova.api.openstack.requestlog [None req-8477c1d2-d86d-47b8-a9a0-5eb563de52e7 admin admin] 10.222.0.52 "GET /compute/v2.1/flavors/42" status: 404 len: 75 microversion: 2.90 time: 0.011650
Mar 07 16:58:34.500506 dv-cinder-778193-24-iscsi devstack@n-api.service[102938]: [pid: 102938|app: 0|req: 22/42] 10.222.0.52 () {60 vars in 1190 bytes} [Mon Mar 7 16:58:34 2022] GET /compute/v2.1/flavors/42 => generated 75 bytes in 13 msecs (HTTP/1.1 404) 9 headers in 380 bytes (2 switches on core 0)
Mar 07 16:58:35.822167 dv-cinder-778193-24-iscsi devstack@n-api.service[102939]: DEBUG nova.api.openstack.wsgi [None req-d64c727b-1ca3-458b-8e8e-1ad579effa05 admin admin] Calling method '>' {{(pid=102939) _process_stack /opt/stack/nova/nova/api/openstack/wsgi.py:513}}
Mar 07 16:58:35.823432 dv-cinder-778193-24-iscsi devstack@n-api.service[102939]: INFO nova.api.openstack.requestlog [None req-d64c727b-1ca3-458b-8e8e-1ad579effa05 admin admin] 10.222.0.52 "GET /compute/v2.1" status: 200 len: 388 microversion: 2.1 time: 0.001746
Mar 07 16:58:35.823864 dv-cinder-778193-24-iscsi devstack@n-api.service[102939]: [pid: 102939|app: 0|req: 21/43] 10.222.0.52 () {56 vars in 1074 bytes} [Mon Mar 7 16:58:35 2022] GET /compute/v2.1 => generated 388 bytes in 3 msecs (HTTP/1.1 200) 9 headers in 357 bytes (1 switches on core 0)
Mar 07 16:58:36.019995 dv-cinder-778193-24-iscsi devstack@n-api.service[102938]: DEBUG nova.api.openstack.wsgi [None req-eaeff37f-f46c-4bc5-801c-03bc1e14ad78 admin admin] Calling method '>' {{(pid=102938) _process_stack /opt/stack/nova/nova/api/openstack/wsgi.py:513}}
Mar 07 16:58:36.025253 dv-cinder-778193-24-iscsi devstack@n-api.service[102938]: INFO nova.api.openstack.wsgi [None req-eaeff37f-f46c-4bc5-801c-03bc1e14ad78 admin admin] HTTP exception thrown: Flavor 84 could not be found.
Mar 07 16:58:36.025895 dv-cinder-778193-24-iscsi devstack@n-api.service[102938]: DEBUG nova.api.openstack.wsgi [None req-eaeff37f-f46c-4bc5-801c-03bc1e14ad78 admin admin] Returning 404 to user: Flavor 84 could not be found. {{(pid=102938) __call__ /opt/stack/nova/nova/api/openstack/wsgi.py:936}}
Mar 07 16:58:36.026696 dv-cinder-778193-24-iscsi devstack@n-api.service[102938]: INFO nova.api.openstack.requestlog [None req-eaeff37f-f46c-4bc5-801c-03bc1e14ad78 admin admin] 10.222.0.52 "GET /compute/v2.1/flavors/84" status: 404 len: 75 microversion: 2.90 time: 0.065234
Mar 07 16:58:36.027210 dv-cinder-778193-24-iscsi devstack@n-api.service[102938]: [pid: 102938|app: 0|req: 23/44] 10.222.0.52 () {60 vars in 1190 bytes} [Mon Mar 7 16:58:35 2022] GET /compute/v2.1/flavors/84 => generated 75 bytes in 66 msecs (HTTP/1.1 404) 9 headers in 380 bytes (1 switches on core 0)
Mar 07 16:58:36.037223 dv-cinder-778193-24-iscsi devstack@n-api.service[102939]: DEBUG nova.api.openstack.wsgi [None req-6a0e0846-2492-49e6-902b-4f148f491bd5 admin admin] Calling method '>' {{(pid=102939) _process_stack /opt/stack/nova/nova/api/openstack/wsgi.py:513}}
Mar 07 16:58:36.052370 dv-cinder-778193-24-iscsi devstack@n-api.service[102939]: INFO nova.api.openstack.requestlog [None req-6a0e0846-2492-49e6-902b-4f148f491bd5 admin admin] 10.222.0.52 "GET /compute/v2.1/flavors?is_public=None" status: 200 len: 2056 microversion: 2.90 time: 0.018564
Mar 07 16:58:36.052927 dv-cinder-778193-24-iscsi devstack@n-api.service[102939]: [pid: 102939|app: 0|req: 22/45] 10.222.0.52 () {60 vars in 1210 bytes} [Mon Mar 7 16:58:36 2022] GET /compute/v2.1/flavors?is_public=None => generated 2056 bytes in 20 msecs (HTTP/1.1 200) 9 headers in 360 bytes (2 switches on core 0)
Mar 07 16:58:36.063643 dv-cinder-778193-24-iscsi devstack@n-api.service[102938]: DEBUG nova.api.openstack.wsgi [None req-a0d0fb8e-c943-4799-847c-486a37cf2f35 admin admin] Calling method '>' {{(pid=102938) _process_stack /opt/stack/nova/nova/api/openstack/wsgi.py:513}}
Mar 07 16:58:36.077837 dv-cinder-778193-24-iscsi devstack@n-api.service[102938]: INFO nova.api.openstack.requestlog [None req-a0d0fb8e-c943-4799-847c-486a37cf2f35 admin admin] 10.222.0.52 "GET /compute/v2.1/flavors?is_public=None" status: 200 len: 2056 microversion: 2.90 time: 0.018732
Mar 07 16:58:36.078398 dv-cinder-778193-24-iscsi devstack@n-api.service[102938]: [pid: 102938|app: 0|req: 24/46] 10.222.0.52 () {60 vars in 1210 bytes} [Mon Mar 7 16:58:36 2022] GET /compute/v2.1/flavors?is_public=None => generated 2056 bytes in 20 msecs (HTTP/1.1 200) 9 headers in 360 bytes (2 switches on core 0)
Mar 07 16:58:36.087731 dv-cinder-778193-24-iscsi devstack@n-api.service[102939]: DEBUG nova.api.openstack.wsgi [None req-b1b3a489-bbf3-489e-84c8-74a03a70dc09 admin admin] Calling method '>' {{(pid=102939) _process_stack /opt/stack/nova/nova/api/openstack/wsgi.py:513}}
Mar 07 16:58:36.093169 dv-cinder-778193-24-iscsi devstack@n-api.service[102939]: INFO nova.api.openstack.wsgi [None req-b1b3a489-bbf3-489e-84c8-74a03a70dc09 admin admin] HTTP exception thrown: Flavor 84 could not be found.
Mar 07 16:58:36.093741 dv-cinder-778193-24-iscsi devstack@n-api.service[102939]: DEBUG nova.api.openstack.wsgi [None req-b1b3a489-bbf3-489e-84c8-74a03a70dc09 admin admin] Returning 404 to user: Flavor 84 could not be found. {{(pid=102939) __call__ /opt/stack/nova/nova/api/openstack/wsgi.py:936}}
Mar 07 16:58:36.094564 dv-cinder-778193-24-iscsi devstack@n-api.service[102939]: INFO nova.api.openstack.requestlog [None req-b1b3a489-bbf3-489e-84c8-74a03a70dc09 admin admin] 10.222.0.52 "GET /compute/v2.1/flavors/84" status: 404 len: 75 microversion: 2.90 time: 0.010439
Mar 07 16:58:36.095065 dv-cinder-778193-24-iscsi devstack@n-api.service[102939]: [pid: 102939|app: 0|req: 23/47] 10.222.0.52 () {60 vars in 1190 bytes} [Mon Mar 7 16:58:36 2022] GET /compute/v2.1/flavors/84 => generated 75 bytes in 11 msecs (HTTP/1.1 404) 9 headers in 380 bytes (2 switches on core 0)
Mar 07 16:58:37.390142 dv-cinder-778193-24-iscsi devstack@n-api.service[102938]: DEBUG nova.api.openstack.wsgi [None req-a0d0fb8e-c943-4799-847c-486a37cf2f35 admin admin] Calling method '>' {{(pid=102938) _process_stack /opt/stack/nova/nova/api/openstack/wsgi.py:513}}
Mar 07 16:58:37.391163 dv-cinder-778193-24-iscsi devstack@n-api.service[102938]: INFO nova.api.openstack.requestlog [None req-a0d0fb8e-c943-4799-847c-486a37cf2f35 admin admin] 10.222.0.52 "GET /compute/v2.1" status: 200 len: 388 microversion: 2.1 time: 0.001470
Mar 07 16:58:37.391560 dv-cinder-778193-24-iscsi devstack@n-api.service[102938]: [pid: 102938|app: 0|req: 25/48] 10.222.0.52 () {56 vars in 1074 bytes} [Mon Mar 7 16:58:37 2022] GET /compute/v2.1 => generated 388 bytes in 3 msecs (HTTP/1.1 200) 9 headers in 357 bytes (1 switches on core 0)
Mar 07 16:58:37.587898 dv-cinder-778193-24-iscsi devstack@n-api.service[102939]: DEBUG nova.api.openstack.wsgi [None req-8bc9f863-089f-4105-9122-37e7446bc4b0 admin admin] Calling method '>' {{(pid=102939) _process_stack /opt/stack/nova/nova/api/openstack/wsgi.py:513}}
Mar 07 16:58:37.594603 dv-cinder-778193-24-iscsi devstack@n-api.service[102939]: INFO nova.api.openstack.wsgi [None req-8bc9f863-089f-4105-9122-37e7446bc4b0 admin admin] HTTP exception thrown: Flavor 451 could not be found.
Mar 07 16:58:37.595195 dv-cinder-778193-24-iscsi devstack@n-api.service[102939]: DEBUG nova.api.openstack.wsgi [None req-8bc9f863-089f-4105-9122-37e7446bc4b0 admin admin] Returning 404 to user: Flavor 451 could not be found. {{(pid=102939) __call__ /opt/stack/nova/nova/api/openstack/wsgi.py:936}}
Mar 07 16:58:37.598006 dv-cinder-778193-24-iscsi devstack@n-api.service[102939]: INFO nova.api.openstack.requestlog [None req-8bc9f863-089f-4105-9122-37e7446bc4b0 admin admin] 10.222.0.52 "GET /compute/v2.1/flavors/451" status: 404 len: 76 microversion: 2.90 time: 0.067140
Mar 07 16:58:37.598006 dv-cinder-778193-24-iscsi devstack@n-api.service[102939]: [pid: 102939|app: 0|req: 24/49] 10.222.0.52 () {60 vars in 1193 bytes} [Mon Mar 7 16:58:37 2022] GET /compute/v2.1/flavors/451 => generated 76 bytes in 68 msecs (HTTP/1.1 404) 9 headers in 380 bytes (1 switches on core 0)
Mar 07 16:58:37.607340 dv-cinder-778193-24-iscsi devstack@n-api.service[102938]: DEBUG nova.api.openstack.wsgi [None req-8412b878-4495-4b3f-a438-81d0f6bd103e admin admin] Calling method '>' {{(pid=102938) _process_stack /opt/stack/nova/nova/api/openstack/wsgi.py:513}}
Mar 07 16:58:37.621040 dv-cinder-778193-24-iscsi devstack@n-api.service[102938]: INFO nova.api.openstack.requestlog [None req-8412b878-4495-4b3f-a438-81d0f6bd103e admin admin] 10.222.0.52 "GET /compute/v2.1/flavors?is_public=None" status: 200 len: 2056 microversion: 2.90 time: 0.017773
Mar 07 16:58:37.621615 dv-cinder-778193-24-iscsi devstack@n-api.service[102938]: [pid: 102938|app: 0|req: 26/50] 10.222.0.52 () {60 vars in 1210 bytes} [Mon Mar 7 16:58:37 2022] GET /compute/v2.1/flavors?is_public=None => generated 2056 bytes in 19 msecs (HTTP/1.1 200) 9 headers in 360 bytes (1 switches on core 0)
Mar 07 16:58:37.634134 dv-cinder-778193-24-iscsi devstack@n-api.service[102939]: DEBUG nova.api.openstack.wsgi [None req-1170cf0f-7146-4213-b520-266f90349a02 admin admin] Calling method '>' {{(pid=102939) _process_stack /opt/stack/nova/nova/api/openstack/wsgi.py:513}}
Mar 07 16:58:37.649212 dv-cinder-778193-24-iscsi devstack@n-api.service[102939]: INFO nova.api.openstack.requestlog [None req-1170cf0f-7146-4213-b520-266f90349a02 admin admin] 10.222.0.52 "GET /compute/v2.1/flavors?is_public=None" status: 200 len: 2056 microversion: 2.90 time: 0.020515
Mar 07 16:58:37.649762 dv-cinder-778193-24-iscsi devstack@n-api.service[102939]: [pid: 102939|app: 0|req: 25/51] 10.222.0.52 () {60 vars in 1210 bytes} [Mon Mar 7 16:58:37 2022] GET /compute/v2.1/flavors?is_public=None => generated 2056 bytes in 22 msecs (HTTP/1.1 200) 9 headers in 360 bytes (1 switches on core 0)
Mar 07 16:58:37.659187 dv-cinder-778193-24-iscsi devstack@n-api.service[102938]: DEBUG nova.api.openstack.wsgi [None req-e2e4c020-c521-41f4-908e-04008b3e7394 admin admin] Calling method '>' {{(pid=102938) _process_stack /opt/stack/nova/nova/api/openstack/wsgi.py:513}}
Mar 07 16:58:37.664422 dv-cinder-778193-24-iscsi devstack@n-api.service[102938]: INFO nova.api.openstack.wsgi [None req-e2e4c020-c521-41f4-908e-04008b3e7394 admin admin] HTTP exception thrown: Flavor 451 could not be found.
Mar 07 16:58:37.664977 dv-cinder-778193-24-iscsi devstack@n-api.service[102938]: DEBUG nova.api.openstack.wsgi [None req-e2e4c020-c521-41f4-908e-04008b3e7394 admin admin] Returning 404 to user: Flavor 451 could not be found. {{(pid=102938) __call__ /opt/stack/nova/nova/api/openstack/wsgi.py:936}}
Mar 07 16:58:37.665748 dv-cinder-778193-24-iscsi devstack@n-api.service[102938]: INFO nova.api.openstack.requestlog [None req-e2e4c020-c521-41f4-908e-04008b3e7394 admin admin] 10.222.0.52 "GET /compute/v2.1/flavors/451" status: 404 len: 76 microversion: 2.90 time: 0.010195
Mar 07 16:58:37.666235 dv-cinder-778193-24-iscsi devstack@n-api.service[102938]: [pid: 102938|app: 0|req: 27/52] 10.222.0.52 () {60 vars in 1193 bytes} [Mon Mar 7 16:58:37 2022] GET /compute/v2.1/flavors/451 => generated 76 bytes in 11 msecs (HTTP/1.1 404) 9 headers in 380 bytes (1 switches on core 0)
Mar 07 16:58:39.019834 dv-cinder-778193-24-iscsi devstack@n-api.service[102939]: DEBUG nova.api.openstack.wsgi [None req-1170cf0f-7146-4213-b520-266f90349a02 admin admin] Calling method '>' {{(pid=102939) _process_stack /opt/stack/nova/nova/api/openstack/wsgi.py:513}}
Mar 07 16:58:39.020880 dv-cinder-778193-24-iscsi devstack@n-api.service[102939]: INFO nova.api.openstack.requestlog [None req-1170cf0f-7146-4213-b520-266f90349a02 admin admin] 10.222.0.52 "GET /compute/v2.1" status: 200 len: 388 microversion: 2.1 time: 0.001464
Mar 07 16:58:39.021317 dv-cinder-778193-24-iscsi devstack@n-api.service[102939]: [pid: 102939|app: 0|req: 26/53] 10.222.0.52 () {56 vars in 1074 bytes} [Mon Mar 7 16:58:39 2022] GET /compute/v2.1 => generated 388 bytes in 2 msecs (HTTP/1.1 200) 9 headers in 357 bytes (1 switches on core 0)
Mar 07 16:58:39.220411 dv-cinder-778193-24-iscsi devstack@n-api.service[102938]: DEBUG nova.api.openstack.wsgi [None req-7f1073f0-5aa7-4ab1-96ee-b70b3ca72ef6 admin admin] Action: 'create', calling method: >, body: {"flavor": {"name": "m1.nano", "ram": 256, "vcpus": 1, "disk": 1, "id": "42", "swap": 0, "OS-FLV-EXT-DATA:ephemeral": 0, "rxtx_factor": 1.0, "os-flavor-access:is_public": true}} {{(pid=102938) _process_stack /opt/stack/nova/nova/api/openstack/wsgi.py:511}}
Mar 07 16:58:39.323610 dv-cinder-778193-24-iscsi devstack@n-api.service[102938]: INFO nova.api.openstack.requestlog [None req-7f1073f0-5aa7-4ab1-96ee-b70b3ca72ef6 admin admin] 10.222.0.52 "POST /compute/v2.1/flavors" status: 200 len: 404 microversion: 2.90 time: 0.161466
Mar 07 16:58:39.324082 dv-cinder-778193-24-iscsi devstack@n-api.service[102938]: [pid: 102938|app: 0|req: 28/54] 10.222.0.52 () {64 vars in 1235 bytes} [Mon Mar 7 16:58:39 2022] POST /compute/v2.1/flavors => generated 404 bytes in 163 msecs (HTTP/1.1 200) 9 headers in 359 bytes (2 switches on core 0)
Mar 07 16:58:40.645497 dv-cinder-778193-24-iscsi devstack@n-api.service[102939]: DEBUG nova.api.openstack.wsgi [None req-1170cf0f-7146-4213-b520-266f90349a02 admin admin] Calling method '>' {{(pid=102939) _process_stack /opt/stack/nova/nova/api/openstack/wsgi.py:513}}
Mar 07 16:58:40.646978 dv-cinder-778193-24-iscsi devstack@n-api.service[102939]: INFO nova.api.openstack.requestlog [None req-1170cf0f-7146-4213-b520-266f90349a02 admin admin] 10.222.0.52 "GET /compute/v2.1" status: 200 len: 388 microversion: 2.1 time: 0.002206
Mar 07 16:58:40.647672 dv-cinder-778193-24-iscsi devstack@n-api.service[102939]: [pid: 102939|app: 0|req: 27/55] 10.222.0.52 () {56 vars in 1074 bytes} [Mon Mar 7 16:58:40 2022] GET /compute/v2.1 => generated 388 bytes in 4 msecs (HTTP/1.1 200) 9 headers in 357 bytes (1 switches on core 0)
Mar 07 16:58:40.869705 dv-cinder-778193-24-iscsi devstack@n-api.service[102938]: DEBUG nova.api.openstack.wsgi [None req-9b6e9a72-40e7-482e-98e7-44f8e23c86af admin admin] Action: 'create', calling method: >, body: {"flavor": {"name": "m1.micro", "ram": 256, "vcpus": 1, "disk": 2, "id": "84", "swap": 0, "OS-FLV-EXT-DATA:ephemeral": 0, "rxtx_factor": 1.0, "os-flavor-access:is_public": true}} {{(pid=102938) _process_stack /opt/stack/nova/nova/api/openstack/wsgi.py:511}}
Mar 07 16:58:40.928416 dv-cinder-778193-24-iscsi devstack@n-api.service[102938]: INFO nova.api.openstack.requestlog [None req-9b6e9a72-40e7-482e-98e7-44f8e23c86af admin admin] 10.222.0.52 "POST /compute/v2.1/flavors" status: 200 len: 405 microversion: 2.90 time: 0.134470
Mar 07 16:58:40.928967 dv-cinder-778193-24-iscsi devstack@n-api.service[102938]: [pid: 102938|app: 0|req: 29/56] 10.222.0.52 () {64 vars in 1235 bytes} [Mon Mar 7 16:58:40 2022] POST /compute/v2.1/flavors => generated 405 bytes in 136 msecs (HTTP/1.1 200) 9 headers in 359 bytes (1 switches on core 0)
Mar 07 16:58:42.236381 dv-cinder-778193-24-iscsi devstack@n-api.service[102939]: DEBUG nova.api.openstack.wsgi [None req-1170cf0f-7146-4213-b520-266f90349a02 admin admin] Calling method '>' {{(pid=102939) _process_stack /opt/stack/nova/nova/api/openstack/wsgi.py:513}}
Mar 07 16:58:42.237388 dv-cinder-778193-24-iscsi devstack@n-api.service[102939]: INFO nova.api.openstack.requestlog [None req-1170cf0f-7146-4213-b520-266f90349a02 admin admin] 10.222.0.52 "GET /compute/v2.1" status: 200 len: 388 microversion: 2.1 time: 0.001450
Mar 07 16:58:42.237788 dv-cinder-778193-24-iscsi devstack@n-api.service[102939]: [pid: 102939|app: 0|req: 28/57] 10.222.0.52 () {56 vars in 1074 bytes} [Mon Mar 7 16:58:42 2022] GET /compute/v2.1 => generated 388 bytes in 2 msecs (HTTP/1.1 200) 9 headers in 357 bytes (1 switches on core 0)
Mar 07 16:58:42.441276 dv-cinder-778193-24-iscsi devstack@n-api.service[102938]: DEBUG nova.api.openstack.wsgi [None req-f7bb4f35-3399-46a7-aa9a-8d57c29fe99a admin admin] Action: 'create', calling method: >, body: {"flavor": {"name": "m1.heat", "ram": 512, "vcpus": 1, "disk": 1, "id": "451", "swap": 0, "OS-FLV-EXT-DATA:ephemeral": 0, "rxtx_factor": 1.0, "os-flavor-access:is_public": true}} {{(pid=102938) _process_stack /opt/stack/nova/nova/api/openstack/wsgi.py:511}}
Mar 07 16:58:42.522308 dv-cinder-778193-24-iscsi devstack@n-api.service[102938]: INFO nova.api.openstack.requestlog [None req-f7bb4f35-3399-46a7-aa9a-8d57c29fe99a admin admin] 10.222.0.52 "POST /compute/v2.1/flavors" status: 200 len: 407 microversion: 2.90 time: 0.141348
Mar 07 16:58:42.522863 dv-cinder-778193-24-iscsi devstack@n-api.service[102938]: [pid: 102938|app: 0|req: 30/58] 10.222.0.52 () {64 vars in 1235 bytes} [Mon Mar 7 16:58:42 2022] POST /compute/v2.1/flavors => generated 407 bytes in 143 msecs (HTTP/1.1 200) 9 headers in 359 bytes (1 switches on core 0)
Mar 07 16:58:43.853474 dv-cinder-778193-24-iscsi devstack@n-api.service[102939]: DEBUG nova.api.openstack.wsgi [None req-1170cf0f-7146-4213-b520-266f90349a02 admin admin] Calling method '>' {{(pid=102939) _process_stack /opt/stack/nova/nova/api/openstack/wsgi.py:513}}
Mar 07 16:58:43.854513 dv-cinder-778193-24-iscsi devstack@n-api.service[102939]: INFO nova.api.openstack.requestlog [None req-1170cf0f-7146-4213-b520-266f90349a02 admin admin] 10.222.0.52 "GET /compute/v2.1" status: 200 len: 388 microversion: 2.1 time: 0.001455
Mar 07 16:58:43.854916 dv-cinder-778193-24-iscsi devstack@n-api.service[102939]: [pid: 102939|app: 0|req: 29/59] 10.222.0.52 () {56 vars in 1074 bytes} [Mon Mar 7 16:58:43 2022] GET /compute/v2.1 => generated 388 bytes in 2 msecs (HTTP/1.1 200) 9 headers in 357 bytes (2 switches on core 0)
Mar 07 16:58:44.057888 dv-cinder-778193-24-iscsi devstack@n-api.service[102938]: DEBUG nova.api.openstack.wsgi [None req-9ac5b424-c868-4c61-80b4-11d9d790d0ea admin admin] Action: 'create', calling method: >, body: {"flavor": {"name": "m1.heat2", "ram": 1024, "vcpus": 1, "disk": 1, "id": "452", "swap": 0, "OS-FLV-EXT-DATA:ephemeral": 0, "rxtx_factor": 1.0, "os-flavor-access:is_public": true}} {{(pid=102938) _process_stack /opt/stack/nova/nova/api/openstack/wsgi.py:511}}
Mar 07 16:58:44.146901 dv-cinder-778193-24-iscsi devstack@n-api.service[102938]: INFO nova.api.openstack.requestlog [None req-9ac5b424-c868-4c61-80b4-11d9d790d0ea admin admin] 10.222.0.52 "POST /compute/v2.1/flavors" status: 200 len: 409 microversion: 2.90 time: 0.145973
Mar 07 16:58:44.147643 dv-cinder-778193-24-iscsi devstack@n-api.service[102938]: [pid: 102938|app: 0|req: 31/60] 10.222.0.52 () {64 vars in 1235 bytes} [Mon Mar 7 16:58:43 2022] POST /compute/v2.1/flavors => generated 409 bytes in 148 msecs (HTTP/1.1 200) 9 headers in 359 bytes (2 switches on core 0)
Mar 07 16:58:45.531589 dv-cinder-778193-24-iscsi devstack@n-api.service[102939]: DEBUG nova.api.openstack.wsgi [None req-1170cf0f-7146-4213-b520-266f90349a02 admin admin] Calling method '>' {{(pid=102939) _process_stack /opt/stack/nova/nova/api/openstack/wsgi.py:513}}
Mar 07 16:58:45.533375 dv-cinder-778193-24-iscsi devstack@n-api.service[102939]: INFO nova.api.openstack.requestlog [None req-1170cf0f-7146-4213-b520-266f90349a02 admin admin] 10.222.0.52 "GET /compute/v2.1" status: 200 len: 388 microversion: 2.1 time: 0.002607
Mar 07 16:58:45.533917 dv-cinder-778193-24-iscsi devstack@n-api.service[102939]: [pid: 102939|app: 0|req: 30/61] 10.222.0.52 () {56 vars in 1074 bytes} [Mon Mar 7 16:58:45 2022] GET /compute/v2.1 => generated 388 bytes in 4 msecs (HTTP/1.1 200) 9 headers in 357 bytes (1 switches on core 0)
Mar 07 16:58:45.733422 dv-cinder-778193-24-iscsi devstack@n-api.service[102938]: DEBUG nova.api.openstack.wsgi [None req-b3b06030-3e94-49f8-9662-0300fd5c72d6 admin admin] Calling method '>' {{(pid=102938) _process_stack /opt/stack/nova/nova/api/openstack/wsgi.py:513}}
Mar 07 16:58:45.753826 dv-cinder-778193-24-iscsi devstack@n-api.service[102938]: INFO nova.api.openstack.requestlog [None req-b3b06030-3e94-49f8-9662-0300fd5c72d6 admin admin] 10.222.0.52 "GET /compute/v2.1/flavors/detail" status: 200 len: 5777 microversion: 2.90 time: 0.075740
Mar 07 16:58:45.754260 dv-cinder-778193-24-iscsi devstack@n-api.service[102938]: [pid: 102938|app: 0|req: 32/62] 10.222.0.52 () {60 vars in 1202 bytes} [Mon Mar 7 16:58:45 2022] GET /compute/v2.1/flavors/detail => generated 5777 bytes in 77 msecs (HTTP/1.1 200) 9 headers in 360 bytes (2 switches on core 0)
Mar 07 16:59:38.957364 dv-cinder-778193-24-iscsi devstack@n-api.service[102939]: DEBUG nova.api.openstack.wsgi [None req-1170cf0f-7146-4213-b520-266f90349a02 admin admin] Calling method '>' {{(pid=102939) _process_stack /opt/stack/nova/nova/api/openstack/wsgi.py:513}}
Mar 07 16:59:38.958461 dv-cinder-778193-24-iscsi devstack@n-api.service[102939]: INFO nova.api.openstack.requestlog [None req-1170cf0f-7146-4213-b520-266f90349a02 admin admin] 10.222.0.52 "GET /compute/v2.1" status: 200 len: 388 microversion: 2.1 time: 0.001526
Mar 07 16:59:38.958858 dv-cinder-778193-24-iscsi devstack@n-api.service[102939]: [pid: 102939|app: 0|req: 31/63] 10.222.0.52 () {54 vars in 930 bytes} [Mon Mar 7 16:59:38 2022] GET /compute/v2.1 => generated 388 bytes in 2 msecs (HTTP/1.1 200) 9 headers in 357 bytes (1 switches on core 0)
Mar 07 16:59:39.016947 dv-cinder-778193-24-iscsi devstack@n-api.service[102938]: DEBUG nova.api.openstack.wsgi [None req-e56b20f6-1a8e-4af2-b530-edf78a5a348f admin admin] Calling method '>' {{(pid=102938) _process_stack /opt/stack/nova/nova/api/openstack/wsgi.py:513}}
Mar 07 16:59:39.036938 dv-cinder-778193-24-iscsi devstack@n-api.service[102938]: INFO nova.api.openstack.requestlog [None req-e56b20f6-1a8e-4af2-b530-edf78a5a348f admin admin] 10.222.0.52 "GET /compute/v2.1/flavors/detail?is_public=True" status: 200 len: 5791 microversion: 2.61 time: 0.072168
Mar 07 16:59:39.037474 dv-cinder-778193-24-iscsi devstack@n-api.service[102938]: [pid: 102938|app: 0|req: 33/64] 10.222.0.52 () {60 vars in 1291 bytes} [Mon Mar 7 16:59:38 2022] GET /compute/v2.1/flavors/detail?is_public=True => generated 5791 bytes in 73 msecs (HTTP/1.1 200) 9 headers in 360 bytes (1 switches on core 0)
Mar 07 16:59:39.062449 dv-cinder-778193-24-iscsi devstack@n-api.service[102939]: DEBUG nova.api.openstack.wsgi [None req-4c9f890f-65b2-466b-a41e-c230f698fd91 admin admin] Calling method '>' {{(pid=102939) _process_stack /opt/stack/nova/nova/api/openstack/wsgi.py:513}}
Mar 07 16:59:39.070058 dv-cinder-778193-24-iscsi devstack@n-api.service[102939]: INFO nova.api.openstack.requestlog [None req-4c9f890f-65b2-466b-a41e-c230f698fd91 admin admin] 10.222.0.52 "GET /compute/v2.1/flavors/42/os-extra_specs" status: 200 len: 19 microversion: 2.61 time: 0.013261
Mar 07 16:59:39.070621 dv-cinder-778193-24-iscsi devstack@n-api.service[102939]: [pid: 102939|app: 0|req: 32/65] 10.222.0.52 () {60 vars in 1282 bytes} [Mon Mar 7 16:59:39 2022] GET /compute/v2.1/flavors/42/os-extra_specs => generated 19 bytes in 14 msecs (HTTP/1.1 200) 9 headers in 358 bytes (2 switches on core 0)
Mar 07 16:59:39.082506 dv-cinder-778193-24-iscsi devstack@n-api.service[102938]: DEBUG nova.api.openstack.wsgi [None req-0802f7eb-d975-4137-a07b-aeac326f6de3 admin admin] Calling method '>' {{(pid=102938) _process_stack /opt/stack/nova/nova/api/openstack/wsgi.py:513}}
Mar 07 16:59:39.091161 dv-cinder-778193-24-iscsi devstack@n-api.service[102938]: INFO nova.api.openstack.requestlog [None req-0802f7eb-d975-4137-a07b-aeac326f6de3 admin admin] 10.222.0.52 "GET /compute/v2.1/flavors/451/os-extra_specs" status: 200 len: 19 microversion: 2.61 time: 0.012302
Mar 07 16:59:39.091722 dv-cinder-778193-24-iscsi devstack@n-api.service[102938]: [pid: 102938|app: 0|req: 34/66] 10.222.0.52 () {60 vars in 1285 bytes} [Mon Mar 7 16:59:39 2022] GET /compute/v2.1/flavors/451/os-extra_specs => generated 19 bytes in 14 msecs (HTTP/1.1 200) 9 headers in 358 bytes (1 switches on core 0)
Mar 07 16:59:39.103246 dv-cinder-778193-24-iscsi devstack@n-api.service[102939]: DEBUG nova.api.openstack.wsgi [None req-153c2ddb-9aa9-47f1-894c-6e0a1c061dca admin admin] Calling method '>' {{(pid=102939) _process_stack /opt/stack/nova/nova/api/openstack/wsgi.py:513}}
Mar 07 16:59:39.111738 dv-cinder-778193-24-iscsi devstack@n-api.service[102939]: INFO nova.api.openstack.requestlog [None req-153c2ddb-9aa9-47f1-894c-6e0a1c061dca admin admin] 10.222.0.52 "GET /compute/v2.1/flavors/452/os-extra_specs" status: 200 len: 19 microversion: 2.61 time: 0.012068
Mar 07 16:59:39.112282 dv-cinder-778193-24-iscsi devstack@n-api.service[102939]: [pid: 102939|app: 0|req: 33/67] 10.222.0.52 () {60 vars in 1285 bytes} [Mon Mar 7 16:59:39 2022] GET /compute/v2.1/flavors/452/os-extra_specs => generated 19 bytes in 13 msecs (HTTP/1.1 200) 9 headers in 358 bytes (2 switches on core 0)
Mar 07 16:59:39.123866 dv-cinder-778193-24-iscsi devstack@n-api.service[102938]: DEBUG nova.api.openstack.wsgi [None req-16fb4355-b846-483b-bc15-3e3cbaf23eb5 admin admin] Calling method '>' {{(pid=102938) _process_stack /opt/stack/nova/nova/api/openstack/wsgi.py:513}}
Mar 07 16:59:39.131426 dv-cinder-778193-24-iscsi devstack@n-api.service[102938]: INFO nova.api.openstack.requestlog [None req-16fb4355-b846-483b-bc15-3e3cbaf23eb5 admin admin] 10.222.0.52 "GET /compute/v2.1/flavors/84/os-extra_specs" status: 200 len: 19 microversion: 2.61 time: 0.011315
Mar 07 16:59:39.131945 dv-cinder-778193-24-iscsi devstack@n-api.service[102938]: [pid: 102938|app: 0|req: 35/68] 10.222.0.52 () {60 vars in 1282 bytes} [Mon Mar 7 16:59:39 2022] GET /compute/v2.1/flavors/84/os-extra_specs => generated 19 bytes in 12 msecs (HTTP/1.1 200) 9 headers in 358 bytes (1 switches on core 0)
Mar 07 17:01:26.808903 dv-cinder-778193-24-iscsi devstack@n-api.service[102939]: DEBUG nova.api.openstack.wsgi [None req-53f6fa78-8b2c-4106-b84e-a646787c5e30 tempest-verify_tempest_config-1640772875 tempest-verify_tempest_config-1640772875-project] Calling method '>' {{(pid=102939) _process_stack /opt/stack/nova/nova/api/openstack/wsgi.py:513}}
Mar 07 17:01:26.810906 dv-cinder-778193-24-iscsi devstack@n-api.service[102939]: INFO nova.api.openstack.requestlog [None req-53f6fa78-8b2c-4106-b84e-a646787c5e30 tempest-verify_tempest_config-1640772875 tempest-verify_tempest_config-1640772875-project] 10.222.0.52 "GET /compute/v2.1/extensions" status: 200 len: 22700 microversion: 2.1 time: 0.108533
Mar 07 17:01:26.811435 dv-cinder-778193-24-iscsi devstack@n-api.service[102939]: [pid: 102939|app: 0|req: 34/69] 10.222.0.52 () {58 vars in 1133 bytes} [Mon Mar 7 17:01:26 2022] GET /compute/v2.1/extensions => generated 22700 bytes in 110 msecs (HTTP/1.1 200) 9 headers in 359 bytes (1 switches on core 0)
Mar 07 17:03:06.017480 dv-cinder-778193-24-iscsi devstack@n-api.service[102938]: DEBUG nova.api.openstack.wsgi [None req-16fb4355-b846-483b-bc15-3e3cbaf23eb5 admin admin] Calling method '>' {{(pid=102938) _process_stack /opt/stack/nova/nova/api/openstack/wsgi.py:513}}
Mar 07 17:03:06.018629 dv-cinder-778193-24-iscsi devstack@n-api.service[102938]: INFO nova.api.openstack.requestlog [None req-16fb4355-b846-483b-bc15-3e3cbaf23eb5 admin admin] 10.222.0.52 "GET /compute/v2.1" status: 200 len: 388 microversion: 2.1 time: 0.001564
Mar 07 17:03:06.019109 dv-cinder-778193-24-iscsi devstack@n-api.service[102938]: [pid: 102938|app: 0|req: 36/70] 10.222.0.52 () {56 vars in 1074 bytes} [Mon Mar 7 17:03:06 2022] GET /compute/v2.1 => generated 388 bytes in 3 msecs (HTTP/1.1 200) 9 headers in 357 bytes (1 switches on core 0)
Mar 07 17:03:06.269486 dv-cinder-778193-24-iscsi devstack@n-api.service[102939]: DEBUG nova.api.openstack.wsgi [None req-1fc114c3-21cf-4d44-b557-bc66de3bf5f5 admin admin] Calling method '>' {{(pid=102939) _process_stack /opt/stack/nova/nova/api/openstack/wsgi.py:513}}
Mar 07 17:03:06.271197 dv-cinder-778193-24-iscsi devstack@n-api.service[102939]: /usr/local/lib/python3.8/dist-packages/oslo_policy/policy.py:1119: UserWarning: Policy "os_compute_api:os-services:list": "rule:context_is_admin" failed scope check. The token used to make the request was project scoped but the policy requires ['system'] scope. This behavior may change in the future where using the intended scope is required
Mar 07 17:03:06.271197 dv-cinder-778193-24-iscsi devstack@n-api.service[102939]: warnings.warn(msg)
Mar 07 17:03:06.272550 dv-cinder-778193-24-iscsi devstack@n-api.service[102939]: DEBUG oslo_concurrency.lockutils [None req-1fc114c3-21cf-4d44-b557-bc66de3bf5f5 admin admin] Lock "00000000-0000-0000-0000-000000000000" acquired by "nova.context.set_target_cell..get_or_set_cached_cell_and_set_connections" :: waited 0.000s {{(pid=102939) inner /usr/local/lib/python3.8/dist-packages/oslo_concurrency/lockutils.py:386}}
Mar 07 17:03:06.273000 dv-cinder-778193-24-iscsi devstack@n-api.service[102939]: DEBUG oslo_concurrency.lockutils [None req-1fc114c3-21cf-4d44-b557-bc66de3bf5f5 admin admin] Lock "00000000-0000-0000-0000-000000000000" "released" by "nova.context.set_target_cell..get_or_set_cached_cell_and_set_connections" :: held 0.000s {{(pid=102939) inner /usr/local/lib/python3.8/dist-packages/oslo_concurrency/lockutils.py:400}}
Mar 07 17:03:06.273797 dv-cinder-778193-24-iscsi devstack@n-api.service[102939]: DEBUG oslo_concurrency.lockutils [None req-1fc114c3-21cf-4d44-b557-bc66de3bf5f5 admin admin] Lock "e9573416-8832-4ed2-86d4-47eb22bc0bb7" acquired by "nova.context.set_target_cell..get_or_set_cached_cell_and_set_connections" :: waited 0.000s {{(pid=102939) inner /usr/local/lib/python3.8/dist-packages/oslo_concurrency/lockutils.py:386}}
Mar 07 17:03:06.274231 dv-cinder-778193-24-iscsi devstack@n-api.service[102939]: DEBUG oslo_concurrency.lockutils [None req-1fc114c3-21cf-4d44-b557-bc66de3bf5f5 admin admin] Lock "e9573416-8832-4ed2-86d4-47eb22bc0bb7" "released" by "nova.context.set_target_cell..get_or_set_cached_cell_and_set_connections" :: held 0.000s {{(pid=102939) inner /usr/local/lib/python3.8/dist-packages/oslo_concurrency/lockutils.py:400}}
Mar 07 17:03:06.307820 dv-cinder-778193-24-iscsi devstack@n-api.service[102939]: INFO nova.api.openstack.requestlog [None req-1fc114c3-21cf-4d44-b557-bc66de3bf5f5 admin admin] 10.222.0.52 "GET /compute/v2.1/os-services" status: 200 len: 794 microversion: 2.90 time: 0.148625
Mar 07 17:03:06.308390 dv-cinder-778193-24-iscsi devstack@n-api.service[102939]: [pid: 102939|app: 0|req: 35/71] 10.222.0.52 () {60 vars in 1193 bytes} [Mon Mar 7 17:03:06 2022] GET /compute/v2.1/os-services => generated 794 bytes in 150 msecs (HTTP/1.1 200) 9 headers in 359 bytes (1 switches on core 0)
Mar 07 17:03:07.685798 dv-cinder-778193-24-iscsi devstack@n-api.service[102938]: DEBUG nova.api.openstack.wsgi [None req-16fb4355-b846-483b-bc15-3e3cbaf23eb5 admin admin] Calling method '>' {{(pid=102938) _process_stack /opt/stack/nova/nova/api/openstack/wsgi.py:513}}
Mar 07 17:03:07.686835 dv-cinder-778193-24-iscsi devstack@n-api.service[102938]: INFO nova.api.openstack.requestlog [None req-16fb4355-b846-483b-bc15-3e3cbaf23eb5 admin admin] 10.222.0.52 "GET /compute/v2.1" status: 200 len: 388 microversion: 2.1 time: 0.001473
Mar 07 17:03:07.687232 dv-cinder-778193-24-iscsi devstack@n-api.service[102938]: [pid: 102938|app: 0|req: 37/72] 10.222.0.52 () {56 vars in 1074 bytes} [Mon Mar 7 17:03:07 2022] GET /compute/v2.1 => generated 388 bytes in 2 msecs (HTTP/1.1 200) 9 headers in 357 bytes (1 switches on core 0)
Mar 07 17:03:07.877360 dv-cinder-778193-24-iscsi devstack@n-api.service[102939]: DEBUG nova.api.openstack.wsgi [None req-ff8cdb69-e229-4ac5-a01e-b59400bf9e26 admin admin] Calling method '>' {{(pid=102939) _process_stack /opt/stack/nova/nova/api/openstack/wsgi.py:513}}
Mar 07 17:03:07.878543 dv-cinder-778193-24-iscsi devstack@n-api.service[102939]: /usr/local/lib/python3.8/dist-packages/oslo_policy/policy.py:1119: UserWarning: Policy "os_compute_api:os-services:list": "rule:context_is_admin" failed scope check. The token used to make the request was project scoped but the policy requires ['system'] scope. This behavior may change in the future where using the intended scope is required
