Feb 21 09:27:01.308016 dv-cinder-778193-19-smb neutron-server[102748]: DEBUG neutron.plugins.ml2.rpc [None req-c2991a38-9518-47e3-afcc-f9f0949c7b71 None None] Device 0e901291-7ba5-4ef5-a228-816b03bfbac6 no longer exists at agent hyperv_hv-cinder-77819 {{(pid=102748) update_device_down /opt/stack/neutron/neutron/plugins/ml2/rpc.py:259}}
Feb 21 09:27:01.311506 dv-cinder-778193-19-smb neutron-server[102747]: DEBUG neutron_lib.callbacks.manager [req-0a51da4c-3564-4288-ab17-87b39bb36857 req-6497df2f-362b-4d1c-acb0-c64476bd32d6 service neutron] Publish callbacks ['neutron.plugins.ml2.plugin.SecurityGroupServerNotifierRpcMixin._notify_sg_on_port_change-991186', 'neutron.plugins.ml2.ovo_rpc._ObjectChangeHandler.handle_event-75429', 'neutron.api.rpc.agentnotifiers.dhcp_rpc_agent_api.DhcpAgentNotifyAPI._native_event_send_dhcp_notification-4177871', 'neutron.db.l3_db.L3RpcNotifierMixin._notify_gateway_port_ip_changed-8765032118155', 'neutron.db.l3_dvrscheduler_db._notify_l3_agent_port_update-8765031806028', 'neutron.db.l3_hascheduler_db._notify_l3_agent_ha_port_update-8765031806046'] for port (10df0422-7f3f-4960-9a95-1c3a2a8fae63), after_update {{(pid=102747) _notify_loop /usr/local/lib/python3.8/dist-packages/neutron_lib/callbacks/manager.py:176}}
Feb 21 09:27:01.321969 dv-cinder-778193-19-smb neutron-server[102746]: INFO neutron.wsgi [None req-039e6ff2-3d9f-47b6-89e2-d0e6298b6dfa admin admin] 10.222.0.37 "GET /v2.0/security-groups?tenant_id=37c3b11bb16844d88aace0881ad1131a&name=default HTTP/1.1" status: 200 len: 2996 time: 0.3657224
Feb 21 09:27:01.329534 dv-cinder-778193-19-smb neutron-server[102746]: DEBUG neutron.wsgi [-] (102746) accepted ('10.222.0.37', 35076) {{(pid=102746) server /usr/local/lib/python3.8/dist-packages/eventlet/wsgi.py:1004}}
Feb 21 09:27:01.345863 dv-cinder-778193-19-smb neutron-server[102748]: DEBUG neutron.plugins.ml2.plugin [None req-c2991a38-9518-47e3-afcc-f9f0949c7b71 None None] No Port match for: 0e901291-7ba5-4ef5-a228-816b03bfbac6 {{(pid=102748) port_bound_to_host /opt/stack/neutron/neutron/plugins/ml2/plugin.py:2316}}
Feb 21 09:27:01.346236 dv-cinder-778193-19-smb neutron-server[102748]: DEBUG neutron.plugins.ml2.rpc [None req-c2991a38-9518-47e3-afcc-f9f0949c7b71 None None] Device 0e901291-7ba5-4ef5-a228-816b03bfbac6 not bound to the agent host hv-cinder-77819 {{(pid=102748) update_device_down /opt/stack/neutron/neutron/plugins/ml2/rpc.py:269}}
Feb 21 09:27:01.380566 dv-cinder-778193-19-smb neutron-server[102747]: INFO neutron.wsgi [req-00531e5c-21eb-464f-b213-deeeb608e86e req-d2609a45-29d7-4417-96ea-b747b08c3e54 tempest-AttachVolumeTestJSON-1451303278 tempest-AttachVolumeTestJSON-1451303278-project] 10.222.0.37 "GET /v2.0/security-groups?id=4493bd3f-f81f-4ec3-8c4b-b52ac8aac930&fields=id&fields=name HTTP/1.1" status: 200 len: 313 time: 0.1123137
Feb 21 09:27:01.387142 dv-cinder-778193-19-smb neutron-server[102746]: DEBUG neutron.api.rpc.handlers.resources_rpc [None req-039e6ff2-3d9f-47b6-89e2-d0e6298b6dfa admin admin] Pushing event updated for resources: {'SecurityGroup': ['ID=906dd9ff-6777-402a-9464-03dad121080c,revision_number=1']} {{(pid=102746) push /opt/stack/neutron/neutron/api/rpc/handlers/resources_rpc.py:237}}
Feb 21 09:27:01.407476 dv-cinder-778193-19-smb neutron-server[102747]: DEBUG neutron.api.rpc.handlers.resources_rpc [None req-6497df2f-362b-4d1c-acb0-c64476bd32d6 service neutron] Pushing event updated for resources: {'Port': ['ID=10df0422-7f3f-4960-9a95-1c3a2a8fae63,revision_number=2']} {{(pid=102747) push /opt/stack/neutron/neutron/api/rpc/handlers/resources_rpc.py:237}}
Feb 21 09:27:01.439774 dv-cinder-778193-19-smb neutron-server[102747]: DEBUG neutron.plugins.ml2.managers [req-0a51da4c-3564-4288-ab17-87b39bb36857 req-6497df2f-362b-4d1c-acb0-c64476bd32d6 service neutron] Attempting to bind port 10df0422-7f3f-4960-9a95-1c3a2a8fae63 on host hv-cinder-77819 for vnic_type normal with profile {{(pid=102747) bind_port /opt/stack/neutron/neutron/plugins/ml2/managers.py:795}}
Feb 21 09:27:01.440362 dv-cinder-778193-19-smb neutron-server[102747]: DEBUG neutron.plugins.ml2.managers [req-0a51da4c-3564-4288-ab17-87b39bb36857 req-6497df2f-362b-4d1c-acb0-c64476bd32d6 service neutron] Attempting to bind port 10df0422-7f3f-4960-9a95-1c3a2a8fae63 by drivers openvswitch,hyperv on host hv-cinder-77819 at level 0 using segments [{'id': '29ce673a-44ef-4e4e-97fd-2b3e93e2033f', 'network_type': 'vlan', 'physical_network': 'physnet1', 'segmentation_id': 194, 'network_id': '6a6f36af-f6ce-4de2-bbe6-d047295945bf'}] {{(pid=102747) _bind_port_level /opt/stack/neutron/neutron/plugins/ml2/managers.py:820}}
Feb 21 09:27:01.440620 dv-cinder-778193-19-smb neutron-server[102747]: DEBUG neutron.plugins.ml2.drivers.mech_agent [req-0a51da4c-3564-4288-ab17-87b39bb36857 req-6497df2f-362b-4d1c-acb0-c64476bd32d6 service neutron] Attempting to bind port 10df0422-7f3f-4960-9a95-1c3a2a8fae63 on network 6a6f36af-f6ce-4de2-bbe6-d047295945bf {{(pid=102747) bind_port /opt/stack/neutron/neutron/plugins/ml2/drivers/mech_agent.py:91}}
Feb 21 09:27:01.445942 dv-cinder-778193-19-smb neutron-server[102747]: DEBUG neutron.plugins.ml2.drivers.mech_agent [req-0a51da4c-3564-4288-ab17-87b39bb36857 req-6497df2f-362b-4d1c-acb0-c64476bd32d6 service neutron] Port 10df0422-7f3f-4960-9a95-1c3a2a8fae63 on network 6a6f36af-f6ce-4de2-bbe6-d047295945bf not bound, no agent of type Open vSwitch agent registered on host hv-cinder-77819 {{(pid=102747) bind_port /opt/stack/neutron/neutron/plugins/ml2/drivers/mech_agent.py:103}}
Feb 21 09:27:01.446338 dv-cinder-778193-19-smb neutron-server[102747]: DEBUG neutron.plugins.ml2.drivers.mech_agent [req-0a51da4c-3564-4288-ab17-87b39bb36857 req-6497df2f-362b-4d1c-acb0-c64476bd32d6 service neutron] Attempting to bind port 10df0422-7f3f-4960-9a95-1c3a2a8fae63 on network 6a6f36af-f6ce-4de2-bbe6-d047295945bf {{(pid=102747) bind_port /opt/stack/neutron/neutron/plugins/ml2/drivers/mech_agent.py:91}}
Feb 21 09:27:01.452670 dv-cinder-778193-19-smb neutron-server[102747]: DEBUG neutron.plugins.ml2.drivers.mech_agent [req-0a51da4c-3564-4288-ab17-87b39bb36857 req-6497df2f-362b-4d1c-acb0-c64476bd32d6 service neutron] Checking agent: {'id': '03b7857b-3517-4dab-8ffb-7b1427c4c070', 'agent_type': 'HyperV agent', 'binary': 'neutron-hyperv-agent', 'topic': 'N/A', 'host': 'hv-cinder-77819', 'admin_state_up': True, 'created_at': datetime.datetime(2022, 2, 21, 9, 24, 17), 'started_at': datetime.datetime(2022, 2, 21, 9, 24, 17), 'heartbeat_timestamp': datetime.datetime(2022, 2, 21, 9, 26, 47), 'description': None, 'resources_synced': None, 'availability_zone': None, 'alive': True, 'configurations': {'vswitch_mappings': {'physnet1$': 'br-data'}}, 'resource_versions': {}} {{(pid=102747) bind_port /opt/stack/neutron/neutron/plugins/ml2/drivers/mech_agent.py:110}}
Feb 21 09:27:01.453016 dv-cinder-778193-19-smb neutron-server[102747]: DEBUG neutron.plugins.ml2.drivers.mech_agent [req-0a51da4c-3564-4288-ab17-87b39bb36857 req-6497df2f-362b-4d1c-acb0-c64476bd32d6 service neutron] Checking segment: {'id': '29ce673a-44ef-4e4e-97fd-2b3e93e2033f', 'network_type': 'vlan', 'physical_network': 'physnet1', 'segmentation_id': 194, 'network_id': '6a6f36af-f6ce-4de2-bbe6-d047295945bf'} for mappings: {'physnet1$': 'br-data'} with network types: ['local', 'flat', 'vlan'] {{(pid=102747) check_segment_for_agent /opt/stack/neutron/neutron/plugins/ml2/drivers/mech_agent.py:373}}
Feb 21 09:27:01.463592 dv-cinder-778193-19-smb neutron-server[102747]: DEBUG neutron.plugins.ml2.drivers.mech_agent [req-0a51da4c-3564-4288-ab17-87b39bb36857 req-6497df2f-362b-4d1c-acb0-c64476bd32d6 service neutron] Bound using segment: {'id': '29ce673a-44ef-4e4e-97fd-2b3e93e2033f', 'network_type': 'vlan', 'physical_network': 'physnet1', 'segmentation_id': 194, 'network_id': '6a6f36af-f6ce-4de2-bbe6-d047295945bf'} {{(pid=102747) bind_port /opt/stack/neutron/neutron/plugins/ml2/drivers/mech_agent.py:120}}
Feb 21 09:27:01.464515 dv-cinder-778193-19-smb neutron-server[102747]: DEBUG neutron.plugins.ml2.managers [req-0a51da4c-3564-4288-ab17-87b39bb36857 req-6497df2f-362b-4d1c-acb0-c64476bd32d6 service neutron] Bound port: 10df0422-7f3f-4960-9a95-1c3a2a8fae63, host: hv-cinder-77819, vif_type: hyperv, vif_details: {"connectivity": "legacy", "port_filter": false}, binding_levels: [{'bound_driver': 'hyperv', 'bound_segment': {'id': '29ce673a-44ef-4e4e-97fd-2b3e93e2033f', 'network_type': 'vlan', 'physical_network': 'physnet1', 'segmentation_id': 194, 'network_id': '6a6f36af-f6ce-4de2-bbe6-d047295945bf'}}] {{(pid=102747) _bind_port_level /opt/stack/neutron/neutron/plugins/ml2/managers.py:932}}
Feb 21 09:27:01.466866 dv-cinder-778193-19-smb neutron-server[102747]: DEBUG neutron_lib.callbacks.manager [req-0a51da4c-3564-4288-ab17-87b39bb36857 req-6497df2f-362b-4d1c-acb0-c64476bd32d6 service neutron] Publish callbacks ['neutron.plugins.ml2.plugin.SecurityGroupDbMixin._ensure_default_security_group_handler-989471'] for port (10df0422-7f3f-4960-9a95-1c3a2a8fae63), before_update {{(pid=102747) _notify_loop /usr/local/lib/python3.8/dist-packages/neutron_lib/callbacks/manager.py:176}}
Feb 21 09:27:01.514995 dv-cinder-778193-19-smb neutron-server[102746]: DEBUG neutron_lib.callbacks.manager [None req-72acf863-7c9a-49ff-8588-fc9dab18a333 admin admin] Publish callbacks [] for security_group (906dd9ff-6777-402a-9464-03dad121080c), before_delete {{(pid=102746) _notify_loop /usr/local/lib/python3.8/dist-packages/neutron_lib/callbacks/manager.py:176}}
Feb 21 09:27:01.562475 dv-cinder-778193-19-smb neutron-server[102748]: DEBUG neutron_lib.callbacks.manager [None req-974d1378-698f-406a-84b9-1d56d272bf91 None None] Publish callbacks ['neutron.services.segments.db._update_segment_host_mapping_for_agent-8765032367144', 'neutron.plugins.ml2.plugin.Ml2Plugin._retry_binding_revived_agents-904612'] for agent (f81474f1-38c9-419a-a5af-fc2220282f97), after_update {{(pid=102748) _notify_loop /usr/local/lib/python3.8/dist-packages/neutron_lib/callbacks/manager.py:176}}
Feb 21 09:27:01.599360 dv-cinder-778193-19-smb neutron-server[102747]: DEBUG neutron.plugins.ml2.db [req-0a51da4c-3564-4288-ab17-87b39bb36857 req-6497df2f-362b-4d1c-acb0-c64476bd32d6 service neutron] For port 10df0422-7f3f-4960-9a95-1c3a2a8fae63, host hv-cinder-77819, cleared binding levels {{(pid=102747) clear_binding_levels /opt/stack/neutron/neutron/plugins/ml2/db.py:87}}
Feb 21 09:27:01.602160 dv-cinder-778193-19-smb neutron-server[102746]: DEBUG neutron_lib.callbacks.manager [None req-72acf863-7c9a-49ff-8588-fc9dab18a333 admin admin] Publish callbacks [] for security_group (906dd9ff-6777-402a-9464-03dad121080c), precommit_delete {{(pid=102746) _notify_loop /usr/local/lib/python3.8/dist-packages/neutron_lib/callbacks/manager.py:176}}
Feb 21 09:27:01.606919 dv-cinder-778193-19-smb neutron-server[102747]: DEBUG neutron.plugins.ml2.db [req-0a51da4c-3564-4288-ab17-87b39bb36857 req-6497df2f-362b-4d1c-acb0-c64476bd32d6 service neutron] For port 10df0422-7f3f-4960-9a95-1c3a2a8fae63, host hv-cinder-77819, set binding levels [PortBindingLevel(driver='hyperv',host='hv-cinder-77819',level=0,port_id=10df0422-7f3f-4960-9a95-1c3a2a8fae63,segment=NetworkSegment(29ce673a-44ef-4e4e-97fd-2b3e93e2033f),segment_id=29ce673a-44ef-4e4e-97fd-2b3e93e2033f)] {{(pid=102747) set_binding_levels /opt/stack/neutron/neutron/plugins/ml2/db.py:59}}
Feb 21 09:27:01.624804 dv-cinder-778193-19-smb neutron-server[102747]: DEBUG neutron_lib.callbacks.manager [req-0a51da4c-3564-4288-ab17-87b39bb36857 req-6497df2f-362b-4d1c-acb0-c64476bd32d6 service neutron] Publish callbacks ['neutron.plugins.ml2.plugin.SecurityGroupServerNotifierRpcMixin._notify_sg_on_port_change-991186', 'neutron.plugins.ml2.ovo_rpc._ObjectChangeHandler.handle_event-75429', 'neutron.api.rpc.agentnotifiers.dhcp_rpc_agent_api.DhcpAgentNotifyAPI._native_event_send_dhcp_notification-4177871', 'neutron.db.l3_db.L3RpcNotifierMixin._notify_gateway_port_ip_changed-8765032118155', 'neutron.db.l3_dvrscheduler_db._notify_l3_agent_port_update-8765031806028', 'neutron.db.l3_hascheduler_db._notify_l3_agent_ha_port_update-8765031806046'] for port (10df0422-7f3f-4960-9a95-1c3a2a8fae63), after_update {{(pid=102747) _notify_loop /usr/local/lib/python3.8/dist-packages/neutron_lib/callbacks/manager.py:176}}
Feb 21 09:27:01.666575 dv-cinder-778193-19-smb neutron-server[102747]: DEBUG neutron.pecan_wsgi.hooks.policy_enforcement [req-0a51da4c-3564-4288-ab17-87b39bb36857 req-6497df2f-362b-4d1c-acb0-c64476bd32d6 service neutron] Attributes excluded by policy engine: ['standard_attr_id'] {{(pid=102747) _exclude_attributes_by_policy /opt/stack/neutron/neutron/pecan_wsgi/hooks/policy_enforcement.py:255}}
Feb 21 09:27:01.667262 dv-cinder-778193-19-smb neutron-server[102747]: DEBUG neutron_lib.callbacks.manager [req-0a51da4c-3564-4288-ab17-87b39bb36857 req-6497df2f-362b-4d1c-acb0-c64476bd32d6 service neutron] Publish callbacks ['neutron.notifiers.nova.Notifier._send_nova_notification-172397'] for port (None), before_response {{(pid=102747) _notify_loop /usr/local/lib/python3.8/dist-packages/neutron_lib/callbacks/manager.py:176}}
Feb 21 09:27:01.669196 dv-cinder-778193-19-smb neutron-server[102747]: INFO neutron.wsgi [req-0a51da4c-3564-4288-ab17-87b39bb36857 req-6497df2f-362b-4d1c-acb0-c64476bd32d6 service neutron] 10.222.0.61 "PUT /v2.0/ports/10df0422-7f3f-4960-9a95-1c3a2a8fae63 HTTP/1.1" status: 200 len: 1094 time: 0.9869850
Feb 21 09:27:01.672611 dv-cinder-778193-19-smb neutron-server[102747]: DEBUG neutron.notifiers.nova [-] Sending events: [{'name': 'network-changed', 'server_uuid': '1fc000bf-898b-4051-8da7-784c8293c359', 'tag': '10df0422-7f3f-4960-9a95-1c3a2a8fae63'}] {{(pid=102747) send_events /opt/stack/neutron/neutron/notifiers/nova.py:271}}
Feb 21 09:27:01.675562 dv-cinder-778193-19-smb neutron-server[102747]: DEBUG novaclient.v2.client [-] REQ: curl -g -i --cacert "/opt/stack/data/ca-bundle.pem" -X POST http://10.222.0.37/compute/v2.1/os-server-external-events -H "Accept: application/json" -H "Content-Type: application/json" -H "User-Agent: python-novaclient" -H "X-Auth-Token: {SHA256}975311c26b90f4523743de8cc54321f9cf7293fe9520ed12db0ad8fcc86d899a" -H "X-OpenStack-Nova-API-Version: 2.1" -H "X-OpenStack-Request-ID: req-4e462179-2558-482e-bfeb-0b1aac8f24ff" -d '{"events": [{"name": "network-changed", "server_uuid": "1fc000bf-898b-4051-8da7-784c8293c359", "tag": "10df0422-7f3f-4960-9a95-1c3a2a8fae63"}]}' {{(pid=102747) _http_log_request /usr/local/lib/python3.8/dist-packages/keystoneauth1/session.py:519}}
Feb 21 09:27:01.722774 dv-cinder-778193-19-smb neutron-server[102747]: DEBUG neutron.api.rpc.handlers.resources_rpc [None req-6497df2f-362b-4d1c-acb0-c64476bd32d6 service neutron] Pushing event updated for resources: {'Port': ['ID=10df0422-7f3f-4960-9a95-1c3a2a8fae63,revision_number=3']} {{(pid=102747) push /opt/stack/neutron/neutron/api/rpc/handlers/resources_rpc.py:237}}
Feb 21 09:27:01.788693 dv-cinder-778193-19-smb neutron-server[102747]: DEBUG novaclient.v2.client [-] RESP: [200] Connection: close Content-Length: 179 Content-Type: application/json Date: Mon, 21 Feb 2022 09:27:01 GMT OpenStack-API-Version: compute 2.1 Server: Apache/2.4.41 (Ubuntu) Vary: OpenStack-API-Version,X-OpenStack-Nova-API-Version X-OpenStack-Nova-API-Version: 2.1 x-compute-request-id: req-d3fa584c-80df-4b7b-968b-c68d06d7ac61 x-openstack-request-id: req-d3fa584c-80df-4b7b-968b-c68d06d7ac61 {{(pid=102747) _http_log_response /usr/local/lib/python3.8/dist-packages/keystoneauth1/session.py:550}}
Feb 21 09:27:01.789051 dv-cinder-778193-19-smb neutron-server[102747]: DEBUG novaclient.v2.client [-] RESP BODY: {"events": [{"name": "network-changed", "server_uuid": "1fc000bf-898b-4051-8da7-784c8293c359", "tag": "10df0422-7f3f-4960-9a95-1c3a2a8fae63", "status": "completed", "code": 200}]} {{(pid=102747) _http_log_response /usr/local/lib/python3.8/dist-packages/keystoneauth1/session.py:582}}
Feb 21 09:27:01.789429 dv-cinder-778193-19-smb neutron-server[102747]: DEBUG novaclient.v2.client [-] POST call to compute for http://10.222.0.37/compute/v2.1/os-server-external-events used request id req-d3fa584c-80df-4b7b-968b-c68d06d7ac61 {{(pid=102747) request /usr/local/lib/python3.8/dist-packages/keystoneauth1/session.py:954}}
Feb 21 09:27:01.789877 dv-cinder-778193-19-smb neutron-server[102747]: INFO neutron.notifiers.nova [-] Nova event response: {'name': 'network-changed', 'server_uuid': '1fc000bf-898b-4051-8da7-784c8293c359', 'tag': '10df0422-7f3f-4960-9a95-1c3a2a8fae63', 'status': 'completed', 'code': 200}
Feb 21 09:27:01.810421 dv-cinder-778193-19-smb neutron-server[102747]: DEBUG neutron.pecan_wsgi.hooks.policy_enforcement [req-0a51da4c-3564-4288-ab17-87b39bb36857 req-6a69d6a5-14ba-4ec0-8cf3-8321ad0e3b78 service neutron] Attributes excluded by policy engine: ['standard_attr_id'] {{(pid=102747) _exclude_attributes_by_policy /opt/stack/neutron/neutron/pecan_wsgi/hooks/policy_enforcement.py:255}}
Feb 21 09:27:01.815982 dv-cinder-778193-19-smb neutron-server[102747]: INFO neutron.wsgi [req-0a51da4c-3564-4288-ab17-87b39bb36857 req-6a69d6a5-14ba-4ec0-8cf3-8321ad0e3b78 service neutron] 10.222.0.61 "GET /v2.0/ports?tenant_id=5213c594eb07496298f11021bd7e3459&device_id=1fc000bf-898b-4051-8da7-784c8293c359 HTTP/1.1" status: 200 len: 1128 time: 0.0741079
Feb 21 09:27:01.897380 dv-cinder-778193-19-smb neutron-server[102747]: INFO neutron.wsgi [req-0a51da4c-3564-4288-ab17-87b39bb36857 req-fe27e43c-fed8-473c-8889-22d554fadfab service neutron] 10.222.0.61 "GET /v2.0/floatingips?fixed_ip_address=172.20.0.14&port_id=10df0422-7f3f-4960-9a95-1c3a2a8fae63 HTTP/1.1" status: 200 len: 217 time: 0.0409586
Feb 21 09:27:01.922167 dv-cinder-778193-19-smb neutron-server[102746]: DEBUG neutron_lib.callbacks.manager [None req-72acf863-7c9a-49ff-8588-fc9dab18a333 admin admin] Publish callbacks ['neutron.plugins.ml2.ovo_rpc._ObjectChangeHandler.handle_event-3771528'] for security_group (906dd9ff-6777-402a-9464-03dad121080c), after_delete {{(pid=102746) _notify_loop /usr/local/lib/python3.8/dist-packages/neutron_lib/callbacks/manager.py:176}}
Feb 21 09:27:01.924700 dv-cinder-778193-19-smb neutron-server[102746]: DEBUG neutron_lib.callbacks.manager [None req-72acf863-7c9a-49ff-8588-fc9dab18a333 admin admin] Publish callbacks [] for security_group (None), before_response {{(pid=102746) _notify_loop /usr/local/lib/python3.8/dist-packages/neutron_lib/callbacks/manager.py:176}}
Feb 21 09:27:01.928170 dv-cinder-778193-19-smb neutron-server[102746]: INFO neutron.wsgi [None req-72acf863-7c9a-49ff-8588-fc9dab18a333 admin admin] 10.222.0.37 "DELETE /v2.0/security-groups/906dd9ff-6777-402a-9464-03dad121080c HTTP/1.1" status: 204 len: 168 time: 0.5953815
Feb 21 09:27:01.965791 dv-cinder-778193-19-smb neutron-server[102746]: DEBUG neutron.api.rpc.handlers.resources_rpc [None req-72acf863-7c9a-49ff-8588-fc9dab18a333 admin admin] Pushing event deleted for resources: {'SecurityGroup': ['ID=906dd9ff-6777-402a-9464-03dad121080c,revision_number=None']} {{(pid=102746) push /opt/stack/neutron/neutron/api/rpc/handlers/resources_rpc.py:237}}
Feb 21 09:27:02.014728 dv-cinder-778193-19-smb neutron-server[102747]: DEBUG neutron.pecan_wsgi.hooks.policy_enforcement [req-0a51da4c-3564-4288-ab17-87b39bb36857 req-03a118d7-fcb9-4166-a237-f9ef10cd6fd4 service neutron] Attributes excluded by policy engine: ['standard_attr_id', 'shared'] {{(pid=102747) _exclude_attributes_by_policy /opt/stack/neutron/neutron/pecan_wsgi/hooks/policy_enforcement.py:255}}
Feb 21 09:27:02.020850 dv-cinder-778193-19-smb neutron-server[102747]: INFO neutron.wsgi [req-0a51da4c-3564-4288-ab17-87b39bb36857 req-03a118d7-fcb9-4166-a237-f9ef10cd6fd4 service neutron] 10.222.0.61 "GET /v2.0/subnets?id=8b13985e-f0ba-4a65-9e54-c86311a03df9 HTTP/1.1" status: 200 len: 855 time: 0.1146655
Feb 21 09:27:02.085569 dv-cinder-778193-19-smb neutron-server[102747]: INFO neutron.wsgi [req-0a51da4c-3564-4288-ab17-87b39bb36857 req-db32a14b-7327-4bdd-8b5e-591b8c7c4997 service neutron] 10.222.0.61 "GET /v2.0/ports?network_id=6a6f36af-f6ce-4de2-bbe6-d047295945bf&device_owner=network%3Adhcp HTTP/1.1" status: 200 len: 210 time: 0.0536494
Feb 21 09:27:02.246814 dv-cinder-778193-19-smb neutron-server[102747]: INFO neutron.wsgi [req-0a51da4c-3564-4288-ab17-87b39bb36857 req-5f86a23e-12db-4d16-9b19-8fb74459a9e0 service neutron] 10.222.0.61 "GET /v2.0/networks/6a6f36af-f6ce-4de2-bbe6-d047295945bf?fields=segments HTTP/1.1" status: 200 len: 212 time: 0.1536772
Feb 21 09:27:02.254801 dv-cinder-778193-19-smb neutron-server[102747]: DEBUG neutron.pecan_wsgi.hooks.policy_enforcement [req-a5d2fa75-d6e1-4983-b8dc-3500abcbd4a8 req-e185750a-48f8-4fb9-82ef-cd2d7c5cd414 tempest-AttachVolumeNegativeTest-1867683295 tempest-AttachVolumeNegativeTest-1867683295-project] Attributes excluded by policy engine: ['standard_attr_id', 'binding:profile', 'binding:host_id', 'binding:vif_type', 'binding:vif_details'] {{(pid=102747) _exclude_attributes_by_policy /opt/stack/neutron/neutron/pecan_wsgi/hooks/policy_enforcement.py:255}}
Feb 21 09:27:02.256411 dv-cinder-778193-19-smb neutron-server[102747]: INFO neutron.wsgi [req-a5d2fa75-d6e1-4983-b8dc-3500abcbd4a8 req-e185750a-48f8-4fb9-82ef-cd2d7c5cd414 tempest-AttachVolumeNegativeTest-1867683295 tempest-AttachVolumeNegativeTest-1867683295-project] 10.222.0.37 "GET /v2.0/ports?device_id=1fc000bf-898b-4051-8da7-784c8293c359 HTTP/1.1" status: 200 len: 944 time: 0.1333373
Feb 21 09:27:02.394405 dv-cinder-778193-19-smb neutron-server[102746]: DEBUG neutron_lib.callbacks.manager [None req-a89e7a5a-2796-4c65-af5d-f6dcef4b34bd tempest-AttachVolumeShelveTestJSON-690656890 tempest-AttachVolumeShelveTestJSON-690656890-project] Publish callbacks [] for floatingip (None), precommit_update {{(pid=102746) _notify_loop /usr/local/lib/python3.8/dist-packages/neutron_lib/callbacks/manager.py:176}}
Feb 21 09:27:02.396092 dv-cinder-778193-19-smb neutron-server[102747]: INFO neutron.wsgi [req-a5d2fa75-d6e1-4983-b8dc-3500abcbd4a8 req-ad4c62cd-c373-4c38-9253-e904c778e492 tempest-AttachVolumeNegativeTest-1867683295 tempest-AttachVolumeNegativeTest-1867683295-project] 10.222.0.37 "GET /v2.0/security-groups?id=db980a74-f2d0-4dfa-891d-cc7eed9f72f5&fields=id&fields=name HTTP/1.1" status: 200 len: 286 time: 0.1265948
Feb 21 09:27:02.404277 dv-cinder-778193-19-smb neutron-server[102746]: DEBUG neutron_lib.callbacks.manager [None req-a89e7a5a-2796-4c65-af5d-f6dcef4b34bd tempest-AttachVolumeShelveTestJSON-690656890 tempest-AttachVolumeShelveTestJSON-690656890-project] Publish callbacks ['neutron.services.l3_router.l3_router_plugin.DVRResourceOperationHandler._create_dvr_floating_gw_port-3899594'] for floatingip (36406335-2ea8-480a-aa67-6f95e22f1647), after_update {{(pid=102746) _notify_loop /usr/local/lib/python3.8/dist-packages/neutron_lib/callbacks/manager.py:176}}
Feb 21 09:27:02.454965 dv-cinder-778193-19-smb neutron-server[102747]: INFO neutron.wsgi [req-0a51da4c-3564-4288-ab17-87b39bb36857 req-b764e5d9-d907-48f3-b617-93ab5cc84e88 service neutron] 10.222.0.61 "GET /v2.0/networks/6a6f36af-f6ce-4de2-bbe6-d047295945bf?fields=provider%3Aphysical_network&fields=provider%3Anetwork_type HTTP/1.1" status: 200 len: 281 time: 0.1927454
Feb 21 09:27:02.482722 dv-cinder-778193-19-smb neutron-server[102746]: DEBUG neutron.pecan_wsgi.hooks.policy_enforcement [req-b72d1133-055e-444b-a7a0-a4c727efe64a req-91f257f4-60b3-4b86-805b-fbcacd3223fa tempest-ServerRescueNegativeTestJSON-1597151580 tempest-ServerRescueNegativeTestJSON-1597151580-project] Attributes excluded by policy engine: ['standard_attr_id', 'binding:profile', 'binding:host_id', 'binding:vif_type', 'binding:vif_details'] {{(pid=102746) _exclude_attributes_by_policy /opt/stack/neutron/neutron/pecan_wsgi/hooks/policy_enforcement.py:255}}
Feb 21 09:27:02.490376 dv-cinder-778193-19-smb neutron-server[102746]: INFO neutron.wsgi [req-b72d1133-055e-444b-a7a0-a4c727efe64a req-91f257f4-60b3-4b86-805b-fbcacd3223fa tempest-ServerRescueNegativeTestJSON-1597151580 tempest-ServerRescueNegativeTestJSON-1597151580-project] 10.222.0.37 "GET /v2.0/ports?device_id=e77c4dc3-14d2-4cba-95ec-93a1b0e08ffe HTTP/1.1" status: 200 len: 945 time: 0.1704817
Feb 21 09:27:02.561265 dv-cinder-778193-19-smb neutron-server[102747]: DEBUG neutron.pecan_wsgi.hooks.policy_enforcement [req-607c09bc-b164-4e2a-bc9f-271ebb617a73 req-fb8b1c84-df47-4b70-bfc9-336e9857376a tempest-AttachVolumeTestJSON-1451303278 tempest-AttachVolumeTestJSON-1451303278-project] Attributes excluded by policy engine: ['standard_attr_id', 'binding:profile', 'binding:host_id', 'binding:vif_type', 'binding:vif_details'] {{(pid=102747) _exclude_attributes_by_policy /opt/stack/neutron/neutron/pecan_wsgi/hooks/policy_enforcement.py:255}}
Feb 21 09:27:02.562798 dv-cinder-778193-19-smb neutron-server[102747]: INFO neutron.wsgi [req-607c09bc-b164-4e2a-bc9f-271ebb617a73 req-fb8b1c84-df47-4b70-bfc9-336e9857376a tempest-AttachVolumeTestJSON-1451303278 tempest-AttachVolumeTestJSON-1451303278-project] 10.222.0.37 "GET /v2.0/ports?device_id=f005702f-f47d-4f51-b28d-69e2e2374720 HTTP/1.1" status: 200 len: 946 time: 0.0849664
Feb 21 09:27:02.610572 dv-cinder-778193-19-smb neutron-server[102746]: INFO neutron.wsgi [req-b72d1133-055e-444b-a7a0-a4c727efe64a req-80430761-12c3-4d6c-aa54-f0ad72275412 tempest-ServerRescueNegativeTestJSON-1597151580 tempest-ServerRescueNegativeTestJSON-1597151580-project] 10.222.0.37 "GET /v2.0/security-groups?id=0914de68-a7ac-41d3-b13f-25b832ef5fdc&fields=id&fields=name HTTP/1.1" status: 200 len: 286 time: 0.1193078
Feb 21 09:27:02.620635 dv-cinder-778193-19-smb neutron-server[102746]: INFO neutron.db.l3_db [None req-a89e7a5a-2796-4c65-af5d-f6dcef4b34bd tempest-AttachVolumeShelveTestJSON-690656890 tempest-AttachVolumeShelveTestJSON-690656890-project] Floating IP 36406335-2ea8-480a-aa67-6f95e22f1647 associated. External IP: 172.28.3.203, port: 649ecbb3-f2f2-444a-a0f8-ca647bea8457.
Feb 21 09:27:02.640305 dv-cinder-778193-19-smb neutron-server[102747]: INFO neutron.wsgi [req-607c09bc-b164-4e2a-bc9f-271ebb617a73 req-43eab14f-2293-4495-9835-21d424df0fcb tempest-AttachVolumeTestJSON-1451303278 tempest-AttachVolumeTestJSON-1451303278-project] 10.222.0.37 "GET /v2.0/security-groups?id=4493bd3f-f81f-4ec3-8c4b-b52ac8aac930&fields=id&fields=name HTTP/1.1" status: 200 len: 313 time: 0.0711100
Feb 21 09:27:02.807554 dv-cinder-778193-19-smb neutron-server[102747]: DEBUG neutron.pecan_wsgi.hooks.policy_enforcement [req-4e462179-2558-482e-bfeb-0b1aac8f24ff req-f7f25ab9-be7d-4eb2-8021-8d7518ed241f service neutron] Attributes excluded by policy engine: ['standard_attr_id'] {{(pid=102747) _exclude_attributes_by_policy /opt/stack/neutron/neutron/pecan_wsgi/hooks/policy_enforcement.py:255}}
Feb 21 09:27:02.809207 dv-cinder-778193-19-smb neutron-server[102747]: INFO neutron.wsgi [req-4e462179-2558-482e-bfeb-0b1aac8f24ff req-f7f25ab9-be7d-4eb2-8021-8d7518ed241f service neutron] 10.222.0.61 "GET /v2.0/ports?tenant_id=5213c594eb07496298f11021bd7e3459&device_id=1fc000bf-898b-4051-8da7-784c8293c359 HTTP/1.1" status: 200 len: 1128 time: 0.0535970
Feb 21 09:27:02.837602 dv-cinder-778193-19-smb neutron-server[102748]: DEBUG neutron_lib.callbacks.manager [None req-119aba87-2e45-4cb9-add0-ca34ee8ed80a None None] Publish callbacks ['neutron.services.segments.db._update_segment_host_mapping_for_agent-8765032367144', 'neutron.plugins.ml2.plugin.Ml2Plugin._retry_binding_revived_agents-904612'] for agent (020e43d5-4ded-40c3-8aa4-349d17f8d174), after_update {{(pid=102748) _notify_loop /usr/local/lib/python3.8/dist-packages/neutron_lib/callbacks/manager.py:176}}
Feb 21 09:27:02.934767 dv-cinder-778193-19-smb neutron-server[102746]: DEBUG neutron.scheduler.l3_agent_scheduler [None req-a89e7a5a-2796-4c65-af5d-f6dcef4b34bd tempest-AttachVolumeShelveTestJSON-690656890 tempest-AttachVolumeShelveTestJSON-690656890-project] Router dcc13552-1fb7-4b2b-b40b-9b1a981edab7 has already been hosted by L3 agent 50f9e2d0-da8e-4f86-8137-a1748fa9fb0c {{(pid=102746) _get_candidates /opt/stack/neutron/neutron/scheduler/l3_agent_scheduler.py:126}}
Feb 21 09:27:03.022990 dv-cinder-778193-19-smb neutron-server[102747]: DEBUG neutron.pecan_wsgi.hooks.policy_enforcement [req-4e462179-2558-482e-bfeb-0b1aac8f24ff req-72805040-088b-46f9-9806-e72e1d821b06 service neutron] Attributes excluded by policy engine: ['standard_attr_id', 'vlan_transparent'] {{(pid=102747) _exclude_attributes_by_policy /opt/stack/neutron/neutron/pecan_wsgi/hooks/policy_enforcement.py:255}}
Feb 21 09:27:03.025232 dv-cinder-778193-19-smb neutron-server[102747]: INFO neutron.wsgi [req-4e462179-2558-482e-bfeb-0b1aac8f24ff req-72805040-088b-46f9-9806-e72e1d821b06 service neutron] 10.222.0.61 "GET /v2.0/networks?id=6a6f36af-f6ce-4de2-bbe6-d047295945bf HTTP/1.1" status: 200 len: 916 time: 0.1431258
Feb 21 09:27:03.070114 dv-cinder-778193-19-smb neutron-server[102746]: DEBUG neutron.wsgi [-] (102746) accepted ('10.222.0.37', 35174) {{(pid=102746) server /usr/local/lib/python3.8/dist-packages/eventlet/wsgi.py:1004}}
Feb 21 09:27:03.085620 dv-cinder-778193-19-smb neutron-server[102746]: DEBUG neutron.wsgi [-] (102746) accepted ('10.222.0.37', 35180) {{(pid=102746) server /usr/local/lib/python3.8/dist-packages/eventlet/wsgi.py:1004}}
Feb 21 09:27:03.102797 dv-cinder-778193-19-smb neutron-server[102746]: DEBUG neutron.api.rpc.agentnotifiers.l3_rpc_agent_api [None req-a89e7a5a-2796-4c65-af5d-f6dcef4b34bd tempest-AttachVolumeShelveTestJSON-690656890 tempest-AttachVolumeShelveTestJSON-690656890-project] Notify agent at l3_agent.dv-cinder-778193-19-smb the message routers_updated {{(pid=102746) _agent_notification /opt/stack/neutron/neutron/api/rpc/agentnotifiers/l3_rpc_agent_api.py:65}}
Feb 21 09:27:03.107851 dv-cinder-778193-19-smb neutron-server[102746]: DEBUG neutron_lib.callbacks.manager [None req-a89e7a5a-2796-4c65-af5d-f6dcef4b34bd tempest-AttachVolumeShelveTestJSON-690656890 tempest-AttachVolumeShelveTestJSON-690656890-project] Publish callbacks ['neutron.notifiers.nova.Notifier._send_nova_notification-172397'] for floatingip (None), before_response {{(pid=102746) _notify_loop /usr/local/lib/python3.8/dist-packages/neutron_lib/callbacks/manager.py:176}}
Feb 21 09:27:03.118076 dv-cinder-778193-19-smb neutron-server[102749]: DEBUG neutron.api.rpc.handlers.l3_rpc [None req-ce53ea2e-eecd-427f-a33c-68c9311df0f4 None None] Sync routers for ids ['dcc13552-1fb7-4b2b-b40b-9b1a981edab7'] in dv-cinder-778193-19-smb {{(pid=102749) sync_routers /opt/stack/neutron/neutron/api/rpc/handlers/l3_rpc.py:125}}
Feb 21 09:27:03.119638 dv-cinder-778193-19-smb neutron-server[102747]: INFO neutron.wsgi [req-4e462179-2558-482e-bfeb-0b1aac8f24ff req-7a4ef116-e2ce-4402-b762-3a383bacf574 service neutron] 10.222.0.61 "GET /v2.0/floatingips?fixed_ip_address=172.20.0.14&port_id=10df0422-7f3f-4960-9a95-1c3a2a8fae63 HTTP/1.1" status: 200 len: 217 time: 0.0756333
Feb 21 09:27:03.132586 dv-cinder-778193-19-smb neutron-server[102749]: DEBUG neutron.db.l3_dvrscheduler_db [None req-ce53ea2e-eecd-427f-a33c-68c9311df0f4 None None] Routers {'dcc13552-1fb7-4b2b-b40b-9b1a981edab7'} bound to L3 agent in host dv-cinder-778193-19-smb {{(pid=102749) _get_router_ids_for_agent /opt/stack/neutron/neutron/db/l3_dvrscheduler_db.py:421}}
Feb 21 09:27:03.133215 dv-cinder-778193-19-smb neutron-server[102749]: DEBUG neutron.db.l3_hamode_db [None req-ce53ea2e-eecd-427f-a33c-68c9311df0f4 None None] neutron.services.l3_router.l3_router_plugin.L3RouterPlugin method get_ha_sync_data_for_host called with arguments (, 'dv-cinder-778193-19-smb', Agent(admin_state_up=True,agent_type='L3 agent',availability_zone='nova',binary='neutron-l3-agent',configurations={"agent_mode": "legacy", "ex_gw_ports": 4, "extensions": [], "floating_ips": 0, "handle_internal_only_routers": true, "interface_driver": "openvswitch", "interfaces": 4, "log_agent_heartbeats": false, "routers": 4},created_at=2022-02-21T09:17:58Z,description=,heartbeat_timestamp=2022-02-21T09:26:58Z,host='dv-cinder-778193-19-smb',id=50f9e2d0-da8e-4f86-8137-a1748fa9fb0c,load=0,resource_versions=,resources_synced=,started_at=2022-02-21T09:17:58Z,topic='l3_agent')) {'router_ids': ['dcc13552-1fb7-4b2b-b40b-9b1a981edab7'], 'active': True} {{(pid=102749) wrapper /usr/local/lib/python3.8/dist-packages/oslo_log/helpers.py:65}}
Feb 21 09:27:03.142380 dv-cinder-778193-19-smb neutron-server[102747]: DEBUG neutron.wsgi [-] (102747) accepted ('10.222.0.37', 35186) {{(pid=102747) server /usr/local/lib/python3.8/dist-packages/eventlet/wsgi.py:1004}}
Feb 21 09:27:03.162065 dv-cinder-778193-19-smb neutron-server[102746]: INFO neutron.wsgi [None req-a89e7a5a-2796-4c65-af5d-f6dcef4b34bd tempest-AttachVolumeShelveTestJSON-690656890 tempest-AttachVolumeShelveTestJSON-690656890-project] 10.222.0.37 "PUT /v2.0/floatingips/36406335-2ea8-480a-aa67-6f95e22f1647 HTTP/1.1" status: 200 len: 991 time: 2.0610585
Feb 21 09:27:03.162065 dv-cinder-778193-19-smb neutron-server[102746]: DEBUG neutron.notifiers.nova [-] Sending events: [{'name': 'network-changed', 'server_uuid': '509874d9-30ac-4fea-b965-46dc4b54857e', 'tag': '649ecbb3-f2f2-444a-a0f8-ca647bea8457'}] {{(pid=102746) send_events /opt/stack/neutron/neutron/notifiers/nova.py:271}}
Feb 21 09:27:03.162857 dv-cinder-778193-19-smb neutron-server[102746]: DEBUG novaclient.v2.client [-] REQ: curl -g -i --cacert "/opt/stack/data/ca-bundle.pem" -X POST http://10.222.0.37/compute/v2.1/os-server-external-events -H "Accept: application/json" -H "Content-Type: application/json" -H "User-Agent: python-novaclient" -H "X-Auth-Token: {SHA256}b22cde701c015ce35d4d7caa9afa98b27a3e426d4468535f61513a40fbdcd501" -H "X-OpenStack-Nova-API-Version: 2.1" -H "X-OpenStack-Request-ID: req-8006949e-f3cc-4066-b03d-f56ee82d2a47" -d '{"events": [{"name": "network-changed", "server_uuid": "509874d9-30ac-4fea-b965-46dc4b54857e", "tag": "649ecbb3-f2f2-444a-a0f8-ca647bea8457"}]}' {{(pid=102746) _http_log_request /usr/local/lib/python3.8/dist-packages/keystoneauth1/session.py:519}}
Feb 21 09:27:03.204960 dv-cinder-778193-19-smb neutron-server[102746]: DEBUG novaclient.v2.client [-] RESP: [200] Connection: close Content-Length: 179 Content-Type: application/json Date: Mon, 21 Feb 2022 09:27:03 GMT OpenStack-API-Version: compute 2.1 Server: Apache/2.4.41 (Ubuntu) Vary: OpenStack-API-Version,X-OpenStack-Nova-API-Version X-OpenStack-Nova-API-Version: 2.1 x-compute-request-id: req-c91d48e2-6a3b-4b15-94ae-0d9ec8560688 x-openstack-request-id: req-c91d48e2-6a3b-4b15-94ae-0d9ec8560688 {{(pid=102746) _http_log_response /usr/local/lib/python3.8/dist-packages/keystoneauth1/session.py:550}}
Feb 21 09:27:03.205621 dv-cinder-778193-19-smb neutron-server[102746]: DEBUG novaclient.v2.client [-] RESP BODY: {"events": [{"name": "network-changed", "server_uuid": "509874d9-30ac-4fea-b965-46dc4b54857e", "tag": "649ecbb3-f2f2-444a-a0f8-ca647bea8457", "status": "completed", "code": 200}]} {{(pid=102746) _http_log_response /usr/local/lib/python3.8/dist-packages/keystoneauth1/session.py:582}}
Feb 21 09:27:03.205621 dv-cinder-778193-19-smb neutron-server[102746]: DEBUG novaclient.v2.client [-] POST call to compute for http://10.222.0.37/compute/v2.1/os-server-external-events used request id req-c91d48e2-6a3b-4b15-94ae-0d9ec8560688 {{(pid=102746) request /usr/local/lib/python3.8/dist-packages/keystoneauth1/session.py:954}}
Feb 21 09:27:03.205883 dv-cinder-778193-19-smb neutron-server[102746]: INFO neutron.notifiers.nova [-] Nova event response: {'name': 'network-changed', 'server_uuid': '509874d9-30ac-4fea-b965-46dc4b54857e', 'tag': '649ecbb3-f2f2-444a-a0f8-ca647bea8457', 'status': 'completed', 'code': 200}
Feb 21 09:27:03.264636 dv-cinder-778193-19-smb neutron-server[102746]: DEBUG neutron_lib.callbacks.manager [None req-63915678-ab20-41dd-9455-c3947c163d91 admin admin] Publish callbacks [] for security_group (None), before_create {{(pid=102746) _notify_loop /usr/local/lib/python3.8/dist-packages/neutron_lib/callbacks/manager.py:176}}
Feb 21 09:27:03.271911 dv-cinder-778193-19-smb neutron-server[102747]: DEBUG neutron.pecan_wsgi.hooks.policy_enforcement [req-4e462179-2558-482e-bfeb-0b1aac8f24ff req-4f2ee314-c048-45de-ba48-60e41fbca880 service neutron] Attributes excluded by policy engine: ['standard_attr_id', 'shared'] {{(pid=102747) _exclude_attributes_by_policy /opt/stack/neutron/neutron/pecan_wsgi/hooks/policy_enforcement.py:255}}
Feb 21 09:27:03.273495 dv-cinder-778193-19-smb neutron-server[102747]: INFO neutron.wsgi [req-4e462179-2558-482e-bfeb-0b1aac8f24ff req-4f2ee314-c048-45de-ba48-60e41fbca880 service neutron] 10.222.0.61 "GET /v2.0/subnets?id=8b13985e-f0ba-4a65-9e54-c86311a03df9 HTTP/1.1" status: 200 len: 855 time: 0.1462429
Feb 21 09:27:03.302509 dv-cinder-778193-19-smb neutron-server[102749]: DEBUG neutron.db.l3_dvr_db [None req-ce53ea2e-eecd-427f-a33c-68c9311df0f4 None None] Set router dcc13552-1fb7-4b2b-b40b-9b1a981edab7 gateway port host: dv-cinder-778193-19-smb {{(pid=102749) _build_routers_list /opt/stack/neutron/neutron/db/l3_dvr_db.py:906}}
Feb 21 09:27:03.319308 dv-cinder-778193-19-smb neutron-server[102747]: INFO neutron.wsgi [req-4e462179-2558-482e-bfeb-0b1aac8f24ff req-3d4c7aa8-c505-4931-ad2d-7277f2632c7e service neutron] 10.222.0.61 "GET /v2.0/ports?network_id=6a6f36af-f6ce-4de2-bbe6-d047295945bf&device_owner=network%3Adhcp HTTP/1.1" status: 200 len: 210 time: 0.0320928
Feb 21 09:27:03.338617 dv-cinder-778193-19-smb neutron-server[102746]: DEBUG neutron_lib.callbacks.manager [None req-5a155b42-673a-4748-b1f8-740b6aec3887 admin admin] Publish callbacks [] for security_group (None), before_create {{(pid=102746) _notify_loop /usr/local/lib/python3.8/dist-packages/neutron_lib/callbacks/manager.py:176}}
Feb 21 09:27:03.442925 dv-cinder-778193-19-smb neutron-server[102747]: INFO neutron.wsgi [req-4e462179-2558-482e-bfeb-0b1aac8f24ff req-82ad5d0b-4584-4f13-93ae-e3819d26ca23 service neutron] 10.222.0.61 "GET /v2.0/networks/6a6f36af-f6ce-4de2-bbe6-d047295945bf?fields=segments HTTP/1.1" status: 200 len: 212 time: 0.1065328
Feb 21 09:27:03.446001 dv-cinder-778193-19-smb neutron-server[102747]: DEBUG neutron.db.db_base_plugin_v2 [None req-a5a3c227-f671-4e6f-b1e7-52f0a2f5d1d1 admin admin] Deleting subnet 89e41e6a-d130-43f8-ae0a-c87bccea9b1b {{(pid=102747) delete_subnet /opt/stack/neutron/neutron/db/db_base_plugin_v2.py:1065}}
Feb 21 09:27:03.451316 dv-cinder-778193-19-smb neutron-server[102747]: DEBUG neutron_lib.callbacks.manager [None req-a5a3c227-f671-4e6f-b1e7-52f0a2f5d1d1 admin admin] Publish callbacks [] for subnet (89e41e6a-d130-43f8-ae0a-c87bccea9b1b), before_delete {{(pid=102747) _notify_loop /usr/local/lib/python3.8/dist-packages/neutron_lib/callbacks/manager.py:176}}
Feb 21 09:27:03.543024 dv-cinder-778193-19-smb neutron-server[102746]: DEBUG neutron_lib.callbacks.manager [None req-63915678-ab20-41dd-9455-c3947c163d91 admin admin] Publish callbacks [] for security_group (e660ded7-e1c3-42bb-a6d8-9668033e1000), precommit_create {{(pid=102746) _notify_loop /usr/local/lib/python3.8/dist-packages/neutron_lib/callbacks/manager.py:176}}
Feb 21 09:27:03.548356 dv-cinder-778193-19-smb neutron-server[102746]: DEBUG neutron_lib.callbacks.manager [None req-5a155b42-673a-4748-b1f8-740b6aec3887 admin admin] Publish callbacks [] for security_group (f8d58453-f3d1-4edd-943c-9aed71db86f8), precommit_create {{(pid=102746) _notify_loop /usr/local/lib/python3.8/dist-packages/neutron_lib/callbacks/manager.py:176}}
Feb 21 09:27:03.550379 dv-cinder-778193-19-smb neutron-server[102746]: DEBUG neutron_lib.callbacks.manager [None req-63915678-ab20-41dd-9455-c3947c163d91 admin admin] Publish callbacks ['neutron.plugins.ml2.ovo_rpc._ObjectChangeHandler.handle_event-3771528'] for security_group (e660ded7-e1c3-42bb-a6d8-9668033e1000), after_create {{(pid=102746) _notify_loop /usr/local/lib/python3.8/dist-packages/neutron_lib/callbacks/manager.py:176}}
Feb 21 09:27:03.562897 dv-cinder-778193-19-smb neutron-server[102746]: DEBUG neutron_lib.callbacks.manager [None req-5a155b42-673a-4748-b1f8-740b6aec3887 admin admin] Publish callbacks ['neutron.plugins.ml2.ovo_rpc._ObjectChangeHandler.handle_event-3771528'] for security_group (f8d58453-f3d1-4edd-943c-9aed71db86f8), after_create {{(pid=102746) _notify_loop /usr/local/lib/python3.8/dist-packages/neutron_lib/callbacks/manager.py:176}}
Feb 21 09:27:03.612413 dv-cinder-778193-19-smb neutron-server[102747]: DEBUG neutron.pecan_wsgi.hooks.policy_enforcement [req-8006949e-f3cc-4066-b03d-f56ee82d2a47 req-26a97a1f-4152-4f09-a064-0240716e9d31 service neutron] Attributes excluded by policy engine: ['standard_attr_id'] {{(pid=102747) _exclude_attributes_by_policy /opt/stack/neutron/neutron/pecan_wsgi/hooks/policy_enforcement.py:255}}
Feb 21 09:27:03.615918 dv-cinder-778193-19-smb neutron-server[102747]: INFO neutron.wsgi [req-8006949e-f3cc-4066-b03d-f56ee82d2a47 req-26a97a1f-4152-4f09-a064-0240716e9d31 service neutron] 10.222.0.61 "GET /v2.0/ports?tenant_id=055e381db190418aa65e953fb9db6004&device_id=509874d9-30ac-4fea-b965-46dc4b54857e HTTP/1.1" status: 200 len: 1129 time: 0.3445294
Feb 21 09:27:03.631044 dv-cinder-778193-19-smb neutron-server[102747]: DEBUG neutron_lib.callbacks.manager [None req-a5a3c227-f671-4e6f-b1e7-52f0a2f5d1d1 admin admin] Publish callbacks [] for subnet (89e41e6a-d130-43f8-ae0a-c87bccea9b1b), precommit_delete_associations {{(pid=102747) _notify_loop /usr/local/lib/python3.8/dist-packages/neutron_lib/callbacks/manager.py:176}}
Feb 21 09:27:03.631491 dv-cinder-778193-19-smb neutron-server[102747]: DEBUG neutron.wsgi [-] (102747) accepted ('10.222.0.37', 35200) {{(pid=102747) server /usr/local/lib/python3.8/dist-packages/eventlet/wsgi.py:1004}}
Feb 21 09:27:03.636991 dv-cinder-778193-19-smb neutron-server[102746]: INFO neutron.wsgi [None req-63915678-ab20-41dd-9455-c3947c163d91 admin admin] 10.222.0.37 "GET /v2.0/security-groups?tenant_id=6cbf3db023f44335b35d1c5405cf2fe6&name=default HTTP/1.1" status: 200 len: 2996 time: 0.5655189
Feb 21 09:27:03.637593 dv-cinder-778193-19-smb neutron-server[102746]: DEBUG neutron.wsgi [-] (102746) accepted ('10.222.0.37', 35202) {{(pid=102746) server /usr/local/lib/python3.8/dist-packages/eventlet/wsgi.py:1004}}
Feb 21 09:27:03.652672 dv-cinder-778193-19-smb neutron-server[102746]: DEBUG neutron.api.rpc.handlers.resources_rpc [None req-63915678-ab20-41dd-9455-c3947c163d91 admin admin] Pushing event updated for resources: {'SecurityGroup': ['ID=e660ded7-e1c3-42bb-a6d8-9668033e1000,revision_number=1']} {{(pid=102746) push /opt/stack/neutron/neutron/api/rpc/handlers/resources_rpc.py:237}}
Feb 21 09:27:03.675127 dv-cinder-778193-19-smb neutron-server[102747]: DEBUG neutron_lib.callbacks.manager [None req-a5a3c227-f671-4e6f-b1e7-52f0a2f5d1d1 admin admin] Publish callbacks ['neutron.plugins.ml2.plugin.Ml2Plugin._subnet_delete_precommit_handler-866356'] for subnet (89e41e6a-d130-43f8-ae0a-c87bccea9b1b), precommit_delete {{(pid=102747) _notify_loop /usr/local/lib/python3.8/dist-packages/neutron_lib/callbacks/manager.py:176}}
Feb 21 09:27:03.701722 dv-cinder-778193-19-smb neutron-server[102746]: INFO neutron.wsgi [None req-5a155b42-673a-4748-b1f8-740b6aec3887 admin admin] 10.222.0.37 "GET /v2.0/security-groups?tenant_id=8a8b735f42b14844902dc499a56b6fea&name=default HTTP/1.1" status: 200 len: 2996 time: 0.6147225
Feb 21 09:27:03.719763 dv-cinder-778193-19-smb neutron-server[102749]: DEBUG neutron.db.l3_hamode_db [None req-ce53ea2e-eecd-427f-a33c-68c9311df0f4 None None] neutron.services.l3_router.l3_router_plugin.L3RouterPlugin method _process_sync_ha_data called with arguments (, [{'id': 'dcc13552-1fb7-4b2b-b40b-9b1a981edab7', 'name': 'tempest-AttachVolumeShelveTestJSON-1754575755-router', 'tenant_id': '055e381db190418aa65e953fb9db6004', 'admin_state_up': True, 'status': 'ACTIVE', 'external_gateway_info': {'network_id': 'a954e898-6bd6-425f-9a37-edaea03c190e', 'external_fixed_ips': [{'subnet_id': 'e50999e2-ddf1-47c0-aa76-ab2335ff2dde', 'ip_address': '172.28.3.157'}], 'enable_snat': True}, 'gw_port_id': '36969243-cdaf-4440-9121-9ad59f686db2', 'description': '', 'availability_zones': ['nova'], 'distributed': False, 'ha': False, 'ha_vr_id': 0, 'availability_zone_hints': [], 'routes': [], 'flavor_id': None, 'tags': [], 'created_at': '2022-02-21T09:26:12Z', 'updated_at': '2022-02-21T09:26:19Z', 'revision_number': 4, 'project_id': '055e381db190418aa65e953fb9db6004', 'gw_port': {'id': '36969243-cdaf-4440-9121-9ad59f686db2', 'name': '', 'network_id': 'a954e898-6bd6-425f-9a37-edaea03c190e', 'tenant_id': '', 'mac_address': 'fa:16:3e:17:65:e3', 'admin_state_up': True, 'status': 'ACTIVE', 'device_id': 'dcc13552-1fb7-4b2b-b40b-9b1a981edab7', 'device_owner': 'network:router_gateway', 'standard_attr_id': 77, 'fixed_ips': [{'subnet_id': 'e50999e2-ddf1-47c0-aa76-ab2335ff2dde', 'ip_address': '172.28.3.157', 'prefixlen': 24}], 'allowed_address_pairs': [], 'extra_dhcp_opts': [], 'security_groups': [], 'description': '', 'binding:vnic_type': 'normal', 'binding:profile': {}, 'binding:host_id': 'dv-cinder-778193-19-smb', 'binding:vif_type': 'ovs', 'binding:vif_details': {'connectivity': 'l2', 'port_filter': True, 'ovs_hybrid_plug': False, 'datapath_type': 'system', 'bridge_name': 'br-int', 'bound_drivers': {'0': 'openvswitch'}}, 'port_security_enabled': False, 'tags': [], 'created_at': '2022-02-21T09:26:13Z', 'updated_at': '2022-02-21T09:26:23Z', 'revision_number': 4, 'project_id': '', 'subnets': [{'id': 'e50999e2-ddf1-47c0-aa76-ab2335ff2dde', 'cidr': '172.28.3.0/24', 'gateway_ip': '172.28.3.1', 'dns_nameservers': [], 'ipv6_ra_mode': None, 'subnetpool_id': None}], 'extra_subnets': [], 'address_scopes': {4: None, 6: None}, 'mtu': 1500}, 'enable_snat': True, 'gw_port_host': 'dv-cinder-778193-19-smb', '_floatingips': [{'id': '36406335-2ea8-480a-aa67-6f95e22f1647', 'tenant_id': '055e381db190418aa65e953fb9db6004', 'floating_ip_address': '172.28.3.203', 'floating_network_id': 'a954e898-6bd6-425f-9a37-edaea03c190e', 'router_id': 'dcc13552-1fb7-4b2b-b40b-9b1a981edab7', 'port_id': '649ecbb3-f2f2-444a-a0f8-ca647bea8457', 'fixed_ip_address': '172.20.0.3', 'status': 'DOWN', 'standard_attr_id': 125, 'description': '', 'qos_policy_id': None, 'qos_network_policy_id': None, 'port_details': {'name': '', 'network_id': 'ccb2ca85-3bc9-4747-99b4-3e6993a535be', 'mac_address': 'fa:16:3e:36:c2:52', 'admin_state_up': True, 'status': 'ACTIVE', 'device_id': '509874d9-30ac-4fea-b965-46dc4b54857e', 'device_owner': 'compute:nova'}, 'dns_domain': '', 'dns_name': '', 'tags': [], 'created_at': '2022-02-21T09:26:34Z', 'updated_at': '2022-02-21T09:27:01Z', 'revision_number': 1, 'project_id': '055e381db190418aa65e953fb9db6004', 'fixed_ip_address_scope': None}], '_interfaces': [{'id': 'a895fe7c-07ca-45f8-82f2-8aa6e8829b98', 'name': '', 'network_id': 'ccb2ca85-3bc9-4747-99b4-3e6993a535be', 'tenant_id': '055e381db190418aa65e953fb9db6004', 'mac_address': 'fa:16:3e:ab:28:b0', 'admin_state_up': True, 'status': 'ACTIVE', 'device_id': 'dcc13552-1fb7-4b2b-b40b-9b1a981edab7', 'device_owner': 'network:router_interface', 'standard_attr_id': 99, 'fixed_ips': [{'subnet_id': '7d468183-88b1-4a02-85c8-ae425d670180', 'ip_address': '172.20.0.1', 'prefixlen': 28}], 'allowed_address_pairs': [], 'extra_dhcp_opts': [], 'security_groups': [], 'description': '', 'binding:vnic_type': 'normal', 'binding:profile': {}, 'binding:host_id': 'dv-cinder-778193-19-smb', 'binding:vif_type': 'ovs', 'binding:vif_details': {'connectivity': 'l2', 'port_filter': True, 'ovs_hybrid_plug': False, 'datapath_type': 'system', 'bridge_name': 'br-int', 'bound_drivers': {'0': 'openvswitch'}}, 'port_security_enabled': False, 'tags': [], 'created_at': '2022-02-21T09:26:18Z', 'updated_at': '2022-02-21T09:26:31Z', 'revision_number': 5, 'project_id': '055e381db190418aa65e953fb9db6004', 'subnets': [{'id': '7d468183-88b1-4a02-85c8-ae425d670180', 'cidr': '172.20.0.0/28', 'gateway_ip': '172.20.0.1', 'dns_nameservers': [], 'ipv6_ra_mode': None, 'subnetpool_id': None}], 'extra_subnets': [], 'address_scopes': {4: None, 6: None}, 'mtu': 1500}]}], 'dv-cinder-778193-19-smb', False) {} {{(pid=102749) wrapper /usr/local/lib/python3.8/dist-packages/oslo_log/helpers.py:65}}
Feb 21 09:27:03.768590 dv-cinder-778193-19-smb neutron-server[102747]: DEBUG neutron.wsgi [-] (102747) accepted ('10.222.0.37', 35212) {{(pid=102747) server /usr/local/lib/python3.8/dist-packages/eventlet/wsgi.py:1004}}
Feb 21 09:27:03.773329 dv-cinder-778193-19-smb neutron-server[102746]: DEBUG neutron.api.rpc.handlers.resources_rpc [None req-5a155b42-673a-4748-b1f8-740b6aec3887 admin admin] Pushing event updated for resources: {'SecurityGroup': ['ID=f8d58453-f3d1-4edd-943c-9aed71db86f8,revision_number=1']} {{(pid=102746) push /opt/stack/neutron/neutron/api/rpc/handlers/resources_rpc.py:237}}
Feb 21 09:27:03.813895 dv-cinder-778193-19-smb neutron-server[102749]: DEBUG neutron.api.rpc.handlers.l3_rpc [None req-ce53ea2e-eecd-427f-a33c-68c9311df0f4 None None] Checking router: dcc13552-1fb7-4b2b-b40b-9b1a981edab7 for host: dv-cinder-778193-19-smb {{(pid=102749) _ensure_host_set_on_ports /opt/stack/neutron/neutron/api/rpc/handlers/l3_rpc.py:155}}
Feb 21 09:27:03.827986 dv-cinder-778193-19-smb neutron-server[102749]: DEBUG neutron.db.l3_dvrscheduler_db [None req-ce53ea2e-eecd-427f-a33c-68c9311df0f4 None None] Routers {'dcc13552-1fb7-4b2b-b40b-9b1a981edab7'} bound to L3 agent in host dv-cinder-778193-19-smb {{(pid=102749) _get_router_ids_for_agent /opt/stack/neutron/neutron/db/l3_dvrscheduler_db.py:421}}
